DBIx-MoCo v0.18 Perl 5 v5.16.3 x86_64-linux
- Status
- Fail
- From
- Slaven Rezić (SREZIC)
- Dist
-
DBIx-MoCo v0.18
- Platform
- Perl 5 v5.16.3 x86_64-linux
- Date
- 2020-05-14 20:28:54
- ID
- 8807b242-9621-11ea-a7dd-23371f24ea8f
This distribution has been tested as part of the CPAN Testers
project, supporting the Perl programming language. See
http://wiki.cpantesters.org/ for more information or email
questions to cpan-testers-discuss@perl.org
--
Dear Junya Kondo,
This is a computer-generated report for DBIx-MoCo-0.18
on perl 5.16.3, created by CPAN-Reporter-1.2018.
Thank you for uploading your work to CPAN. However, there was a problem
testing your distribution.
If you think this report is invalid, please consult the CPAN Testers Wiki
for suggestions on how to avoid getting FAIL reports for missing library
or binary dependencies, unsupported operating systems, and so on:
http://wiki.cpantesters.org/wiki/CPANAuthorNotes
Sections of this report:
* Tester comments
* Program output
* Prerequisites
* Environment and other context
------------------------------
TESTER COMMENTS
------------------------------
Additional comments from tester:
none provided
------------------------------
PROGRAM OUTPUT
------------------------------
Output from '/usr/bin/make test':
PERL_DL_NONLAZY=1 "/opt/perl-5.16.3/bin/perl" "-MExtUtils::Command::MM" "-MTest::Harness" "-e" "undef *Test::Harness::Switches; test_harness(0, 'blib/lib', 'blib/arch')" t/*.t
t/00-list.t ............ ok
# Failed test 'prepared cached'
# at t/01-database.t line 67.
# (in ThisTest->prepared_cached)
# Failed test 'undef isa 'DBI::st''
# at t/01-database.t line 68.
# (in ThisTest->prepared_cached)
# undef isn't defined
# Failed test 'prepared cached'
# at t/01-database.t line 71.
# (in ThisTest->prepared_cached)
# Failed test 'undef isa 'DBI::st''
# at t/01-database.t line 72.
# (in ThisTest->prepared_cached)
# undef isn't defined
# Looks like you failed 4 tests of 54.
t/01-database.t ........
Dubious, test returned 4 (wstat 1024, 0x400)
Failed 4/54 subtests
t/02-cache.t ........... ok
# Failed test 'mysql died (DBI connect('dbname=mysql','root',...) failed: Can't connect to local MySQL server through socket '/var/run/mysqld/mysqld.sock' (2) at /home/cpansand/.cpan/build/2020051417/DBIx-MoCo-0.18-1/blib/lib/DBIx/MoCo/DataBase.pm line 170.)'
# at t/03-schema.t line 8.
# (in ThisTest->mysql)
# Looks like you failed 1 test of 22.
t/03-schema.t ..........
Dubious, test returned 1 (wstat 256, 0x100)
Failed 1/22 subtests
(less 8 skipped subtests: 13 okay)
t/04-join.t ............ ok
t/05-methods.t ......... ok
# Failed test 'has_column died (DBI connect('dbname=mysql','root',...) failed: Can't connect to local MySQL server through socket '/var/run/mysqld/mysqld.sock' (2) at /home/cpansand/.cpan/build/2020051417/DBIx-MoCo-0.18-1/blib/lib/DBIx/MoCo/DataBase.pm line 170.)'
# at t/06-column.t line 8.
# (in ThisTest->has_column)
# Looks like you failed 1 test of 43.
t/06-column.t ..........
Dubious, test returned 1 (wstat 256, 0x100)
Failed 1/43 subtests
t/07-null-cache.t ...... ok
ubuntu16.your-server.de: Unknown host
# Failed test 'greater than 2 ** 56'
# at t/08-muid.t line 22.
# (in ThisTest->muid)
# Failed test 'greater than 2 ** 56'
# at t/08-muid.t line 28.
# (in ThisTest->muid)
# Looks like you failed 2 tests of 11.
t/08-muid.t ............
Dubious, test returned 2 (wstat 512, 0x200)
Failed 2/11 subtests
t/10-moco.t ............ ok
Reference passed to set at /home/cpansand/.cpan/build/2020051417/Cache-2.11-1/blib/lib/Cache.pm line 293.
Reference passed to set at /home/cpansand/.cpan/build/2020051417/Cache-2.11-1/blib/lib/Cache.pm line 293.
t/11-cache-memory.t .... ok
t/12-moco-session.t .... ok
t/13-readonly.t ........ ok
t/14-trigger.t ......... ok
t/15-utf8.t ............ ok
t/16-instance-cache.t .. ok
t/17-inflate_column.t .. ok
Reference passed to set at /home/cpansand/.cpan/build/2020051417/Cache-2.11-1/blib/lib/Cache.pm line 293.
Reference passed to set at /home/cpansand/.cpan/build/2020051417/Cache-2.11-1/blib/lib/Cache.pm line 293.
Reference passed to set at /home/cpansand/.cpan/build/2020051417/Cache-2.11-1/blib/lib/Cache.pm line 293.
Reference passed to set at /home/cpansand/.cpan/build/2020051417/Cache-2.11-1/blib/lib/Cache.pm line 293.
Reference passed to set at /home/cpansand/.cpan/build/2020051417/Cache-2.11-1/blib/lib/Cache.pm line 293.
Reference passed to set at /home/cpansand/.cpan/build/2020051417/Cache-2.11-1/blib/lib/Cache.pm line 293.
Reference passed to set at /home/cpansand/.cpan/build/2020051417/Cache-2.11-1/blib/lib/Cache.pm line 293.
Reference passed to set at /home/cpansand/.cpan/build/2020051417/Cache-2.11-1/blib/lib/Cache.pm line 293.
t/18-retrieve_multi.t .. ok
t/19-with.t ............ ok
t/20-with_default.t .... ok
t/21-cache_dummy.t ..... ok
t/22-list_class.t ...... ok
t/23-fixture.t ......... ok
Test Summary Report
-------------------
t/01-database.t (Wstat: 1024 Tests: 54 Failed: 4)
Failed tests: 16-19
Non-zero exit status: 4
t/03-schema.t (Wstat: 256 Tests: 22 Failed: 1)
Failed test: 6
Non-zero exit status: 1
t/06-column.t (Wstat: 256 Tests: 43 Failed: 1)
Failed test: 16
Non-zero exit status: 1
t/08-muid.t (Wstat: 512 Tests: 11 Failed: 2)
Failed tests: 4, 8
Non-zero exit status: 2
Files=23, Tests=630, 10 wallclock secs ( 0.11 usr 0.11 sys + 2.17 cusr 0.73 csys = 3.12 CPU)
Result: FAIL
Failed 4/23 test programs. 8/630 subtests failed.
Makefile:939: recipe for target 'test_dynamic' failed
make: *** [test_dynamic] Error 255
------------------------------
PREREQUISITES
------------------------------
Prerequisite modules loaded:
requires:
Module Need Have
----------------------- ---- --------
Cache::Memory 0 2.11
Class::Trigger 0 0.14
Data::Dumper 0 2.173
DateTime 0 1.51
DateTime::Format::MySQL 0 0.06
DBD::SQLite 0 1.64
DBI 0 1.643
Exporter 0 5.73
Exporter::Lite 0 0.08
File::Spec 0 3.75
FindBin::libs 0 v2.12.01
FormValidator::Simple 0 0.29
Kwalify 0 1.23
List::MoreUtils 0 0.428
List::Util 0 1.55
Math::BigInt::Lite 0 0.19
Net::Address::Ethernet 0 1.128
Path::Class 0 0.37
Scalar::Util 0 1.55
SQL::Abstract 0 1.86
Storable 0 3.15
Test::Class 0 0.50
Tie::IxHash 0 1.23
Time::HiRes 0 1.9760
UNIVERSAL::require 0 0.18
URI 0 1.76
YAML::Syck 0 1.31
build_requires:
Module Need Have
----------------------- ---- --------
ExtUtils::MakeMaker 0 7.38
------------------------------
ENVIRONMENT AND OTHER CONTEXT
------------------------------
Environment variables:
LANG = en_US.UTF-8
PATH = /usr/local/bin:/usr/bin:/bin:/usr/local/sbin:/usr/sbin:/sbin:/home/cpansand/bin/linux-gnu:/home/cpansand/bin/sh:/home/cpansand/bin:/usr/games:/home/cpansand/devel:/home/eserte/src/srezic-misc/scripts
PERL5LIB = /home/cpansand/.cpan/build/2020051417/Net-Address-Ethernet-1.129-1/blib/arch:/home/cpansand/.cpan/build/2020051417/Net-Address-Ethernet-1.129-1/blib/lib:/home/cpansand/.cpan/build/2020051417/Math-BigInt-Lite-0.19-1/blib/arch:/home/cpansand/.cpan/build/2020051417/Math-BigInt-Lite-0.19-1/blib/lib:/home/cpansand/.cpan/build/2020051417/FormValidator-Simple-0.29-1/blib/arch:/home/cpansand/.cpan/build/2020051417/FormValidator-Simple-0.29-1/blib/lib:/home/cpansand/.cpan/build/2020051417/Cache-2.11-1/blib/arch:/home/cpansand/.cpan/build/2020051417/Cache-2.11-1/blib/lib:/home/cpansand/.cpan/build/2020051417/File-NFSLock-1.29-1/blib/arch:/home/cpansand/.cpan/build/2020051417/File-NFSLock-1.29-1/blib/lib
PERL5OPT =
PERL5_CPANPLUS_IS_RUNNING = 12425
PERL5_CPAN_IS_RUNNING = 12425
PERL5_CPAN_IS_RUNNING_IN_RECURSION = 27601,12425
PERLDOC = -MPod::Perldoc::ToTextOverstrike
PERL_BATCH = yes
PERL_CANARY_STABILITY_NOPROMPT = 1
PERL_CPAN_REPORTER_CONFIG = /var/tmp/cpansmoker-1023/2020051417/cpanreporter_000_config.ini
PERL_EXTUTILS_AUTOINSTALL = --defaultdeps
PERL_USE_UNSAFE_INC = 1
SHELL = /usr/bin/zsh
TERM = screen
TMPDIR = /var/tmp/cpansmoker-1023/2020051417
Perl special variables (and OS-specific diagnostics, for MSWin32):
$^X = /opt/perl-5.16.3/bin/perl
$UID/$EUID = 1023 / 1023
$GID = 1023 1023
$EGID = 1023 1023
Perl module toolchain versions installed:
Module Have
------------------- --------
CPAN 2.27
CPAN::Meta 2.150010
Cwd 3.75
ExtUtils::CBuilder 0.280231
ExtUtils::Command 7.38
ExtUtils::Install 2.06
ExtUtils::MakeMaker 7.38
ExtUtils::Manifest 1.70
ExtUtils::ParseXS 3.35
File::Spec 3.75
JSON 4.02
JSON::PP 4.04
Module::Build 0.4231
Module::Signature n/a
Parse::CPAN::Meta 2.150010
Test::Harness 3.42
Test::More 1.302175
YAML 1.29
YAML::Syck 1.31
version 0.9924
--
Summary of my perl5 (revision 5 version 16 subversion 3) configuration:
Platform:
osname=linux, osvers=4.4.0-157-generic, archname=x86_64-linux
uname='linux ubuntu16 4.4.0-157-generic #185-ubuntu smp tue jul 23 09:17:01 utc 2019 x86_64 x86_64 x86_64 gnulinux '
config_args='-ds -e -Dprefix=/opt/perl-5.16.3 -Dcf_email=srezic@cpan.org'
hint=recommended, useposix=true, d_sigaction=define
useithreads=undef, usemultiplicity=undef
useperlio=define, d_sfio=undef, uselargefiles=define, usesocks=undef
use64bitint=define, use64bitall=define, uselongdouble=undef
usemymalloc=n, bincompat5005=undef
Compiler:
cc='cc', ccflags ='-fwrapv -fno-strict-aliasing -pipe -fstack-protector -I/usr/local/include -D_LARGEFILE_SOURCE -D_FILE_OFFSET_BITS=64',
optimize='-O2',
cppflags='-fwrapv -fno-strict-aliasing -pipe -fstack-protector -I/usr/local/include'
ccversion='', gccversion='5.4.0 20160609', gccosandvers=''
intsize=4, longsize=8, ptrsize=8, doublesize=8, byteorder=12345678
d_longlong=define, longlongsize=8, d_longdbl=define, longdblsize=16
ivtype='long', ivsize=8, nvtype='double', nvsize=8, Off_t='off_t', lseeksize=8
alignbytes=8, prototype=define
Linker and Libraries:
ld='cc', ldflags =' -fstack-protector -L/usr/local/lib'
libpth=/usr/local/lib /lib/x86_64-linux-gnu /lib/../lib /usr/lib/x86_64-linux-gnu /usr/lib/../lib /lib /usr/lib
libs=-lnsl -lgdbm -ldb -ldl -lm -lcrypt -lutil -lc -lgdbm_compat
perllibs=-lnsl -ldl -lm -lcrypt -lutil -lc
libc=libc-2.23.so, so=so, useshrplib=false, libperl=libperl.a
gnulibc_version='2.23'
Dynamic Linking:
dlsrc=dl_dlopen.xs, dlext=so, d_dlsymun=undef, ccdlflags='-Wl,-E'
cccdlflags='-fPIC', lddlflags='-shared -O2 -L/usr/local/lib -fstack-protector'
Characteristics of this binary (from libperl):
Compile-time options: HAS_TIMES PERLIO_LAYERS PERL_DONT_CREATE_GVSV
PERL_MALLOC_WRAP PERL_PRESERVE_IVUV USE_64_BIT_ALL
USE_64_BIT_INT USE_LARGE_FILES USE_LOCALE
USE_LOCALE_COLLATE USE_LOCALE_CTYPE
USE_LOCALE_NUMERIC USE_PERLIO USE_PERL_ATOF
Locally applied patches:
Devel::PatchPerl 1.64
Built under linux
Compiled at Aug 6 2019 21:04:50
%ENV:
PERL5LIB="/home/cpansand/.cpan/build/2020051417/Net-Address-Ethernet-1.129-1/blib/arch:/home/cpansand/.cpan/build/2020051417/Net-Address-Ethernet-1.129-1/blib/lib:/home/cpansand/.cpan/build/2020051417/Math-BigInt-Lite-0.19-1/blib/arch:/home/cpansand/.cpan/build/2020051417/Math-BigInt-Lite-0.19-1/blib/lib:/home/cpansand/.cpan/build/2020051417/FormValidator-Simple-0.29-1/blib/arch:/home/cpansand/.cpan/build/2020051417/FormValidator-Simple-0.29-1/blib/lib:/home/cpansand/.cpan/build/2020051417/Cache-2.11-1/blib/arch:/home/cpansand/.cpan/build/2020051417/Cache-2.11-1/blib/lib:/home/cpansand/.cpan/build/2020051417/File-NFSLock-1.29-1/blib/arch:/home/cpansand/.cpan/build/2020051417/File-NFSLock-1.29-1/blib/lib"
PERL5OPT=""
PERL5_CPANPLUS_IS_RUNNING="12425"
PERL5_CPAN_IS_RUNNING="12425"
PERL5_CPAN_IS_RUNNING_IN_RECURSION="27601,12425"
PERLDOC="-MPod::Perldoc::ToTextOverstrike"
PERL_BATCH="yes"
PERL_CANARY_STABILITY_NOPROMPT="1"
PERL_CPAN_REPORTER_CONFIG="/var/tmp/cpansmoker-1023/2020051417/cpanreporter_000_config.ini"
PERL_EXTUTILS_AUTOINSTALL="--defaultdeps"
PERL_USE_UNSAFE_INC="1"
@INC:
/home/cpansand/.cpan/build/2020051417/Net-Address-Ethernet-1.129-1/blib/arch
/home/cpansand/.cpan/build/2020051417/Net-Address-Ethernet-1.129-1/blib/lib
/home/cpansand/.cpan/build/2020051417/Math-BigInt-Lite-0.19-1/blib/arch
/home/cpansand/.cpan/build/2020051417/Math-BigInt-Lite-0.19-1/blib/lib
/home/cpansand/.cpan/build/2020051417/FormValidator-Simple-0.29-1/blib/arch
/home/cpansand/.cpan/build/2020051417/FormValidator-Simple-0.29-1/blib/lib
/home/cpansand/.cpan/build/2020051417/Cache-2.11-1/blib/arch
/home/cpansand/.cpan/build/2020051417/Cache-2.11-1/blib/lib
/home/cpansand/.cpan/build/2020051417/File-NFSLock-1.29-1/blib/arch
/home/cpansand/.cpan/build/2020051417/File-NFSLock-1.29-1/blib/lib
/opt/perl-5.16.3/lib/site_perl/5.16.3/x86_64-linux
/opt/perl-5.16.3/lib/site_perl/5.16.3
/opt/perl-5.16.3/lib/5.16.3/x86_64-linux
/opt/perl-5.16.3/lib/5.16.3
.