Text-Xslate vv3.5.1 Perl 5 v5.24.3 MSWin32-x64-multi-thread

Status
Fail
From
aero
Dist
Text-Xslate vv3.5.1
Platform
Perl 5 v5.24.3 MSWin32-x64-multi-thread
Date
2017-11-30 23:47:02
ID
86cb2523-6c2c-1014-b4da-f58c741d59a9
This distribution has been tested as part of the CPAN Testers
project, supporting the Perl programming language.  See
http://wiki.cpantesters.org/ for more information or email
questions to cpan-testers-discuss@perl.org


--
Dear Shoichi Kaji,

This is a computer-generated report for Text-Xslate-v3.5.1
on perl 5.24.3, created by CPAN-Reporter-1.2018.

Thank you for uploading your work to CPAN.  However, there was a problem
testing your distribution.

If you think this report is invalid, please consult the CPAN Testers Wiki
for suggestions on how to avoid getting FAIL reports for missing library
or binary dependencies, unsupported operating systems, and so on:

http://wiki.cpantesters.org/wiki/CPANAuthorNotes

Sections of this report:

    * Tester comments
    * Program output
    * Prerequisites
    * Environment and other context

------------------------------
TESTER COMMENTS
------------------------------

Additional comments from tester:

none provided

------------------------------
PROGRAM OUTPUT
------------------------------

Output from 'C:\strawberry-perl-5.24-64bit\perl\bin\perl.exe ./Build test':

xs tests
# Testing Text::Xslate/v3.5.1
# Backend: XS
# $ENV{XSLATE}=xs
t\000_load.t .................................... ok
t\010_internals\001_parse.t ..................... ok
t\010_internals\002_compile.t ................... ok
t\010_internals\003_assemble.t .................. ok
t\010_internals\004_magic.t ..................... ok
t\010_internals\005_load_file.t ................. ok
t\010_internals\006_errhandler.t ................ ok
t\010_internals\007_compile_errs.t .............. ok
t\010_internals\008_files.t ..................... ok
t\010_internals\009_goto_address.t .............. ok
t\010_internals\010_line_number.t ............... ok
t\010_internals\011_missuse.t ................... ok
t\010_internals\012_multilines.t ................ ok
t\010_internals\013_deps_str.t .................. ok
t\010_internals\014_deps_file.t ................. ok
t\010_internals\015_deps_file2.t ................ ok

#   Failed test at t\010_internals\016_cached.t line 32.

#   Failed test 'Text::Xslate::Compiler is not loaded'
#   at t\010_internals\016_cached.t line 47.

#   Failed test 'Text::Xslate::Compiler is not loaded'
#   at t\010_internals\016_cached.t line 47.

#   Failed test 'Text::Xslate::Compiler is not loaded'
#   at t\010_internals\016_cached.t line 47.

#   Failed test 'Text::Xslate::Compiler is not loaded'
#   at t\010_internals\016_cached.t line 47.
# Looks like you failed 5 tests of 14.
t\010_internals\016_cached.t .................... 
Dubious, test returned 5 (wstat 1280, 0x500)
Failed 5/14 subtests 
t\010_internals\017_render.t .................... ok
t\010_internals\018_opinfo.t .................... ok
t\010_internals\019_runtime_error.t ............. ok
t\010_internals\020_optimize.t .................. ok
t\010_internals\021_edge_cases.t ................ ok
t\010_internals\022_signal.t .................... ok
t\010_internals\023_cachepath.t ................. ok
t\010_internals\024_die_in_macros.t ............. ok
t\010_internals\025_reset_hooks.t ............... ok
t\010_internals\026_issue16_deep_recursion.t .... ok
t\010_internals\027_infinite_warn.t ............. ok
Insecure dependency in mkdir while running with -T switch at C:/strawberry-perl-5.24-64bit/perl/lib/File/Temp.pm line 405, <DATA> line 1.
t\010_internals\028_taint.t ..................... 
Dubious, test returned 255 (wstat 65280, 0xff00)
No subtests run 
t\010_internals\029_large_file.t ................ ok
t\010_internals\030_die_in_funcs.t .............. ok
t\010_internals\031_save_src.t .................. ok
t\010_internals\032_encoding_error.t ............ skipped: TODO: the behaviours of PP and XS does not match
t\010_internals\033_vpath_cache.t ............... ok
t\010_internals\034_is_code_ref.t ............... ok
t\010_internals\036_merge_hash.t ................ ok
t\010_internals\037_find_file.t ................. ok
t\010_internals\038_suffix.t .................... ok
t\010_internals\039_taint_issue84.t ............. ok
t\010_internals\100_threads.t ................... ok
t\010_internals\200_leaktrace.t ................. ok
t\010_internals\300_explicit_pp.t ............... ok
t\020_interface\001_parser_option.t ............. ok
t\020_interface\002_myparser.t .................. ok
t\020_interface\003_encoding.t .................. ok
t\020_interface\004_no_vars.t ................... ok
t\020_interface\005_util.t ...................... ok
t\020_interface\006_psgi.t ...................... ok
t\020_interface\007_data_section.t .............. ok
t\020_interface\008_type.t ...................... ok
t\020_interface\009_hash_with_default.t ......... ok
t\020_interface\010_err_encoding.t .............. ok
t\020_interface\011_hwd_w_include_vars.t ........ ok
t\020_interface\012_default_functions.t ......... ok
t\020_interface\013_slurp_template.t ............ ok
t\020_interface\014_customize_option.t .......... ok
t\020_interface\015_render_recursion.t .......... ok
t\020_interface\016_pre_process_handler.t ....... ok
t\020_interface\017_validate.t .................. ok
t\030_kolon\001_interpolate.t ................... ok
t\030_kolon\002_field.t ......................... ok
t\030_kolon\003_for.t ........................... ok
t\030_kolon\004_if.t ............................ ok
t\030_kolon\005_rel_ops.t ....................... ok
t\030_kolon\006_arith_ops.t ..................... ok
t\030_kolon\007_log_ops.t ....................... ok
t\030_kolon\008_literal.t ....................... ok
t\030_kolon\009_include.t ....................... ok
t\030_kolon\010_escaped_str.t ................... ok
t\030_kolon\011_macro.t ......................... ok
t\030_kolon\012_cascade.t ....................... ok
t\030_kolon\013_more_field.t .................... ok
t\030_kolon\014_while.t ......................... ok
t\030_kolon\015_methods.t ....................... ok
t\030_kolon\016_funcs.t ......................... ok
t\030_kolon\017_more_macro.t .................... ok
t\030_kolon\018_dynamic_filters.t ............... ok
t\030_kolon\019_explicit_interpolate.t .......... ok
t\030_kolon\020_chomp.t ......................... ok
t\030_kolon\021_overlay.t ....................... ok
t\030_kolon\022_given.t ......................... ok
t\030_kolon\023_bitwise.t ....................... ok
t\030_kolon\024_localize_vars.t ................. ok
t\030_kolon\025_objectliteral.t ................. ok
t\030_kolon\026_constant.t ...................... ok
t\030_kolon\027_lambda.t ........................ ok
t\030_kolon\028_smartmatch.t .................... ok
t\030_kolon\029_blockfilter.t ................... ok
t\030_kolon\030_xfuncs.t ........................ ok
t\030_kolon\031_post_if.t ....................... ok
t\030_kolon\032_include_bareword.t .............. ok
t\030_kolon\033_ov_forloop.t .................... ok
t\030_kolon\034_print.t ......................... ok
t\030_kolon\035_include_w_vars.t ................ ok
t\030_kolon\036_foreach_else.t .................. ok
t\030_kolon\037_loop_ctl.t ...................... ok
t\030_kolon\038_custom_esc.t .................... ok
t\030_kolon\039_root_vars.t ..................... ok
t\030_kolon\040_external_macro.t ................ skipped: external macros are not yet implemented
t\040_tterse\001_parse.t ........................ ok
t\040_tterse\002_interpolate.t .................. ok
t\040_tterse\003_field.t ........................ ok
t\040_tterse\004_for.t .......................... ok
t\040_tterse\005_if.t ........................... ok
t\040_tterse\006_include.t ...................... ok
t\040_tterse\007_funcs.t ........................ ok
t\040_tterse\008_methods.t ...................... ok
t\040_tterse\009_comments.t ..................... ok
t\040_tterse\010_expr.t ......................... ok
t\040_tterse\011_objectliterals.t ............... ok
t\040_tterse\012_macro.t ........................ ok
t\040_tterse\013_wrapper.t ...................... ok
t\040_tterse\014_set.t .......................... ok
t\040_tterse\015_while.t ........................ ok
t\040_tterse\016_call.t ......................... ok
t\040_tterse\017_filter.t ....................... ok
t\040_tterse\018_process.t ...................... ok
t\040_tterse\019_switch.t ....................... ok
t\040_tterse\020_chomp.t ........................ ok
t\040_tterse\021_fake_use.t ..................... ok
t\040_tterse\022_post_if.t ...................... ok
t\040_tterse\023_loop_ctl.t ..................... ok
t\040_tterse\024_for_else.t ..................... ok
t\040_tterse\025_macro.t ........................ ok
t\040_tterse\100_not_supported.t ................ ok
t\050_builtins\001_builtin_funcs.t .............. ok
t\050_builtins\002_autobox.t .................... ok
t\050_builtins\003_autobox_w_cb.t ............... ok
t\050_builtins\004_copied.t ..................... ok
t\100_plugin\001_import_from.t .................. ok
t\100_plugin\002_import.t ....................... ok
t\100_plugin\003_bridge.t ....................... ok
t\100_plugin\004_star.t ......................... ok
t\100_plugin\005_html_builder_module.t .......... ok
t\100_plugin\100_error.t ........................ ok
t\200_app\001_hello.t ........................... ok
t\200_app\002_tree.t ............................ ok
t\200_app\003_runner.t .......................... ok
t\200_app\004_encoding.t ........................ ok
t\300_examples\001_basic.t ...................... ok
t\300_examples\002_cascade.t .................... ok
t\300_examples\003_metakolon.t .................. ok
t\300_examples\004_tterse.t ..................... ok
t\900_bugs\001_super.t .......................... ok
t\900_bugs\002_addfunc.t ........................ ok
t\900_bugs\003_frame_access.t ................... ok
t\900_bugs\004_errorhandling.t .................. ok
t\900_bugs\005_rec_include.t .................... ok
t\900_bugs\006_complex_lex.t .................... ok
t\900_bugs\007_uuv.t ............................ ok
t\900_bugs\008_include_var.t .................... ok
t\900_bugs\009_quote_in_comments.t .............. ok
t\900_bugs\010_widechar_for_md5.t ............... ok
t\900_bugs\011_reserved_words.t ................. ok
t\900_bugs\012_ltgt_in_comments.t ............... ok
t\900_bugs\013_comments_lineno.t ................ ok
t\900_bugs\014_too_large_int.t .................. ok
t\900_bugs\015_my_scope.t ....................... ok
t\900_bugs\016_x_in_tterse.t .................... ok
t\900_bugs\017_unallocated.t .................... skipped: not yet
t\900_bugs\019_nested_mm.t ...................... ok
t\900_bugs\020_switch_foo.t ..................... ok
t\900_bugs\021_cached_enc.t ..................... ok
t\900_bugs\022_empty_if_block.t ................. ok
t\900_bugs\023_deploy_problem.t ................. ok
t\900_bugs\024_use_cache.t ...................... ok
t\900_bugs\025_clobber-macro-args.t ............. ok
t\900_bugs\026_issue61.t ........................ ok
t\900_bugs\027_issue65.t ........................ ok
t\900_bugs\028_issue68.t ........................ ok
t\900_bugs\029_fork_and_cache.t ................. skipped: deal with memorycache-filecache-original model more effectively
t\900_bugs\030_issue71.t ........................ ok
t\900_bugs\031_yappo.t .......................... ok
t\900_bugs\032_issue79.t ........................ ok
t\900_bugs\033_ex_safe_render.t ................. ok
t\900_bugs\034_hash_key_utf8.t .................. ok
t\900_bugs\035_issue81_tiedhash.t ............... ok
t\900_bugs\036_vpath_utf8.t ..................... ok
t\900_bugs\037_text_str_key.t ................... ok
t\900_bugs\038_conbine_flaged_utf8_and_other.t .. ok
t\900_bugs\039_issue96.t ........................ ok
t\900_bugs\040_issue95.t ........................ ok
t\900_bugs\041_cachedir_other_process.t ......... skipped: fork emulation does not work
t\900_bugs\042_perl59_issue.t ................... ok
t\900_bugs\043_issue107.t ....................... ok
t\900_bugs\044_empty_result.t ................... ok
t\900_bugs\045_issue130.t ....................... ok
t\900_bugs\046_issue156.t ....................... ok
t\900_bugs\046_issue88.t ........................ ok
t\900_bugs\047_undef_concat.t ................... ok
t\900_bugs\048_issue172.t ....................... skipped: Test requires module 'Data::Section::Simple' but it's not found

Test Summary Report
-------------------
t\010_internals\016_cached.t                  (Wstat: 1280 Tests: 14 Failed: 5)
  Failed tests:  2, 5, 8, 11, 14
  Non-zero exit status: 5
t\010_internals\028_taint.t                   (Wstat: 65280 Tests: 0 Failed: 0)
  Non-zero exit status: 255
  Parse errors: No plan found in TAP output
Files=191, Tests=2804, 171 wallclock secs ( 1.20 usr +  0.75 sys =  1.95 CPU)
Result: FAIL
Failed 2/191 test programs. 5/2804 subtests failed.

------------------------------
PREREQUISITES
------------------------------

Prerequisite modules loaded:

requires:

    Module                Need     Have    
    --------------------- -------- --------
    Data::MessagePack     0.38     1.00    
    Encode                2.26     2.93    
    Mouse                 v2.5.0   v2.5.0  
    parent                0.221    0.236   
    perl                  5.008001 5.024003
    Scalar::Util          1.14     1.49    
    Storable              2.15     2.56_01 

build_requires:

    Module                Need     Have    
    --------------------- -------- --------
    ExtUtils::CBuilder    0        0.280230
    File::Copy::Recursive 0        0.38    
    File::Path            2.07     2.15    
    Test::More            0.88     1.302120
    Test::Requires        0        0.10    

configure_requires:

    Module                Need     Have    
    --------------------- -------- --------
    Module::Build         0.4005   0.4224  
    Module::Build::XSUtil 0        0.18    
    version               0.9913   0.9918  


------------------------------
ENVIRONMENT AND OTHER CONTEXT
------------------------------

Environment variables:

    COMSPEC = C:\WINDOWS\system32\cmd.exe
    LANG = KO
    NONINTERACTIVE_TESTING = 1
    NUMBER_OF_PROCESSORS = 4
    PATH = C:\strawberry-perl-5.24-64bit\perl\site\bin;C:\strawberry-perl-5.24-64bit\perl\bin;C:\strawberry-perl-5.24-64bit\c\bin;C:\ProgramData\Oracle\Java\javapath;C:\Program Files (x86)\Wizvera\Delfino;C:\WINDOWS\SYSTEM32;C:\WINDOWS;C:\WINDOWS\SYSTEM32\WBEM;C:\WINDOWS\SYSTEM32\WINDOWSPOWERSHELL\V1.0\;C:\PROGRAM FILES (X86)\LENOVO\ACCESS CONNECTIONS\;C:\PROGRAM FILES\THINKPAD\BLUETOOTH SOFTWARE\;C:\PROGRAM FILES\THINKPAD\BLUETOOTH SOFTWARE\SYSWOW64;C:\Program Files (x86)\Intel\OpenCL SDK\2.0\bin\x86;C:\Program Files (x86)\Intel\OpenCL SDK\2.0\bin\x64;C:\WINDOWS\system32;C:\WINDOWS;C:\WINDOWS\System32\Wbem;C:\WINDOWS\System32\WindowsPowerShell\v1.0\;C:\Program Files\Git\cmd;;C:\Program Files (x86)\Microsoft VS Code\bin;c:\Util\babun\.babun;C:\Util\babun\.babun;C:\Users\kang\AppData\Local\Microsoft\WindowsApps
    PERL5LIB = 
    PERL5OPT = 
    PERL5_CPANPLUS_IS_RUNNING = 12104
    PERL5_CPAN_IS_RUNNING = 12104
    PERL_MM_USE_DEFAULT = 1
    PROCESSOR_IDENTIFIER = Intel64 Family 6 Model 42 Stepping 7, GenuineIntel
    TEMP = C:\Users\kang\AppData\Local\Temp
    TERM = dumb

Perl special variables (and OS-specific diagnostics, for MSWin32):

    $^X = C:\strawberry-perl-5.24-64bit\perl\bin\perl.exe
    $UID/$EUID = 0 / 0
    $GID = 0
    $EGID = 0
    Win32::GetOSName = Win10
    Win32::GetOSVersion = , 10, 0, 16299, 2, 0, 0, 256, 1
    Win32::FsType = NTFS
    Win32::IsAdminUser = 0

Perl module toolchain versions installed:

    Module              Have    
    ------------------- --------
    CPAN                2.16    
    CPAN::Meta          2.150010
    Cwd                 3.63_01 
    ExtUtils::CBuilder  0.280230
    ExtUtils::Command   7.30    
    ExtUtils::Install   2.14    
    ExtUtils::MakeMaker 7.30    
    ExtUtils::Manifest  1.70    
    ExtUtils::ParseXS   3.35    
    File::Spec          3.63_01 
    JSON                2.97000 
    JSON::PP            2.97000 
    Module::Build       0.4224  
    Module::Signature   0.81    
    Parse::CPAN::Meta   2.150010
    Test::Harness       3.39    
    Test::More          1.302120
    YAML                1.24    
    YAML::Syck          n/a     
    version             0.9918  


--

Summary of my perl5 (revision 5 version 24 subversion 3) configuration:
   
  Platform:
    osname=MSWin32, osvers=6.3, archname=MSWin32-x64-multi-thread
    uname='Win32 strawberry-perl 5.24.3.1 #1 Mon Sep 25 04:53:46 2017 x64'
    config_args='undef'
    hint=recommended, useposix=true, d_sigaction=undef
    useithreads=define, usemultiplicity=define
    use64bitint=define, use64bitall=undef, uselongdouble=undef
    usemymalloc=n, bincompat5005=undef
  Compiler:
    cc='gcc', ccflags =' -s -O2 -DWIN32 -DWIN64 -DCONSERVATIVE  -DPERL_TEXTMODE_SCRIPTS -DPERL_IMPLICIT_CONTEXT -DPERL_IMPLICIT_SYS -fwrapv -fno-strict-aliasing -mms-bitfields',
    optimize='-s -O2',
    cppflags='-DWIN32'
    ccversion='', gccversion='4.9.2', gccosandvers=''
    intsize=4, longsize=4, ptrsize=8, doublesize=8, byteorder=12345678, doublekind=3
    d_longlong=define, longlongsize=8, d_longdbl=define, longdblsize=16, longdblkind=3
    ivtype='long long', ivsize=8, nvtype='double', nvsize=8, Off_t='long long', lseeksize=8
    alignbytes=8, prototype=define
  Linker and Libraries:
    ld='g++.exe', ldflags ='-s -L"C:\strawberry-perl-5.24-64bit\perl\lib\CORE" -L"C:\strawberry-perl-5.24-64bit\c\lib"'
    libpth=C:\strawberry-perl-5.24-64bit\c\lib C:\strawberry-perl-5.24-64bit\c\x86_64-w64-mingw32\lib C:\strawberry-perl-5.24-64bit\c\lib\gcc\x86_64-w64-mingw32\4.9.2
    libs=-lmoldname -lkernel32 -luser32 -lgdi32 -lwinspool -lcomdlg32 -ladvapi32 -lshell32 -lole32 -loleaut32 -lnetapi32 -luuid -lws2_32 -lmpr -lwinmm -lversion -lodbc32 -lodbccp32 -lcomctl32
    perllibs=-lmoldname -lkernel32 -luser32 -lgdi32 -lwinspool -lcomdlg32 -ladvapi32 -lshell32 -lole32 -loleaut32 -lnetapi32 -luuid -lws2_32 -lmpr -lwinmm -lversion -lodbc32 -lodbccp32 -lcomctl32
    libc=, so=dll, useshrplib=true, libperl=libperl524.a
    gnulibc_version=''
  Dynamic Linking:
    dlsrc=dl_win32.xs, dlext=xs.dll, d_dlsymun=undef, ccdlflags=' '
    cccdlflags=' ', lddlflags='-mdll -s -L"C:\strawberry-perl-5.24-64bit\perl\lib\CORE" -L"C:\strawberry-perl-5.24-64bit\c\lib"'


Characteristics of this binary (from libperl): 
  Compile-time options: HAS_TIMES HAVE_INTERP_INTERN MULTIPLICITY
                        PERLIO_LAYERS PERL_COPY_ON_WRITE
                        PERL_DONT_CREATE_GVSV
                        PERL_HASH_FUNC_ONE_AT_A_TIME_HARD
                        PERL_IMPLICIT_CONTEXT PERL_IMPLICIT_SYS
                        PERL_MALLOC_WRAP PERL_PRESERVE_IVUV USE_64_BIT_INT
                        USE_ITHREADS USE_LARGE_FILES USE_LOCALE
                        USE_LOCALE_COLLATE USE_LOCALE_CTYPE
                        USE_LOCALE_NUMERIC USE_LOCALE_TIME USE_PERLIO
                        USE_PERL_ATOF
  Built under MSWin32
  Compiled at Sep 25 2017 05:08:02
  %ENV:
    PERL5_CPANPLUS_IS_RUNNING="12104"
    PERL5_CPAN_IS_RUNNING="12104"
    PERL_MM_USE_DEFAULT="1"
  @INC:
    C:/strawberry-perl-5.24-64bit/perl/site/lib/MSWin32-x64-multi-thread
    C:/strawberry-perl-5.24-64bit/perl/site/lib
    C:/strawberry-perl-5.24-64bit/perl/vendor/lib
    C:/strawberry-perl-5.24-64bit/perl/lib
    .