PathTools v3.75 Perl 5 v5.26.3 evbarm-netbsd
- Status
- Fail
- From
- Nigel Horne
- Dist
-
PathTools v3.75
- Platform
- Perl 5 v5.26.3 evbarm-netbsd
- Date
- 2019-05-27 01:12:41
- ID
- 865a38a0-801c-11e9-9997-9db8de51d2a1
This distribution has been tested as part of the CPAN Testers
project, supporting the Perl programming language. See
http://wiki.cpantesters.org/ for more information or email
questions to cpan-testers-discuss@perl.org
--
Dear Sawyer X,
This is a computer-generated report for PathTools-3.75
on perl 5.26.3, created by CPAN-Reporter-1.2018.
Thank you for uploading your work to CPAN. However, there was a problem
testing your distribution.
If you think this report is invalid, please consult the CPAN Testers Wiki
for suggestions on how to avoid getting FAIL reports for missing library
or binary dependencies, unsupported operating systems, and so on:
http://wiki.cpantesters.org/wiki/CPANAuthorNotes
Sections of this report:
* Tester comments
* Program output
* Prerequisites
* Environment and other context
------------------------------
TESTER COMMENTS
------------------------------
Additional comments from tester:
none provided
------------------------------
PROGRAM OUTPUT
------------------------------
Output from '/usr/bin/make test':
"/mnt/nas/home/pi2c/njh/perl5/perlbrew/perls/perl-5.26.3/bin/perl5.26.3" -MExtUtils::Command::MM -e 'cp_nonempty' -- Cwd.bs blib/arch/auto/Cwd/Cwd.bs 644
PERL_DL_NONLAZY=1 "/mnt/nas/home/pi2c/njh/perl5/perlbrew/perls/perl-5.26.3/bin/perl5.26.3" "-MExtUtils::Command::MM" "-MTest::Harness" "-e" "undef *Test::Harness::Switches; test_harness(0, 'blib/lib', 'blib/arch')" t/*.t
t/crossplatform.t .. ok
# Failed test 'regular getcwd errno on non-existent directory'
# at t/cwd_enoent.t line 39.
# got: '70'
# expected: '2'
# Failed test 'regular abs_path errno on non-existent directory'
# at t/cwd_enoent.t line 44.
# got: '70'
# expected: '2'
# Failed test 'perl getcwd errno on non-existent directory'
# at t/cwd_enoent.t line 39.
# got: '70'
# expected: '2'
# Failed test 'perl abs_path errno on non-existent directory'
# at t/cwd_enoent.t line 44.
# got: '70'
# expected: '2'
# Looks like you failed 4 tests of 8.
t/cwd_enoent.t .....
Dubious, test returned 4 (wstat 1024, 0x400)
Failed 4/8 subtests
t/abs2rel.t ........ ok
t/cwd.t ............ ok
t/Functions.t ...... ok
t/Spec-taint.t ..... ok
t/rel2abs2rel.t .... ok
t/taint.t .......... ok
t/tmpdir.t ......... ok
t/win32.t .......... skipped: this is not win32
t/Spec.t ........... ok
Test Summary Report
-------------------
t/cwd_enoent.t (Wstat: 1024 Tests: 8 Failed: 4)
Failed tests: 2, 4, 6, 8
Non-zero exit status: 4
Files=11, Tests=847, 6 wallclock secs ( 1.28 usr 0.42 sys + 8.63 cusr 5.49 csys = 15.82 CPU)
Result: FAIL
Failed 1/11 test programs. 4/847 subtests failed.
*** Error code 255
Stop.
make: stopped in /var/tmp/build/PathTools-3.75-8
------------------------------
PREREQUISITES
------------------------------
Prerequisite modules loaded:
requires:
Module Need Have
------------------- ---- --------
Carp 0 1.42
File::Basename 0 2.85
Scalar::Util 0 1.46_02
Test::More 0.88 1.302073
build_requires:
Module Need Have
------------------- ---- --------
ExtUtils::MakeMaker 0 7.24
configure_requires:
Module Need Have
------------------- ---- --------
ExtUtils::MakeMaker 0 7.24
------------------------------
ENVIRONMENT AND OTHER CONTEXT
------------------------------
Environment variables:
HARNESS_OPTIONS = j4:c
LD_LIBRARY_PATH = /usr/local/lib:
PATH = /home/njh/perl5/perlbrew/bin:/home/njh/perl5/perlbrew/perls/perl-5.26.3/bin:/usr/bin:/bin:/usr/pkg/bin:/usr/local/bin:/home/njh/bin:/mnt/nas/export/bin
PERL5LIB =
PERL5OPT =
PERL5_CPANPLUS_IS_RUNNING = 19892
PERL5_CPAN_IS_RUNNING = 19892
PERLBREW_HOME = /home/njh/.perlbrew
PERLBREW_MANPATH = /home/njh/perl5/perlbrew/perls/perl-5.26.3/man
PERLBREW_PATH = /home/njh/perl5/perlbrew/bin:/home/njh/perl5/perlbrew/perls/perl-5.26.3/bin
PERLBREW_PERL = perl-5.26.3
PERLBREW_ROOT = /home/njh/perl5/perlbrew
PERLBREW_SHELLRC_VERSION = 0.86
PERLBREW_VERSION = 0.86
PERL_USE_UNSAFE_INC = 1
SHELL = /usr/pkg/bin/bash
TERM = xterm-256color
TMPDIR = /home/njh/tmp
Perl special variables (and OS-specific diagnostics, for MSWin32):
$^X = /mnt/nas/home/pi2c/njh/perl5/perlbrew/perls/perl-5.26.3/bin/perl5.26.3
$UID/$EUID = 1000 / 1000
$GID = 1000 1000 0
$EGID = 1000 1000 0
Perl module toolchain versions installed:
Module Have
------------------- ----------
CPAN 2.26
CPAN::Meta 2.150010
Cwd 3.67
ExtUtils::CBuilder 0.280225
ExtUtils::Command 7.24
ExtUtils::Install 2.04
ExtUtils::MakeMaker 7.24
ExtUtils::Manifest 1.70
ExtUtils::ParseXS 3.34
File::Spec 3.67
JSON 4.02
JSON::PP 2.27400_02
Module::Build 0.4229
Module::Signature n/a
Parse::CPAN::Meta 2.150010
Test::Harness 3.38
Test::More 1.302073
YAML 1.29
YAML::Syck 1.31
version 0.9917
--
Summary of my perl5 (revision 5 version 26 subversion 3) configuration:
Platform:
osname=netbsd
osvers=8.0_beta
archname=evbarm-netbsd
uname='netbsd pi2c.bandsman.co.uk 8.0_beta netbsd 8.0_beta (rpi2.201710161240z) evbarm '
config_args='-de -Dprefix=/home/njh/perl5/perlbrew/perls/perl-5.26.3 -Dusedevel -Accflags=-O2 -W -Wformat=2 -Wswitch -Wshadow -Wwrite-strings -Wuninitialized -Wall -pipe -fomit-frame-pointer -D_FORTIFY_SOURCE=2 -Wpointer-arith -Wstrict-prototypes -fstack-protector -Wstack-protector -Wextra -Wbad-function-cast -Wcast-align -Wcast-qual -Wdisabled-optimization -Wendif-labels -Wfloat-equal -Wformat-nonliteral -Winline -Wmissing-declarations -Wmissing-prototypes -Wnested-externs -Wpointer-arith -Wundef -Wformat-security -mfpu=neon-vfpv4 -mfloat-abi=hard -mtune=cortex-a7 -Aeval:scriptdir=/home/njh/perl5/perlbrew/perls/perl-5.26.3/bin'
hint=recommended
useposix=true
d_sigaction=define
useithreads=undef
usemultiplicity=undef
use64bitint=undef
use64bitall=undef
uselongdouble=undef
usemymalloc=n
default_inc_excludes_dot=define
bincompat5005=undef
Compiler:
cc='cc'
ccflags ='-O2 -W -Wformat=2 -Wswitch -Wshadow -Wwrite-strings -Wuninitialized -Wall -pipe -fomit-frame-pointer -D_FORTIFY_SOURCE=2 -Wpointer-arith -Wstrict-prototypes -fstack-protector -Wstack-protector -Wextra -Wbad-function-cast -Wcast-align -Wcast-qual -Wdisabled-optimization -Wendif-labels -Wfloat-equal -Wformat-nonliteral -Winline -Wmissing-declarations -Wmissing-prototypes -Wnested-externs -Wpointer-arith -Wundef -Wformat-security -mfpu=neon-vfpv4 -mfloat-abi=hard -mtune=cortex-a7 -fwrapv -fno-strict-aliasing -fstack-protector-strong -I/usr/pkg/include'
optimize='-O'
cppflags='-O2 -W -Wformat=2 -Wswitch -Wshadow -Wwrite-strings -Wuninitialized -Wall -pipe -fomit-frame-pointer -D_FORTIFY_SOURCE=2 -Wpointer-arith -Wstrict-prototypes -fstack-protector -Wstack-protector -Wextra -Wbad-function-cast -Wcast-align -Wcast-qual -Wdisabled-optimization -Wendif-labels -Wfloat-equal -Wformat-nonliteral -Winline -Wmissing-declarations -Wmissing-prototypes -Wnested-externs -Wpointer-arith -Wundef -Wformat-security -mfpu=neon-vfpv4 -mfloat-abi=hard -mtune=cortex-a7 -fwrapv -fno-strict-aliasing -fstack-protector-strong -I/usr/pkg/include'
ccversion=''
gccversion='5.4.0'
gccosandvers=''
intsize=4
longsize=4
ptrsize=4
doublesize=8
byteorder=1234
doublekind=3
d_longlong=define
longlongsize=8
d_longdbl=define
longdblsize=8
longdblkind=0
ivtype='long'
ivsize=4
nvtype='double'
nvsize=8
Off_t='off_t'
lseeksize=8
alignbytes=8
prototype=define
Linker and Libraries:
ld='cc'
ldflags =' -Wl,-rpath,/usr/pkg/lib -Wl,-rpath,/usr/local/lib -fstack-protector-strong -L/usr/pkg/lib'
libpth=/usr/include/gcc-5 /usr/lib /usr/pkg/lib /lib
libs=-lpthread -lm -lcrypt -lutil -lc -lposix
perllibs=-lpthread -lm -lcrypt -lutil -lc -lposix
libc=/lib/libc.so
so=so
useshrplib=false
libperl=libperl.a
gnulibc_version=''
Dynamic Linking:
dlsrc=dl_dlopen.xs
dlext=so
d_dlsymun=undef
ccdlflags='-Wl,-E '
cccdlflags='-DPIC -fPIC '
lddlflags='-shared -L/usr/pkg/lib -fstack-protector-strong'
Characteristics of this binary (from libperl):
Compile-time options:
HAS_TIMES
PERLIO_LAYERS
PERL_COPY_ON_WRITE
PERL_DONT_CREATE_GVSV
PERL_HASH_FUNC_ONE_AT_A_TIME_HARD
PERL_MALLOC_WRAP
PERL_OP_PARENT
PERL_PRESERVE_IVUV
PERL_USE_DEVEL
USE_LARGE_FILES
USE_LOCALE
USE_LOCALE_COLLATE
USE_LOCALE_CTYPE
USE_LOCALE_NUMERIC
USE_LOCALE_TIME
USE_PERLIO
USE_PERL_ATOF
Locally applied patches:
Devel::PatchPerl 1.38
Built under netbsd
Compiled at Dec 11 2018 19:32:23
%ENV:
PERL5LIB=""
PERL5OPT=""
PERL5_CPANPLUS_IS_RUNNING="19892"
PERL5_CPAN_IS_RUNNING="19892"
PERLBREW_HOME="/home/njh/.perlbrew"
PERLBREW_MANPATH="/home/njh/perl5/perlbrew/perls/perl-5.26.3/man"
PERLBREW_PATH="/home/njh/perl5/perlbrew/bin:/home/njh/perl5/perlbrew/perls/perl-5.26.3/bin"
PERLBREW_PERL="perl-5.26.3"
PERLBREW_ROOT="/home/njh/perl5/perlbrew"
PERLBREW_SHELLRC_VERSION="0.86"
PERLBREW_VERSION="0.86"
PERL_USE_UNSAFE_INC="1"
@INC:
/home/njh/perl5/perlbrew/perls/perl-5.26.3/lib/site_perl/5.26.3/evbarm-netbsd
/home/njh/perl5/perlbrew/perls/perl-5.26.3/lib/site_perl/5.26.3
/home/njh/perl5/perlbrew/perls/perl-5.26.3/lib/5.26.3/evbarm-netbsd
/home/njh/perl5/perlbrew/perls/perl-5.26.3/lib/5.26.3
.