Back
From: metabase:user:fcf99560-6bf4-1014-86b3-1cf189224fdf
Subject: FAIL Passwd-Keyring-PWSafe3-0.20 v5.14.3
Date: 2012-11-21T16:26:46Z
This distribution has been tested as part of the CPAN Testers
project, supporting the Perl programming language. See
http://wiki.cpantesters.org/ for more information or email
questions to cpan-testers-discuss@perl.org
--
Dear Marcin Kasperski,
This is a computer-generated report for Passwd-Keyring-PWSafe3-0.20
on perl 5.14.3, created by CPAN-Reporter-1.2006.
Thank you for uploading your work to CPAN. However, there was a problem
testing your distribution.
If you think this report is invalid, please consult the CPAN Testers Wiki
for suggestions on how to avoid getting FAIL reports for missing library
or binary dependencies, unsupported operating systems, and so on:
http://wiki.cpantesters.org/wiki/CPANAuthorNotes
Sections of this report:
* Tester comments
* Program output
* Prerequisites
* Environment and other context
------------------------------
TESTER COMMENTS
------------------------------
Additional comments from tester:
this report is from an automated smoke testing program
and was not reviewed by a human for accuracy
------------------------------
PROGRAM OUTPUT
------------------------------
Output from 'C:\smoker\strawberry5143\perl\bin\perl.exe ./Build test':
# Testing Passwd::Keyring::PWSafe3 0.20, Perl 5.014003, C:\smoker\strawberry5143\perl\bin\perl.exe
t\00-load.t .......................... ok
t\01-set-and-get.t ................... ok
t\02-is-persistent.t ................. ok
t\03-many-sets-and-gets.t ............ ok
Use of uninitialized value in string eq at t\04-recovering-in-sep-prog.t line 30.
# Failed test 'get works'
# at t\04-recovering-in-sep-prog.t line 30.
Use of uninitialized value in string eq at t\04-recovering-in-sep-prog.t line 32.
# Failed test 'get works'
# at t\04-recovering-in-sep-prog.t line 32.
Use of uninitialized value in string eq at t\04-recovering-in-sep-prog.t line 34.
# Failed test 'get works'
# at t\04-recovering-in-sep-prog.t line 34.
# Failed test 'clear clears'
# at t\04-recovering-in-sep-prog.t line 36.
Use of uninitialized value in string eq at t\04-recovering-in-sep-prog.t line 40.
# Failed test 'get works'
# at t\04-recovering-in-sep-prog.t line 40.
Use of uninitialized value in string eq at t\04-recovering-in-sep-prog.t line 42.
# Failed test 'get works'
# at t\04-recovering-in-sep-prog.t line 42.
# Failed test 'clear clears'
# at t\04-recovering-in-sep-prog.t line 44.
# Failed test 'clear clears'
# at t\04-recovering-in-sep-prog.t line 46.
# Looks like you failed 8 tests of 14.
t\04-recovering-in-sep-prog.t ........
Dubious, test returned 8 (wstat 2048, 0x800)
Failed 8/14 subtests
t\05-many-sets-and-gets-with-name.t .. ok
Use of uninitialized value in string eq at t\06-recovering-with-app-change.t line 58.
# Failed test 'get from another ring with the same data works'
# at t\06-recovering-with-app-change.t line 58.
Use of uninitialized value in string eq at t\06-recovering-with-app-change.t line 69.
# Failed test 'get from another ring with changed app but same group works'
# at t\06-recovering-with-app-change.t line 69.
Use of uninitialized value in string eq at t\06-recovering-with-app-change.t line 108.
# Failed test 'get original after changes in other group works'
# at t\06-recovering-with-app-change.t line 108.
# Failed test 'clearing'
# at t\06-recovering-with-app-change.t line 110.
# Failed test 'clearing'
# at t\06-recovering-with-app-change.t line 119.
# Looks like you failed 5 tests of 16.
t\06-recovering-with-app-change.t ....
Dubious, test returned 5 (wstat 1280, 0x500)
Failed 5/16 subtests
t\07-ugly-chars.t .................... ok
t\08-verylong-params.t ............... ok
t\09-using-fresh-file.t .............. ok
# Consider spawning Password Safe GUI to check how test.psafe3 looks like and whether it differs from sampledb/test.psafe3. Master password is 10101010
t\99-note.t .......................... ok
t\boilerplate.t ...................... ok
t\cpan-meta-json.t ................... skipped: Test::CPAN::Meta::JSON required for testing META.json
t\cpan-meta.t ........................ skipped: Test::CPAN::Meta required for testing META.yml
t\manifest.t ......................... skipped: Author tests not required for installation
t\pod-coverage.t ..................... ok
t\pod.t .............................. ok
Test Summary Report
-------------------
t\04-recovering-in-sep-prog.t (Wstat: 2048 Tests: 14 Failed: 8)
Failed tests: 3-6, 8-11
Non-zero exit status: 8
t\06-recovering-with-app-change.t (Wstat: 1280 Tests: 16 Failed: 5)
Failed tests: 6, 8, 14-16
Non-zero exit status: 5
t\boilerplate.t (Wstat: 0 Tests: 3 Failed: 0)
TODO passed: 1-3
Files=17, Tests=97, 11 wallclock secs ( 0.19 usr + 0.08 sys = 0.27 CPU)
Result: FAIL
Failed 2/17 test programs. 13/97 subtests failed.
------------------------------
PREREQUISITES
------------------------------
Prerequisite modules loaded:
requires:
Module Need Have
--------------------- ----- --------
Bytes::Random::Secure 0.09 0.09
Crypt::PWSafe3 1.07 1.07
perl 5.006 5.014003
build_requires:
Module Need Have
--------------------- ----- --------
Module::Build 0.36 0.4003
Pod::Readme 0 0.11
Test::More 0 0.98
Test::Pod::Coverage 1.0 1.08
configure_requires:
Module Need Have
--------------------- ----- --------
Module::Build 0.36 0.4003
------------------------------
ENVIRONMENT AND OTHER CONTEXT
------------------------------
Environment variables:
AUTOMATED_TESTING = 1
COMSPEC = C:\Windows\system32\cmd.exe
NUMBER_OF_PROCESSORS = 2
PATH = C:\smoker\strawberry5143\perl\site\bin;C:\smoker\strawberry5143\perl\bin;C:\smoker\strawberry5143\c\bin;c:\Program Files\Common Files\Microsoft Shared\Windows Live;c:\Windows\system32\;c:\Windows;c:\Windows\System32\Wbem;c:\Program Files\MySQL\MySQL Server 5.1\bin
PERL5LIB =
PERL5OPT =
PERL5_CPANPLUS_IS_RUNNING = 5268
PERL5_CPAN_IS_RUNNING = 5268
PERL5_CPAN_IS_RUNNING_IN_RECURSION = 5708,5268
PERL_CR_SMOKER_CURRENT = Passwd-Keyring-PWSafe3-0.20
PERL_EXTUTILS_AUTOINSTALL = --defaultdeps
PERL_JSON_BACKEND = JSON::XS
PERL_MM_USE_DEFAULT = 1
PERL_YAML_BACKEND = YAML::XS
PROCESSOR_IDENTIFIER = x86 Family 6 Model 15 Stepping 13, GenuineIntel
TEMP = C:\Users\smoker\AppData\Local\Temp
TERM = dumb
Perl special variables (and OS-specific diagnostics, for MSWin32):
$^X = C:\smoker\strawberry5143\perl\bin\perl.exe
$UID/$EUID = 0 / 0
$GID = 0
$EGID = 0
Win32::GetOSName = WinVista
Win32::GetOSVersion = Service Pack 2, 6, 0, 6002, 2, 2, 0, 256, 1
Win32::FsType = NTFS
Win32::IsAdminUser = 0
Perl module toolchain versions installed:
Module Have
------------------- --------
CPAN 1.9800
CPAN::Meta 2.120921
Cwd 3.36
ExtUtils::CBuilder 0.280205
ExtUtils::Command 1.17
ExtUtils::Install 1.56
ExtUtils::MakeMaker 6.63_03
ExtUtils::Manifest 1.61
ExtUtils::ParseXS 3.18
File::Spec 3.33
JSON 2.53
JSON::PP 2.27200
Module::Build 0.4003
Module::Signature 0.68
Parse::CPAN::Meta 1.4404
Test::Harness 3.25
Test::More 0.98
YAML 0.84
YAML::Syck 1.21
version 0.9901
--
Summary of my perl5 (revision 5 version 14 subversion 3) configuration:
Platform:
osname=MSWin32, osvers=4.0, archname=MSWin32-x86-multi-thread
uname='Win32 strawberry-perl 5.14.3.1 #1 Wed Oct 17 22:51:55 2012 i386'
config_args='undef'
hint=recommended, useposix=true, d_sigaction=undef
useithreads=define, usemultiplicity=define
useperlio=define, d_sfio=undef, uselargefiles=define, usesocks=undef
use64bitint=undef, use64bitall=undef, uselongdouble=undef
usemymalloc=n, bincompat5005=undef
Compiler:
cc='gcc', ccflags =' -s -O2 -DWIN32 -DPERL_TEXTMODE_SCRIPTS -DPERL_IMPLICIT_CONTEXT -DPERL_IMPLICIT_SYS -fno-strict-aliasing -mms-bitfields',
optimize='-s -O2',
cppflags='-DWIN32'
ccversion='', gccversion='4.6.3', gccosandvers=''
intsize=4, longsize=4, ptrsize=4, doublesize=8, byteorder=1234
d_longlong=undef, longlongsize=8, d_longdbl=define, longdblsize=12
ivtype='long', ivsize=4, nvtype='double', nvsize=8, Off_t='long long', lseeksize=8
alignbytes=8, prototype=define
Linker and Libraries:
ld='g++.exe', ldflags ='-s -L"C:\smoker\strawberry5143\perl\lib\CORE" -L"C:\smoker\strawberry5143\c\lib"'
libpth=C:\smoker\strawberry5143\c\lib C:\smoker\strawberry5143\c\i686-w64-mingw32\lib
libs=-lmoldname -lkernel32 -luser32 -lgdi32 -lwinspool -lcomdlg32 -ladvapi32 -lshell32 -lole32 -loleaut32 -lnetapi32 -luuid -lws2_32 -lmpr -lwinmm -lversion -lodbc32 -lodbccp32 -lcomctl32
perllibs=-lmoldname -lkernel32 -luser32 -lgdi32 -lwinspool -lcomdlg32 -ladvapi32 -lshell32 -lole32 -loleaut32 -lnetapi32 -luuid -lws2_32 -lmpr -lwinmm -lversion -lodbc32 -lodbccp32 -lcomctl32
libc=, so=dll, useshrplib=true, libperl=libperl514.a
gnulibc_version=''
Dynamic Linking:
dlsrc=dl_win32.xs, dlext=dll, d_dlsymun=undef, ccdlflags=' '
cccdlflags=' ', lddlflags='-mdll -s -L"C:\smoker\strawberry5143\perl\lib\CORE" -L"C:\smoker\strawberry5143\c\lib"'
Characteristics of this binary (from libperl):
Compile-time options: MULTIPLICITY PERL_DONT_CREATE_GVSV
PERL_IMPLICIT_CONTEXT PERL_IMPLICIT_SYS
PERL_MALLOC_WRAP PERL_PRESERVE_IVUV PL_OP_SLAB_ALLOC
USE_ITHREADS USE_LARGE_FILES USE_PERLIO
USE_PERL_ATOF
Built under MSWin32
Compiled at Oct 17 2012 23:05:06
%ENV:
PERL5_CPANPLUS_IS_RUNNING="5268"
PERL5_CPAN_IS_RUNNING="5268"
PERL5_CPAN_IS_RUNNING_IN_RECURSION="5708,5268"
PERL_CR_SMOKER_CURRENT="Passwd-Keyring-PWSafe3-0.20"
PERL_EXTUTILS_AUTOINSTALL="--defaultdeps"
PERL_JSON_BACKEND="JSON::XS"
PERL_MM_USE_DEFAULT="1"
PERL_YAML_BACKEND="YAML::XS"
@INC:
C:/smoker/strawberry5143/perl/site/lib
C:/smoker/strawberry5143/perl/vendor/lib
C:/smoker/strawberry5143/perl/lib
.