Test-LectroTest v0.5001 Perl 5 v5.18.0 evbarm-netbsd-thread-multi

Status
Fail
From
Nigel Horne
Dist
Test-LectroTest v0.5001
Platform
Perl 5 v5.18.0 evbarm-netbsd-thread-multi
Date
2017-11-19 11:55:21
ID
84f2613c-cd20-11e7-b8bd-809199b835e7
This distribution has been tested as part of the CPAN Testers
project, supporting the Perl programming language.  See
http://wiki.cpantesters.org/ for more information or email
questions to cpan-testers-discuss@perl.org


--
Dear Tom Moertel,

This is a computer-generated report for Test-LectroTest-0.5001
on perl 5.18.0, created by CPAN-Reporter-1.2018.

Thank you for uploading your work to CPAN.  However, there was a problem
testing your distribution.

If you think this report is invalid, please consult the CPAN Testers Wiki
for suggestions on how to avoid getting FAIL reports for missing library
or binary dependencies, unsupported operating systems, and so on:

http://wiki.cpantesters.org/wiki/CPANAuthorNotes

Sections of this report:

    * Tester comments
    * Program output
    * Prerequisites
    * Environment and other context

------------------------------
TESTER COMMENTS
------------------------------

Additional comments from tester:

this report is from an automated smoke testing program
and was not reviewed by a human for accuracy

------------------------------
PROGRAM OUTPUT
------------------------------

Output from '/usr/bin/make test':

PERL_DL_NONLAZY=1 "/home/njh/perl5/perlbrew/perls/perl-5.18.0/bin/perl5.18.0" "-MExtUtils::Command::MM" "-MTest::Harness" "-e" "undef *Test::Harness::Switches; test_harness(0, 'blib/lib', 'blib/arch')" t/*.t
t/compat.t ................ ok
t/docs-eg.t ............... ok

#   Failed test 'List(Unit('x'),length=>[0,9]) elem length dist mean is 4.5 (z-score = -3.98)'
#   at t/gens.t line 1177.
# 
# ============================================================
# 
# IMPORTANT!  A TEST FAILURE MAY NOT REPRESENT A REAL PROBLEM.
# 
# This test suite relies upon a number of randomized tests and
# statistical inferences.  So, there is a small probability
# that some part of the suite will fail even if everything is
# actually fine.  Therefore, re-run the test suite.  You do
# not have a problem unless the suite fails repeatably.
# 
# ============================================================
# 
#     '3.97515830516877'
#         <
#     '3.89'
# Looks like you failed 1 test of 248.
t/gens.t .................. 
Dubious, test returned 1 (wstat 256, 0x100)
Failed 1/248 subtests 
t/harness.t ............... ok
t/pod-coverage.t .......... skipped: Test::Pod::Coverage 1.00 required for testing POD coverage
t/pod.t ................... skipped: Test::Pod 1.00 required for testing POD
t/props.t ................. ok
t/props2.t ................ ok
t/recorder.t .............. ok
t/release-pod-coverage.t .. skipped: these tests are for release candidate testing
t/release-pod-syntax.t .... skipped: these tests are for release candidate testing
t/runner.t ................ ok

Test Summary Report
-------------------
t/gens.t                (Wstat: 256 Tests: 248 Failed: 1)
  Failed test:  163
  Non-zero exit status: 1
Files=12, Tests=329, 147 wallclock secs ( 0.58 usr  0.27 sys + 127.02 cusr 12.53 csys = 140.40 CPU)
Result: FAIL
Failed 1/12 test programs. 1/329 subtests failed.
*** Error code 255

Stop.
make: stopped in /home/njh/.cpan/build/Test-LectroTest-0.5001-0

------------------------------
PREREQUISITES
------------------------------

Prerequisite modules loaded:

requires:

    Module              Need Have    
    ------------------- ---- --------
    Carp                0    1.29    
    Class::Struct       0    0.64    
    constant            0    1.27    
    Data::Dumper        0    2.145   
    Exporter            0    5.68    
    Filter::Util::Call  0    1.45    
    POSIX               0    1.32    
    Scalar::Util        0    1.27    
    strict              0    1.07    
    Test::Builder       0    1.302106
    warnings            0    1.18    

build_requires:

    Module              Need Have    
    ------------------- ---- --------
    File::Temp          0    0.23    
    Test::More          0    1.302106

configure_requires:

    Module              Need Have    
    ------------------- ---- --------
    ExtUtils::MakeMaker 6.30 7.24    


------------------------------
ENVIRONMENT AND OTHER CONTEXT
------------------------------

Environment variables:

    AUTOMATED_TESTING = 1
    PATH = /home/njh/perl5/perlbrew/bin:/home/njh/perl5/perlbrew/perls/perl-5.18.0/bin:/home/njh/perl5/perlbrew/bin:/usr/bin:/bin:/usr/pkg/bin:/usr/local/bin:src/njh/smoker/bin
    PERL5LIB = /home/njh/.cpan/build/Params-Util-1.07-2/blib/arch:/home/njh/.cpan/build/Params-Util-1.07-2/blib/lib:/home/njh/.cpan/build/Devel-CheckOS-1.80-0/blib/arch:/home/njh/.cpan/build/Devel-CheckOS-1.80-0/blib/lib:/home/njh/.cpan/build/Data-Compare-1.25-0/blib/arch:/home/njh/.cpan/build/Data-Compare-1.25-0/blib/lib:/home/njh/.cpan/build/File-Find-Rule-0.34-0/blib/arch:/home/njh/.cpan/build/File-Find-Rule-0.34-0/blib/lib:/home/njh/.cpan/build/Text-Glob-0.11-0/blib/arch:/home/njh/.cpan/build/Text-Glob-0.11-0/blib/lib:/home/njh/.cpan/build/Number-Compare-0.03-0/blib/arch:/home/njh/.cpan/build/Number-Compare-0.03-0/blib/lib:/home/njh/.cpan/build/Class-XSAccessor-1.19-0/blib/arch:/home/njh/.cpan/build/Class-XSAccessor-1.19-0/blib/lib
    PERL5OPT = 
    PERL5_CPANPLUS_IS_RUNNING = 8724
    PERL5_CPAN_IS_RUNNING = 8724
    PERLBREW_BASHRC_VERSION = 0.80
    PERLBREW_LIB = 
    PERLBREW_MANPATH = /home/njh/perl5/perlbrew/perls/perl-5.18.0/man
    PERLBREW_PATH = /home/njh/perl5/perlbrew/bin:/home/njh/perl5/perlbrew/perls/perl-5.18.0/bin
    PERLBREW_PERL = perl-5.18.0
    PERLBREW_ROOT = /home/njh/perl5/perlbrew
    PERLBREW_VERSION = 0.80
    PERL_LOCAL_LIB_ROOT = 
    SHELL = /bin/sh

Perl special variables (and OS-specific diagnostics, for MSWin32):

    $^X = /home/njh/perl5/perlbrew/perls/perl-5.18.0/bin/perl
    $UID/$EUID = 1000 / 1000
    $GID = 1000 1000 0
    $EGID = 1000 1000 0

Perl module toolchain versions installed:

    Module              Have    
    ------------------- --------
    CPAN                2.16    
    CPAN::Meta          2.143240
    Cwd                 3.40    
    ExtUtils::CBuilder  0.280210
    ExtUtils::Command   7.24    
    ExtUtils::Install   1.59    
    ExtUtils::MakeMaker 7.24    
    ExtUtils::Manifest  1.70    
    ExtUtils::ParseXS   3.18    
    File::Spec          3.40    
    JSON                n/a     
    JSON::PP            2.27203 
    Module::Build       0.4003  
    Module::Signature   n/a     
    Parse::CPAN::Meta   1.4414  
    Test::Harness       3.36    
    Test::More          1.302106
    YAML                1.23    
    YAML::Syck          1.30    
    version             0.9902  


--

Summary of my perl5 (revision 5 version 18 subversion 0) configuration:
   
  Platform:
    osname=netbsd, osvers=7.0.2_patch, archname=evbarm-netbsd-thread-multi
    uname='netbsd pi2c.bandsman.co.uk 7.0.2_patch netbsd 7.0.2_patch (rpi2.201612281350z) evbarm '
    config_args='-de -Dprefix=/home/njh/perl5/perlbrew/perls/perl-5.18.0 -Duseithreads -Dusemultiplicity -Dusedevel -Accflags=-O2 -W -Wformat=2 -Wswitch -Wshadow -Wwrite-strings -Wuninitialized -Wall -pipe -fomit-frame-pointer -D_FORTIFY_SOURCE=2 -Wpointer-arith -Wstrict-prototypes -fstack-protector -Wstack-protector -Wextra -Wbad-function-cast -Wcast-align -Wcast-qual -Wdisabled-optimization -Wendif-labels -Wfloat-equal -Wformat-nonliteral -Winline -Wmissing-declarations -Wmissing-prototypes -Wnested-externs -Wpointer-arith -Wundef -Wformat-security -mtune=cortex-a7 -mfpu=vfp -mfloat-abi=hard -Aeval:scriptdir=/home/njh/perl5/perlbrew/perls/perl-5.18.0/bin'
    hint=recommended, useposix=true, d_sigaction=define
    useithreads=define, usemultiplicity=define
    useperlio=define, d_sfio=undef, uselargefiles=define, usesocks=undef
    use64bitint=undef, use64bitall=undef, uselongdouble=undef
    usemymalloc=n, bincompat5005=undef
  Compiler:
    cc='cc', ccflags ='-O2 -W -Wformat=2 -Wswitch -Wshadow -Wwrite-strings -Wuninitialized -Wall -pipe -fomit-frame-pointer -D_FORTIFY_SOURCE=2 -Wpointer-arith -Wstrict-prototypes -fstack-protector -Wstack-protector -Wextra -Wbad-function-cast -Wcast-align -Wcast-qual -Wdisabled-optimization -Wendif-labels -Wfloat-equal -Wformat-nonliteral -Winline -Wmissing-declarations -Wmissing-prototypes -Wnested-externs -Wpointer-arith -Wundef -Wformat-security -mtune=cortex-a7 -mfpu=vfp -mfloat-abi=hard -fno-strict-aliasing -I/usr/pkg/include',
    optimize='-O',
    cppflags='-O2 -W -Wformat=2 -Wswitch -Wshadow -Wwrite-strings -Wuninitialized -Wall -pipe -fomit-frame-pointer -D_FORTIFY_SOURCE=2 -Wpointer-arith -Wstrict-prototypes -fstack-protector -Wstack-protector -Wextra -Wbad-function-cast -Wcast-align -Wcast-qual -Wdisabled-optimization -Wendif-labels -Wfloat-equal -Wformat-nonliteral -Winline -Wmissing-declarations -Wmissing-prototypes -Wnested-externs -Wpointer-arith -Wundef -Wformat-security -mtune=cortex-a7 -mfpu=vfp -mfloat-abi=hard -fno-strict-aliasing -I/usr/pkg/include'
    ccversion='', gccversion='4.8.4', gccosandvers=''
    intsize=4, longsize=4, ptrsize=4, doublesize=8, byteorder=1234
    d_longlong=define, longlongsize=8, d_longdbl=define, longdblsize=8
    ivtype='long', ivsize=4, nvtype='double', nvsize=8, Off_t='off_t', lseeksize=8
    alignbytes=8, prototype=define
  Linker and Libraries:
    ld='cc', ldflags =' -Wl,-rpath,/usr/pkg/lib -Wl,-rpath,/usr/local/lib -fstack-protector -L/usr/pkg/lib'
    libpth=/usr/pkg/lib /lib /usr/lib
    libs=-lm -lcrypt -lutil -lc -lposix -lpthread
    perllibs=-lm -lcrypt -lutil -lc -lposix -lpthread
    libc=/lib/libc.so, so=so, useshrplib=false, libperl=libperl.a
    gnulibc_version=''
  Dynamic Linking:
    dlsrc=dl_dlopen.xs, dlext=so, d_dlsymun=undef, ccdlflags='-Wl,-E '
    cccdlflags='-DPIC -fPIC ', lddlflags='-shared  -L/usr/pkg/lib -fstack-protector'


Characteristics of this binary (from libperl): 
  Compile-time options: HAS_TIMES MULTIPLICITY PERLIO_LAYERS
                        PERL_DONT_CREATE_GVSV
                        PERL_HASH_FUNC_ONE_AT_A_TIME_HARD
                        PERL_IMPLICIT_CONTEXT PERL_MALLOC_WRAP
                        PERL_PRESERVE_IVUV PERL_SAWAMPERSAND PERL_USE_DEVEL
                        USE_ITHREADS USE_LARGE_FILES USE_LOCALE
                        USE_LOCALE_COLLATE USE_LOCALE_CTYPE
                        USE_LOCALE_NUMERIC USE_PERLIO USE_PERL_ATOF
                        USE_REENTRANT_API
  Locally applied patches:
	Devel::PatchPerl 1.38
  Built under netbsd
  Compiled at Jan  1 2017 17:42:41
  %ENV:
    PERL5LIB="/home/njh/.cpan/build/Params-Util-1.07-2/blib/arch:/home/njh/.cpan/build/Params-Util-1.07-2/blib/lib:/home/njh/.cpan/build/Devel-CheckOS-1.80-0/blib/arch:/home/njh/.cpan/build/Devel-CheckOS-1.80-0/blib/lib:/home/njh/.cpan/build/Data-Compare-1.25-0/blib/arch:/home/njh/.cpan/build/Data-Compare-1.25-0/blib/lib:/home/njh/.cpan/build/File-Find-Rule-0.34-0/blib/arch:/home/njh/.cpan/build/File-Find-Rule-0.34-0/blib/lib:/home/njh/.cpan/build/Text-Glob-0.11-0/blib/arch:/home/njh/.cpan/build/Text-Glob-0.11-0/blib/lib:/home/njh/.cpan/build/Number-Compare-0.03-0/blib/arch:/home/njh/.cpan/build/Number-Compare-0.03-0/blib/lib:/home/njh/.cpan/build/Class-XSAccessor-1.19-0/blib/arch:/home/njh/.cpan/build/Class-XSAccessor-1.19-0/blib/lib"
    PERL5OPT=""
    PERL5_CPANPLUS_IS_RUNNING="8724"
    PERL5_CPAN_IS_RUNNING="8724"
    PERLBREW_BASHRC_VERSION="0.80"
    PERLBREW_LIB=""
    PERLBREW_MANPATH="/home/njh/perl5/perlbrew/perls/perl-5.18.0/man"
    PERLBREW_PATH="/home/njh/perl5/perlbrew/bin:/home/njh/perl5/perlbrew/perls/perl-5.18.0/bin"
    PERLBREW_PERL="perl-5.18.0"
    PERLBREW_ROOT="/home/njh/perl5/perlbrew"
    PERLBREW_VERSION="0.80"
    PERL_LOCAL_LIB_ROOT=""
  @INC:
    /home/njh/.cpan/build/Params-Util-1.07-2/blib/arch
    /home/njh/.cpan/build/Params-Util-1.07-2/blib/lib
    /home/njh/.cpan/build/Devel-CheckOS-1.80-0/blib/arch
    /home/njh/.cpan/build/Devel-CheckOS-1.80-0/blib/lib
    /home/njh/.cpan/build/Data-Compare-1.25-0/blib/arch
    /home/njh/.cpan/build/Data-Compare-1.25-0/blib/lib
    /home/njh/.cpan/build/File-Find-Rule-0.34-0/blib/arch
    /home/njh/.cpan/build/File-Find-Rule-0.34-0/blib/lib
    /home/njh/.cpan/build/Text-Glob-0.11-0/blib/arch
    /home/njh/.cpan/build/Text-Glob-0.11-0/blib/lib
    /home/njh/.cpan/build/Number-Compare-0.03-0/blib/arch
    /home/njh/.cpan/build/Number-Compare-0.03-0/blib/lib
    /home/njh/.cpan/build/Class-XSAccessor-1.19-0/blib/arch
    /home/njh/.cpan/build/Class-XSAccessor-1.19-0/blib/lib
    /home/njh/perl5/perlbrew/perls/perl-5.18.0/lib/site_perl/5.18.0/evbarm-netbsd-thread-multi
    /home/njh/perl5/perlbrew/perls/perl-5.18.0/lib/site_perl/5.18.0
    /home/njh/perl5/perlbrew/perls/perl-5.18.0/lib/5.18.0/evbarm-netbsd-thread-multi
    /home/njh/perl5/perlbrew/perls/perl-5.18.0/lib/5.18.0
    .