PayProp-API-Public-Client v0.04 Perl 5 v5.20.3 x86_64-linux-thread-multi
- Status
- Fail
- From
- Andreas J. König (ANDK)
- Dist
-
PayProp-API-Public-Client v0.04
- Platform
- Perl 5 v5.20.3 x86_64-linux-thread-multi
- Date
- 2023-12-14 01:17:14
- ID
- 83c3dd14-9a1e-11ee-a864-7bd3fd3d226e
This distribution has been tested as part of the CPAN Testers
project, supporting the Perl programming language. See
http://wiki.cpantesters.org/ for more information or email
questions to cpan-testers-discuss@perl.org
--
Dear Yanga Kandeni,
This is a computer-generated report for PayProp-API-Public-Client-0.04
on perl 5.20.3, created by CPAN-Reporter-1.2018.
Thank you for uploading your work to CPAN. However, there was a problem
testing your distribution.
If you think this report is invalid, please consult the CPAN Testers Wiki
for suggestions on how to avoid getting FAIL reports for missing library
or binary dependencies, unsupported operating systems, and so on:
http://wiki.cpantesters.org/wiki/CPANAuthorNotes
Sections of this report:
* Tester comments
* Program output
* Prerequisites
* Environment and other context
------------------------------
TESTER COMMENTS
------------------------------
Additional comments from tester:
this report is from an automated smoke testing program
and was not reviewed by a human for accuracy
------------------------------
PROGRAM OUTPUT
------------------------------
Output from './Build test':
t/author-pod-syntax.t ............................................... skipped: these tests are for testing by the author
t/basic.t ........................................................... ok
Scalar found where operator expected at /tmp/loop_over_bdir-2026226-9gN0zf/PayProp-API-Public-Client-0.04-0/blib/lib/PayProp/API/Public/Client/Role/Request.pm line 44, near "* : $content"
(Missing operator before $content?)
String found where operator expected at /tmp/loop_over_bdir-2026226-9gN0zf/PayProp-API-Public-Client-0.04-0/blib/lib/PayProp/API/Public/Client/Role/Request.pm line 59, near "* ? '/'"
(Missing operator before '/'?)
Array found where operator expected at /tmp/loop_over_bdir-2026226-9gN0zf/PayProp-API-Public-Client-0.04-0/blib/lib/PayProp/API/Public/Client/Role/Request.pm line 61, at end of line
(Missing operator before ?)
Scalar found where operator expected at /tmp/loop_over_bdir-2026226-9gN0zf/PayProp-API-Public-Client-0.04-0/blib/lib/PayProp/API/Public/Client/Role/Request.pm line 65, near "$self"
(Missing semicolon on previous line?)
Could not load class (PayProp::API::Public::Client::Role::Request) because : syntax error at /tmp/loop_over_bdir-2026226-9gN0zf/PayProp-API-Public-Client-0.04-0/blib/lib/PayProp/API/Public/Client/Role/Request.pm line 44, near "->%"
Can't use global @_ in "my" at /tmp/loop_over_bdir-2026226-9gN0zf/PayProp-API-Public-Client-0.04-0/blib/lib/PayProp/API/Public/Client/Role/Request.pm line 47, near "= @_"
Global symbol "$error" requires explicit package name at /tmp/loop_over_bdir-2026226-9gN0zf/PayProp-API-Public-Client-0.04-0/blib/lib/PayProp/API/Public/Client/Role/Request.pm line 48.
syntax error at /tmp/loop_over_bdir-2026226-9gN0zf/PayProp-API-Public-Client-0.04-0/blib/lib/PayProp/API/Public/Client/Role/Request.pm line 50, near "} )
"
Can't use global @_ in "my" at /tmp/loop_over_bdir-2026226-9gN0zf/PayProp-API-Public-Client-0.04-0/blib/lib/PayProp/API/Public/Client/Role/Request.pm line 54, near "= @_"
Global symbol "$params" requires explicit package name at /tmp/loop_over_bdir-2026226-9gN0zf/PayProp-API-Public-Client-0.04-0/blib/lib/PayProp/API/Public/Client/Role/Request.pm line 56.
syntax error at /tmp/loop_over_bdir-2026226-9gN0zf/PayProp-API-Public-Client-0.04-0/blib/lib/PayProp/API/Public/Client/Role/Request.pm line 59, near "->%"
Global symbol "$URL" requires explicit package name at /tmp/loop_over_bdir-2026226-9gN0zf/PayProp-API-Public-Client-0.04-0/blib/lib/PayProp/API/Public/Client/Role/Request.pm line 61.
syntax error at /tmp/loop_over_bdir-2026226-9gN0zf/PayProp-API-Public-Client-0.04-0/blib/lib/PayProp/API/Public/Client/Role/Request.pm line 61, near "->@* "
Global symbol "$URL" requires explicit package name at /tmp/loop_over_bdir-2026226-9gN0zf/PayProp-API-Public-Client-0.04-0/blib/lib/PayProp/API/Public/Client/Role/Request.pm line 68.
syntax error at /tmp/loop_over_bdir-2026226-9gN0zf/PayProp-API-Public-Client-0.04-0/blib/lib/PayProp/API/Public/Client/Role/Request.pm line 71, near "}"
/tmp/loop_over_bdir-2026226-9gN0zf/PayProp-API-Public-Client-0.04-0/blib/lib/PayProp/API/Public/Client/Role/Request.pm has too many errors.
Compilation failed in require at /home/sand/src/perl/repoperls/installed-perls/host/k93msid/v5.20.3/29fb/lib/site_perl/5.20.3/x86_64-linux-thread-multi/Mouse/Util.pm line 295.
at /home/sand/src/perl/repoperls/installed-perls/host/k93msid/v5.20.3/29fb/lib/site_perl/5.20.3/x86_64-linux-thread-multi/Mouse/Util.pm line 304.
Mouse::Util::load_class("PayProp::API::Public::Client::Role::Request") called at /home/sand/src/perl/repoperls/installed-perls/host/k93msid/v5.20.3/29fb/lib/site_perl/5.20.3/x86_64-linux-thread-multi/Mouse/Util.pm line 327
Mouse::Util::apply_all_roles("PayProp::API::Public::Client::Authorization::ClientCredentials", "PayProp::API::Public::Client::Role::Request") called at /home/sand/src/perl/repoperls/installed-perls/host/k93msid/v5.20.3/29fb/lib/site_perl/5.20.3/x86_64-linux-thread-multi/Mouse.pm line 40
Mouse::with("PayProp::API::Public::Client::Role::Request") called at /tmp/loop_over_bdir-2026226-9gN0zf/PayProp-API-Public-Client-0.04-0/blib/lib/PayProp/API/Public/Client/Authorization/ClientCredentials.pm line 8
require PayProp/API/Public/Client/Authorization/ClientCredentials.pm called at t/payprop/api/public/client.t line 10
main::BEGIN() called at /tmp/loop_over_bdir-2026226-9gN0zf/PayProp-API-Public-Client-0.04-0/blib/lib/PayProp/API/Public/Client/Authorization/ClientCredentials.pm line 0
eval {...} called at /tmp/loop_over_bdir-2026226-9gN0zf/PayProp-API-Public-Client-0.04-0/blib/lib/PayProp/API/Public/Client/Authorization/ClientCredentials.pm line 0
Compilation failed in require at t/payprop/api/public/client.t line 10.
BEGIN failed--compilation aborted at t/payprop/api/public/client.t line 10.
t/payprop/api/public/client.t .......................................
Dubious, test returned 255 (wstat 65280, 0xff00)
No subtests run
t/payprop/api/public/client/authorization/apikey.t .................. ok
t/payprop/api/public/client/authorization/base.t .................... ok
Array found where operator expected at t/payprop/api/public/client/authorization/clientcredentials.t line 81, at end of line
(Missing operator before ?)
syntax error at t/payprop/api/public/client/authorization/clientcredentials.t line 81, near "->@*"
Execution of t/payprop/api/public/client/authorization/clientcredentials.t aborted due to compilation errors.
t/payprop/api/public/client/authorization/clientcredentials.t .......
Dubious, test returned 255 (wstat 65280, 0xff00)
No subtests run
Number found where operator expected at t/payprop/api/public/client/authorization/storage/local.t line 78, near "*, 0"
(Missing operator before 0?)
syntax error at t/payprop/api/public/client/authorization/storage/local.t line 78, near "->%"
Execution of t/payprop/api/public/client/authorization/storage/local.t aborted due to compilation errors.
t/payprop/api/public/client/authorization/storage/local.t ...........
Dubious, test returned 255 (wstat 65280, 0xff00)
No subtests run
Array found where operator expected at t/payprop/api/public/client/authorization/storage/memcached.t line 60, at end of line
(Missing operator before ?)
syntax error at t/payprop/api/public/client/authorization/storage/memcached.t line 60, near "->@*"
Execution of t/payprop/api/public/client/authorization/storage/memcached.t aborted due to compilation errors.
t/payprop/api/public/client/authorization/storage/memcached.t .......
Dubious, test returned 255 (wstat 65280, 0xff00)
No subtests run
t/payprop/api/public/client/error/authorization.t ................... ok
t/payprop/api/public/client/error/response.t ........................ ok
Array found where operator expected at t/payprop/api/public/client/exception/authorization.t line 36, at end of line
(Missing operator before ?)
syntax error at t/payprop/api/public/client/exception/authorization.t line 36, near "->@*"
Execution of t/payprop/api/public/client/exception/authorization.t aborted due to compilation errors.
t/payprop/api/public/client/exception/authorization.t ...............
Dubious, test returned 255 (wstat 65280, 0xff00)
No subtests run
t/payprop/api/public/client/exception/base.t ........................ ok
t/payprop/api/public/client/exception/connection.t .................. ok
Array found where operator expected at t/payprop/api/public/client/exception/response.t line 36, at end of line
(Missing operator before ?)
syntax error at t/payprop/api/public/client/exception/response.t line 36, near "->@*"
Execution of t/payprop/api/public/client/exception/response.t aborted due to compilation errors.
t/payprop/api/public/client/exception/response.t ....................
Dubious, test returned 255 (wstat 65280, 0xff00)
No subtests run
t/payprop/api/public/client/exception/storage.t ..................... ok
Array found where operator expected at /tmp/loop_over_bdir-2026226-9gN0zf/PayProp-API-Public-Client-0.04-0/blib/lib/PayProp/API/Public/Client/Role/JSON.pm line 21, at end of line
(Missing operator before ?)
"my" variable $key masks earlier declaration in same statement at /tmp/loop_over_bdir-2026226-9gN0zf/PayProp-API-Public-Client-0.04-0/blib/lib/PayProp/API/Public/Client/Role/JSON.pm line 28.
"my" variable $value masks earlier declaration in same statement at /tmp/loop_over_bdir-2026226-9gN0zf/PayProp-API-Public-Client-0.04-0/blib/lib/PayProp/API/Public/Client/Role/JSON.pm line 28.
"my" variable $key masks earlier declaration in same statement at /tmp/loop_over_bdir-2026226-9gN0zf/PayProp-API-Public-Client-0.04-0/blib/lib/PayProp/API/Public/Client/Role/JSON.pm line 28.
"my" variable $structure masks earlier declaration in same statement at /tmp/loop_over_bdir-2026226-9gN0zf/PayProp-API-Public-Client-0.04-0/blib/lib/PayProp/API/Public/Client/Role/JSON.pm line 28.
"my" variable $structure masks earlier declaration in same statement at /tmp/loop_over_bdir-2026226-9gN0zf/PayProp-API-Public-Client-0.04-0/blib/lib/PayProp/API/Public/Client/Role/JSON.pm line 30.
"my" variable $value masks earlier declaration in same statement at /tmp/loop_over_bdir-2026226-9gN0zf/PayProp-API-Public-Client-0.04-0/blib/lib/PayProp/API/Public/Client/Role/JSON.pm line 34.
Use of my $_ is experimental at /tmp/loop_over_bdir-2026226-9gN0zf/PayProp-API-Public-Client-0.04-0/blib/lib/PayProp/API/Public/Client/Role/JSON.pm line 34.
"my" variable $value masks earlier declaration in same statement at /tmp/loop_over_bdir-2026226-9gN0zf/PayProp-API-Public-Client-0.04-0/blib/lib/PayProp/API/Public/Client/Role/JSON.pm line 34.
"my" variable $key masks earlier declaration in same statement at /tmp/loop_over_bdir-2026226-9gN0zf/PayProp-API-Public-Client-0.04-0/blib/lib/PayProp/API/Public/Client/Role/JSON.pm line 36.
"my" variable $Attribute masks earlier declaration in same statement at /tmp/loop_over_bdir-2026226-9gN0zf/PayProp-API-Public-Client-0.04-0/blib/lib/PayProp/API/Public/Client/Role/JSON.pm line 36.
Could not load class (PayProp::API::Public::Client::Role::JSON) because : syntax error at /tmp/loop_over_bdir-2026226-9gN0zf/PayProp-API-Public-Client-0.04-0/blib/lib/PayProp/API/Public/Client/Role/JSON.pm line 21, near "->@* "
Global symbol "$item" requires explicit package name at /tmp/loop_over_bdir-2026226-9gN0zf/PayProp-API-Public-Client-0.04-0/blib/lib/PayProp/API/Public/Client/Role/JSON.pm line 22.
Global symbol "@items" requires explicit package name at /tmp/loop_over_bdir-2026226-9gN0zf/PayProp-API-Public-Client-0.04-0/blib/lib/PayProp/API/Public/Client/Role/JSON.pm line 24.
syntax error at /tmp/loop_over_bdir-2026226-9gN0zf/PayProp-API-Public-Client-0.04-0/blib/lib/PayProp/API/Public/Client/Role/JSON.pm line 26, near "elsif"
Global symbol "$ref_type" requires explicit package name at /tmp/loop_over_bdir-2026226-9gN0zf/PayProp-API-Public-Client-0.04-0/blib/lib/PayProp/API/Public/Client/Role/JSON.pm line 26.
Global symbol "$Attribute" requires explicit package name at /tmp/loop_over_bdir-2026226-9gN0zf/PayProp-API-Public-Client-0.04-0/blib/lib/PayProp/API/Public/Client/Role/JSON.pm line 38.
syntax error at /tmp/loop_over_bdir-2026226-9gN0zf/PayProp-API-Public-Client-0.04-0/blib/lib/PayProp/API/Public/Client/Role/JSON.pm line 43, near "}"
Compilation failed in require at /home/sand/src/perl/repoperls/installed-perls/host/k93msid/v5.20.3/29fb/lib/site_perl/5.20.3/x86_64-linux-thread-multi/Mouse/Util.pm line 295.
at /home/sand/src/perl/repoperls/installed-perls/host/k93msid/v5.20.3/29fb/lib/site_perl/5.20.3/x86_64-linux-thread-multi/Mouse/Util.pm line 304.
Mouse::Util::load_class("PayProp::API::Public::Client::Role::JSON") called at /home/sand/src/perl/repoperls/installed-perls/host/k93msid/v5.20.3/29fb/lib/site_perl/5.20.3/x86_64-linux-thread-multi/Mouse/Util.pm line 327
Mouse::Util::apply_all_roles("PayProp::API::Public::Client::Response::Entity::Payment", "PayProp::API::Public::Client::Role::JSON") called at /home/sand/src/perl/repoperls/installed-perls/host/k93msid/v5.20.3/29fb/lib/site_perl/5.20.3/x86_64-linux-thread-multi/Mouse.pm line 40
Mouse::with("PayProp::API::Public::Client::Role::JSON") called at /tmp/loop_over_bdir-2026226-9gN0zf/PayProp-API-Public-Client-0.04-0/blib/lib/PayProp/API/Public/Client/Response/Entity/Payment.pm line 8
require PayProp/API/Public/Client/Response/Entity/Payment.pm called at /tmp/loop_over_bdir-2026226-9gN0zf/PayProp-API-Public-Client-0.04-0/blib/lib/PayProp/API/Public/Client/Request/Entity/Payment.pm line 9
PayProp::API::Public::Client::Request::Entity::Payment::BEGIN() called at /tmp/loop_over_bdir-2026226-9gN0zf/PayProp-API-Public-Client-0.04-0/blib/lib/PayProp/API/Public/Client/Response/Entity/Payment.pm line 0
eval {...} called at /tmp/loop_over_bdir-2026226-9gN0zf/PayProp-API-Public-Client-0.04-0/blib/lib/PayProp/API/Public/Client/Response/Entity/Payment.pm line 0
require PayProp/API/Public/Client/Request/Entity/Payment.pm called at /tmp/loop_over_bdir-2026226-9gN0zf/PayProp-API-Public-Client-0.04-0/blib/lib/PayProp/API/Public/Client/Request/Entity.pm line 18
PayProp::API::Public::Client::Request::Entity::__ANON__(PayProp::API::Public::Client::Request::Entity=HASH(0x5599a6d8ea78)) called at t/payprop/api/public/client/request/entity.t line 21
Compilation failed in require at /tmp/loop_over_bdir-2026226-9gN0zf/PayProp-API-Public-Client-0.04-0/blib/lib/PayProp/API/Public/Client/Request/Entity/Payment.pm line 9.
BEGIN failed--compilation aborted at /tmp/loop_over_bdir-2026226-9gN0zf/PayProp-API-Public-Client-0.04-0/blib/lib/PayProp/API/Public/Client/Request/Entity/Payment.pm line 9.
Compilation failed in require at /tmp/loop_over_bdir-2026226-9gN0zf/PayProp-API-Public-Client-0.04-0/blib/lib/PayProp/API/Public/Client/Request/Entity.pm line 18.
# Tests were run but no plan was declared and done_testing() was not seen.
# Looks like your test exited with 255 just after 2.
t/payprop/api/public/client/request/entity.t ........................
Dubious, test returned 255 (wstat 65280, 0xff00)
All 2 subtests passed
Array found where operator expected at /tmp/loop_over_bdir-2026226-9gN0zf/PayProp-API-Public-Client-0.04-0/blib/lib/PayProp/API/Public/Client/Role/JSON.pm line 21, at end of line
(Missing operator before ?)
"my" variable $key masks earlier declaration in same statement at /tmp/loop_over_bdir-2026226-9gN0zf/PayProp-API-Public-Client-0.04-0/blib/lib/PayProp/API/Public/Client/Role/JSON.pm line 28.
"my" variable $value masks earlier declaration in same statement at /tmp/loop_over_bdir-2026226-9gN0zf/PayProp-API-Public-Client-0.04-0/blib/lib/PayProp/API/Public/Client/Role/JSON.pm line 28.
"my" variable $key masks earlier declaration in same statement at /tmp/loop_over_bdir-2026226-9gN0zf/PayProp-API-Public-Client-0.04-0/blib/lib/PayProp/API/Public/Client/Role/JSON.pm line 28.
"my" variable $structure masks earlier declaration in same statement at /tmp/loop_over_bdir-2026226-9gN0zf/PayProp-API-Public-Client-0.04-0/blib/lib/PayProp/API/Public/Client/Role/JSON.pm line 28.
"my" variable $structure masks earlier declaration in same statement at /tmp/loop_over_bdir-2026226-9gN0zf/PayProp-API-Public-Client-0.04-0/blib/lib/PayProp/API/Public/Client/Role/JSON.pm line 30.
"my" variable $value masks earlier declaration in same statement at /tmp/loop_over_bdir-2026226-9gN0zf/PayProp-API-Public-Client-0.04-0/blib/lib/PayProp/API/Public/Client/Role/JSON.pm line 34.
Use of my $_ is experimental at /tmp/loop_over_bdir-2026226-9gN0zf/PayProp-API-Public-Client-0.04-0/blib/lib/PayProp/API/Public/Client/Role/JSON.pm line 34.
"my" variable $value masks earlier declaration in same statement at /tmp/loop_over_bdir-2026226-9gN0zf/PayProp-API-Public-Client-0.04-0/blib/lib/PayProp/API/Public/Client/Role/JSON.pm line 34.
"my" variable $key masks earlier declaration in same statement at /tmp/loop_over_bdir-2026226-9gN0zf/PayProp-API-Public-Client-0.04-0/blib/lib/PayProp/API/Public/Client/Role/JSON.pm line 36.
"my" variable $Attribute masks earlier declaration in same statement at /tmp/loop_over_bdir-2026226-9gN0zf/PayProp-API-Public-Client-0.04-0/blib/lib/PayProp/API/Public/Client/Role/JSON.pm line 36.
# Failed test 'use PayProp::API::Public::Client::Request::Entity::Invoice;'
# at t/payprop/api/public/client/request/entity/invoice.t line 13.
# Tried to use 'PayProp::API::Public::Client::Request::Entity::Invoice'.
# Error: Could not load class (PayProp::API::Public::Client::Role::JSON) because : syntax error at /tmp/loop_over_bdir-2026226-9gN0zf/PayProp-API-Public-Client-0.04-0/blib/lib/PayProp/API/Public/Client/Role/JSON.pm line 21, near "->@* "
# Global symbol "$item" requires explicit package name at /tmp/loop_over_bdir-2026226-9gN0zf/PayProp-API-Public-Client-0.04-0/blib/lib/PayProp/API/Public/Client/Role/JSON.pm line 22.
# Global symbol "@items" requires explicit package name at /tmp/loop_over_bdir-2026226-9gN0zf/PayProp-API-Public-Client-0.04-0/blib/lib/PayProp/API/Public/Client/Role/JSON.pm line 24.
# syntax error at /tmp/loop_over_bdir-2026226-9gN0zf/PayProp-API-Public-Client-0.04-0/blib/lib/PayProp/API/Public/Client/Role/JSON.pm line 26, near "elsif"
# Global symbol "$ref_type" requires explicit package name at /tmp/loop_over_bdir-2026226-9gN0zf/PayProp-API-Public-Client-0.04-0/blib/lib/PayProp/API/Public/Client/Role/JSON.pm line 26.
# Global symbol "$Attribute" requires explicit package name at /tmp/loop_over_bdir-2026226-9gN0zf/PayProp-API-Public-Client-0.04-0/blib/lib/PayProp/API/Public/Client/Role/JSON.pm line 38.
# syntax error at /tmp/loop_over_bdir-2026226-9gN0zf/PayProp-API-Public-Client-0.04-0/blib/lib/PayProp/API/Public/Client/Role/JSON.pm line 43, near "}"
# Compilation failed in require at /home/sand/src/perl/repoperls/installed-perls/host/k93msid/v5.20.3/29fb/lib/site_perl/5.20.3/x86_64-linux-thread-multi/Mouse/Util.pm line 295.
# at /home/sand/src/perl/repoperls/installed-perls/host/k93msid/v5.20.3/29fb/lib/site_perl/5.20.3/x86_64-linux-thread-multi/Mouse/Util.pm line 304.
# Mouse::Util::load_class("PayProp::API::Public::Client::Role::JSON") called at /home/sand/src/perl/repoperls/installed-perls/host/k93msid/v5.20.3/29fb/lib/site_perl/5.20.3/x86_64-linux-thread-multi/Mouse/Util.pm line 327
# Mouse::Util::apply_all_roles("PayProp::API::Public::Client::Response::Entity::Invoice", "PayProp::API::Public::Client::Role::JSON") called at /home/sand/src/perl/repoperls/installed-perls/host/k93msid/v5.20.3/29fb/lib/site_perl/5.20.3/x86_64-linux-thread-multi/Mouse.pm line 40
# Mouse::with("PayProp::API::Public::Client::Role::JSON") called at /tmp/loop_over_bdir-2026226-9gN0zf/PayProp-API-Public-Client-0.04-0/blib/lib/PayProp/API/Public/Client/Response/Entity/Invoice.pm line 8
# require PayProp/API/Public/Client/Response/Entity/Invoice.pm called at /tmp/loop_over_bdir-2026226-9gN0zf/PayProp-API-Public-Client-0.04-0/blib/lib/PayProp/API/Public/Client/Request/Entity/Invoice.pm line 9
# PayProp::API::Public::Client::Request::Entity::Invoice::BEGIN() called at /tmp/loop_over_bdir-2026226-9gN0zf/PayProp-API-Public-Client-0.04-0/blib/lib/PayProp/API/Public/Client/Response/Entity/Invoice.pm line 0
# eval {...} called at /tmp/loop_over_bdir-2026226-9gN0zf/PayProp-API-Public-Client-0.04-0/blib/lib/PayProp/API/Public/Client/Response/Entity/Invoice.pm line 0
# require PayProp/API/Public/Client/Request/Entity/Invoice.pm called at t/payprop/api/public/client/request/entity/invoice.t line 13
# main::BEGIN() called at /tmp/loop_over_bdir-2026226-9gN0zf/PayProp-API-Public-Client-0.04-0/blib/lib/PayProp/API/Public/Client/Response/Entity/Invoice.pm line 0
# eval {...} called at /tmp/loop_over_bdir-2026226-9gN0zf/PayProp-API-Public-Client-0.04-0/blib/lib/PayProp/API/Public/Client/Response/Entity/Invoice.pm line 0
# eval 'package main;
# BEGIN { ${^WARNING_BITS} = $args[-1] if defined $args[-1] }
# #line 13 t/payprop/api/public/client/request/entity/invoice.t
# use PayProp::API::Public::Client::Request::Entity::Invoice @{$args[0]};
# 1;
# ' called at /home/sand/src/perl/repoperls/installed-perls/host/k93msid/v5.20.3/29fb/lib/site_perl/5.20.3/Test/More.pm line 1056
# Test::More::_eval("package main;\x{a}BEGIN { \${^WARNING_BITS} = \$args[-1] if defined"..., ARRAY(0x562eb04922b0), "UUUUUUUUUUUUUUUUU\x{1}") called at /home/sand/src/perl/repoperls/installed-perls/host/k93msid/v5.20.3/29fb/lib/site_perl/5.20.3/Test/More.pm line 1031
# Test::More::use_ok("PayProp::API::Public::Client::Request::Entity::Invoice") called at t/payprop/api/public/client/request/entity/invoice.t line 13
# Compilation failed in require at /tmp/loop_over_bdir-2026226-9gN0zf/PayProp-API-Public-Client-0.04-0/blib/lib/PayProp/API/Public/Client/Request/Entity/Invoice.pm line 9.
# BEGIN failed--compilation aborted at /tmp/loop_over_bdir-2026226-9gN0zf/PayProp-API-Public-Client-0.04-0/blib/lib/PayProp/API/Public/Client/Request/Entity/Invoice.pm line 9.
# Compilation failed in require at t/payprop/api/public/client/request/entity/invoice.t line 13.
# BEGIN failed--compilation aborted at t/payprop/api/public/client/request/entity/invoice.t line 13.
Can't locate object method "url" via package "PayProp::API::Public::Client::Request::Entity::Invoice" at t/payprop/api/public/client/request/entity/invoice.t line 34.
# Tests were run but no plan was declared and done_testing() was not seen.
# Looks like your test exited with 255 just after 2.
t/payprop/api/public/client/request/entity/invoice.t ................
Dubious, test returned 255 (wstat 65280, 0xff00)
Failed 1/2 subtests
Array found where operator expected at /tmp/loop_over_bdir-2026226-9gN0zf/PayProp-API-Public-Client-0.04-0/blib/lib/PayProp/API/Public/Client/Role/JSON.pm line 21, at end of line
(Missing operator before ?)
"my" variable $key masks earlier declaration in same statement at /tmp/loop_over_bdir-2026226-9gN0zf/PayProp-API-Public-Client-0.04-0/blib/lib/PayProp/API/Public/Client/Role/JSON.pm line 28.
"my" variable $value masks earlier declaration in same statement at /tmp/loop_over_bdir-2026226-9gN0zf/PayProp-API-Public-Client-0.04-0/blib/lib/PayProp/API/Public/Client/Role/JSON.pm line 28.
"my" variable $key masks earlier declaration in same statement at /tmp/loop_over_bdir-2026226-9gN0zf/PayProp-API-Public-Client-0.04-0/blib/lib/PayProp/API/Public/Client/Role/JSON.pm line 28.
"my" variable $structure masks earlier declaration in same statement at /tmp/loop_over_bdir-2026226-9gN0zf/PayProp-API-Public-Client-0.04-0/blib/lib/PayProp/API/Public/Client/Role/JSON.pm line 28.
"my" variable $structure masks earlier declaration in same statement at /tmp/loop_over_bdir-2026226-9gN0zf/PayProp-API-Public-Client-0.04-0/blib/lib/PayProp/API/Public/Client/Role/JSON.pm line 30.
"my" variable $value masks earlier declaration in same statement at /tmp/loop_over_bdir-2026226-9gN0zf/PayProp-API-Public-Client-0.04-0/blib/lib/PayProp/API/Public/Client/Role/JSON.pm line 34.
Use of my $_ is experimental at /tmp/loop_over_bdir-2026226-9gN0zf/PayProp-API-Public-Client-0.04-0/blib/lib/PayProp/API/Public/Client/Role/JSON.pm line 34.
"my" variable $value masks earlier declaration in same statement at /tmp/loop_over_bdir-2026226-9gN0zf/PayProp-API-Public-Client-0.04-0/blib/lib/PayProp/API/Public/Client/Role/JSON.pm line 34.
"my" variable $key masks earlier declaration in same statement at /tmp/loop_over_bdir-2026226-9gN0zf/PayProp-API-Public-Client-0.04-0/blib/lib/PayProp/API/Public/Client/Role/JSON.pm line 36.
"my" variable $Attribute masks earlier declaration in same statement at /tmp/loop_over_bdir-2026226-9gN0zf/PayProp-API-Public-Client-0.04-0/blib/lib/PayProp/API/Public/Client/Role/JSON.pm line 36.
# Failed test 'use PayProp::API::Public::Client::Request::Entity::Payment;'
# at t/payprop/api/public/client/request/entity/payment.t line 13.
# Tried to use 'PayProp::API::Public::Client::Request::Entity::Payment'.
# Error: Could not load class (PayProp::API::Public::Client::Role::JSON) because : syntax error at /tmp/loop_over_bdir-2026226-9gN0zf/PayProp-API-Public-Client-0.04-0/blib/lib/PayProp/API/Public/Client/Role/JSON.pm line 21, near "->@* "
# Global symbol "$item" requires explicit package name at /tmp/loop_over_bdir-2026226-9gN0zf/PayProp-API-Public-Client-0.04-0/blib/lib/PayProp/API/Public/Client/Role/JSON.pm line 22.
# Global symbol "@items" requires explicit package name at /tmp/loop_over_bdir-2026226-9gN0zf/PayProp-API-Public-Client-0.04-0/blib/lib/PayProp/API/Public/Client/Role/JSON.pm line 24.
# syntax error at /tmp/loop_over_bdir-2026226-9gN0zf/PayProp-API-Public-Client-0.04-0/blib/lib/PayProp/API/Public/Client/Role/JSON.pm line 26, near "elsif"
# Global symbol "$ref_type" requires explicit package name at /tmp/loop_over_bdir-2026226-9gN0zf/PayProp-API-Public-Client-0.04-0/blib/lib/PayProp/API/Public/Client/Role/JSON.pm line 26.
# Global symbol "$Attribute" requires explicit package name at /tmp/loop_over_bdir-2026226-9gN0zf/PayProp-API-Public-Client-0.04-0/blib/lib/PayProp/API/Public/Client/Role/JSON.pm line 38.
# syntax error at /tmp/loop_over_bdir-2026226-9gN0zf/PayProp-API-Public-Client-0.04-0/blib/lib/PayProp/API/Public/Client/Role/JSON.pm line 43, near "}"
# Compilation failed in require at /home/sand/src/perl/repoperls/installed-perls/host/k93msid/v5.20.3/29fb/lib/site_perl/5.20.3/x86_64-linux-thread-multi/Mouse/Util.pm line 295.
# at /home/sand/src/perl/repoperls/installed-perls/host/k93msid/v5.20.3/29fb/lib/site_perl/5.20.3/x86_64-linux-thread-multi/Mouse/Util.pm line 304.
# Mouse::Util::load_class("PayProp::API::Public::Client::Role::JSON") called at /home/sand/src/perl/repoperls/installed-perls/host/k93msid/v5.20.3/29fb/lib/site_perl/5.20.3/x86_64-linux-thread-multi/Mouse/Util.pm line 327
# Mouse::Util::apply_all_roles("PayProp::API::Public::Client::Response::Entity::Payment", "PayProp::API::Public::Client::Role::JSON") called at /home/sand/src/perl/repoperls/installed-perls/host/k93msid/v5.20.3/29fb/lib/site_perl/5.20.3/x86_64-linux-thread-multi/Mouse.pm line 40
# Mouse::with("PayProp::API::Public::Client::Role::JSON") called at /tmp/loop_over_bdir-2026226-9gN0zf/PayProp-API-Public-Client-0.04-0/blib/lib/PayProp/API/Public/Client/Response/Entity/Payment.pm line 8
# require PayProp/API/Public/Client/Response/Entity/Payment.pm called at /tmp/loop_over_bdir-2026226-9gN0zf/PayProp-API-Public-Client-0.04-0/blib/lib/PayProp/API/Public/Client/Request/Entity/Payment.pm line 9
# PayProp::API::Public::Client::Request::Entity::Payment::BEGIN() called at /tmp/loop_over_bdir-2026226-9gN0zf/PayProp-API-Public-Client-0.04-0/blib/lib/PayProp/API/Public/Client/Response/Entity/Payment.pm line 0
# eval {...} called at /tmp/loop_over_bdir-2026226-9gN0zf/PayProp-API-Public-Client-0.04-0/blib/lib/PayProp/API/Public/Client/Response/Entity/Payment.pm line 0
# require PayProp/API/Public/Client/Request/Entity/Payment.pm called at t/payprop/api/public/client/request/entity/payment.t line 13
# main::BEGIN() called at /tmp/loop_over_bdir-2026226-9gN0zf/PayProp-API-Public-Client-0.04-0/blib/lib/PayProp/API/Public/Client/Response/Entity/Payment.pm line 0
# eval {...} called at /tmp/loop_over_bdir-2026226-9gN0zf/PayProp-API-Public-Client-0.04-0/blib/lib/PayProp/API/Public/Client/Response/Entity/Payment.pm line 0
# eval 'package main;
# BEGIN { ${^WARNING_BITS} = $args[-1] if defined $args[-1] }
# #line 13 t/payprop/api/public/client/request/entity/payment.t
# use PayProp::API::Public::Client::Request::Entity::Payment @{$args[0]};
# 1;
# ' called at /home/sand/src/perl/repoperls/installed-perls/host/k93msid/v5.20.3/29fb/lib/site_perl/5.20.3/Test/More.pm line 1056
# Test::More::_eval("package main;\x{a}BEGIN { \${^WARNING_BITS} = \$args[-1] if defined"..., ARRAY(0x5624cc518310), "UUUUUUUUUUUUUUUUU\x{1}") called at /home/sand/src/perl/repoperls/installed-perls/host/k93msid/v5.20.3/29fb/lib/site_perl/5.20.3/Test/More.pm line 1031
# Test::More::use_ok("PayProp::API::Public::Client::Request::Entity::Payment") called at t/payprop/api/public/client/request/entity/payment.t line 13
# Compilation failed in require at /tmp/loop_over_bdir-2026226-9gN0zf/PayProp-API-Public-Client-0.04-0/blib/lib/PayProp/API/Public/Client/Request/Entity/Payment.pm line 9.
# BEGIN failed--compilation aborted at /tmp/loop_over_bdir-2026226-9gN0zf/PayProp-API-Public-Client-0.04-0/blib/lib/PayProp/API/Public/Client/Request/Entity/Payment.pm line 9.
# Compilation failed in require at t/payprop/api/public/client/request/entity/payment.t line 13.
# BEGIN failed--compilation aborted at t/payprop/api/public/client/request/entity/payment.t line 13.
Can't locate object method "url" via package "PayProp::API::Public::Client::Request::Entity::Payment" at t/payprop/api/public/client/request/entity/payment.t line 34.
# Tests were run but no plan was declared and done_testing() was not seen.
# Looks like your test exited with 255 just after 2.
t/payprop/api/public/client/request/entity/payment.t ................
Dubious, test returned 255 (wstat 65280, 0xff00)
Failed 1/2 subtests
Array found where operator expected at /tmp/loop_over_bdir-2026226-9gN0zf/PayProp-API-Public-Client-0.04-0/blib/lib/PayProp/API/Public/Client/Role/JSON.pm line 21, at end of line
(Missing operator before ?)
"my" variable $key masks earlier declaration in same statement at /tmp/loop_over_bdir-2026226-9gN0zf/PayProp-API-Public-Client-0.04-0/blib/lib/PayProp/API/Public/Client/Role/JSON.pm line 28.
"my" variable $value masks earlier declaration in same statement at /tmp/loop_over_bdir-2026226-9gN0zf/PayProp-API-Public-Client-0.04-0/blib/lib/PayProp/API/Public/Client/Role/JSON.pm line 28.
"my" variable $key masks earlier declaration in same statement at /tmp/loop_over_bdir-2026226-9gN0zf/PayProp-API-Public-Client-0.04-0/blib/lib/PayProp/API/Public/Client/Role/JSON.pm line 28.
"my" variable $structure masks earlier declaration in same statement at /tmp/loop_over_bdir-2026226-9gN0zf/PayProp-API-Public-Client-0.04-0/blib/lib/PayProp/API/Public/Client/Role/JSON.pm line 28.
"my" variable $structure masks earlier declaration in same statement at /tmp/loop_over_bdir-2026226-9gN0zf/PayProp-API-Public-Client-0.04-0/blib/lib/PayProp/API/Public/Client/Role/JSON.pm line 30.
"my" variable $value masks earlier declaration in same statement at /tmp/loop_over_bdir-2026226-9gN0zf/PayProp-API-Public-Client-0.04-0/blib/lib/PayProp/API/Public/Client/Role/JSON.pm line 34.
Use of my $_ is experimental at /tmp/loop_over_bdir-2026226-9gN0zf/PayProp-API-Public-Client-0.04-0/blib/lib/PayProp/API/Public/Client/Role/JSON.pm line 34.
"my" variable $value masks earlier declaration in same statement at /tmp/loop_over_bdir-2026226-9gN0zf/PayProp-API-Public-Client-0.04-0/blib/lib/PayProp/API/Public/Client/Role/JSON.pm line 34.
"my" variable $key masks earlier declaration in same statement at /tmp/loop_over_bdir-2026226-9gN0zf/PayProp-API-Public-Client-0.04-0/blib/lib/PayProp/API/Public/Client/Role/JSON.pm line 36.
"my" variable $Attribute masks earlier declaration in same statement at /tmp/loop_over_bdir-2026226-9gN0zf/PayProp-API-Public-Client-0.04-0/blib/lib/PayProp/API/Public/Client/Role/JSON.pm line 36.
Could not load class (PayProp::API::Public::Client::Role::JSON) because : syntax error at /tmp/loop_over_bdir-2026226-9gN0zf/PayProp-API-Public-Client-0.04-0/blib/lib/PayProp/API/Public/Client/Role/JSON.pm line 21, near "->@* "
Global symbol "$item" requires explicit package name at /tmp/loop_over_bdir-2026226-9gN0zf/PayProp-API-Public-Client-0.04-0/blib/lib/PayProp/API/Public/Client/Role/JSON.pm line 22.
Global symbol "@items" requires explicit package name at /tmp/loop_over_bdir-2026226-9gN0zf/PayProp-API-Public-Client-0.04-0/blib/lib/PayProp/API/Public/Client/Role/JSON.pm line 24.
syntax error at /tmp/loop_over_bdir-2026226-9gN0zf/PayProp-API-Public-Client-0.04-0/blib/lib/PayProp/API/Public/Client/Role/JSON.pm line 26, near "elsif"
Global symbol "$ref_type" requires explicit package name at /tmp/loop_over_bdir-2026226-9gN0zf/PayProp-API-Public-Client-0.04-0/blib/lib/PayProp/API/Public/Client/Role/JSON.pm line 26.
Global symbol "$Attribute" requires explicit package name at /tmp/loop_over_bdir-2026226-9gN0zf/PayProp-API-Public-Client-0.04-0/blib/lib/PayProp/API/Public/Client/Role/JSON.pm line 38.
syntax error at /tmp/loop_over_bdir-2026226-9gN0zf/PayProp-API-Public-Client-0.04-0/blib/lib/PayProp/API/Public/Client/Role/JSON.pm line 43, near "}"
Compilation failed in require at /home/sand/src/perl/repoperls/installed-perls/host/k93msid/v5.20.3/29fb/lib/site_perl/5.20.3/x86_64-linux-thread-multi/Mouse/Util.pm line 295.
at /home/sand/src/perl/repoperls/installed-perls/host/k93msid/v5.20.3/29fb/lib/site_perl/5.20.3/x86_64-linux-thread-multi/Mouse/Util.pm line 304.
Mouse::Util::load_class("PayProp::API::Public::Client::Role::JSON") called at /home/sand/src/perl/repoperls/installed-perls/host/k93msid/v5.20.3/29fb/lib/site_perl/5.20.3/x86_64-linux-thread-multi/Mouse/Util.pm line 327
Mouse::Util::apply_all_roles("PayProp::API::Public::Client::Response::Export::Beneficiary", "PayProp::API::Public::Client::Role::JSON") called at /home/sand/src/perl/repoperls/installed-perls/host/k93msid/v5.20.3/29fb/lib/site_perl/5.20.3/x86_64-linux-thread-multi/Mouse.pm line 40
Mouse::with("PayProp::API::Public::Client::Role::JSON") called at /tmp/loop_over_bdir-2026226-9gN0zf/PayProp-API-Public-Client-0.04-0/blib/lib/PayProp/API/Public/Client/Response/Export/Beneficiary.pm line 7
require PayProp/API/Public/Client/Response/Export/Beneficiary.pm called at /tmp/loop_over_bdir-2026226-9gN0zf/PayProp-API-Public-Client-0.04-0/blib/lib/PayProp/API/Public/Client/Request/Export/Beneficiaries.pm line 9
PayProp::API::Public::Client::Request::Export::Beneficiaries::BEGIN() called at /tmp/loop_over_bdir-2026226-9gN0zf/PayProp-API-Public-Client-0.04-0/blib/lib/PayProp/API/Public/Client/Response/Export/Beneficiary.pm line 0
eval {...} called at /tmp/loop_over_bdir-2026226-9gN0zf/PayProp-API-Public-Client-0.04-0/blib/lib/PayProp/API/Public/Client/Response/Export/Beneficiary.pm line 0
require PayProp/API/Public/Client/Request/Export/Beneficiaries.pm called at /tmp/loop_over_bdir-2026226-9gN0zf/PayProp-API-Public-Client-0.04-0/blib/lib/PayProp/API/Public/Client/Request/Export.pm line 18
PayProp::API::Public::Client::Request::Export::__ANON__(PayProp::API::Public::Client::Request::Export=HASH(0x55c6d8be38b8)) called at t/payprop/api/public/client/request/export.t line 21
Compilation failed in require at /tmp/loop_over_bdir-2026226-9gN0zf/PayProp-API-Public-Client-0.04-0/blib/lib/PayProp/API/Public/Client/Request/Export/Beneficiaries.pm line 9.
BEGIN failed--compilation aborted at /tmp/loop_over_bdir-2026226-9gN0zf/PayProp-API-Public-Client-0.04-0/blib/lib/PayProp/API/Public/Client/Request/Export/Beneficiaries.pm line 9.
Compilation failed in require at /tmp/loop_over_bdir-2026226-9gN0zf/PayProp-API-Public-Client-0.04-0/blib/lib/PayProp/API/Public/Client/Request/Export.pm line 18.
# Tests were run but no plan was declared and done_testing() was not seen.
# Looks like your test exited with 255 just after 2.
t/payprop/api/public/client/request/export.t ........................
Dubious, test returned 255 (wstat 65280, 0xff00)
All 2 subtests passed
Array found where operator expected at t/payprop/api/public/client/request/export/beneficiaries.t line 45, at end of line
(Missing operator before ?)
syntax error at t/payprop/api/public/client/request/export/beneficiaries.t line 45, near "->@*"
Execution of t/payprop/api/public/client/request/export/beneficiaries.t aborted due to compilation errors.
t/payprop/api/public/client/request/export/beneficiaries.t ..........
Dubious, test returned 255 (wstat 65280, 0xff00)
No subtests run
Array found where operator expected at t/payprop/api/public/client/request/export/tenants.t line 45, at end of line
(Missing operator before ?)
syntax error at t/payprop/api/public/client/request/export/tenants.t line 45, near "->@*"
Execution of t/payprop/api/public/client/request/export/tenants.t aborted due to compilation errors.
t/payprop/api/public/client/request/export/tenants.t ................
Dubious, test returned 255 (wstat 65280, 0xff00)
No subtests run
Array found where operator expected at t/payprop/api/public/client/request/tags.t line 45, at end of line
(Missing operator before ?)
Array found where operator expected at t/payprop/api/public/client/request/tags.t line 132, at end of line
(Missing operator before ?)
syntax error at t/payprop/api/public/client/request/tags.t line 45, near "->@*"
syntax error at t/payprop/api/public/client/request/tags.t line 132, near "->@*"
Execution of t/payprop/api/public/client/request/tags.t aborted due to compilation errors.
t/payprop/api/public/client/request/tags.t ..........................
Dubious, test returned 255 (wstat 65280, 0xff00)
No subtests run
Array found where operator expected at /tmp/loop_over_bdir-2026226-9gN0zf/PayProp-API-Public-Client-0.04-0/blib/lib/PayProp/API/Public/Client/Role/JSON.pm line 21, at end of line
(Missing operator before ?)
"my" variable $key masks earlier declaration in same statement at /tmp/loop_over_bdir-2026226-9gN0zf/PayProp-API-Public-Client-0.04-0/blib/lib/PayProp/API/Public/Client/Role/JSON.pm line 28.
"my" variable $value masks earlier declaration in same statement at /tmp/loop_over_bdir-2026226-9gN0zf/PayProp-API-Public-Client-0.04-0/blib/lib/PayProp/API/Public/Client/Role/JSON.pm line 28.
"my" variable $key masks earlier declaration in same statement at /tmp/loop_over_bdir-2026226-9gN0zf/PayProp-API-Public-Client-0.04-0/blib/lib/PayProp/API/Public/Client/Role/JSON.pm line 28.
"my" variable $structure masks earlier declaration in same statement at /tmp/loop_over_bdir-2026226-9gN0zf/PayProp-API-Public-Client-0.04-0/blib/lib/PayProp/API/Public/Client/Role/JSON.pm line 28.
"my" variable $structure masks earlier declaration in same statement at /tmp/loop_over_bdir-2026226-9gN0zf/PayProp-API-Public-Client-0.04-0/blib/lib/PayProp/API/Public/Client/Role/JSON.pm line 30.
"my" variable $value masks earlier declaration in same statement at /tmp/loop_over_bdir-2026226-9gN0zf/PayProp-API-Public-Client-0.04-0/blib/lib/PayProp/API/Public/Client/Role/JSON.pm line 34.
Use of my $_ is experimental at /tmp/loop_over_bdir-2026226-9gN0zf/PayProp-API-Public-Client-0.04-0/blib/lib/PayProp/API/Public/Client/Role/JSON.pm line 34.
"my" variable $value masks earlier declaration in same statement at /tmp/loop_over_bdir-2026226-9gN0zf/PayProp-API-Public-Client-0.04-0/blib/lib/PayProp/API/Public/Client/Role/JSON.pm line 34.
"my" variable $key masks earlier declaration in same statement at /tmp/loop_over_bdir-2026226-9gN0zf/PayProp-API-Public-Client-0.04-0/blib/lib/PayProp/API/Public/Client/Role/JSON.pm line 36.
"my" variable $Attribute masks earlier declaration in same statement at /tmp/loop_over_bdir-2026226-9gN0zf/PayProp-API-Public-Client-0.04-0/blib/lib/PayProp/API/Public/Client/Role/JSON.pm line 36.
# Failed test 'use PayProp::API::Public::Client::Response::Entity::Invoice;'
# at t/payprop/api/public/client/response/entity/invoice.t line 9.
# Tried to use 'PayProp::API::Public::Client::Response::Entity::Invoice'.
# Error: Could not load class (PayProp::API::Public::Client::Role::JSON) because : syntax error at /tmp/loop_over_bdir-2026226-9gN0zf/PayProp-API-Public-Client-0.04-0/blib/lib/PayProp/API/Public/Client/Role/JSON.pm line 21, near "->@* "
# Global symbol "$item" requires explicit package name at /tmp/loop_over_bdir-2026226-9gN0zf/PayProp-API-Public-Client-0.04-0/blib/lib/PayProp/API/Public/Client/Role/JSON.pm line 22.
# Global symbol "@items" requires explicit package name at /tmp/loop_over_bdir-2026226-9gN0zf/PayProp-API-Public-Client-0.04-0/blib/lib/PayProp/API/Public/Client/Role/JSON.pm line 24.
# syntax error at /tmp/loop_over_bdir-2026226-9gN0zf/PayProp-API-Public-Client-0.04-0/blib/lib/PayProp/API/Public/Client/Role/JSON.pm line 26, near "elsif"
# Global symbol "$ref_type" requires explicit package name at /tmp/loop_over_bdir-2026226-9gN0zf/PayProp-API-Public-Client-0.04-0/blib/lib/PayProp/API/Public/Client/Role/JSON.pm line 26.
# Global symbol "$Attribute" requires explicit package name at /tmp/loop_over_bdir-2026226-9gN0zf/PayProp-API-Public-Client-0.04-0/blib/lib/PayProp/API/Public/Client/Role/JSON.pm line 38.
# syntax error at /tmp/loop_over_bdir-2026226-9gN0zf/PayProp-API-Public-Client-0.04-0/blib/lib/PayProp/API/Public/Client/Role/JSON.pm line 43, near "}"
# Compilation failed in require at /home/sand/src/perl/repoperls/installed-perls/host/k93msid/v5.20.3/29fb/lib/site_perl/5.20.3/x86_64-linux-thread-multi/Mouse/Util.pm line 295.
# at /home/sand/src/perl/repoperls/installed-perls/host/k93msid/v5.20.3/29fb/lib/site_perl/5.20.3/x86_64-linux-thread-multi/Mouse/Util.pm line 304.
# Mouse::Util::load_class("PayProp::API::Public::Client::Role::JSON") called at /home/sand/src/perl/repoperls/installed-perls/host/k93msid/v5.20.3/29fb/lib/site_perl/5.20.3/x86_64-linux-thread-multi/Mouse/Util.pm line 327
# Mouse::Util::apply_all_roles("PayProp::API::Public::Client::Response::Entity::Invoice", "PayProp::API::Public::Client::Role::JSON") called at /home/sand/src/perl/repoperls/installed-perls/host/k93msid/v5.20.3/29fb/lib/site_perl/5.20.3/x86_64-linux-thread-multi/Mouse.pm line 40
# Mouse::with("PayProp::API::Public::Client::Role::JSON") called at /tmp/loop_over_bdir-2026226-9gN0zf/PayProp-API-Public-Client-0.04-0/blib/lib/PayProp/API/Public/Client/Response/Entity/Invoice.pm line 8
# require PayProp/API/Public/Client/Response/Entity/Invoice.pm called at t/payprop/api/public/client/response/entity/invoice.t line 9
# main::BEGIN() called at /tmp/loop_over_bdir-2026226-9gN0zf/PayProp-API-Public-Client-0.04-0/blib/lib/PayProp/API/Public/Client/Response/Entity/Invoice.pm line 0
# eval {...} called at /tmp/loop_over_bdir-2026226-9gN0zf/PayProp-API-Public-Client-0.04-0/blib/lib/PayProp/API/Public/Client/Response/Entity/Invoice.pm line 0
# eval 'package main;
# BEGIN { ${^WARNING_BITS} = $args[-1] if defined $args[-1] }
# #line 9 t/payprop/api/public/client/response/entity/invoice.t
# use PayProp::API::Public::Client::Response::Entity::Invoice @{$args[0]};
# 1;
# ' called at /home/sand/src/perl/repoperls/installed-perls/host/k93msid/v5.20.3/29fb/lib/site_perl/5.20.3/Test/More.pm line 1056
# Test::More::_eval("package main;\x{a}BEGIN { \${^WARNING_BITS} = \$args[-1] if defined"..., ARRAY(0x560d8dc6bec8), "UUUUUUUUUUUUUUUU") called at /home/sand/src/perl/repoperls/installed-perls/host/k93msid/v5.20.3/29fb/lib/site_perl/5.20.3/Test/More.pm line 1031
# Test::More::use_ok("PayProp::API::Public::Client::Response::Entity::Invoice") called at t/payprop/api/public/client/response/entity/invoice.t line 9
# Compilation failed in require at t/payprop/api/public/client/response/entity/invoice.t line 9.
# BEGIN failed--compilation aborted at t/payprop/api/public/client/response/entity/invoice.t line 9.
# Looks like you failed 1 test of 2.
t/payprop/api/public/client/response/entity/invoice.t ...............
Dubious, test returned 1 (wstat 256, 0x100)
Failed 1/2 subtests
Array found where operator expected at /tmp/loop_over_bdir-2026226-9gN0zf/PayProp-API-Public-Client-0.04-0/blib/lib/PayProp/API/Public/Client/Role/JSON.pm line 21, at end of line
(Missing operator before ?)
"my" variable $key masks earlier declaration in same statement at /tmp/loop_over_bdir-2026226-9gN0zf/PayProp-API-Public-Client-0.04-0/blib/lib/PayProp/API/Public/Client/Role/JSON.pm line 28.
"my" variable $value masks earlier declaration in same statement at /tmp/loop_over_bdir-2026226-9gN0zf/PayProp-API-Public-Client-0.04-0/blib/lib/PayProp/API/Public/Client/Role/JSON.pm line 28.
"my" variable $key masks earlier declaration in same statement at /tmp/loop_over_bdir-2026226-9gN0zf/PayProp-API-Public-Client-0.04-0/blib/lib/PayProp/API/Public/Client/Role/JSON.pm line 28.
"my" variable $structure masks earlier declaration in same statement at /tmp/loop_over_bdir-2026226-9gN0zf/PayProp-API-Public-Client-0.04-0/blib/lib/PayProp/API/Public/Client/Role/JSON.pm line 28.
"my" variable $structure masks earlier declaration in same statement at /tmp/loop_over_bdir-2026226-9gN0zf/PayProp-API-Public-Client-0.04-0/blib/lib/PayProp/API/Public/Client/Role/JSON.pm line 30.
"my" variable $value masks earlier declaration in same statement at /tmp/loop_over_bdir-2026226-9gN0zf/PayProp-API-Public-Client-0.04-0/blib/lib/PayProp/API/Public/Client/Role/JSON.pm line 34.
Use of my $_ is experimental at /tmp/loop_over_bdir-2026226-9gN0zf/PayProp-API-Public-Client-0.04-0/blib/lib/PayProp/API/Public/Client/Role/JSON.pm line 34.
"my" variable $value masks earlier declaration in same statement at /tmp/loop_over_bdir-2026226-9gN0zf/PayProp-API-Public-Client-0.04-0/blib/lib/PayProp/API/Public/Client/Role/JSON.pm line 34.
"my" variable $key masks earlier declaration in same statement at /tmp/loop_over_bdir-2026226-9gN0zf/PayProp-API-Public-Client-0.04-0/blib/lib/PayProp/API/Public/Client/Role/JSON.pm line 36.
"my" variable $Attribute masks earlier declaration in same statement at /tmp/loop_over_bdir-2026226-9gN0zf/PayProp-API-Public-Client-0.04-0/blib/lib/PayProp/API/Public/Client/Role/JSON.pm line 36.
# Failed test 'use PayProp::API::Public::Client::Response::Entity::Payment;'
# at t/payprop/api/public/client/response/entity/payment.t line 9.
# Tried to use 'PayProp::API::Public::Client::Response::Entity::Payment'.
# Error: Could not load class (PayProp::API::Public::Client::Role::JSON) because : syntax error at /tmp/loop_over_bdir-2026226-9gN0zf/PayProp-API-Public-Client-0.04-0/blib/lib/PayProp/API/Public/Client/Role/JSON.pm line 21, near "->@* "
# Global symbol "$item" requires explicit package name at /tmp/loop_over_bdir-2026226-9gN0zf/PayProp-API-Public-Client-0.04-0/blib/lib/PayProp/API/Public/Client/Role/JSON.pm line 22.
# Global symbol "@items" requires explicit package name at /tmp/loop_over_bdir-2026226-9gN0zf/PayProp-API-Public-Client-0.04-0/blib/lib/PayProp/API/Public/Client/Role/JSON.pm line 24.
# syntax error at /tmp/loop_over_bdir-2026226-9gN0zf/PayProp-API-Public-Client-0.04-0/blib/lib/PayProp/API/Public/Client/Role/JSON.pm line 26, near "elsif"
# Global symbol "$ref_type" requires explicit package name at /tmp/loop_over_bdir-2026226-9gN0zf/PayProp-API-Public-Client-0.04-0/blib/lib/PayProp/API/Public/Client/Role/JSON.pm line 26.
# Global symbol "$Attribute" requires explicit package name at /tmp/loop_over_bdir-2026226-9gN0zf/PayProp-API-Public-Client-0.04-0/blib/lib/PayProp/API/Public/Client/Role/JSON.pm line 38.
# syntax error at /tmp/loop_over_bdir-2026226-9gN0zf/PayProp-API-Public-Client-0.04-0/blib/lib/PayProp/API/Public/Client/Role/JSON.pm line 43, near "}"
# Compilation failed in require at /home/sand/src/perl/repoperls/installed-perls/host/k93msid/v5.20.3/29fb/lib/site_perl/5.20.3/x86_64-linux-thread-multi/Mouse/Util.pm line 295.
# at /home/sand/src/perl/repoperls/installed-perls/host/k93msid/v5.20.3/29fb/lib/site_perl/5.20.3/x86_64-linux-thread-multi/Mouse/Util.pm line 304.
# Mouse::Util::load_class("PayProp::API::Public::Client::Role::JSON") called at /home/sand/src/perl/repoperls/installed-perls/host/k93msid/v5.20.3/29fb/lib/site_perl/5.20.3/x86_64-linux-thread-multi/Mouse/Util.pm line 327
# Mouse::Util::apply_all_roles("PayProp::API::Public::Client::Response::Entity::Payment", "PayProp::API::Public::Client::Role::JSON") called at /home/sand/src/perl/repoperls/installed-perls/host/k93msid/v5.20.3/29fb/lib/site_perl/5.20.3/x86_64-linux-thread-multi/Mouse.pm line 40
# Mouse::with("PayProp::API::Public::Client::Role::JSON") called at /tmp/loop_over_bdir-2026226-9gN0zf/PayProp-API-Public-Client-0.04-0/blib/lib/PayProp/API/Public/Client/Response/Entity/Payment.pm line 8
# require PayProp/API/Public/Client/Response/Entity/Payment.pm called at t/payprop/api/public/client/response/entity/payment.t line 9
# main::BEGIN() called at /tmp/loop_over_bdir-2026226-9gN0zf/PayProp-API-Public-Client-0.04-0/blib/lib/PayProp/API/Public/Client/Response/Entity/Payment.pm line 0
# eval {...} called at /tmp/loop_over_bdir-2026226-9gN0zf/PayProp-API-Public-Client-0.04-0/blib/lib/PayProp/API/Public/Client/Response/Entity/Payment.pm line 0
# eval 'package main;
# BEGIN { ${^WARNING_BITS} = $args[-1] if defined $args[-1] }
# #line 9 t/payprop/api/public/client/response/entity/payment.t
# use PayProp::API::Public::Client::Response::Entity::Payment @{$args[0]};
# 1;
# ' called at /home/sand/src/perl/repoperls/installed-perls/host/k93msid/v5.20.3/29fb/lib/site_perl/5.20.3/Test/More.pm line 1056
# Test::More::_eval("package main;\x{a}BEGIN { \${^WARNING_BITS} = \$args[-1] if defined"..., ARRAY(0x5637d8769e68), "UUUUUUUUUUUUUUUU") called at /home/sand/src/perl/repoperls/installed-perls/host/k93msid/v5.20.3/29fb/lib/site_perl/5.20.3/Test/More.pm line 1031
# Test::More::use_ok("PayProp::API::Public::Client::Response::Entity::Payment") called at t/payprop/api/public/client/response/entity/payment.t line 9
# Compilation failed in require at t/payprop/api/public/client/response/entity/payment.t line 9.
# BEGIN failed--compilation aborted at t/payprop/api/public/client/response/entity/payment.t line 9.
# Looks like you failed 1 test of 2.
t/payprop/api/public/client/response/entity/payment.t ...............
Dubious, test returned 1 (wstat 256, 0x100)
Failed 1/2 subtests
Array found where operator expected at /tmp/loop_over_bdir-2026226-9gN0zf/PayProp-API-Public-Client-0.04-0/blib/lib/PayProp/API/Public/Client/Role/JSON.pm line 21, at end of line
(Missing operator before ?)
"my" variable $key masks earlier declaration in same statement at /tmp/loop_over_bdir-2026226-9gN0zf/PayProp-API-Public-Client-0.04-0/blib/lib/PayProp/API/Public/Client/Role/JSON.pm line 28.
"my" variable $value masks earlier declaration in same statement at /tmp/loop_over_bdir-2026226-9gN0zf/PayProp-API-Public-Client-0.04-0/blib/lib/PayProp/API/Public/Client/Role/JSON.pm line 28.
"my" variable $key masks earlier declaration in same statement at /tmp/loop_over_bdir-2026226-9gN0zf/PayProp-API-Public-Client-0.04-0/blib/lib/PayProp/API/Public/Client/Role/JSON.pm line 28.
"my" variable $structure masks earlier declaration in same statement at /tmp/loop_over_bdir-2026226-9gN0zf/PayProp-API-Public-Client-0.04-0/blib/lib/PayProp/API/Public/Client/Role/JSON.pm line 28.
"my" variable $structure masks earlier declaration in same statement at /tmp/loop_over_bdir-2026226-9gN0zf/PayProp-API-Public-Client-0.04-0/blib/lib/PayProp/API/Public/Client/Role/JSON.pm line 30.
"my" variable $value masks earlier declaration in same statement at /tmp/loop_over_bdir-2026226-9gN0zf/PayProp-API-Public-Client-0.04-0/blib/lib/PayProp/API/Public/Client/Role/JSON.pm line 34.
Use of my $_ is experimental at /tmp/loop_over_bdir-2026226-9gN0zf/PayProp-API-Public-Client-0.04-0/blib/lib/PayProp/API/Public/Client/Role/JSON.pm line 34.
"my" variable $value masks earlier declaration in same statement at /tmp/loop_over_bdir-2026226-9gN0zf/PayProp-API-Public-Client-0.04-0/blib/lib/PayProp/API/Public/Client/Role/JSON.pm line 34.
"my" variable $key masks earlier declaration in same statement at /tmp/loop_over_bdir-2026226-9gN0zf/PayProp-API-Public-Client-0.04-0/blib/lib/PayProp/API/Public/Client/Role/JSON.pm line 36.
"my" variable $Attribute masks earlier declaration in same statement at /tmp/loop_over_bdir-2026226-9gN0zf/PayProp-API-Public-Client-0.04-0/blib/lib/PayProp/API/Public/Client/Role/JSON.pm line 36.
# Failed test 'use PayProp::API::Public::Client::Response::Export::Beneficiary;'
# at t/payprop/api/public/client/response/export/beneficiary.t line 9.
# Tried to use 'PayProp::API::Public::Client::Response::Export::Beneficiary'.
# Error: Could not load class (PayProp::API::Public::Client::Role::JSON) because : syntax error at /tmp/loop_over_bdir-2026226-9gN0zf/PayProp-API-Public-Client-0.04-0/blib/lib/PayProp/API/Public/Client/Role/JSON.pm line 21, near "->@* "
# Global symbol "$item" requires explicit package name at /tmp/loop_over_bdir-2026226-9gN0zf/PayProp-API-Public-Client-0.04-0/blib/lib/PayProp/API/Public/Client/Role/JSON.pm line 22.
# Global symbol "@items" requires explicit package name at /tmp/loop_over_bdir-2026226-9gN0zf/PayProp-API-Public-Client-0.04-0/blib/lib/PayProp/API/Public/Client/Role/JSON.pm line 24.
# syntax error at /tmp/loop_over_bdir-2026226-9gN0zf/PayProp-API-Public-Client-0.04-0/blib/lib/PayProp/API/Public/Client/Role/JSON.pm line 26, near "elsif"
# Global symbol "$ref_type" requires explicit package name at /tmp/loop_over_bdir-2026226-9gN0zf/PayProp-API-Public-Client-0.04-0/blib/lib/PayProp/API/Public/Client/Role/JSON.pm line 26.
# Global symbol "$Attribute" requires explicit package name at /tmp/loop_over_bdir-2026226-9gN0zf/PayProp-API-Public-Client-0.04-0/blib/lib/PayProp/API/Public/Client/Role/JSON.pm line 38.
# syntax error at /tmp/loop_over_bdir-2026226-9gN0zf/PayProp-API-Public-Client-0.04-0/blib/lib/PayProp/API/Public/Client/Role/JSON.pm line 43, near "}"
# Compilation failed in require at /home/sand/src/perl/repoperls/installed-perls/host/k93msid/v5.20.3/29fb/lib/site_perl/5.20.3/x86_64-linux-thread-multi/Mouse/Util.pm line 295.
# at /home/sand/src/perl/repoperls/installed-perls/host/k93msid/v5.20.3/29fb/lib/site_perl/5.20.3/x86_64-linux-thread-multi/Mouse/Util.pm line 304.
# Mouse::Util::load_class("PayProp::API::Public::Client::Role::JSON") called at /home/sand/src/perl/repoperls/installed-perls/host/k93msid/v5.20.3/29fb/lib/site_perl/5.20.3/x86_64-linux-thread-multi/Mouse/Util.pm line 327
# Mouse::Util::apply_all_roles("PayProp::API::Public::Client::Response::Export::Beneficiary", "PayProp::API::Public::Client::Role::JSON") called at /home/sand/src/perl/repoperls/installed-perls/host/k93msid/v5.20.3/29fb/lib/site_perl/5.20.3/x86_64-linux-thread-multi/Mouse.pm line 40
# Mouse::with("PayProp::API::Public::Client::Role::JSON") called at /tmp/loop_over_bdir-2026226-9gN0zf/PayProp-API-Public-Client-0.04-0/blib/lib/PayProp/API/Public/Client/Response/Export/Beneficiary.pm line 7
# require PayProp/API/Public/Client/Response/Export/Beneficiary.pm called at t/payprop/api/public/client/response/export/beneficiary.t line 9
# main::BEGIN() called at /tmp/loop_over_bdir-2026226-9gN0zf/PayProp-API-Public-Client-0.04-0/blib/lib/PayProp/API/Public/Client/Response/Export/Beneficiary.pm line 0
# eval {...} called at /tmp/loop_over_bdir-2026226-9gN0zf/PayProp-API-Public-Client-0.04-0/blib/lib/PayProp/API/Public/Client/Response/Export/Beneficiary.pm line 0
# eval 'package main;
# BEGIN { ${^WARNING_BITS} = $args[-1] if defined $args[-1] }
# #line 9 t/payprop/api/public/client/response/export/beneficiary.t
# use PayProp::API::Public::Client::Response::Export::Beneficiary @{$args[0]};
# 1;
# ' called at /home/sand/src/perl/repoperls/installed-perls/host/k93msid/v5.20.3/29fb/lib/site_perl/5.20.3/Test/More.pm line 1056
# Test::More::_eval("package main;\x{a}BEGIN { \${^WARNING_BITS} = \$args[-1] if defined"..., ARRAY(0x555e41ebf6a8), "UUUUUUUUUUUUUUUU") called at /home/sand/src/perl/repoperls/installed-perls/host/k93msid/v5.20.3/29fb/lib/site_perl/5.20.3/Test/More.pm line 1031
# Test::More::use_ok("PayProp::API::Public::Client::Response::Export::Beneficiary") called at t/payprop/api/public/client/response/export/beneficiary.t line 9
# Compilation failed in require at t/payprop/api/public/client/response/export/beneficiary.t line 9.
# BEGIN failed--compilation aborted at t/payprop/api/public/client/response/export/beneficiary.t line 9.
# Looks like you failed 1 test of 2.
t/payprop/api/public/client/response/export/beneficiary.t ...........
Dubious, test returned 1 (wstat 256, 0x100)
Failed 1/2 subtests
t/payprop/api/public/client/response/export/beneficiary/address.t ... ok
t/payprop/api/public/client/response/export/beneficiary/property.t .. ok
Array found where operator expected at /tmp/loop_over_bdir-2026226-9gN0zf/PayProp-API-Public-Client-0.04-0/blib/lib/PayProp/API/Public/Client/Role/JSON.pm line 21, at end of line
(Missing operator before ?)
"my" variable $key masks earlier declaration in same statement at /tmp/loop_over_bdir-2026226-9gN0zf/PayProp-API-Public-Client-0.04-0/blib/lib/PayProp/API/Public/Client/Role/JSON.pm line 28.
"my" variable $value masks earlier declaration in same statement at /tmp/loop_over_bdir-2026226-9gN0zf/PayProp-API-Public-Client-0.04-0/blib/lib/PayProp/API/Public/Client/Role/JSON.pm line 28.
"my" variable $key masks earlier declaration in same statement at /tmp/loop_over_bdir-2026226-9gN0zf/PayProp-API-Public-Client-0.04-0/blib/lib/PayProp/API/Public/Client/Role/JSON.pm line 28.
"my" variable $structure masks earlier declaration in same statement at /tmp/loop_over_bdir-2026226-9gN0zf/PayProp-API-Public-Client-0.04-0/blib/lib/PayProp/API/Public/Client/Role/JSON.pm line 28.
"my" variable $structure masks earlier declaration in same statement at /tmp/loop_over_bdir-2026226-9gN0zf/PayProp-API-Public-Client-0.04-0/blib/lib/PayProp/API/Public/Client/Role/JSON.pm line 30.
"my" variable $value masks earlier declaration in same statement at /tmp/loop_over_bdir-2026226-9gN0zf/PayProp-API-Public-Client-0.04-0/blib/lib/PayProp/API/Public/Client/Role/JSON.pm line 34.
Use of my $_ is experimental at /tmp/loop_over_bdir-2026226-9gN0zf/PayProp-API-Public-Client-0.04-0/blib/lib/PayProp/API/Public/Client/Role/JSON.pm line 34.
"my" variable $value masks earlier declaration in same statement at /tmp/loop_over_bdir-2026226-9gN0zf/PayProp-API-Public-Client-0.04-0/blib/lib/PayProp/API/Public/Client/Role/JSON.pm line 34.
"my" variable $key masks earlier declaration in same statement at /tmp/loop_over_bdir-2026226-9gN0zf/PayProp-API-Public-Client-0.04-0/blib/lib/PayProp/API/Public/Client/Role/JSON.pm line 36.
"my" variable $Attribute masks earlier declaration in same statement at /tmp/loop_over_bdir-2026226-9gN0zf/PayProp-API-Public-Client-0.04-0/blib/lib/PayProp/API/Public/Client/Role/JSON.pm line 36.
# Failed test 'use PayProp::API::Public::Client::Response::Export::Tenant;'
# at t/payprop/api/public/client/response/export/tenant.t line 9.
# Tried to use 'PayProp::API::Public::Client::Response::Export::Tenant'.
# Error: Could not load class (PayProp::API::Public::Client::Role::JSON) because : syntax error at /tmp/loop_over_bdir-2026226-9gN0zf/PayProp-API-Public-Client-0.04-0/blib/lib/PayProp/API/Public/Client/Role/JSON.pm line 21, near "->@* "
# Global symbol "$item" requires explicit package name at /tmp/loop_over_bdir-2026226-9gN0zf/PayProp-API-Public-Client-0.04-0/blib/lib/PayProp/API/Public/Client/Role/JSON.pm line 22.
# Global symbol "@items" requires explicit package name at /tmp/loop_over_bdir-2026226-9gN0zf/PayProp-API-Public-Client-0.04-0/blib/lib/PayProp/API/Public/Client/Role/JSON.pm line 24.
# syntax error at /tmp/loop_over_bdir-2026226-9gN0zf/PayProp-API-Public-Client-0.04-0/blib/lib/PayProp/API/Public/Client/Role/JSON.pm line 26, near "elsif"
# Global symbol "$ref_type" requires explicit package name at /tmp/loop_over_bdir-2026226-9gN0zf/PayProp-API-Public-Client-0.04-0/blib/lib/PayProp/API/Public/Client/Role/JSON.pm line 26.
# Global symbol "$Attribute" requires explicit package name at /tmp/loop_over_bdir-2026226-9gN0zf/PayProp-API-Public-Client-0.04-0/blib/lib/PayProp/API/Public/Client/Role/JSON.pm line 38.
# syntax error at /tmp/loop_over_bdir-2026226-9gN0zf/PayProp-API-Public-Client-0.04-0/blib/lib/PayProp/API/Public/Client/Role/JSON.pm line 43, near "}"
# Compilation failed in require at /home/sand/src/perl/repoperls/installed-perls/host/k93msid/v5.20.3/29fb/lib/site_perl/5.20.3/x86_64-linux-thread-multi/Mouse/Util.pm line 295.
# at /home/sand/src/perl/repoperls/installed-perls/host/k93msid/v5.20.3/29fb/lib/site_perl/5.20.3/x86_64-linux-thread-multi/Mouse/Util.pm line 304.
# Mouse::Util::load_class("PayProp::API::Public::Client::Role::JSON") called at /home/sand/src/perl/repoperls/installed-perls/host/k93msid/v5.20.3/29fb/lib/site_perl/5.20.3/x86_64-linux-thread-multi/Mouse/Util.pm line 327
# Mouse::Util::apply_all_roles("PayProp::API::Public::Client::Response::Export::Tenant", "PayProp::API::Public::Client::Role::JSON") called at /home/sand/src/perl/repoperls/installed-perls/host/k93msid/v5.20.3/29fb/lib/site_perl/5.20.3/x86_64-linux-thread-multi/Mouse.pm line 40
# Mouse::with("PayProp::API::Public::Client::Role::JSON") called at /tmp/loop_over_bdir-2026226-9gN0zf/PayProp-API-Public-Client-0.04-0/blib/lib/PayProp/API/Public/Client/Response/Export/Tenant.pm line 7
# require PayProp/API/Public/Client/Response/Export/Tenant.pm called at t/payprop/api/public/client/response/export/tenant.t line 9
# main::BEGIN() called at /tmp/loop_over_bdir-2026226-9gN0zf/PayProp-API-Public-Client-0.04-0/blib/lib/PayProp/API/Public/Client/Response/Export/Tenant.pm line 0
# eval {...} called at /tmp/loop_over_bdir-2026226-9gN0zf/PayProp-API-Public-Client-0.04-0/blib/lib/PayProp/API/Public/Client/Response/Export/Tenant.pm line 0
# eval 'package main;
# BEGIN { ${^WARNING_BITS} = $args[-1] if defined $args[-1] }
# #line 9 t/payprop/api/public/client/response/export/tenant.t
# use PayProp::API::Public::Client::Response::Export::Tenant @{$args[0]};
# 1;
# ' called at /home/sand/src/perl/repoperls/installed-perls/host/k93msid/v5.20.3/29fb/lib/site_perl/5.20.3/Test/More.pm line 1056
# Test::More::_eval("package main;\x{a}BEGIN { \${^WARNING_BITS} = \$args[-1] if defined"..., ARRAY(0x55f9134026f8), "UUUUUUUUUUUUUUUU") called at /home/sand/src/perl/repoperls/installed-perls/host/k93msid/v5.20.3/29fb/lib/site_perl/5.20.3/Test/More.pm line 1031
# Test::More::use_ok("PayProp::API::Public::Client::Response::Export::Tenant") called at t/payprop/api/public/client/response/export/tenant.t line 9
# Compilation failed in require at t/payprop/api/public/client/response/export/tenant.t line 9.
# BEGIN failed--compilation aborted at t/payprop/api/public/client/response/export/tenant.t line 9.
# Looks like you failed 1 test of 2.
t/payprop/api/public/client/response/export/tenant.t ................
Dubious, test returned 1 (wstat 256, 0x100)
Failed 1/2 subtests
t/payprop/api/public/client/response/export/tenant/address.t ........ ok
t/payprop/api/public/client/response/export/tenant/property.t ....... ok
Array found where operator expected at /tmp/loop_over_bdir-2026226-9gN0zf/PayProp-API-Public-Client-0.04-0/blib/lib/PayProp/API/Public/Client/Role/JSON.pm line 21, at end of line
(Missing operator before ?)
"my" variable $key masks earlier declaration in same statement at /tmp/loop_over_bdir-2026226-9gN0zf/PayProp-API-Public-Client-0.04-0/blib/lib/PayProp/API/Public/Client/Role/JSON.pm line 28.
"my" variable $value masks earlier declaration in same statement at /tmp/loop_over_bdir-2026226-9gN0zf/PayProp-API-Public-Client-0.04-0/blib/lib/PayProp/API/Public/Client/Role/JSON.pm line 28.
"my" variable $key masks earlier declaration in same statement at /tmp/loop_over_bdir-2026226-9gN0zf/PayProp-API-Public-Client-0.04-0/blib/lib/PayProp/API/Public/Client/Role/JSON.pm line 28.
"my" variable $structure masks earlier declaration in same statement at /tmp/loop_over_bdir-2026226-9gN0zf/PayProp-API-Public-Client-0.04-0/blib/lib/PayProp/API/Public/Client/Role/JSON.pm line 28.
"my" variable $structure masks earlier declaration in same statement at /tmp/loop_over_bdir-2026226-9gN0zf/PayProp-API-Public-Client-0.04-0/blib/lib/PayProp/API/Public/Client/Role/JSON.pm line 30.
"my" variable $value masks earlier declaration in same statement at /tmp/loop_over_bdir-2026226-9gN0zf/PayProp-API-Public-Client-0.04-0/blib/lib/PayProp/API/Public/Client/Role/JSON.pm line 34.
Use of my $_ is experimental at /tmp/loop_over_bdir-2026226-9gN0zf/PayProp-API-Public-Client-0.04-0/blib/lib/PayProp/API/Public/Client/Role/JSON.pm line 34.
"my" variable $value masks earlier declaration in same statement at /tmp/loop_over_bdir-2026226-9gN0zf/PayProp-API-Public-Client-0.04-0/blib/lib/PayProp/API/Public/Client/Role/JSON.pm line 34.
"my" variable $key masks earlier declaration in same statement at /tmp/loop_over_bdir-2026226-9gN0zf/PayProp-API-Public-Client-0.04-0/blib/lib/PayProp/API/Public/Client/Role/JSON.pm line 36.
"my" variable $Attribute masks earlier declaration in same statement at /tmp/loop_over_bdir-2026226-9gN0zf/PayProp-API-Public-Client-0.04-0/blib/lib/PayProp/API/Public/Client/Role/JSON.pm line 36.
# Failed test 'use PayProp::API::Public::Client::Response::Tag;'
# at t/payprop/api/public/client/response/tag.t line 8.
# Tried to use 'PayProp::API::Public::Client::Response::Tag'.
# Error: Could not load class (PayProp::API::Public::Client::Role::JSON) because : syntax error at /tmp/loop_over_bdir-2026226-9gN0zf/PayProp-API-Public-Client-0.04-0/blib/lib/PayProp/API/Public/Client/Role/JSON.pm line 21, near "->@* "
# Global symbol "$item" requires explicit package name at /tmp/loop_over_bdir-2026226-9gN0zf/PayProp-API-Public-Client-0.04-0/blib/lib/PayProp/API/Public/Client/Role/JSON.pm line 22.
# Global symbol "@items" requires explicit package name at /tmp/loop_over_bdir-2026226-9gN0zf/PayProp-API-Public-Client-0.04-0/blib/lib/PayProp/API/Public/Client/Role/JSON.pm line 24.
# syntax error at /tmp/loop_over_bdir-2026226-9gN0zf/PayProp-API-Public-Client-0.04-0/blib/lib/PayProp/API/Public/Client/Role/JSON.pm line 26, near "elsif"
# Global symbol "$ref_type" requires explicit package name at /tmp/loop_over_bdir-2026226-9gN0zf/PayProp-API-Public-Client-0.04-0/blib/lib/PayProp/API/Public/Client/Role/JSON.pm line 26.
# Global symbol "$Attribute" requires explicit package name at /tmp/loop_over_bdir-2026226-9gN0zf/PayProp-API-Public-Client-0.04-0/blib/lib/PayProp/API/Public/Client/Role/JSON.pm line 38.
# syntax error at /tmp/loop_over_bdir-2026226-9gN0zf/PayProp-API-Public-Client-0.04-0/blib/lib/PayProp/API/Public/Client/Role/JSON.pm line 43, near "}"
# Compilation failed in require at /home/sand/src/perl/repoperls/installed-perls/host/k93msid/v5.20.3/29fb/lib/site_perl/5.20.3/x86_64-linux-thread-multi/Mouse/Util.pm line 295.
# at /home/sand/src/perl/repoperls/installed-perls/host/k93msid/v5.20.3/29fb/lib/site_perl/5.20.3/x86_64-linux-thread-multi/Mouse/Util.pm line 304.
# Mouse::Util::load_class("PayProp::API::Public::Client::Role::JSON") called at /home/sand/src/perl/repoperls/installed-perls/host/k93msid/v5.20.3/29fb/lib/site_perl/5.20.3/x86_64-linux-thread-multi/Mouse/Util.pm line 327
# Mouse::Util::apply_all_roles("PayProp::API::Public::Client::Response::Tag", "PayProp::API::Public::Client::Role::JSON") called at /home/sand/src/perl/repoperls/installed-perls/host/k93msid/v5.20.3/29fb/lib/site_perl/5.20.3/x86_64-linux-thread-multi/Mouse.pm line 40
# Mouse::with("PayProp::API::Public::Client::Role::JSON") called at /tmp/loop_over_bdir-2026226-9gN0zf/PayProp-API-Public-Client-0.04-0/blib/lib/PayProp/API/Public/Client/Response/Tag.pm line 7
# require PayProp/API/Public/Client/Response/Tag.pm called at t/payprop/api/public/client/response/tag.t line 8
# main::BEGIN() called at /tmp/loop_over_bdir-2026226-9gN0zf/PayProp-API-Public-Client-0.04-0/blib/lib/PayProp/API/Public/Client/Response/Tag.pm line 0
# eval {...} called at /tmp/loop_over_bdir-2026226-9gN0zf/PayProp-API-Public-Client-0.04-0/blib/lib/PayProp/API/Public/Client/Response/Tag.pm line 0
# eval 'package main;
# BEGIN { ${^WARNING_BITS} = $args[-1] if defined $args[-1] }
# #line 8 t/payprop/api/public/client/response/tag.t
# use PayProp::API::Public::Client::Response::Tag @{$args[0]};
# 1;
# ' called at /home/sand/src/perl/repoperls/installed-perls/host/k93msid/v5.20.3/29fb/lib/site_perl/5.20.3/Test/More.pm line 1056
# Test::More::_eval("package main;\x{a}BEGIN { \${^WARNING_BITS} = \$args[-1] if defined"..., ARRAY(0x55c89c048688), "UUUUUUUUUUUUUUUU") called at /home/sand/src/perl/repoperls/installed-perls/host/k93msid/v5.20.3/29fb/lib/site_perl/5.20.3/Test/More.pm line 1031
# Test::More::use_ok("PayProp::API::Public::Client::Response::Tag") called at t/payprop/api/public/client/response/tag.t line 8
# Compilation failed in require at t/payprop/api/public/client/response/tag.t line 8.
# BEGIN failed--compilation aborted at t/payprop/api/public/client/response/tag.t line 8.
# Looks like you failed 1 test of 2.
t/payprop/api/public/client/response/tag.t ..........................
Dubious, test returned 1 (wstat 256, 0x100)
Failed 1/2 subtests
"state" variable @_ masks earlier declaration in same scope at /tmp/loop_over_bdir-2026226-9gN0zf/PayProp-API-Public-Client-0.04-0/blib/lib/PayProp/API/Public/Client/Role/APIRequest.pm line 83.
Could not load class (PayProp::API::Public::Client::Role::APIRequest) because : syntax error at /tmp/loop_over_bdir-2026226-9gN0zf/PayProp-API-Public-Client-0.04-0/blib/lib/PayProp/API/Public/Client/Role/APIRequest.pm line 66, near "->%"
syntax error at /tmp/loop_over_bdir-2026226-9gN0zf/PayProp-API-Public-Client-0.04-0/blib/lib/PayProp/API/Public/Client/Role/APIRequest.pm line 71, near "}"
Can't use global @_ in "my" at /tmp/loop_over_bdir-2026226-9gN0zf/PayProp-API-Public-Client-0.04-0/blib/lib/PayProp/API/Public/Client/Role/APIRequest.pm line 75, near "= @_"
Global symbol "$Transaction" requires explicit package name at /tmp/loop_over_bdir-2026226-9gN0zf/PayProp-API-Public-Client-0.04-0/blib/lib/PayProp/API/Public/Client/Role/APIRequest.pm line 77.
Global symbol "$self" requires explicit package name at /tmp/loop_over_bdir-2026226-9gN0zf/PayProp-API-Public-Client-0.04-0/blib/lib/PayProp/API/Public/Client/Role/APIRequest.pm line 78.
syntax error at /tmp/loop_over_bdir-2026226-9gN0zf/PayProp-API-Public-Client-0.04-0/blib/lib/PayProp/API/Public/Client/Role/APIRequest.pm line 81, near "}"
Can't use global @_ in "my" at /tmp/loop_over_bdir-2026226-9gN0zf/PayProp-API-Public-Client-0.04-0/blib/lib/PayProp/API/Public/Client/Role/APIRequest.pm line 83, near "= @_"
Global symbol "$handle_response_cb" requires explicit package name at /tmp/loop_over_bdir-2026226-9gN0zf/PayProp-API-Public-Client-0.04-0/blib/lib/PayProp/API/Public/Client/Role/APIRequest.pm line 86.
Global symbol "$handle_response_cb" requires explicit package name at /tmp/loop_over_bdir-2026226-9gN0zf/PayProp-API-Public-Client-0.04-0/blib/lib/PayProp/API/Public/Client/Role/APIRequest.pm line 86.
Global symbol "$response_json" requires explicit package name at /tmp/loop_over_bdir-2026226-9gN0zf/PayProp-API-Public-Client-0.04-0/blib/lib/PayProp/API/Public/Client/Role/APIRequest.pm line 86.
Global symbol "$response_json" requires explicit package name at /tmp/loop_over_bdir-2026226-9gN0zf/PayProp-API-Public-Client-0.04-0/blib/lib/PayProp/API/Public/Client/Role/APIRequest.pm line 86.
Global symbol "$response_json" requires explicit package name at /tmp/loop_over_bdir-2026226-9gN0zf/PayProp-API-Public-Client-0.04-0/blib/lib/PayProp/API/Public/Client/Role/APIRequest.pm line 88.
syntax error at /tmp/loop_over_bdir-2026226-9gN0zf/PayProp-API-Public-Client-0.04-0/blib/lib/PayProp/API/Public/Client/Role/APIRequest.pm line 91, near "}"
/tmp/loop_over_bdir-2026226-9gN0zf/PayProp-API-Public-Client-0.04-0/blib/lib/PayProp/API/Public/Client/Role/APIRequest.pm has too many errors.
Compilation failed in require at /home/sand/src/perl/repoperls/installed-perls/host/k93msid/v5.20.3/29fb/lib/site_perl/5.20.3/x86_64-linux-thread-multi/Mouse/Util.pm line 295.
at /home/sand/src/perl/repoperls/installed-perls/host/k93msid/v5.20.3/29fb/lib/site_perl/5.20.3/x86_64-linux-thread-multi/Mouse/Util.pm line 304.
Mouse::Util::load_class("PayProp::API::Public::Client::Role::APIRequest") called at /home/sand/src/perl/repoperls/installed-perls/host/k93msid/v5.20.3/29fb/lib/site_perl/5.20.3/x86_64-linux-thread-multi/Mouse/Util.pm line 327
Mouse::Util::apply_all_roles("Test::Role::APIRequest", "PayProp::API::Public::Client::Role::APIRequest") called at /home/sand/src/perl/repoperls/installed-perls/host/k93msid/v5.20.3/29fb/lib/site_perl/5.20.3/x86_64-linux-thread-multi/Mouse.pm line 40
Mouse::with("PayProp::API::Public::Client::Role::APIRequest") called at t/payprop/api/public/client/role/apirequest.t line 14
t/payprop/api/public/client/role/apirequest.t .......................
Dubious, test returned 255 (wstat 65280, 0xff00)
No subtests run
t/payprop/api/public/client/role/attribute/apiversion.t ............. ok
t/payprop/api/public/client/role/attribute/authorization.t .......... ok
t/payprop/api/public/client/role/attribute/domain.t ................. ok
t/payprop/api/public/client/role/attribute/storage.t ................ ok
t/payprop/api/public/client/role/attribute/token.t .................. ok
t/payprop/api/public/client/role/attribute/ua.t ..................... ok
t/payprop/api/public/client/role/encrypt.t .......................... ok
Array found where operator expected at t/payprop/api/public/client/role/json.t line 19, at end of line
(Missing operator before ?)
syntax error at t/payprop/api/public/client/role/json.t line 19, near "->@*"
Global symbol "$name" requires explicit package name at t/payprop/api/public/client/role/json.t line 21.
Global symbol "$type" requires explicit package name at t/payprop/api/public/client/role/json.t line 23.
Global symbol "$default" requires explicit package name at t/payprop/api/public/client/role/json.t line 25.
BEGIN not safe after errors--compilation aborted at t/payprop/api/public/client/role/json.t line 35.
t/payprop/api/public/client/role/json.t .............................
Dubious, test returned 255 (wstat 65280, 0xff00)
No subtests run
Scalar found where operator expected at /tmp/loop_over_bdir-2026226-9gN0zf/PayProp-API-Public-Client-0.04-0/blib/lib/PayProp/API/Public/Client/Role/Request.pm line 44, near "* : $content"
(Missing operator before $content?)
String found where operator expected at /tmp/loop_over_bdir-2026226-9gN0zf/PayProp-API-Public-Client-0.04-0/blib/lib/PayProp/API/Public/Client/Role/Request.pm line 59, near "* ? '/'"
(Missing operator before '/'?)
Array found where operator expected at /tmp/loop_over_bdir-2026226-9gN0zf/PayProp-API-Public-Client-0.04-0/blib/lib/PayProp/API/Public/Client/Role/Request.pm line 61, at end of line
(Missing operator before ?)
Scalar found where operator expected at /tmp/loop_over_bdir-2026226-9gN0zf/PayProp-API-Public-Client-0.04-0/blib/lib/PayProp/API/Public/Client/Role/Request.pm line 65, near "$self"
(Missing semicolon on previous line?)
Could not load class (PayProp::API::Public::Client::Role::Request) because : syntax error at /tmp/loop_over_bdir-2026226-9gN0zf/PayProp-API-Public-Client-0.04-0/blib/lib/PayProp/API/Public/Client/Role/Request.pm line 44, near "->%"
Can't use global @_ in "my" at /tmp/loop_over_bdir-2026226-9gN0zf/PayProp-API-Public-Client-0.04-0/blib/lib/PayProp/API/Public/Client/Role/Request.pm line 47, near "= @_"
Global symbol "$error" requires explicit package name at /tmp/loop_over_bdir-2026226-9gN0zf/PayProp-API-Public-Client-0.04-0/blib/lib/PayProp/API/Public/Client/Role/Request.pm line 48.
syntax error at /tmp/loop_over_bdir-2026226-9gN0zf/PayProp-API-Public-Client-0.04-0/blib/lib/PayProp/API/Public/Client/Role/Request.pm line 50, near "} )
"
Can't use global @_ in "my" at /tmp/loop_over_bdir-2026226-9gN0zf/PayProp-API-Public-Client-0.04-0/blib/lib/PayProp/API/Public/Client/Role/Request.pm line 54, near "= @_"
Global symbol "$params" requires explicit package name at /tmp/loop_over_bdir-2026226-9gN0zf/PayProp-API-Public-Client-0.04-0/blib/lib/PayProp/API/Public/Client/Role/Request.pm line 56.
syntax error at /tmp/loop_over_bdir-2026226-9gN0zf/PayProp-API-Public-Client-0.04-0/blib/lib/PayProp/API/Public/Client/Role/Request.pm line 59, near "->%"
Global symbol "$URL" requires explicit package name at /tmp/loop_over_bdir-2026226-9gN0zf/PayProp-API-Public-Client-0.04-0/blib/lib/PayProp/API/Public/Client/Role/Request.pm line 61.
syntax error at /tmp/loop_over_bdir-2026226-9gN0zf/PayProp-API-Public-Client-0.04-0/blib/lib/PayProp/API/Public/Client/Role/Request.pm line 61, near "->@* "
Global symbol "$URL" requires explicit package name at /tmp/loop_over_bdir-2026226-9gN0zf/PayProp-API-Public-Client-0.04-0/blib/lib/PayProp/API/Public/Client/Role/Request.pm line 68.
syntax error at /tmp/loop_over_bdir-2026226-9gN0zf/PayProp-API-Public-Client-0.04-0/blib/lib/PayProp/API/Public/Client/Role/Request.pm line 71, near "}"
/tmp/loop_over_bdir-2026226-9gN0zf/PayProp-API-Public-Client-0.04-0/blib/lib/PayProp/API/Public/Client/Role/Request.pm has too many errors.
Compilation failed in require at /home/sand/src/perl/repoperls/installed-perls/host/k93msid/v5.20.3/29fb/lib/site_perl/5.20.3/x86_64-linux-thread-multi/Mouse/Util.pm line 295.
at /home/sand/src/perl/repoperls/installed-perls/host/k93msid/v5.20.3/29fb/lib/site_perl/5.20.3/x86_64-linux-thread-multi/Mouse/Util.pm line 304.
Mouse::Util::load_class("PayProp::API::Public::Client::Role::Request") called at /home/sand/src/perl/repoperls/installed-perls/host/k93msid/v5.20.3/29fb/lib/site_perl/5.20.3/x86_64-linux-thread-multi/Mouse/Util.pm line 327
Mouse::Util::apply_all_roles("Test::Role::Request", "PayProp::API::Public::Client::Role::Request") called at /home/sand/src/perl/repoperls/installed-perls/host/k93msid/v5.20.3/29fb/lib/site_perl/5.20.3/x86_64-linux-thread-multi/Mouse.pm line 40
Mouse::with("PayProp::API::Public::Client::Role::Request") called at t/payprop/api/public/client/role/request.t line 13
t/payprop/api/public/client/role/request.t ..........................
Dubious, test returned 255 (wstat 65280, 0xff00)
No subtests run
t/payprop/api/public/client/role/storage.t .......................... ok
"state" variable @_ masks earlier declaration in same scope at /tmp/loop_over_bdir-2026226-9gN0zf/PayProp-API-Public-Client-0.04-0/blib/lib/PayProp/API/Public/Client/Role/APIRequest.pm line 83.
# Failed test 'use PayProp::API::Public::Client::Util::APIRequest;'
# at t/payprop/api/public/client/util/apirequest.t line 9.
# Tried to use 'PayProp::API::Public::Client::Util::APIRequest'.
# Error: Could not load class (PayProp::API::Public::Client::Role::APIRequest) because : syntax error at /tmp/loop_over_bdir-2026226-9gN0zf/PayProp-API-Public-Client-0.04-0/blib/lib/PayProp/API/Public/Client/Role/APIRequest.pm line 66, near "->%"
# syntax error at /tmp/loop_over_bdir-2026226-9gN0zf/PayProp-API-Public-Client-0.04-0/blib/lib/PayProp/API/Public/Client/Role/APIRequest.pm line 71, near "}"
# Can't use global @_ in "my" at /tmp/loop_over_bdir-2026226-9gN0zf/PayProp-API-Public-Client-0.04-0/blib/lib/PayProp/API/Public/Client/Role/APIRequest.pm line 75, near "= @_"
# Global symbol "$Transaction" requires explicit package name at /tmp/loop_over_bdir-2026226-9gN0zf/PayProp-API-Public-Client-0.04-0/blib/lib/PayProp/API/Public/Client/Role/APIRequest.pm line 77.
# Global symbol "$self" requires explicit package name at /tmp/loop_over_bdir-2026226-9gN0zf/PayProp-API-Public-Client-0.04-0/blib/lib/PayProp/API/Public/Client/Role/APIRequest.pm line 78.
# syntax error at /tmp/loop_over_bdir-2026226-9gN0zf/PayProp-API-Public-Client-0.04-0/blib/lib/PayProp/API/Public/Client/Role/APIRequest.pm line 81, near "}"
# Can't use global @_ in "my" at /tmp/loop_over_bdir-2026226-9gN0zf/PayProp-API-Public-Client-0.04-0/blib/lib/PayProp/API/Public/Client/Role/APIRequest.pm line 83, near "= @_"
# Global symbol "$handle_response_cb" requires explicit package name at /tmp/loop_over_bdir-2026226-9gN0zf/PayProp-API-Public-Client-0.04-0/blib/lib/PayProp/API/Public/Client/Role/APIRequest.pm line 86.
# Global symbol "$handle_response_cb" requires explicit package name at /tmp/loop_over_bdir-2026226-9gN0zf/PayProp-API-Public-Client-0.04-0/blib/lib/PayProp/API/Public/Client/Role/APIRequest.pm line 86.
# Global symbol "$response_json" requires explicit package name at /tmp/loop_over_bdir-2026226-9gN0zf/PayProp-API-Public-Client-0.04-0/blib/lib/PayProp/API/Public/Client/Role/APIRequest.pm line 86.
# Global symbol "$response_json" requires explicit package name at /tmp/loop_over_bdir-2026226-9gN0zf/PayProp-API-Public-Client-0.04-0/blib/lib/PayProp/API/Public/Client/Role/APIRequest.pm line 86.
# Global symbol "$response_json" requires explicit package name at /tmp/loop_over_bdir-2026226-9gN0zf/PayProp-API-Public-Client-0.04-0/blib/lib/PayProp/API/Public/Client/Role/APIRequest.pm line 88.
# syntax error at /tmp/loop_over_bdir-2026226-9gN0zf/PayProp-API-Public-Client-0.04-0/blib/lib/PayProp/API/Public/Client/Role/APIRequest.pm line 91, near "}"
# /tmp/loop_over_bdir-2026226-9gN0zf/PayProp-API-Public-Client-0.04-0/blib/lib/PayProp/API/Public/Client/Role/APIRequest.pm has too many errors.
# Compilation failed in require at /home/sand/src/perl/repoperls/installed-perls/host/k93msid/v5.20.3/29fb/lib/site_perl/5.20.3/x86_64-linux-thread-multi/Mouse/Util.pm line 295.
# at /home/sand/src/perl/repoperls/installed-perls/host/k93msid/v5.20.3/29fb/lib/site_perl/5.20.3/x86_64-linux-thread-multi/Mouse/Util.pm line 304.
# Mouse::Util::load_class("PayProp::API::Public::Client::Role::APIRequest") called at /home/sand/src/perl/repoperls/installed-perls/host/k93msid/v5.20.3/29fb/lib/site_perl/5.20.3/x86_64-linux-thread-multi/Mouse/Util.pm line 327
# Mouse::Util::apply_all_roles("PayProp::API::Public::Client::Util::APIRequest", "PayProp::API::Public::Client::Role::APIRequest") called at /home/sand/src/perl/repoperls/installed-perls/host/k93msid/v5.20.3/29fb/lib/site_perl/5.20.3/x86_64-linux-thread-multi/Mouse.pm line 40
# Mouse::with("PayProp::API::Public::Client::Role::APIRequest") called at /tmp/loop_over_bdir-2026226-9gN0zf/PayProp-API-Public-Client-0.04-0/blib/lib/PayProp/API/Public/Client/Util/APIRequest.pm line 7
# require PayProp/API/Public/Client/Util/APIRequest.pm called at t/payprop/api/public/client/util/apirequest.t line 9
# main::BEGIN() called at /tmp/loop_over_bdir-2026226-9gN0zf/PayProp-API-Public-Client-0.04-0/blib/lib/PayProp/API/Public/Client/Util/APIRequest.pm line 0
# eval {...} called at /tmp/loop_over_bdir-2026226-9gN0zf/PayProp-API-Public-Client-0.04-0/blib/lib/PayProp/API/Public/Client/Util/APIRequest.pm line 0
# eval 'package main;
# BEGIN { ${^WARNING_BITS} = $args[-1] if defined $args[-1] }
# #line 9 t/payprop/api/public/client/util/apirequest.t
# use PayProp::API::Public::Client::Util::APIRequest @{$args[0]};
# 1;
# ' called at /home/sand/src/perl/repoperls/installed-perls/host/k93msid/v5.20.3/29fb/lib/site_perl/5.20.3/Test/More.pm line 1056
# Test::More::_eval("package main;\x{a}BEGIN { \${^WARNING_BITS} = \$args[-1] if defined"..., ARRAY(0x55feea4e80b8), "UUUUUUUUUUUUUUUU") called at /home/sand/src/perl/repoperls/installed-perls/host/k93msid/v5.20.3/29fb/lib/site_perl/5.20.3/Test/More.pm line 1031
# Test::More::use_ok("PayProp::API::Public::Client::Util::APIRequest") called at t/payprop/api/public/client/util/apirequest.t line 9
# Compilation failed in require at t/payprop/api/public/client/util/apirequest.t line 9.
# BEGIN failed--compilation aborted at t/payprop/api/public/client/util/apirequest.t line 9.
# Looks like you failed 1 test of 1.
t/payprop/api/public/client/util/apirequest.t .......................
Dubious, test returned 1 (wstat 256, 0x100)
Failed 1/1 subtests
Scalar found where operator expected at /tmp/loop_over_bdir-2026226-9gN0zf/PayProp-API-Public-Client-0.04-0/blib/lib/PayProp/API/Public/Client/Role/Request.pm line 44, near "* : $content"
(Missing operator before $content?)
String found where operator expected at /tmp/loop_over_bdir-2026226-9gN0zf/PayProp-API-Public-Client-0.04-0/blib/lib/PayProp/API/Public/Client/Role/Request.pm line 59, near "* ? '/'"
(Missing operator before '/'?)
Array found where operator expected at /tmp/loop_over_bdir-2026226-9gN0zf/PayProp-API-Public-Client-0.04-0/blib/lib/PayProp/API/Public/Client/Role/Request.pm line 61, at end of line
(Missing operator before ?)
Scalar found where operator expected at /tmp/loop_over_bdir-2026226-9gN0zf/PayProp-API-Public-Client-0.04-0/blib/lib/PayProp/API/Public/Client/Role/Request.pm line 65, near "$self"
(Missing semicolon on previous line?)
# Failed test 'use PayProp::API::Public::Client::Util::Request;'
# at t/payprop/api/public/client/util/request.t line 9.
# Tried to use 'PayProp::API::Public::Client::Util::Request'.
# Error: Could not load class (PayProp::API::Public::Client::Role::Request) because : syntax error at /tmp/loop_over_bdir-2026226-9gN0zf/PayProp-API-Public-Client-0.04-0/blib/lib/PayProp/API/Public/Client/Role/Request.pm line 44, near "->%"
# Can't use global @_ in "my" at /tmp/loop_over_bdir-2026226-9gN0zf/PayProp-API-Public-Client-0.04-0/blib/lib/PayProp/API/Public/Client/Role/Request.pm line 47, near "= @_"
# Global symbol "$error" requires explicit package name at /tmp/loop_over_bdir-2026226-9gN0zf/PayProp-API-Public-Client-0.04-0/blib/lib/PayProp/API/Public/Client/Role/Request.pm line 48.
# syntax error at /tmp/loop_over_bdir-2026226-9gN0zf/PayProp-API-Public-Client-0.04-0/blib/lib/PayProp/API/Public/Client/Role/Request.pm line 50, near "} )
# "
# Can't use global @_ in "my" at /tmp/loop_over_bdir-2026226-9gN0zf/PayProp-API-Public-Client-0.04-0/blib/lib/PayProp/API/Public/Client/Role/Request.pm line 54, near "= @_"
# Global symbol "$params" requires explicit package name at /tmp/loop_over_bdir-2026226-9gN0zf/PayProp-API-Public-Client-0.04-0/blib/lib/PayProp/API/Public/Client/Role/Request.pm line 56.
# syntax error at /tmp/loop_over_bdir-2026226-9gN0zf/PayProp-API-Public-Client-0.04-0/blib/lib/PayProp/API/Public/Client/Role/Request.pm line 59, near "->%"
# Global symbol "$URL" requires explicit package name at /tmp/loop_over_bdir-2026226-9gN0zf/PayProp-API-Public-Client-0.04-0/blib/lib/PayProp/API/Public/Client/Role/Request.pm line 61.
# syntax error at /tmp/loop_over_bdir-2026226-9gN0zf/PayProp-API-Public-Client-0.04-0/blib/lib/PayProp/API/Public/Client/Role/Request.pm line 61, near "->@* "
# Global symbol "$URL" requires explicit package name at /tmp/loop_over_bdir-2026226-9gN0zf/PayProp-API-Public-Client-0.04-0/blib/lib/PayProp/API/Public/Client/Role/Request.pm line 68.
# syntax error at /tmp/loop_over_bdir-2026226-9gN0zf/PayProp-API-Public-Client-0.04-0/blib/lib/PayProp/API/Public/Client/Role/Request.pm line 71, near "}"
# /tmp/loop_over_bdir-2026226-9gN0zf/PayProp-API-Public-Client-0.04-0/blib/lib/PayProp/API/Public/Client/Role/Request.pm has too many errors.
# Compilation failed in require at /home/sand/src/perl/repoperls/installed-perls/host/k93msid/v5.20.3/29fb/lib/site_perl/5.20.3/x86_64-linux-thread-multi/Mouse/Util.pm line 295.
# at /home/sand/src/perl/repoperls/installed-perls/host/k93msid/v5.20.3/29fb/lib/site_perl/5.20.3/x86_64-linux-thread-multi/Mouse/Util.pm line 304.
# Mouse::Util::load_class("PayProp::API::Public::Client::Role::Request") called at /home/sand/src/perl/repoperls/installed-perls/host/k93msid/v5.20.3/29fb/lib/site_perl/5.20.3/x86_64-linux-thread-multi/Mouse/Util.pm line 327
# Mouse::Util::apply_all_roles("PayProp::API::Public::Client::Util::Request", "PayProp::API::Public::Client::Role::Request") called at /home/sand/src/perl/repoperls/installed-perls/host/k93msid/v5.20.3/29fb/lib/site_perl/5.20.3/x86_64-linux-thread-multi/Mouse.pm line 40
# Mouse::with("PayProp::API::Public::Client::Role::Request") called at /tmp/loop_over_bdir-2026226-9gN0zf/PayProp-API-Public-Client-0.04-0/blib/lib/PayProp/API/Public/Client/Util/Request.pm line 7
# require PayProp/API/Public/Client/Util/Request.pm called at t/payprop/api/public/client/util/request.t line 9
# main::BEGIN() called at /tmp/loop_over_bdir-2026226-9gN0zf/PayProp-API-Public-Client-0.04-0/blib/lib/PayProp/API/Public/Client/Util/Request.pm line 0
# eval {...} called at /tmp/loop_over_bdir-2026226-9gN0zf/PayProp-API-Public-Client-0.04-0/blib/lib/PayProp/API/Public/Client/Util/Request.pm line 0
# eval 'package main;
# BEGIN { ${^WARNING_BITS} = $args[-1] if defined $args[-1] }
# #line 9 t/payprop/api/public/client/util/request.t
# use PayProp::API::Public::Client::Util::Request @{$args[0]};
# 1;
# ' called at /home/sand/src/perl/repoperls/installed-perls/host/k93msid/v5.20.3/29fb/lib/site_perl/5.20.3/Test/More.pm line 1056
# Test::More::_eval("package main;\x{a}BEGIN { \${^WARNING_BITS} = \$args[-1] if defined"..., ARRAY(0x564f6c9f0cc8), "UUUUUUUUUUUUUUUU") called at /home/sand/src/perl/repoperls/installed-perls/host/k93msid/v5.20.3/29fb/lib/site_perl/5.20.3/Test/More.pm line 1031
# Test::More::use_ok("PayProp::API::Public::Client::Util::Request") called at t/payprop/api/public/client/util/request.t line 9
# Compilation failed in require at t/payprop/api/public/client/util/request.t line 9.
# BEGIN failed--compilation aborted at t/payprop/api/public/client/util/request.t line 9.
# Looks like you failed 1 test of 1.
t/payprop/api/public/client/util/request.t ..........................
Dubious, test returned 1 (wstat 256, 0x100)
Failed 1/1 subtests
Test Summary Report
-------------------
t/payprop/api/public/client.t (Wstat: 65280 (exited 255) Tests: 0 Failed: 0)
Non-zero exit status: 255
Parse errors: No plan found in TAP output
t/payprop/api/public/client/authorization/clientcredentials.t (Wstat: 65280 (exited 255) Tests: 0 Failed: 0)
Non-zero exit status: 255
Parse errors: No plan found in TAP output
t/payprop/api/public/client/authorization/storage/local.t (Wstat: 65280 (exited 255) Tests: 0 Failed: 0)
Non-zero exit status: 255
Parse errors: No plan found in TAP output
t/payprop/api/public/client/authorization/storage/memcached.t (Wstat: 65280 (exited 255) Tests: 0 Failed: 0)
Non-zero exit status: 255
Parse errors: No plan found in TAP output
t/payprop/api/public/client/exception/authorization.t (Wstat: 65280 (exited 255) Tests: 0 Failed: 0)
Non-zero exit status: 255
Parse errors: No plan found in TAP output
t/payprop/api/public/client/exception/response.t (Wstat: 65280 (exited 255) Tests: 0 Failed: 0)
Non-zero exit status: 255
Parse errors: No plan found in TAP output
t/payprop/api/public/client/request/entity.t (Wstat: 65280 (exited 255) Tests: 2 Failed: 0)
Non-zero exit status: 255
Parse errors: No plan found in TAP output
t/payprop/api/public/client/request/entity/invoice.t (Wstat: 65280 (exited 255) Tests: 2 Failed: 1)
Failed test: 1
Non-zero exit status: 255
Parse errors: No plan found in TAP output
t/payprop/api/public/client/request/entity/payment.t (Wstat: 65280 (exited 255) Tests: 2 Failed: 1)
Failed test: 1
Non-zero exit status: 255
Parse errors: No plan found in TAP output
t/payprop/api/public/client/request/export.t (Wstat: 65280 (exited 255) Tests: 2 Failed: 0)
Non-zero exit status: 255
Parse errors: No plan found in TAP output
t/payprop/api/public/client/request/export/beneficiaries.t (Wstat: 65280 (exited 255) Tests: 0 Failed: 0)
Non-zero exit status: 255
Parse errors: No plan found in TAP output
t/payprop/api/public/client/request/export/tenants.t (Wstat: 65280 (exited 255) Tests: 0 Failed: 0)
Non-zero exit status: 255
Parse errors: No plan found in TAP output
t/payprop/api/public/client/request/tags.t (Wstat: 65280 (exited 255) Tests: 0 Failed: 0)
Non-zero exit status: 255
Parse errors: No plan found in TAP output
t/payprop/api/public/client/response/entity/invoice.t (Wstat: 256 (exited 1) Tests: 2 Failed: 1)
Failed test: 1
Non-zero exit status: 1
t/payprop/api/public/client/response/entity/payment.t (Wstat: 256 (exited 1) Tests: 2 Failed: 1)
Failed test: 1
Non-zero exit status: 1
t/payprop/api/public/client/response/export/beneficiary.t (Wstat: 256 (exited 1) Tests: 2 Failed: 1)
Failed test: 1
Non-zero exit status: 1
t/payprop/api/public/client/response/export/tenant.t (Wstat: 256 (exited 1) Tests: 2 Failed: 1)
Failed test: 1
Non-zero exit status: 1
t/payprop/api/public/client/response/tag.t (Wstat: 256 (exited 1) Tests: 2 Failed: 1)
Failed test: 1
Non-zero exit status: 1
t/payprop/api/public/client/role/apirequest.t (Wstat: 65280 (exited 255) Tests: 0 Failed: 0)
Non-zero exit status: 255
Parse errors: No plan found in TAP output
t/payprop/api/public/client/role/json.t (Wstat: 65280 (exited 255) Tests: 0 Failed: 0)
Non-zero exit status: 255
Parse errors: No plan found in TAP output
t/payprop/api/public/client/role/request.t (Wstat: 65280 (exited 255) Tests: 0 Failed: 0)
Non-zero exit status: 255
Parse errors: No plan found in TAP output
t/payprop/api/public/client/util/apirequest.t (Wstat: 256 (exited 1) Tests: 1 Failed: 1)
Failed test: 1
Non-zero exit status: 1
t/payprop/api/public/client/util/request.t (Wstat: 256 (exited 1) Tests: 1 Failed: 1)
Failed test: 1
Non-zero exit status: 1
Files=44, Tests=77, 15 wallclock secs ( 0.12 usr 0.05 sys + 8.37 cusr 1.58 csys = 10.12 CPU)
Result: FAIL
------------------------------
PREREQUISITES
------------------------------
Prerequisite modules loaded:
requires:
Module Need Have
---------------------------- ----- -------
Cache::Memcached 0 1.30
Crypt::CBC 0 3.04
IO::Socket::INET 0 1.49
MIME::Base64 0 3.16
Module::Load 0 0.36
Mojo::Promise 0 0
Mojo::URL 0 0
Mojo::UserAgent 0 0
Mojolicious 0 9.34
Mouse 0 v2.5.10
Mouse::Role 0 v2.5.10
Mouse::Util::TypeConstraints 0 0
Parallel::ForkManager 0 2.02
parent 0 0.228
POSIX 0 1.38_03
strict 0 1.08
Time::HiRes 0 1.9764
warnings 0 1.23
build_requires:
Module Need Have
---------------------------- ----- -------
FindBin 0 1.53
JSON::PP 0 4.17_01
lib 0 0.63
Test::Most 0 0.37
configure_requires:
Module Need Have
---------------------------- ----- -------
Module::Build::Tiny 0.034 0.047
------------------------------
ENVIRONMENT AND OTHER CONTEXT
------------------------------
Environment variables:
AUTOMATED_TESTING = 1
LANG = en_US.UTF-8
LANGUAGE = en_US:en
PATH = /home/sand/bin:/usr/local/bin:/usr/bin:/bin:/usr/games:/usr/local/perl/bin:/usr/X11/bin:/sbin:/usr/sbin
PERL5LIB =
PERL5OPT =
PERL5_CPANPLUS_IS_RUNNING = 2819764
PERL5_CPAN_IS_RUNNING = 2819764
PERL_CANARY_STABILITY_NOPROMPT = 1
PERL_MM_USE_DEFAULT = 1
PERL_USE_UNSAFE_INC = 1
SHELL = /usr/bin/zsh
TERM = screen
Perl special variables (and OS-specific diagnostics, for MSWin32):
$^X = /home/sand/src/perl/repoperls/installed-perls/host/k93msid/v5.20.3/29fb/bin/perl
$UID/$EUID = 1005 / 1005
$GID = 1005 1005
$EGID = 1005 1005
Perl module toolchain versions installed:
Module Have
------------------- --------
CPAN 2.34
CPAN::Meta 2.150010
Cwd 3.75
ExtUtils::CBuilder 0.280236
ExtUtils::Command 7.70
ExtUtils::Install 2.06
ExtUtils::MakeMaker 7.70
ExtUtils::Manifest 1.70
ExtUtils::ParseXS 3.51
File::Spec 3.75
JSON 4.10
JSON::PP 4.17_01
Module::Build 0.4234
Module::Signature 0.88
Parse::CPAN::Meta 2.150010
Test::Harness 3.45_01
Test::More 1.302195
YAML 1.30
YAML::Syck 1.34
version 0.9930
--
Summary of my perl5 (revision 5 version 20 subversion 3) configuration:
Derived from: b67331aafd6eff33e3fd904c45e811f69cbfb0b2
Platform:
osname=linux, osvers=5.3.0-2-amd64, archname=x86_64-linux-thread-multi
uname='linux k93msid 5.3.0-2-amd64 #1 smp debian 5.3.9-3 (2019-11-19) x86_64 gnulinux '
config_args='-Dprefix=/home/sand/src/perl/repoperls/installed-perls/host/k93msid/v5.20.3/29fb -Dmyhostname=k93msid -Dinstallusrbinperl=n -Uversiononly -Dusedevel -des -Ui_db -Dlibswanted=cl pthread socket inet nsl gdbm dbm malloc dl ld sun m crypt sec util c cposix posix ucb BSD gdbm_compat -Duseithreads -Uuselongdouble -DEBUGGING=both'
hint=recommended, useposix=true, d_sigaction=define
useithreads=define, usemultiplicity=define
use64bitint=define, use64bitall=define, uselongdouble=undef
usemymalloc=n, bincompat5005=undef
Compiler:
cc='cc', ccflags ='-D_REENTRANT -D_GNU_SOURCE -fwrapv -DDEBUGGING -fno-strict-aliasing -pipe -fstack-protector -I/usr/local/include -D_LARGEFILE_SOURCE -D_FILE_OFFSET_BITS=64',
optimize='-O2 -g',
cppflags='-D_REENTRANT -D_GNU_SOURCE -fwrapv -DDEBUGGING -fno-strict-aliasing -pipe -fstack-protector -I/usr/local/include'
ccversion='', gccversion='9.2.1 20191109', gccosandvers=''
intsize=4, longsize=8, ptrsize=8, doublesize=8, byteorder=12345678
d_longlong=define, longlongsize=8, d_longdbl=define, longdblsize=16
ivtype='long', ivsize=8, nvtype='double', nvsize=8, Off_t='off_t', lseeksize=8
alignbytes=8, prototype=define
Linker and Libraries:
ld='cc', ldflags =' -fstack-protector -L/usr/local/lib'
libpth=/usr/local/lib /usr/lib/gcc/x86_64-linux-gnu/9/include-fixed /usr/include/x86_64-linux-gnu /usr/lib /lib/x86_64-linux-gnu /lib/../lib /usr/lib/x86_64-linux-gnu /usr/lib/../lib /lib
libs=-lpthread -lnsl -ldl -lm -lcrypt -lutil -lc
perllibs=-lpthread -lnsl -ldl -lm -lcrypt -lutil -lc
libc=libc-2.29.so, so=so, useshrplib=false, libperl=libperl.a
gnulibc_version='2.29'
Dynamic Linking:
dlsrc=dl_dlopen.xs, dlext=so, d_dlsymun=undef, ccdlflags='-Wl,-E'
cccdlflags='-fPIC', lddlflags='-shared -O2 -g -L/usr/local/lib -fstack-protector'
Characteristics of this binary (from libperl):
Compile-time options: DEBUGGING HAS_TIMES MULTIPLICITY PERLIO_LAYERS
PERL_DONT_CREATE_GVSV
PERL_HASH_FUNC_ONE_AT_A_TIME_HARD
PERL_IMPLICIT_CONTEXT PERL_MALLOC_WRAP
PERL_NEW_COPY_ON_WRITE PERL_PRESERVE_IVUV
PERL_TRACK_MEMPOOL PERL_USE_DEVEL USE_64_BIT_ALL
USE_64_BIT_INT USE_ITHREADS USE_LARGE_FILES
USE_LOCALE USE_LOCALE_COLLATE USE_LOCALE_CTYPE
USE_LOCALE_NUMERIC USE_PERLIO USE_PERL_ATOF
USE_REENTRANT_API
Locally applied patches:
uncommitted-changes
Built under linux
Compiled at May 15 2020 09:28:51
%ENV:
PERL5LIB=""
PERL5OPT=""
PERL5_CPANPLUS_IS_RUNNING="2819764"
PERL5_CPAN_IS_RUNNING="2819764"
PERL_CANARY_STABILITY_NOPROMPT="1"
PERL_MM_USE_DEFAULT="1"
PERL_USE_UNSAFE_INC="1"
@INC:
/home/sand/src/perl/repoperls/installed-perls/host/k93msid/v5.20.3/29fb/lib/site_perl/5.20.3/x86_64-linux-thread-multi
/home/sand/src/perl/repoperls/installed-perls/host/k93msid/v5.20.3/29fb/lib/site_perl/5.20.3
/home/sand/src/perl/repoperls/installed-perls/host/k93msid/v5.20.3/29fb/lib/5.20.3/x86_64-linux-thread-multi
/home/sand/src/perl/repoperls/installed-perls/host/k93msid/v5.20.3/29fb/lib/5.20.3
.