DateTime-Format-Intl vv0.1.0 Perl 5 v5.20.2 amd64-freebsd

Status
Fail
From
David Cantrell (DCANTRELL)
Dist
DateTime-Format-Intl vv0.1.0
Platform
Perl 5 v5.20.2 amd64-freebsd
Date
2024-10-10 00:06:33
ID
821f375a-869b-11ef-ab22-11d146c9de6a
This distribution has been tested as part of the CPAN Testers
project, supporting the Perl programming language.  See
http://wiki.cpantesters.org/ for more information or email
questions to cpan-testers-discuss@perl.org


--
Dear Jacques Deguest,

This is a computer-generated report for DateTime-Format-Intl-v0.1.0
on perl 5.20.2, created by CPAN-Reporter-1.2018.

Thank you for uploading your work to CPAN.  However, there was a problem
testing your distribution.

If you think this report is invalid, please consult the CPAN Testers Wiki
for suggestions on how to avoid getting FAIL reports for missing library
or binary dependencies, unsupported operating systems, and so on:

http://wiki.cpantesters.org/wiki/CPANAuthorNotes

Sections of this report:

    * Tester comments
    * Program output
    * Prerequisites
    * Environment and other context

------------------------------
TESTER COMMENTS
------------------------------

Additional comments from tester:

this report is from an automated smoke testing program
and was not reviewed by a human for accuracy

------------------------------
PROGRAM OUTPUT
------------------------------

Output from '/usr/bin/make test':

PERL_DL_NONLAZY=1 "/usr/home/david/cpantesting/perl-5.20.2/bin/perl" "-MExtUtils::Command::MM" "-MTest::Harness" "-e" "undef *Test::Harness::Switches; test_harness(0, 'blib/lib', 'blib/arch')" t/*.t
t/001_load.t ....................... ok
t/002_methods.t .................... ok
    # Test No 0 died: Cannot determine local time zone
    # Test No 6 died: Cannot determine local time zone

    #   Failed test 'Option "timeZone" value expected was "Asia/Tokyo", but got "UTC".'
    #   at t/003_resolved_options.t line 928.
    # Looks like you failed 1 test of 2.

#   Failed test 'DateTime::Format::Intl->new( en, {dayPeriod, hour} )'
#   at t/003_resolved_options.t line 934.
    # Test No 7 died: Cannot determine local time zone

    #   Failed test 'Option "timeZone" value expected was "Asia/Tokyo", but got "UTC".'
    #   at t/003_resolved_options.t line 928.
    # Looks like you failed 1 test of 2.

#   Failed test 'DateTime::Format::Intl->new( en, {dayPeriod, hour, minute} )'
#   at t/003_resolved_options.t line 934.
    # Test No 8 died: Cannot determine local time zone

    #   Failed test 'Option "timeZone" value expected was "Asia/Tokyo", but got "UTC".'
    #   at t/003_resolved_options.t line 928.
    # Looks like you failed 1 test of 2.

#   Failed test 'DateTime::Format::Intl->new( en, {dayPeriod, hour, minute, second} )'
#   at t/003_resolved_options.t line 934.
    # Test No 9 died: Cannot determine local time zone

    #   Failed test 'Option "timeZone" value expected was "Asia/Tokyo", but got "UTC".'
    #   at t/003_resolved_options.t line 928.
    # Looks like you failed 1 test of 2.

#   Failed test 'DateTime::Format::Intl->new( en, {weekday} )'
#   at t/003_resolved_options.t line 934.
    # Test No 10 died: Cannot determine local time zone

    #   Failed test 'Option "timeZone" value expected was "Asia/Tokyo", but got "UTC".'
    #   at t/003_resolved_options.t line 928.
    # Looks like you failed 1 test of 2.

#   Failed test 'DateTime::Format::Intl->new( en, {dayPeriod, hour, minute, weekday} )'
#   at t/003_resolved_options.t line 934.
    # Test No 11 died: Cannot determine local time zone

    #   Failed test 'Option "timeZone" value expected was "Asia/Tokyo", but got "UTC".'
    #   at t/003_resolved_options.t line 928.
    # Looks like you failed 1 test of 2.

#   Failed test 'DateTime::Format::Intl->new( en, {dayPeriod, hour, minute, second, weekday} )'
#   at t/003_resolved_options.t line 934.
    # Test No 12 died: Cannot determine local time zone

    #   Failed test 'Option "timeZone" value expected was "Asia/Tokyo", but got "UTC".'
    #   at t/003_resolved_options.t line 928.
    # Looks like you failed 1 test of 2.

#   Failed test 'DateTime::Format::Intl->new( en, {hour, hour12, minute, weekday} )'
#   at t/003_resolved_options.t line 934.
    # Test No 13 died: Cannot determine local time zone

    #   Failed test 'Option "timeZone" value expected was "Asia/Tokyo", but got "UTC".'
    #   at t/003_resolved_options.t line 928.
    # Looks like you failed 1 test of 2.

#   Failed test 'DateTime::Format::Intl->new( en, {hour, hour12, minute, second, weekday} )'
#   at t/003_resolved_options.t line 934.
    # Test No 14 died: Cannot determine local time zone

    #   Failed test 'Option "timeZone" value expected was "Asia/Tokyo", but got "UTC".'
    #   at t/003_resolved_options.t line 928.
    # Looks like you failed 1 test of 2.

#   Failed test 'DateTime::Format::Intl->new( en, {day, weekday} )'
#   at t/003_resolved_options.t line 934.
    # Test No 15 died: Cannot determine local time zone

    #   Failed test 'Option "timeZone" value expected was "Asia/Tokyo", but got "UTC".'
    #   at t/003_resolved_options.t line 928.
    # Looks like you failed 1 test of 2.

#   Failed test 'DateTime::Format::Intl->new( en, {era, year} )'
#   at t/003_resolved_options.t line 934.
    # Test No 16 died: Cannot determine local time zone

    #   Failed test 'Option "timeZone" value expected was "Asia/Tokyo", but got "UTC".'
    #   at t/003_resolved_options.t line 928.
    # Looks like you failed 1 test of 2.

#   Failed test 'DateTime::Format::Intl->new( en, {era, month, year} )'
#   at t/003_resolved_options.t line 934.
    # Test No 17 died: Cannot determine local time zone

    #   Failed test 'Option "timeZone" value expected was "Asia/Tokyo", but got "UTC".'
    #   at t/003_resolved_options.t line 928.
    # Looks like you failed 1 test of 2.

#   Failed test 'DateTime::Format::Intl->new( en, {day, era, month, weekday, year} )'
#   at t/003_resolved_options.t line 934.
    # Test No 18 died: Cannot determine local time zone

    #   Failed test 'Option "timeZone" value expected was "Asia/Tokyo", but got "UTC".'
    #   at t/003_resolved_options.t line 928.
    # Looks like you failed 1 test of 2.

#   Failed test 'DateTime::Format::Intl->new( en, {day, era, month, year} )'
#   at t/003_resolved_options.t line 934.
    # Test No 19 died: Cannot determine local time zone

    #   Failed test 'Option "timeZone" value expected was "Asia/Tokyo", but got "UTC".'
    #   at t/003_resolved_options.t line 928.
    # Looks like you failed 1 test of 2.

#   Failed test 'DateTime::Format::Intl->new( en, {day, era, month, year} )'
#   at t/003_resolved_options.t line 934.
    # Test No 20 died: Cannot determine local time zone

    #   Failed test 'Option "timeZone" value expected was "Asia/Tokyo", but got "UTC".'
    #   at t/003_resolved_options.t line 928.
    # Looks like you failed 1 test of 2.

#   Failed test 'DateTime::Format::Intl->new( en, {hour, hour12} )'
#   at t/003_resolved_options.t line 934.
    # Test No 21 died: Cannot determine local time zone

    #   Failed test 'Option "timeZone" value expected was "Asia/Tokyo", but got "UTC".'
    #   at t/003_resolved_options.t line 928.
    # Looks like you failed 1 test of 2.

#   Failed test 'DateTime::Format::Intl->new( en, {hour, hour12, minute} )'
#   at t/003_resolved_options.t line 934.
    # Test No 22 died: Cannot determine local time zone

    #   Failed test 'Option "timeZone" value expected was "Asia/Tokyo", but got "UTC".'
    #   at t/003_resolved_options.t line 928.
    # Looks like you failed 1 test of 2.

#   Failed test 'DateTime::Format::Intl->new( en, {hour, hour12, minute, second} )'
#   at t/003_resolved_options.t line 934.
    # Test No 23 died: Cannot determine local time zone

    #   Failed test 'Option "timeZone" value expected was "Asia/Tokyo", but got "UTC".'
    #   at t/003_resolved_options.t line 928.
    # Looks like you failed 1 test of 2.

#   Failed test 'DateTime::Format::Intl->new( en, {hour, hour12, minute, second, timeZoneName} )'
#   at t/003_resolved_options.t line 934.
    # Test No 24 died: Cannot determine local time zone

    #   Failed test 'Option "timeZone" value expected was "Asia/Tokyo", but got "UTC".'
    #   at t/003_resolved_options.t line 928.
    # Looks like you failed 1 test of 2.

#   Failed test 'DateTime::Format::Intl->new( en, {hour, hour12, minute, timeZoneName} )'
#   at t/003_resolved_options.t line 934.
    # Test No 25 died: Cannot determine local time zone

    #   Failed test 'Option "timeZone" value expected was "Asia/Tokyo", but got "UTC".'
    #   at t/003_resolved_options.t line 928.
    # Looks like you failed 1 test of 2.

#   Failed test 'DateTime::Format::Intl->new( en, {day, month} )'
#   at t/003_resolved_options.t line 934.
    # Test No 26 died: Cannot determine local time zone

    #   Failed test 'Option "timeZone" value expected was "Asia/Tokyo", but got "UTC".'
    #   at t/003_resolved_options.t line 928.
    # Looks like you failed 1 test of 2.

#   Failed test 'DateTime::Format::Intl->new( en, {month} )'
#   at t/003_resolved_options.t line 934.
    # Test No 27 died: Cannot determine local time zone

    #   Failed test 'Option "timeZone" value expected was "Asia/Tokyo", but got "UTC".'
    #   at t/003_resolved_options.t line 928.
    # Looks like you failed 1 test of 2.

#   Failed test 'DateTime::Format::Intl->new( en, {day, month, weekday} )'
#   at t/003_resolved_options.t line 934.
    # Test No 28 died: Cannot determine local time zone

    #   Failed test 'Option "timeZone" value expected was "Asia/Tokyo", but got "UTC".'
    #   at t/003_resolved_options.t line 928.
    # Looks like you failed 1 test of 2.

#   Failed test 'DateTime::Format::Intl->new( en, {month} )'
#   at t/003_resolved_options.t line 934.
    # Test No 29 died: Cannot determine local time zone

    #   Failed test 'Option "timeZone" value expected was "Asia/Tokyo", but got "UTC".'
    #   at t/003_resolved_options.t line 928.
    # Looks like you failed 1 test of 2.

#   Failed test 'DateTime::Format::Intl->new( en, {day, month, weekday} )'
#   at t/003_resolved_options.t line 934.
    # Test No 30 died: Cannot determine local time zone

    #   Failed test 'Option "timeZone" value expected was "Asia/Tokyo", but got "UTC".'
    #   at t/003_resolved_options.t line 928.
    # Looks like you failed 1 test of 2.

#   Failed test 'DateTime::Format::Intl->new( en, {day, month} )'
#   at t/003_resolved_options.t line 934.
    # Test No 31 died: Cannot determine local time zone

    #   Failed test 'Option "timeZone" value expected was "Asia/Tokyo", but got "UTC".'
    #   at t/003_resolved_options.t line 928.
    # Looks like you failed 1 test of 2.

#   Failed test 'DateTime::Format::Intl->new( en, {day, month, year} )'
#   at t/003_resolved_options.t line 934.
    # Test No 32 died: Cannot determine local time zone

    #   Failed test 'Option "timeZone" value expected was "Asia/Tokyo", but got "UTC".'
    #   at t/003_resolved_options.t line 928.
    # Looks like you failed 1 test of 2.

#   Failed test 'DateTime::Format::Intl->new( en, {day, month} )'
#   at t/003_resolved_options.t line 934.
    # Test No 33 died: Cannot determine local time zone

    #   Failed test 'Option "timeZone" value expected was "Asia/Tokyo", but got "UTC".'
    #   at t/003_resolved_options.t line 928.
    # Looks like you failed 1 test of 2.

#   Failed test 'DateTime::Format::Intl->new( en, {day} )'
#   at t/003_resolved_options.t line 934.
    # Test No 34 died: Cannot determine local time zone

    #   Failed test 'Option "timeZone" value expected was "Asia/Tokyo", but got "UTC".'
    #   at t/003_resolved_options.t line 928.
    # Looks like you failed 1 test of 2.

#   Failed test 'DateTime::Format::Intl->new( en, {hour, hour12} )'
#   at t/003_resolved_options.t line 934.
    # Test No 35 died: Cannot determine local time zone

    #   Failed test 'Option "timeZone" value expected was "Asia/Tokyo", but got "UTC".'
    #   at t/003_resolved_options.t line 928.
    # Looks like you failed 1 test of 2.

#   Failed test 'DateTime::Format::Intl->new( en, {hour, hour12, minute} )'
#   at t/003_resolved_options.t line 934.
    # Test No 36 died: Cannot determine local time zone

    #   Failed test 'Option "timeZone" value expected was "Asia/Tokyo", but got "UTC".'
    #   at t/003_resolved_options.t line 928.
    # Looks like you failed 1 test of 2.

#   Failed test 'DateTime::Format::Intl->new( en, {hour, hour12, minute, second} )'
#   at t/003_resolved_options.t line 934.
    # Test No 37 died: Cannot determine local time zone

    #   Failed test 'Option "timeZone" value expected was "Asia/Tokyo", but got "UTC".'
    #   at t/003_resolved_options.t line 928.
    # Looks like you failed 1 test of 2.

#   Failed test 'DateTime::Format::Intl->new( en, {hour, hour12, minute, second, timeZoneName} )'
#   at t/003_resolved_options.t line 934.
    # Test No 38 died: Cannot determine local time zone

    #   Failed test 'Option "timeZone" value expected was "Asia/Tokyo", but got "UTC".'
    #   at t/003_resolved_options.t line 928.
    # Looks like you failed 1 test of 2.

#   Failed test 'DateTime::Format::Intl->new( en, {hour, hour12, minute, timeZoneName} )'
#   at t/003_resolved_options.t line 934.
    # Test No 39 died: Cannot determine local time zone

    #   Failed test 'Option "timeZone" value expected was "Asia/Tokyo", but got "UTC".'
    #   at t/003_resolved_options.t line 928.
    # Looks like you failed 1 test of 2.

#   Failed test 'DateTime::Format::Intl->new( en, {minute, second} )'
#   at t/003_resolved_options.t line 934.
    # Test No 40 died: Cannot determine local time zone

    #   Failed test 'Option "timeZone" value expected was "Asia/Tokyo", but got "UTC".'
    #   at t/003_resolved_options.t line 928.
    # Looks like you failed 1 test of 2.

#   Failed test 'DateTime::Format::Intl->new( en, {year} )'
#   at t/003_resolved_options.t line 934.
    # Test No 41 died: Cannot determine local time zone

    #   Failed test 'Option "timeZone" value expected was "Asia/Tokyo", but got "UTC".'
    #   at t/003_resolved_options.t line 928.
    # Looks like you failed 1 test of 2.

#   Failed test 'DateTime::Format::Intl->new( en, {month, year} )'
#   at t/003_resolved_options.t line 934.
    # Test No 42 died: Cannot determine local time zone

    #   Failed test 'Option "timeZone" value expected was "Asia/Tokyo", but got "UTC".'
    #   at t/003_resolved_options.t line 928.
    # Looks like you failed 1 test of 2.

#   Failed test 'DateTime::Format::Intl->new( en, {day, month, weekday, year} )'
#   at t/003_resolved_options.t line 934.
    # Test No 43 died: Cannot determine local time zone

    #   Failed test 'Option "timeZone" value expected was "Asia/Tokyo", but got "UTC".'
    #   at t/003_resolved_options.t line 928.
    # Looks like you failed 1 test of 2.

#   Failed test 'DateTime::Format::Intl->new( en, {month, year} )'
#   at t/003_resolved_options.t line 934.
    # Test No 44 died: Cannot determine local time zone

    #   Failed test 'Option "timeZone" value expected was "Asia/Tokyo", but got "UTC".'
    #   at t/003_resolved_options.t line 928.
    # Looks like you failed 1 test of 2.

#   Failed test 'DateTime::Format::Intl->new( en, {day, month, weekday, year} )'
#   at t/003_resolved_options.t line 934.
    # Test No 45 died: Cannot determine local time zone

    #   Failed test 'Option "timeZone" value expected was "Asia/Tokyo", but got "UTC".'
    #   at t/003_resolved_options.t line 928.
    # Looks like you failed 1 test of 2.

#   Failed test 'DateTime::Format::Intl->new( en, {month, year} )'
#   at t/003_resolved_options.t line 934.
    # Test No 46 died: Cannot determine local time zone

    #   Failed test 'Option "timeZone" value expected was "Asia/Tokyo", but got "UTC".'
    #   at t/003_resolved_options.t line 928.
    # Looks like you failed 1 test of 2.

#   Failed test 'DateTime::Format::Intl->new( en, {day, month, year} )'
#   at t/003_resolved_options.t line 934.
    # Test No 47 died: Cannot determine local time zone

    #   Failed test 'Option "timeZone" value expected was "Asia/Tokyo", but got "UTC".'
    #   at t/003_resolved_options.t line 928.
    # Looks like you failed 1 test of 2.

#   Failed test 'DateTime::Format::Intl->new( en, {day, month, year} )'
#   at t/003_resolved_options.t line 934.
    # Test No 48 died: Cannot determine local time zone

    #   Failed test 'Option "timeZone" value expected was "Asia/Tokyo", but got "UTC".'
    #   at t/003_resolved_options.t line 928.
    # Looks like you failed 1 test of 2.

#   Failed test 'DateTime::Format::Intl->new( en, {month, year} )'
#   at t/003_resolved_options.t line 934.
    # Test No 49 died: Cannot determine local time zone

    #   Failed test 'Option "timeZone" value expected was "Asia/Tokyo", but got "UTC".'
    #   at t/003_resolved_options.t line 928.
    # Looks like you failed 1 test of 2.

#   Failed test 'DateTime::Format::Intl->new( en, {month, year} )'
#   at t/003_resolved_options.t line 934.
    # Test No 50 died: Cannot determine local time zone

    #   Failed test 'Option "timeZone" value expected was "Asia/Tokyo", but got "UTC".'
    #   at t/003_resolved_options.t line 928.
    # Looks like you failed 1 test of 2.

#   Failed test 'DateTime::Format::Intl->new( en, {day, month, year} )'
#   at t/003_resolved_options.t line 934.
    # Test No 51 died: Cannot determine local time zone

    #   Failed test 'Option "timeZone" value expected was "Asia/Tokyo", but got "UTC".'
    #   at t/003_resolved_options.t line 928.
    # Looks like you failed 1 test of 2.

#   Failed test 'DateTime::Format::Intl->new( en, {minute} )'
#   at t/003_resolved_options.t line 934.
    # Test No 52 died: Cannot determine local time zone

    #   Failed test 'Option "timeZone" value expected was "Asia/Tokyo", but got "UTC".'
    #   at t/003_resolved_options.t line 928.
    # Looks like you failed 1 test of 2.

#   Failed test 'DateTime::Format::Intl->new( en, {second} )'
#   at t/003_resolved_options.t line 934.
# Looks like you failed 47 tests of 54.
t/003_resolved_options.t ........... 
Dubious, test returned 47 (wstat 12032, 0x2f00)
Failed 47/54 subtests 
t/004_supported_locales_of.t ....... ok
    # Test No 0 died: Cannot determine local time zone
    # Test No 1 died: Cannot determine local time zone
    # Test No 2 died: Cannot determine local time zone
    # Test No 3 died: Cannot determine local time zone
    # Test No 4 died: Cannot determine local time zone
    # Test No 5 died: Cannot determine local time zone
    # Test No 6 died: Cannot determine local time zone
    # Test No 7 died: Cannot determine local time zone
    # Test No 8 died: Cannot determine local time zone
    # Test No 9 died: Cannot determine local time zone
    # Test No 10 died: Cannot determine local time zone
    # Test No 11 died: Cannot determine local time zone
    # Test No 12 died: Cannot determine local time zone
    # Test No 13 died: Cannot determine local time zone
    # Test No 14 died: Cannot determine local time zone
    # Test No 15 died: Cannot determine local time zone
    # Test No 16 died: Cannot determine local time zone
    # Test No 17 died: Cannot determine local time zone
    # Test No 18 died: Cannot determine local time zone
    # Test No 19 died: Cannot determine local time zone
    # Test No 20 died: Cannot determine local time zone
    # Test No 21 died: Cannot determine local time zone
    # Test No 22 died: Cannot determine local time zone
    # Test No 23 died: Cannot determine local time zone
    # Test No 24 died: Cannot determine local time zone
    # Test No 25 died: Cannot determine local time zone
    # Test No 26 died: Cannot determine local time zone
    # Test No 27 died: Cannot determine local time zone
    # Test No 28 died: Cannot determine local time zone
    # Test No 29 died: Cannot determine local time zone
    # Test No 30 died: Cannot determine local time zone
    # Test No 31 died: Cannot determine local time zone
    # Test No 32 died: Cannot determine local time zone
    # Test No 33 died: Cannot determine local time zone
    # Test No 34 died: Cannot determine local time zone
    # Test No 35 died: Cannot determine local time zone
    # Test No 36 died: Cannot determine local time zone
    # Test No 37 died: Cannot determine local time zone
    # Test No 38 died: Cannot determine local time zone
    # Test No 39 died: Cannot determine local time zone
    # Test No 40 died: Cannot determine local time zone
    # Test No 41 died: Cannot determine local time zone
    # Test No 42 died: Cannot determine local time zone
    # Test No 43 died: Cannot determine local time zone
    # Test No 44 died: Cannot determine local time zone
t/005_select_best_pattern.t ........ ok
    # Test No 0 died: Cannot determine local time zone
t/006_format.t ..................... ok
    # Test No 0 died: Cannot determine local time zone
    # Test No 1 died: Cannot determine local time zone
    # Test No 2 died: Cannot determine local time zone
    # Test No 3 died: Cannot determine local time zone
    # Test No 4 died: Cannot determine local time zone
    # Test No 5 died: Cannot determine local time zone
    # Test No 6 died: Cannot determine local time zone
    # Test No 7 died: Cannot determine local time zone
    # Test No 8 died: Cannot determine local time zone
    # Test No 9 died: Cannot determine local time zone
    # Test No 10 died: Cannot determine local time zone
    # Test No 11 died: Cannot determine local time zone
    # Test No 12 died: Cannot determine local time zone
    # Test No 13 died: Cannot determine local time zone
    # Test No 14 died: Cannot determine local time zone
    # Test No 15 died: Cannot determine local time zone
    # Test No 16 died: Cannot determine local time zone
    # Test No 17 died: Cannot determine local time zone
    # Test No 18 died: Cannot determine local time zone
    # Test No 19 died: Cannot determine local time zone
    # Test No 20 died: Cannot determine local time zone
    # Test No 21 died: Cannot determine local time zone
    # Test No 22 died: Cannot determine local time zone
    # Test No 23 died: Cannot determine local time zone
    # Test No 24 died: Cannot determine local time zone
    # Test No 25 died: Cannot determine local time zone
    # Test No 26 died: Cannot determine local time zone
    # Test No 27 died: Cannot determine local time zone
    # Test No 28 died: Cannot determine local time zone
    # Test No 29 died: Cannot determine local time zone
    # Test No 30 died: Cannot determine local time zone
    # Test No 31 died: Cannot determine local time zone
    # Test No 32 died: Cannot determine local time zone
    # Test No 33 died: Cannot determine local time zone
    # Test No 34 died: Cannot determine local time zone
    # Test No 35 died: Cannot determine local time zone
    # Test No 36 died: Cannot determine local time zone
    # Test No 37 died: Cannot determine local time zone
    # Test No 38 died: Cannot determine local time zone
    # Test No 39 died: Cannot determine local time zone
    # Test No 40 died: Cannot determine local time zone
    # Test No 41 died: Cannot determine local time zone
    # Test No 42 died: Cannot determine local time zone
    # Test No 43 died: Cannot determine local time zone
    # Test No 44 died: Cannot determine local time zone
    # Test No 45 died: Cannot determine local time zone
    # Test No 46 died: Cannot determine local time zone
    # Test No 47 died: Cannot determine local time zone
    # Test No 48 died: Cannot determine local time zone
    # Test No 49 died: Cannot determine local time zone
    # Test No 50 died: Cannot determine local time zone
    # Test No 51 died: Cannot determine local time zone
    # Test No 52 died: Cannot determine local time zone
    # Test No 53 died: Cannot determine local time zone
    # Test No 54 died: Cannot determine local time zone
    # Test No 55 died: Cannot determine local time zone
    # Test No 56 died: Cannot determine local time zone
    # Test No 57 died: Cannot determine local time zone
    # Test No 58 died: Cannot determine local time zone
    # Test No 59 died: Cannot determine local time zone
    # Test No 60 died: Cannot determine local time zone
    # Test No 61 died: Cannot determine local time zone
    # Test No 62 died: Cannot determine local time zone
    # Test No 63 died: Cannot determine local time zone
    # Test No 64 died: Cannot determine local time zone
    # Test No 65 died: Cannot determine local time zone
    # Test No 66 died: Cannot determine local time zone
    # Test No 67 died: Cannot determine local time zone
    # Test No 68 died: Cannot determine local time zone
    # Test No 69 died: Cannot determine local time zone
    # Test No 70 died: Cannot determine local time zone
    # Test No 71 died: Cannot determine local time zone
    # Test No 72 died: Cannot determine local time zone
    # Test No 73 died: Cannot determine local time zone
    # Test No 74 died: Cannot determine local time zone
t/007_select_best_range_pattern.t .. ok
    # Test No 0 died: Cannot determine local time zone
    # Test No 1 died: Cannot determine local time zone
    # Test No 2 died: Cannot determine local time zone
    # Test No 3 died: Cannot determine local time zone
    # Test No 4 died: Cannot determine local time zone
    # Test No 5 died: Cannot determine local time zone
    # Test No 6 died: Cannot determine local time zone
    # Test No 7 died: Cannot determine local time zone
    # Test No 8 died: Cannot determine local time zone
    # Test No 9 died: Cannot determine local time zone
    # Test No 10 died: Cannot determine local time zone
    # Test No 11 died: Cannot determine local time zone
    # Test No 12 died: Cannot determine local time zone
    # Test No 13 died: Cannot determine local time zone
    # Test No 14 died: Cannot determine local time zone
    # Test No 15 died: Cannot determine local time zone
    # Test No 16 died: Cannot determine local time zone
    # Test No 17 died: Cannot determine local time zone
    # Test No 18 died: Cannot determine local time zone
    # Test No 19 died: Cannot determine local time zone
    # Test No 20 died: Cannot determine local time zone
    # Test No 21 died: Cannot determine local time zone
    # Test No 22 died: Cannot determine local time zone
    # Test No 23 died: Cannot determine local time zone
    # Test No 24 died: Cannot determine local time zone
    # Test No 25 died: Cannot determine local time zone
    # Test No 26 died: Cannot determine local time zone
    # Test No 27 died: Cannot determine local time zone
    # Test No 28 died: Cannot determine local time zone
    # Test No 29 died: Cannot determine local time zone
    # Test No 30 died: Cannot determine local time zone
    # Test No 31 died: Cannot determine local time zone
    # Test No 32 died: Cannot determine local time zone
    # Test No 33 died: Cannot determine local time zone
    # Test No 34 died: Cannot determine local time zone
    # Test No 35 died: Cannot determine local time zone
    # Test No 36 died: Cannot determine local time zone
    # Test No 37 died: Cannot determine local time zone
    # Test No 38 died: Cannot determine local time zone
    # Test No 39 died: Cannot determine local time zone
    # Test No 40 died: Cannot determine local time zone
    # Test No 41 died: Cannot determine local time zone
    # Test No 42 died: Cannot determine local time zone
    # Test No 43 died: Cannot determine local time zone
    # Test No 44 died: Cannot determine local time zone
    # Test No 45 died: Cannot determine local time zone
    # Test No 46 died: Cannot determine local time zone
    # Test No 47 died: Cannot determine local time zone
    # Test No 48 died: Cannot determine local time zone
    # Test No 49 died: Cannot determine local time zone
    # Test No 50 died: Cannot determine local time zone
    # Test No 51 died: Cannot determine local time zone
    # Test No 52 died: Cannot determine local time zone
    # Test No 53 died: Cannot determine local time zone
    # Test No 54 died: Cannot determine local time zone
    # Test No 55 died: Cannot determine local time zone
    # Test No 56 died: Cannot determine local time zone
    # Test No 57 died: Cannot determine local time zone
    # Test No 58 died: Cannot determine local time zone
    # Test No 59 died: Cannot determine local time zone
    # Test No 60 died: Cannot determine local time zone
    # Test No 61 died: Cannot determine local time zone
    # Test No 62 died: Cannot determine local time zone
    # Test No 63 died: Cannot determine local time zone
    # Test No 64 died: Cannot determine local time zone
    # Test No 65 died: Cannot determine local time zone
    # Test No 66 died: Cannot determine local time zone
    # Test No 67 died: Cannot determine local time zone
    # Test No 68 died: Cannot determine local time zone
    # Test No 69 died: Cannot determine local time zone
    # Test No 70 died: Cannot determine local time zone
    # Test No 71 died: Cannot determine local time zone
    # Test No 72 died: Cannot determine local time zone
    # Test No 73 died: Cannot determine local time zone
    # Test No 74 died: Cannot determine local time zone
t/008_format_range.t ............... ok
    # Test No 0 died: Cannot determine local time zone
    # Test No 1 died: Cannot determine local time zone
    # Test No 2 died: Cannot determine local time zone
    # Test No 3 died: Cannot determine local time zone
    # Test No 4 died: Cannot determine local time zone
    # Test No 5 died: Cannot determine local time zone
    # Test No 5 died: fmax is not a valid POSIX macro at lib/DateTime/Format/Intl.pm line 3084
    # No tests run!

#   Failed test 'No tests run for subtest "DateTime::Format::Intl->new( en, {hour, minute, month, timeZoneName, weekday, year} )"'
#   at t/009_date_time_combination.t line 305.
fmax is not a valid POSIX macro at lib/DateTime/Format/Intl.pm line 3084
# Tests were run but no plan was declared and done_testing() was not seen.
# Looks like your test exited with 2 just after 8.
t/009_date_time_combination.t ...... 
Dubious, test returned 2 (wstat 512, 0x200)
Failed 1/8 subtests 
    # Test No 0 died: Cannot determine local time zone
t/010_format_to_parts.t ............ ok
    # Test No 0 died: Cannot determine local time zone
    # Test No 1 died: Cannot determine local time zone
    # Test No 2 died: Cannot determine local time zone
    # Test No 3 died: Cannot determine local time zone
    # Test No 4 died: Cannot determine local time zone
    # Test No 5 died: Cannot determine local time zone
    # Test No 6 died: Cannot determine local time zone
    # Test No 7 died: Cannot determine local time zone
    # Test No 8 died: Cannot determine local time zone
    # Test No 9 died: Cannot determine local time zone
    # Test No 10 died: Cannot determine local time zone
    # Test No 11 died: Cannot determine local time zone
    # Test No 12 died: Cannot determine local time zone
    # Test No 13 died: Cannot determine local time zone
    # Test No 14 died: Cannot determine local time zone
    # Test No 15 died: Cannot determine local time zone
    # Test No 16 died: Cannot determine local time zone
    # Test No 17 died: Cannot determine local time zone
    # Test No 18 died: Cannot determine local time zone
    # Test No 19 died: Cannot determine local time zone
    # Test No 20 died: Cannot determine local time zone
    # Test No 21 died: Cannot determine local time zone
    # Test No 22 died: Cannot determine local time zone
    # Test No 23 died: Cannot determine local time zone
    # Test No 24 died: Cannot determine local time zone
    # Test No 25 died: Cannot determine local time zone
    # Test No 26 died: Cannot determine local time zone
    # Test No 27 died: Cannot determine local time zone
    # Test No 28 died: Cannot determine local time zone
    # Test No 29 died: Cannot determine local time zone
    # Test No 30 died: Cannot determine local time zone
    # Test No 31 died: Cannot determine local time zone
    # Test No 32 died: Cannot determine local time zone
    # Test No 33 died: Cannot determine local time zone
    # Test No 34 died: Cannot determine local time zone
    # Test No 35 died: Cannot determine local time zone
    # Test No 36 died: Cannot determine local time zone
    # Test No 37 died: Cannot determine local time zone
    # Test No 38 died: Cannot determine local time zone
    # Test No 39 died: Cannot determine local time zone
    # Test No 40 died: Cannot determine local time zone
    # Test No 41 died: Cannot determine local time zone
    # Test No 42 died: Cannot determine local time zone
    # Test No 43 died: Cannot determine local time zone
    # Test No 44 died: Cannot determine local time zone
    # Test No 45 died: Cannot determine local time zone
    # Test No 46 died: Cannot determine local time zone
    # Test No 47 died: Cannot determine local time zone
    # Test No 48 died: Cannot determine local time zone
    # Test No 49 died: Cannot determine local time zone
    # Test No 50 died: Cannot determine local time zone
    # Test No 51 died: Cannot determine local time zone
    # Test No 52 died: Cannot determine local time zone
    # Test No 53 died: Cannot determine local time zone
    # Test No 54 died: Cannot determine local time zone
    # Test No 55 died: Cannot determine local time zone
    # Test No 56 died: Cannot determine local time zone
    # Test No 57 died: Cannot determine local time zone
    # Test No 58 died: Cannot determine local time zone
    # Test No 59 died: Cannot determine local time zone
    # Test No 60 died: Cannot determine local time zone
    # Test No 61 died: Cannot determine local time zone
    # Test No 62 died: Cannot determine local time zone
    # Test No 63 died: Cannot determine local time zone
    # Test No 64 died: Cannot determine local time zone
    # Test No 65 died: Cannot determine local time zone
    # Test No 66 died: Cannot determine local time zone
    # Test No 67 died: Cannot determine local time zone
    # Test No 68 died: Cannot determine local time zone
    # Test No 69 died: Cannot determine local time zone
    # Test No 70 died: Cannot determine local time zone
    # Test No 71 died: Cannot determine local time zone
    # Test No 72 died: Cannot determine local time zone
    # Test No 73 died: Cannot determine local time zone
    # Test No 74 died: Cannot determine local time zone
t/011_format_range_to_parts.t ...... ok
t/900_pod.t ........................ skipped: These tests are for author or release candidate testing
t/910_coverage.t ................... skipped: These tests are for author or release candidate testing
t/920_manifest.t ................... skipped: Author tests not required for installation
t/930_signature.t .................. skipped: Set the environment variable AUTHOR_TESTING to enable this test.
t/999_kwalitee.t ................... skipped: These tests are for author or release candidate testing

Test Summary Report
-------------------
t/003_resolved_options.t         (Wstat: 12032 (exited 47) Tests: 54 Failed: 47)
  Failed tests:  8-54
  Non-zero exit status: 47
t/009_date_time_combination.t    (Wstat: 512 (exited 2) Tests: 8 Failed: 1)
  Failed test:  8
  Non-zero exit status: 2
  Parse errors: No plan found in TAP output
Files=16, Tests=439, 161 wallclock secs ( 0.59 usr  0.16 sys + 45.00 cusr  3.80 csys = 49.55 CPU)
Result: FAIL
Failed 2/16 test programs. 48/439 subtests failed.
*** Error code 255

Stop.
make: stopped in /usr/home/david/cpantesting/perl-5.20.2/.cpan/build/DateTime-Format-Intl-v0.1.0-zi8NE7

------------------------------
PREREQUISITES
------------------------------

Prerequisite modules loaded:

requires:

    Module                     Need     Have    
    -------------------------- -------- --------
    DateTime                   0.42     1.65    
    DateTime::Format::Unicode  v0.1.3   v0.1.3  
    DateTime::Locale::FromCLDR v0.4.3   v0.4.3  
    Locale::Intl               v0.1.0   v0.1.2  
    Locale::Unicode::Data      v1.0.4   v1.0.4  
    parent                     0        0.241   
    perl                       5.010001 5.020002
    POSIX                      0        1.38_03 
    Scalar::Util               0        1.63    
    strict                     0        1.08    
    vars                       0        1.03    
    Want                       0.17     0.29    
    warnings                   0        1.23    
    warnings::register         0        1.03    

build_requires:

    Module                     Need     Have    
    -------------------------- -------- --------
    ExtUtils::MakeMaker        0        7.70    
    lib                        0.63     0.63    
    open                       0        1.10    
    Test::More                 1.302120 1.302198
    Test::Pod                  1.52     1.52    
    utf8                       0        1.13_01 

configure_requires:

    Module                     Need     Have    
    -------------------------- -------- --------
    ExtUtils::MakeMaker        0        7.70    


------------------------------
ENVIRONMENT AND OTHER CONTEXT
------------------------------

Environment variables:

    AUTOMATED_TESTING = 1
    LANG = en_GB.UTF-8
    NONINTERACTIVE_TESTING = 1
    PATH = /home/david/perl5/perlbrew/bin:/home/david/perl5/perlbrew/perls/perl-5.30.2/bin:/home/david/.cargo/bin:/sbin:/bin:/usr/sbin:/usr/bin:/usr/local/sbin:/usr/local/bin:/home/david/bin
    PERL = 5.20.2
    PERL5LIB = 
    PERL5OPT = 
    PERL5_CPANPLUS_IS_RUNNING = 28003
    PERL5_CPAN_IS_RUNNING = 28003
    PERLBREW_HOME = /home/david/.perlbrew
    PERLBREW_MANPATH = /home/david/perl5/perlbrew/perls/perl-5.30.2/man
    PERLBREW_PATH = /home/david/perl5/perlbrew/bin:/home/david/perl5/perlbrew/perls/perl-5.30.2/bin
    PERLBREW_PERL = perl-5.30.2
    PERLBREW_ROOT = /home/david/perl5/perlbrew
    PERLBREW_SHELLRC_VERSION = 0.89
    PERLBREW_VERSION = 0.89
    PERLVER = 5.20.2
    PERL_INLINE_DIRECTORY = /home/david/.Inline-5.20.2
    PERL_MM_USE_DEFAULT = 1
    PERL_USE_UNSAFE_INC = 0
    SHELL = /usr/local/bin/bash
    TERM = screen

Perl special variables (and OS-specific diagnostics, for MSWin32):

    $^X = /usr/home/david/cpantesting/perl-5.20.2/bin/perl
    $UID/$EUID = 1001 / 1001
    $GID = 1001 1001 0
    $EGID = 1001 1001 0

Perl module toolchain versions installed:

    Module              Have    
    ------------------- --------
    CPAN                2.05    
    CPAN::Meta          2.150010
    Cwd                 3.75    
    ExtUtils::CBuilder  0.280236
    ExtUtils::Command   7.70    
    ExtUtils::Install   2.22    
    ExtUtils::MakeMaker 7.70    
    ExtUtils::Manifest  1.75    
    ExtUtils::ParseXS   3.51    
    File::Spec          3.75    
    JSON                4.10    
    JSON::PP            4.16    
    Module::Build       0.4234  
    Module::Signature   n/a     
    Parse::CPAN::Meta   2.150010
    Test::Harness       3.48    
    Test::More          1.302198
    YAML                1.30    
    YAML::Syck          n/a     
    version             0.9930  


--

Summary of my perl5 (revision 5 version 20 subversion 2) configuration:
   
  Platform:
    osname=freebsd, osvers=13.0-release-p7, archname=amd64-freebsd
    uname='freebsd cpantesting-freebsd-utm.local 13.0-release-p7 freebsd 13.0-release-p7 #0: mon jan 31 18:24:03 utc 2022 root@amd64-builder.daemonology.net:usrobjusrsrcamd64.amd64sysgeneric amd64 '
    config_args='-de -Dprefix=/home/david/cpantesting/perl-5.20.2'
    hint=recommended, useposix=true, d_sigaction=define
    useithreads=undef, usemultiplicity=undef
    use64bitint=define, use64bitall=define, uselongdouble=undef
    usemymalloc=n, bincompat5005=undef
  Compiler:
    cc='cc', ccflags ='-DHAS_FPSETMASK -DHAS_FLOATINGPOINT_H -fno-strict-aliasing -pipe -fstack-protector -I/usr/local/include',
    optimize='-O2',
    cppflags='-DHAS_FPSETMASK -DHAS_FLOATINGPOINT_H -fno-strict-aliasing -pipe -fstack-protector -I/usr/local/include'
    ccversion='', gccversion='FreeBSD Clang 11.0.1 (git@github.com:llvm/llvm-project.git llvmorg-11.0.1-0-g43ff75f2c3fe)', gccosandvers=''
    intsize=4, longsize=8, ptrsize=8, doublesize=8, byteorder=12345678
    d_longlong=define, longlongsize=8, d_longdbl=define, longdblsize=16
    ivtype='long', ivsize=8, nvtype='double', nvsize=8, Off_t='off_t', lseeksize=8
    alignbytes=8, prototype=define
  Linker and Libraries:
    ld='cc', ldflags ='-Wl,-E  -fstack-protector -L/usr/local/lib'
    libpth=/usr/lib /usr/local/lib /usr/lib/clang/11.0.1/lib /usr/lib
    libs=-lgdbm -ldl -lm -lcrypt -lutil -lc
    perllibs=-ldl -lm -lcrypt -lutil -lc
    libc=, so=so, useshrplib=false, libperl=libperl.a
    gnulibc_version=''
  Dynamic Linking:
    dlsrc=dl_dlopen.xs, dlext=so, d_dlsymun=undef, ccdlflags=' '
    cccdlflags='-DPIC -fPIC', lddlflags='-shared  -L/usr/local/lib -fstack-protector'


Characteristics of this binary (from libperl): 
  Compile-time options: HAS_TIMES PERLIO_LAYERS PERL_DONT_CREATE_GVSV
                        PERL_HASH_FUNC_ONE_AT_A_TIME_HARD PERL_MALLOC_WRAP
                        PERL_NEW_COPY_ON_WRITE PERL_PRESERVE_IVUV
                        USE_64_BIT_ALL USE_64_BIT_INT USE_LARGE_FILES
                        USE_LOCALE USE_LOCALE_COLLATE USE_LOCALE_CTYPE
                        USE_LOCALE_NUMERIC USE_PERLIO USE_PERL_ATOF
  Locally applied patches:
	Devel::PatchPerl 2.08
  Built under freebsd
  Compiled at Feb  3 2022 13:12:54
  %ENV:
    PERL="5.20.2"
    PERL5LIB=""
    PERL5OPT=""
    PERL5_CPANPLUS_IS_RUNNING="28003"
    PERL5_CPAN_IS_RUNNING="28003"
    PERLBREW_HOME="/home/david/.perlbrew"
    PERLBREW_MANPATH="/home/david/perl5/perlbrew/perls/perl-5.30.2/man"
    PERLBREW_PATH="/home/david/perl5/perlbrew/bin:/home/david/perl5/perlbrew/perls/perl-5.30.2/bin"
    PERLBREW_PERL="perl-5.30.2"
    PERLBREW_ROOT="/home/david/perl5/perlbrew"
    PERLBREW_SHELLRC_VERSION="0.89"
    PERLBREW_VERSION="0.89"
    PERLVER="5.20.2"
    PERL_INLINE_DIRECTORY="/home/david/.Inline-5.20.2"
    PERL_MM_USE_DEFAULT="1"
    PERL_USE_UNSAFE_INC="0"
  @INC:
    /home/david/cpantesting/perl-5.20.2/lib/site_perl/5.20.2/amd64-freebsd
    /home/david/cpantesting/perl-5.20.2/lib/site_perl/5.20.2
    /home/david/cpantesting/perl-5.20.2/lib/5.20.2/amd64-freebsd
    /home/david/cpantesting/perl-5.20.2/lib/5.20.2
    .