Report for rpm-build-perl-0.82

Back
From: metabase:user:314402c4-2aae-11df-837a-5e0a49663a4f
Subject: FAIL rpm-build-perl-0.82 v5.22.2 FreeBSD
Date: 2016-08-30T22:31:29Z

This distribution has been tested as part of the CPAN Testers
project, supporting the Perl programming language.  See
http://wiki.cpantesters.org/ for more information or email
questions to cpan-testers-discuss@perl.org


--
Dear Alexey Tourbin,

This is a computer-generated report for rpm-build-perl-0.82
on perl 5.22.2, created by CPAN-Reporter-1.2017.

Thank you for uploading your work to CPAN.  However, there was a problem
testing your distribution.

If you think this report is invalid, please consult the CPAN Testers Wiki
for suggestions on how to avoid getting FAIL reports for missing library
or binary dependencies, unsupported operating systems, and so on:

http://wiki.cpantesters.org/wiki/CPANAuthorNotes

Sections of this report:

    * Tester comments
    * Program output
    * Prerequisites
    * Environment and other context

------------------------------
TESTER COMMENTS
------------------------------

Additional comments from tester:

none provided

------------------------------
PROGRAM OUTPUT
------------------------------

Output from '/usr/bin/make test':

Running Mkbootstrap for B::ConstOptree ()
chmod 644 "ConstOptree.bs"
Manifying 1 pod document
PERL_DL_NONLAZY=1 "/usr/perl5.22.2t/bin/perl" "-MExtUtils::Command::MM" "-MTest::Harness" "-e" "undef *Test::Harness::Switches; test_harness(0, 'blib/lib', 'blib/arch')" t/*.t
dying at -e line 1
 at /home/cpansand/.cpan/build/2016083100/rpm-build-perl-0.82-LOVIuy/blib/lib/B/PerlReq.pm line 388.
	B::PerlReq::__ANON__("Can't locate object method \"sv\" via package \"B::METHOP\" at /h"...) called at /home/cpansand/.cpan/build/2016083100/rpm-build-perl-0.82-LOVIuy/blib/lib/B/Walker.pm line 25
	B::Walker::const_sv(B::METHOP=SCALAR(0x41cdb0d8)) called at /home/cpansand/.cpan/build/2016083100/rpm-build-perl-0.82-LOVIuy/blib/lib/B/PerlReq.pm line 307
	B::PerlReq::grok_entersub(B::UNOP=SCALAR(0x41cdb0a8)) called at /home/cpansand/.cpan/build/2016083100/rpm-build-perl-0.82-LOVIuy/blib/lib/B/Walker.pm line 56
	B::Walker::walk_root(B::UNOP=SCALAR(0x41cdb0a8)) called at /home/cpansand/.cpan/build/2016083100/rpm-build-perl-0.82-LOVIuy/blib/lib/B/Walker.pm line 65
	B::Walker::walk_root(B::LISTOP=SCALAR(0x41cdb018)) called at /home/cpansand/.cpan/build/2016083100/rpm-build-perl-0.82-LOVIuy/blib/lib/B/Walker.pm line 65
	B::Walker::walk_root(B::LISTOP=SCALAR(0x41fe07f8)) called at /home/cpansand/.cpan/build/2016083100/rpm-build-perl-0.82-LOVIuy/blib/lib/B/Walker.pm line 65
	B::Walker::walk_root(B::UNOP=SCALAR(0x41ecd930)) called at /home/cpansand/.cpan/build/2016083100/rpm-build-perl-0.82-LOVIuy/blib/lib/B/Walker.pm line 91
	B::Walker::walk_cv(B::CV=SCALAR(0x41ecd8b8)) called at /home/cpansand/.cpan/build/2016083100/rpm-build-perl-0.82-LOVIuy/blib/lib/B/Walker.pm line 77
	B::Walker::walk_av("BEGIN", B::AV=SCALAR(0x41cc07c8)) called at /home/cpansand/.cpan/build/2016083100/rpm-build-perl-0.82-LOVIuy/blib/lib/B/Walker.pm line 97
	B::Walker::walk_blocks() called at /home/cpansand/.cpan/build/2016083100/rpm-build-perl-0.82-LOVIuy/blib/lib/B/PerlReq.pm line 390
	B::PerlReq::__ANON__() called at (eval 2) line 31
	O::CHECK() called at -e line 0
	eval {...} called at -e line 0
Can't locate object method "sv" via package "B::METHOP" at /home/cpansand/.cpan/build/2016083100/rpm-build-perl-0.82-LOVIuy/blib/lib/B/Walker.pm line 25.
CHECK failed--call queue aborted.

#   Failed test at t/01-B-PerlReq.t line 40.
#          got: 'perl(Data/Dumper.pm)'
#     expected: ''
dying at -e line 1
 at /home/cpansand/.cpan/build/2016083100/rpm-build-perl-0.82-LOVIuy/blib/lib/B/PerlReq.pm line 388.
	B::PerlReq::__ANON__("Can't locate object method \"sv\" via package \"B::METHOP\" at /h"...) called at /home/cpansand/.cpan/build/2016083100/rpm-build-perl-0.82-LOVIuy/blib/lib/B/Walker.pm line 25
	B::Walker::const_sv(B::METHOP=SCALAR(0x41cdb180)) called at /home/cpansand/.cpan/build/2016083100/rpm-build-perl-0.82-LOVIuy/blib/lib/B/PerlReq.pm line 307
	B::PerlReq::grok_entersub(B::UNOP=SCALAR(0x41cdb150)) called at /home/cpansand/.cpan/build/2016083100/rpm-build-perl-0.82-LOVIuy/blib/lib/B/Walker.pm line 56
	B::Walker::walk_root(B::UNOP=SCALAR(0x41cdb150)) called at /home/cpansand/.cpan/build/2016083100/rpm-build-perl-0.82-LOVIuy/blib/lib/B/Walker.pm line 65
	B::Walker::walk_root(B::LISTOP=SCALAR(0x41cdb0c0)) called at /home/cpansand/.cpan/build/2016083100/rpm-build-perl-0.82-LOVIuy/blib/lib/B/Walker.pm line 65
	B::Walker::walk_root(B::LISTOP=SCALAR(0x41fe0840)) called at /home/cpansand/.cpan/build/2016083100/rpm-build-perl-0.82-LOVIuy/blib/lib/B/Walker.pm line 65
	B::Walker::walk_root(B::UNOP=SCALAR(0x41ecd7b0)) called at /home/cpansand/.cpan/build/2016083100/rpm-build-perl-0.82-LOVIuy/blib/lib/B/Walker.pm line 91
	B::Walker::walk_cv(B::CV=SCALAR(0x41ecd7c8)) called at /home/cpansand/.cpan/build/2016083100/rpm-build-perl-0.82-LOVIuy/blib/lib/B/Walker.pm line 77
	B::Walker::walk_av("BEGIN", B::AV=SCALAR(0x41cc07c8)) called at /home/cpansand/.cpan/build/2016083100/rpm-build-perl-0.82-LOVIuy/blib/lib/B/Walker.pm line 97
	B::Walker::walk_blocks() called at /home/cpansand/.cpan/build/2016083100/rpm-build-perl-0.82-LOVIuy/blib/lib/B/PerlReq.pm line 390
	B::PerlReq::__ANON__() called at (eval 2) line 31
	O::CHECK() called at -e line 0
	eval {...} called at -e line 0
Can't locate object method "sv" via package "B::METHOP" at /home/cpansand/.cpan/build/2016083100/rpm-build-perl-0.82-LOVIuy/blib/lib/B/Walker.pm line 25.
CHECK failed--call queue aborted.

#   Failed test at t/01-B-PerlReq.t line 44.
#          got: 'perl(Data/Dumper.pm)'
#     expected: ''

#   Failed test at t/01-B-PerlReq.t line 48.
#          got: 'perl(Data/Dumper.pm)'
#     expected: ''

#   Failed test at t/01-B-PerlReq.t line 53.
#          got: 'perl(Data/Dumper.pm)'
#     expected: ''
dying at -e line 1
 at /home/cpansand/.cpan/build/2016083100/rpm-build-perl-0.82-LOVIuy/blib/lib/B/PerlReq.pm line 388.
	B::PerlReq::__ANON__("Can't locate object method \"sv\" via package \"B::METHOP\" at /h"...) called at /home/cpansand/.cpan/build/2016083100/rpm-build-perl-0.82-LOVIuy/blib/lib/B/Walker.pm line 25
	B::Walker::const_sv(B::METHOP=SCALAR(0x41f29510)) called at /home/cpansand/.cpan/build/2016083100/rpm-build-perl-0.82-LOVIuy/blib/lib/B/PerlReq.pm line 307
	B::PerlReq::grok_entersub(B::UNOP=SCALAR(0x41f29090)) called at /home/cpansand/.cpan/build/2016083100/rpm-build-perl-0.82-LOVIuy/blib/lib/B/Walker.pm line 56
	B::Walker::walk_root(B::UNOP=SCALAR(0x41f29090)) called at /home/cpansand/.cpan/build/2016083100/rpm-build-perl-0.82-LOVIuy/blib/lib/B/Walker.pm line 65
	B::Walker::walk_root(B::LISTOP=SCALAR(0x41efcd68)) called at /home/cpansand/.cpan/build/2016083100/rpm-build-perl-0.82-LOVIuy/blib/lib/B/Walker.pm line 65
	B::Walker::walk_root(B::LISTOP=SCALAR(0x41f38750)) called at /home/cpansand/.cpan/build/2016083100/rpm-build-perl-0.82-LOVIuy/blib/lib/B/Walker.pm line 105
	B::Walker::walk_main() called at /home/cpansand/.cpan/build/2016083100/rpm-build-perl-0.82-LOVIuy/blib/lib/B/PerlReq.pm line 391
	B::PerlReq::__ANON__() called at (eval 2) line 31
	O::CHECK() called at -e line 0
	eval {...} called at -e line 0
Can't locate object method "sv" via package "B::METHOP" at /home/cpansand/.cpan/build/2016083100/rpm-build-perl-0.82-LOVIuy/blib/lib/B/Walker.pm line 25.
CHECK failed--call queue aborted.

#   Failed test at t/01-B-PerlReq.t line 63.
#          got: 'perl(File/Basename.pm)'
#     expected: ''
dying at -e line 1
 at /home/cpansand/.cpan/build/2016083100/rpm-build-perl-0.82-LOVIuy/blib/lib/B/PerlReq.pm line 388.
	B::PerlReq::__ANON__("Can't locate object method \"sv\" via package \"B::METHOP\" at /h"...) called at /home/cpansand/.cpan/build/2016083100/rpm-build-perl-0.82-LOVIuy/blib/lib/B/Walker.pm line 25
	B::Walker::const_sv(B::METHOP=SCALAR(0x41cdb198)) called at /home/cpansand/.cpan/build/2016083100/rpm-build-perl-0.82-LOVIuy/blib/lib/B/PerlReq.pm line 307
	B::PerlReq::grok_entersub(B::UNOP=SCALAR(0x41cdb108)) called at /home/cpansand/.cpan/build/2016083100/rpm-build-perl-0.82-LOVIuy/blib/lib/B/Walker.pm line 56
	B::Walker::walk_root(B::UNOP=SCALAR(0x41cdb108)) called at /home/cpansand/.cpan/build/2016083100/rpm-build-perl-0.82-LOVIuy/blib/lib/B/Walker.pm line 65
	B::Walker::walk_root(B::LISTOP=SCALAR(0x41cdb090)) called at /home/cpansand/.cpan/build/2016083100/rpm-build-perl-0.82-LOVIuy/blib/lib/B/Walker.pm line 65
	B::Walker::walk_root(B::LISTOP=SCALAR(0x41fe1858)) called at /home/cpansand/.cpan/build/2016083100/rpm-build-perl-0.82-LOVIuy/blib/lib/B/Walker.pm line 65
	B::Walker::walk_root(B::UNOP=SCALAR(0x41ecd978)) called at /home/cpansand/.cpan/build/2016083100/rpm-build-perl-0.82-LOVIuy/blib/lib/B/Walker.pm line 91
	B::Walker::walk_cv(B::CV=SCALAR(0x41ecd960)) called at /home/cpansand/.cpan/build/2016083100/rpm-build-perl-0.82-LOVIuy/blib/lib/B/Walker.pm line 77
	B::Walker::walk_av("BEGIN", B::AV=SCALAR(0x41cc07c8)) called at /home/cpansand/.cpan/build/2016083100/rpm-build-perl-0.82-LOVIuy/blib/lib/B/Walker.pm line 97
	B::Walker::walk_blocks() called at /home/cpansand/.cpan/build/2016083100/rpm-build-perl-0.82-LOVIuy/blib/lib/B/PerlReq.pm line 390
	B::PerlReq::__ANON__() called at (eval 2) line 31
	O::CHECK() called at -e line 0
	eval {...} called at -e line 0
Can't locate object method "sv" via package "B::METHOP" at /home/cpansand/.cpan/build/2016083100/rpm-build-perl-0.82-LOVIuy/blib/lib/B/Walker.pm line 25.
CHECK failed--call queue aborted.

#   Failed test at t/01-B-PerlReq.t line 65.
#          got: 'perl(Data/Dumper.pm) >= 2.0'
#     expected: ''
dying at -e line 1
 at /home/cpansand/.cpan/build/2016083100/rpm-build-perl-0.82-LOVIuy/blib/lib/B/PerlReq.pm line 388.
	B::PerlReq::__ANON__("Can't locate object method \"sv\" via package \"B::METHOP\" at /h"...) called at /home/cpansand/.cpan/build/2016083100/rpm-build-perl-0.82-LOVIuy/blib/lib/B/Walker.pm line 25
	B::Walker::const_sv(B::METHOP=SCALAR(0x41cdb198)) called at /home/cpansand/.cpan/build/2016083100/rpm-build-perl-0.82-LOVIuy/blib/lib/B/PerlReq.pm line 307
	B::PerlReq::grok_entersub(B::UNOP=SCALAR(0x41cdb108)) called at /home/cpansand/.cpan/build/2016083100/rpm-build-perl-0.82-LOVIuy/blib/lib/B/Walker.pm line 56
	B::Walker::walk_root(B::UNOP=SCALAR(0x41cdb108)) called at /home/cpansand/.cpan/build/2016083100/rpm-build-perl-0.82-LOVIuy/blib/lib/B/Walker.pm line 65
	B::Walker::walk_root(B::LISTOP=SCALAR(0x41cdb090)) called at /home/cpansand/.cpan/build/2016083100/rpm-build-perl-0.82-LOVIuy/blib/lib/B/Walker.pm line 65
	B::Walker::walk_root(B::LISTOP=SCALAR(0x41fe1858)) called at /home/cpansand/.cpan/build/2016083100/rpm-build-perl-0.82-LOVIuy/blib/lib/B/Walker.pm line 65
	B::Walker::walk_root(B::UNOP=SCALAR(0x41ecd978)) called at /home/cpansand/.cpan/build/2016083100/rpm-build-perl-0.82-LOVIuy/blib/lib/B/Walker.pm line 91
	B::Walker::walk_cv(B::CV=SCALAR(0x41ecd990)) called at /home/cpansand/.cpan/build/2016083100/rpm-build-perl-0.82-LOVIuy/blib/lib/B/Walker.pm line 77
	B::Walker::walk_av("BEGIN", B::AV=SCALAR(0x41cc07c8)) called at /home/cpansand/.cpan/build/2016083100/rpm-build-perl-0.82-LOVIuy/blib/lib/B/Walker.pm line 97
	B::Walker::walk_blocks() called at /home/cpansand/.cpan/build/2016083100/rpm-build-perl-0.82-LOVIuy/blib/lib/B/PerlReq.pm line 390
	B::PerlReq::__ANON__() called at (eval 2) line 31
	O::CHECK() called at -e line 0
	eval {...} called at -e line 0
Can't locate object method "sv" via package "B::METHOP" at /home/cpansand/.cpan/build/2016083100/rpm-build-perl-0.82-LOVIuy/blib/lib/B/Walker.pm line 25.
CHECK failed--call queue aborted.

#   Failed test at t/01-B-PerlReq.t line 66.
#          got: 'perl(Data/Dumper.pm) >= 2.0'
#     expected: ''
dying at -e line 1
 at /home/cpansand/.cpan/build/2016083100/rpm-build-perl-0.82-LOVIuy/blib/lib/B/PerlReq.pm line 388.
	B::PerlReq::__ANON__("Can't locate object method \"sv\" via package \"B::METHOP\" at /h"...) called at /home/cpansand/.cpan/build/2016083100/rpm-build-perl-0.82-LOVIuy/blib/lib/B/Walker.pm line 25
	B::Walker::const_sv(B::METHOP=SCALAR(0x41cdb198)) called at /home/cpansand/.cpan/build/2016083100/rpm-build-perl-0.82-LOVIuy/blib/lib/B/PerlReq.pm line 307
	B::PerlReq::grok_entersub(B::UNOP=SCALAR(0x41cdb108)) called at /home/cpansand/.cpan/build/2016083100/rpm-build-perl-0.82-LOVIuy/blib/lib/B/Walker.pm line 56
	B::Walker::walk_root(B::UNOP=SCALAR(0x41cdb108)) called at /home/cpansand/.cpan/build/2016083100/rpm-build-perl-0.82-LOVIuy/blib/lib/B/Walker.pm line 65
	B::Walker::walk_root(B::LISTOP=SCALAR(0x41cdb090)) called at /home/cpansand/.cpan/build/2016083100/rpm-build-perl-0.82-LOVIuy/blib/lib/B/Walker.pm line 65
	B::Walker::walk_root(B::LISTOP=SCALAR(0x41fe1858)) called at /home/cpansand/.cpan/build/2016083100/rpm-build-perl-0.82-LOVIuy/blib/lib/B/Walker.pm line 65
	B::Walker::walk_root(B::UNOP=SCALAR(0x41ecd978)) called at /home/cpansand/.cpan/build/2016083100/rpm-build-perl-0.82-LOVIuy/blib/lib/B/Walker.pm line 91
	B::Walker::walk_cv(B::CV=SCALAR(0x41ecd960)) called at /home/cpansand/.cpan/build/2016083100/rpm-build-perl-0.82-LOVIuy/blib/lib/B/Walker.pm line 77
	B::Walker::walk_av("BEGIN", B::AV=SCALAR(0x41cc07c8)) called at /home/cpansand/.cpan/build/2016083100/rpm-build-perl-0.82-LOVIuy/blib/lib/B/Walker.pm line 97
	B::Walker::walk_blocks() called at /home/cpansand/.cpan/build/2016083100/rpm-build-perl-0.82-LOVIuy/blib/lib/B/PerlReq.pm line 390
	B::PerlReq::__ANON__() called at (eval 2) line 31
	O::CHECK() called at -e line 0
	eval {...} called at -e line 0
Can't locate object method "sv" via package "B::METHOP" at /home/cpansand/.cpan/build/2016083100/rpm-build-perl-0.82-LOVIuy/blib/lib/B/Walker.pm line 25.
CHECK failed--call queue aborted.

#   Failed test at t/01-B-PerlReq.t line 67.
#          got: 'perl(Data/Dumper.pm) >= 2.0'
#     expected: ''
dying at -e line 1
 at /home/cpansand/.cpan/build/2016083100/rpm-build-perl-0.82-LOVIuy/blib/lib/B/PerlReq.pm line 388.
	B::PerlReq::__ANON__("Can't locate object method \"sv\" via package \"B::METHOP\" at /h"...) called at /home/cpansand/.cpan/build/2016083100/rpm-build-perl-0.82-LOVIuy/blib/lib/B/Walker.pm line 25
	B::Walker::const_sv(B::METHOP=SCALAR(0x41cdb198)) called at /home/cpansand/.cpan/build/2016083100/rpm-build-perl-0.82-LOVIuy/blib/lib/B/PerlReq.pm line 307
	B::PerlReq::grok_entersub(B::UNOP=SCALAR(0x41cdb108)) called at /home/cpansand/.cpan/build/2016083100/rpm-build-perl-0.82-LOVIuy/blib/lib/B/Walker.pm line 56
	B::Walker::walk_root(B::UNOP=SCALAR(0x41cdb108)) called at /home/cpansand/.cpan/build/2016083100/rpm-build-perl-0.82-LOVIuy/blib/lib/B/Walker.pm line 65
	B::Walker::walk_root(B::LISTOP=SCALAR(0x41cdb090)) called at /home/cpansand/.cpan/build/2016083100/rpm-build-perl-0.82-LOVIuy/blib/lib/B/Walker.pm line 65
	B::Walker::walk_root(B::LISTOP=SCALAR(0x41fe1858)) called at /home/cpansand/.cpan/build/2016083100/rpm-build-perl-0.82-LOVIuy/blib/lib/B/Walker.pm line 65
	B::Walker::walk_root(B::UNOP=SCALAR(0x41ecd978)) called at /home/cpansand/.cpan/build/2016083100/rpm-build-perl-0.82-LOVIuy/blib/lib/B/Walker.pm line 91
	B::Walker::walk_cv(B::CV=SCALAR(0x41ecd990)) called at /home/cpansand/.cpan/build/2016083100/rpm-build-perl-0.82-LOVIuy/blib/lib/B/Walker.pm line 77
	B::Walker::walk_av("BEGIN", B::AV=SCALAR(0x41cc07c8)) called at /home/cpansand/.cpan/build/2016083100/rpm-build-perl-0.82-LOVIuy/blib/lib/B/Walker.pm line 97
	B::Walker::walk_blocks() called at /home/cpansand/.cpan/build/2016083100/rpm-build-perl-0.82-LOVIuy/blib/lib/B/PerlReq.pm line 390
	B::PerlReq::__ANON__() called at (eval 2) line 31
	O::CHECK() called at -e line 0
	eval {...} called at -e line 0
Can't locate object method "sv" via package "B::METHOP" at /home/cpansand/.cpan/build/2016083100/rpm-build-perl-0.82-LOVIuy/blib/lib/B/Walker.pm line 25.
CHECK failed--call queue aborted.

#   Failed test at t/01-B-PerlReq.t line 68.
#          got: 'perl(Data/Dumper.pm) >= 2.0.998'
#     expected: ''
dying at -e line 1
 at /home/cpansand/.cpan/build/2016083100/rpm-build-perl-0.82-LOVIuy/blib/lib/B/PerlReq.pm line 388.
	B::PerlReq::__ANON__("Can't locate object method \"sv\" via package \"B::METHOP\" at /h"...) called at /home/cpansand/.cpan/build/2016083100/rpm-build-perl-0.82-LOVIuy/blib/lib/B/Walker.pm line 25
	B::Walker::const_sv(B::METHOP=SCALAR(0x41cdb198)) called at /home/cpansand/.cpan/build/2016083100/rpm-build-perl-0.82-LOVIuy/blib/lib/B/PerlReq.pm line 307
	B::PerlReq::grok_entersub(B::UNOP=SCALAR(0x41cdb108)) called at /home/cpansand/.cpan/build/2016083100/rpm-build-perl-0.82-LOVIuy/blib/lib/B/Walker.pm line 56
	B::Walker::walk_root(B::UNOP=SCALAR(0x41cdb108)) called at /home/cpansand/.cpan/build/2016083100/rpm-build-perl-0.82-LOVIuy/blib/lib/B/Walker.pm line 65
	B::Walker::walk_root(B::LISTOP=SCALAR(0x41cdb090)) called at /home/cpansand/.cpan/build/2016083100/rpm-build-perl-0.82-LOVIuy/blib/lib/B/Walker.pm line 65
	B::Walker::walk_root(B::LISTOP=SCALAR(0x41fe1858)) called at /home/cpansand/.cpan/build/2016083100/rpm-build-perl-0.82-LOVIuy/blib/lib/B/Walker.pm line 65
	B::Walker::walk_root(B::UNOP=SCALAR(0x41ecd978)) called at /home/cpansand/.cpan/build/2016083100/rpm-build-perl-0.82-LOVIuy/blib/lib/B/Walker.pm line 91
	B::Walker::walk_cv(B::CV=SCALAR(0x41ecd960)) called at /home/cpansand/.cpan/build/2016083100/rpm-build-perl-0.82-LOVIuy/blib/lib/B/Walker.pm line 77
	B::Walker::walk_av("BEGIN", B::AV=SCALAR(0x41cc07c8)) called at /home/cpansand/.cpan/build/2016083100/rpm-build-perl-0.82-LOVIuy/blib/lib/B/Walker.pm line 97
	B::Walker::walk_blocks() called at /home/cpansand/.cpan/build/2016083100/rpm-build-perl-0.82-LOVIuy/blib/lib/B/PerlReq.pm line 390
	B::PerlReq::__ANON__() called at (eval 2) line 31
	O::CHECK() called at -e line 0
	eval {...} called at -e line 0
Can't locate object method "sv" via package "B::METHOP" at /home/cpansand/.cpan/build/2016083100/rpm-build-perl-0.82-LOVIuy/blib/lib/B/Walker.pm line 25.
CHECK failed--call queue aborted.

#   Failed test at t/01-B-PerlReq.t line 69.
#          got: 'perl(Data/Dumper.pm) >= 2.001'
#     expected: ''
dying at -e line 1
 at /home/cpansand/.cpan/build/2016083100/rpm-build-perl-0.82-LOVIuy/blib/lib/B/PerlReq.pm line 388.
	B::PerlReq::__ANON__("Can't locate object method \"sv\" via package \"B::METHOP\" at /h"...) called at /home/cpansand/.cpan/build/2016083100/rpm-build-perl-0.82-LOVIuy/blib/lib/B/Walker.pm line 25
	B::Walker::const_sv(B::METHOP=SCALAR(0x41cdb198)) called at /home/cpansand/.cpan/build/2016083100/rpm-build-perl-0.82-LOVIuy/blib/lib/B/PerlReq.pm line 307
	B::PerlReq::grok_entersub(B::UNOP=SCALAR(0x41cdb108)) called at /home/cpansand/.cpan/build/2016083100/rpm-build-perl-0.82-LOVIuy/blib/lib/B/Walker.pm line 56
	B::Walker::walk_root(B::UNOP=SCALAR(0x41cdb108)) called at /home/cpansand/.cpan/build/2016083100/rpm-build-perl-0.82-LOVIuy/blib/lib/B/Walker.pm line 65
	B::Walker::walk_root(B::LISTOP=SCALAR(0x41cdb090)) called at /home/cpansand/.cpan/build/2016083100/rpm-build-perl-0.82-LOVIuy/blib/lib/B/Walker.pm line 65
	B::Walker::walk_root(B::LISTOP=SCALAR(0x41fe1858)) called at /home/cpansand/.cpan/build/2016083100/rpm-build-perl-0.82-LOVIuy/blib/lib/B/Walker.pm line 65
	B::Walker::walk_root(B::UNOP=SCALAR(0x41ecd978)) called at /home/cpansand/.cpan/build/2016083100/rpm-build-perl-0.82-LOVIuy/blib/lib/B/Walker.pm line 91
	B::Walker::walk_cv(B::CV=SCALAR(0x41ecd990)) called at /home/cpansand/.cpan/build/2016083100/rpm-build-perl-0.82-LOVIuy/blib/lib/B/Walker.pm line 77
	B::Walker::walk_av("BEGIN", B::AV=SCALAR(0x41cc07c8)) called at /home/cpansand/.cpan/build/2016083100/rpm-build-perl-0.82-LOVIuy/blib/lib/B/Walker.pm line 97
	B::Walker::walk_blocks() called at /home/cpansand/.cpan/build/2016083100/rpm-build-perl-0.82-LOVIuy/blib/lib/B/PerlReq.pm line 390
	B::PerlReq::__ANON__() called at (eval 2) line 31
	O::CHECK() called at -e line 0
	eval {...} called at -e line 0
Can't locate object method "sv" via package "B::METHOP" at /home/cpansand/.cpan/build/2016083100/rpm-build-perl-0.82-LOVIuy/blib/lib/B/Walker.pm line 25.
CHECK failed--call queue aborted.

#   Failed test at t/01-B-PerlReq.t line 70.
#          got: 'perl(Data/Dumper.pm) >= 2.010'
#     expected: ''
dying at -e line 1
 at /home/cpansand/.cpan/build/2016083100/rpm-build-perl-0.82-LOVIuy/blib/lib/B/PerlReq.pm line 388.
	B::PerlReq::__ANON__("Can't locate object method \"sv\" via package \"B::METHOP\" at /h"...) called at /home/cpansand/.cpan/build/2016083100/rpm-build-perl-0.82-LOVIuy/blib/lib/B/Walker.pm line 25
	B::Walker::const_sv(B::METHOP=SCALAR(0x41cdb1e0)) called at /home/cpansand/.cpan/build/2016083100/rpm-build-perl-0.82-LOVIuy/blib/lib/B/PerlReq.pm line 307
	B::PerlReq::grok_entersub(B::UNOP=SCALAR(0x41cdb150)) called at /home/cpansand/.cpan/build/2016083100/rpm-build-perl-0.82-LOVIuy/blib/lib/B/Walker.pm line 56
	B::Walker::walk_root(B::UNOP=SCALAR(0x41cdb150)) called at /home/cpansand/.cpan/build/2016083100/rpm-build-perl-0.82-LOVIuy/blib/lib/B/Walker.pm line 65
	B::Walker::walk_root(B::LISTOP=SCALAR(0x41cdb0d8)) called at /home/cpansand/.cpan/build/2016083100/rpm-build-perl-0.82-LOVIuy/blib/lib/B/Walker.pm line 65
	B::Walker::walk_root(B::LISTOP=SCALAR(0x41fe1840)) called at /home/cpansand/.cpan/build/2016083100/rpm-build-perl-0.82-LOVIuy/blib/lib/B/Walker.pm line 65
	B::Walker::walk_root(B::UNOP=SCALAR(0x41ecd8a0)) called at /home/cpansand/.cpan/build/2016083100/rpm-build-perl-0.82-LOVIuy/blib/lib/B/Walker.pm line 91
	B::Walker::walk_cv(B::CV=SCALAR(0x41f865a0)) called at /home/cpansand/.cpan/build/2016083100/rpm-build-perl-0.82-LOVIuy/blib/lib/B/Walker.pm line 77
	B::Walker::walk_av("BEGIN", B::AV=SCALAR(0x41cc07c8)) called at /home/cpansand/.cpan/build/2016083100/rpm-build-perl-0.82-LOVIuy/blib/lib/B/Walker.pm line 97
	B::Walker::walk_blocks() called at /home/cpansand/.cpan/build/2016083100/rpm-build-perl-0.82-LOVIuy/blib/lib/B/PerlReq.pm line 390
	B::PerlReq::__ANON__() called at (eval 2) line 31
	O::CHECK() called at -e line 0
	eval {...} called at -e line 0
Can't locate object method "sv" via package "B::METHOP" at /home/cpansand/.cpan/build/2016083100/rpm-build-perl-0.82-LOVIuy/blib/lib/B/Walker.pm line 25.
CHECK failed--call queue aborted.

#   Failed test at t/01-B-PerlReq.t line 71.
#          got: 'perl(Data/Dumper.pm) >= 2.010'
#     expected: ''
dying at -e line 1
 at /home/cpansand/.cpan/build/2016083100/rpm-build-perl-0.82-LOVIuy/blib/lib/B/PerlReq.pm line 388.
	B::PerlReq::__ANON__("Can't locate object method \"sv\" via package \"B::METHOP\" at /h"...) called at /home/cpansand/.cpan/build/2016083100/rpm-build-perl-0.82-LOVIuy/blib/lib/B/Walker.pm line 25
	B::Walker::const_sv(B::METHOP=SCALAR(0x41cdb1f8)) called at /home/cpansand/.cpan/build/2016083100/rpm-build-perl-0.82-LOVIuy/blib/lib/B/PerlReq.pm line 307
	B::PerlReq::grok_entersub(B::UNOP=SCALAR(0x41cdb168)) called at /home/cpansand/.cpan/build/2016083100/rpm-build-perl-0.82-LOVIuy/blib/lib/B/Walker.pm line 56
	B::Walker::walk_root(B::UNOP=SCALAR(0x41cdb168)) called at /home/cpansand/.cpan/build/2016083100/rpm-build-perl-0.82-LOVIuy/blib/lib/B/Walker.pm line 65
	B::Walker::walk_root(B::LISTOP=SCALAR(0x41cdb0f0)) called at /home/cpansand/.cpan/build/2016083100/rpm-build-perl-0.82-LOVIuy/blib/lib/B/Walker.pm line 65
	B::Walker::walk_root(B::LISTOP=SCALAR(0x41fe0858)) called at /home/cpansand/.cpan/build/2016083100/rpm-build-perl-0.82-LOVIuy/blib/lib/B/Walker.pm line 65
	B::Walker::walk_root(B::UNOP=SCALAR(0x41ecd870)) called at /home/cpansand/.cpan/build/2016083100/rpm-build-perl-0.82-LOVIuy/blib/lib/B/Walker.pm line 91
	B::Walker::walk_cv(B::CV=SCALAR(0x41f865b8)) called at /home/cpansand/.cpan/build/2016083100/rpm-build-perl-0.82-LOVIuy/blib/lib/B/Walker.pm line 77
	B::Walker::walk_av("BEGIN", B::AV=SCALAR(0x41cc07c8)) called at /home/cpansand/.cpan/build/2016083100/rpm-build-perl-0.82-LOVIuy/blib/lib/B/Walker.pm line 97
	B::Walker::walk_blocks() called at /home/cpansand/.cpan/build/2016083100/rpm-build-perl-0.82-LOVIuy/blib/lib/B/PerlReq.pm line 390
	B::PerlReq::__ANON__() called at (eval 2) line 31
	O::CHECK() called at -e line 0
	eval {...} called at -e line 0
Can't locate object method "sv" via package "B::METHOP" at /home/cpansand/.cpan/build/2016083100/rpm-build-perl-0.82-LOVIuy/blib/lib/B/Walker.pm line 25.
CHECK failed--call queue aborted.

#   Failed test at t/01-B-PerlReq.t line 72.
#          got: 'perl(Data/Dumper.pm) >= 2.010'
#     expected: ''
dying at -e line 1
 at /home/cpansand/.cpan/build/2016083100/rpm-build-perl-0.82-LOVIuy/blib/lib/B/PerlReq.pm line 388.
	B::PerlReq::__ANON__("Can't locate object method \"sv\" via package \"B::METHOP\" at /h"...) called at /home/cpansand/.cpan/build/2016083100/rpm-build-perl-0.82-LOVIuy/blib/lib/B/Walker.pm line 25
	B::Walker::const_sv(B::METHOP=SCALAR(0x41cdb708)) called at /home/cpansand/.cpan/build/2016083100/rpm-build-perl-0.82-LOVIuy/blib/lib/B/PerlReq.pm line 307
	B::PerlReq::grok_entersub(B::UNOP=SCALAR(0x41cdb6d8)) called at /home/cpansand/.cpan/build/2016083100/rpm-build-perl-0.82-LOVIuy/blib/lib/B/Walker.pm line 56
	B::Walker::walk_root(B::UNOP=SCALAR(0x41cdb6d8)) called at /home/cpansand/.cpan/build/2016083100/rpm-build-perl-0.82-LOVIuy/blib/lib/B/Walker.pm line 65
	B::Walker::walk_root(B::LISTOP=SCALAR(0x41cdb648)) called at /home/cpansand/.cpan/build/2016083100/rpm-build-perl-0.82-LOVIuy/blib/lib/B/Walker.pm line 65
	B::Walker::walk_root(B::LISTOP=SCALAR(0x42821af8)) called at /home/cpansand/.cpan/build/2016083100/rpm-build-perl-0.82-LOVIuy/blib/lib/B/Walker.pm line 65
	B::Walker::walk_root(B::UNOP=SCALAR(0x42821a38)) called at /home/cpansand/.cpan/build/2016083100/rpm-build-perl-0.82-LOVIuy/blib/lib/B/Walker.pm line 91
	B::Walker::walk_cv(B::CV=SCALAR(0x42821708)) called at /home/cpansand/.cpan/build/2016083100/rpm-build-perl-0.82-LOVIuy/blib/lib/B/Walker.pm line 77
	B::Walker::walk_av("BEGIN", B::AV=SCALAR(0x41cc07c8)) called at /home/cpansand/.cpan/build/2016083100/rpm-build-perl-0.82-LOVIuy/blib/lib/B/Walker.pm line 97
	B::Walker::walk_blocks() called at /home/cpansand/.cpan/build/2016083100/rpm-build-perl-0.82-LOVIuy/blib/lib/B/PerlReq.pm line 390
	B::PerlReq::__ANON__() called at (eval 2) line 31
	O::CHECK() called at -e line 0
	eval {...} called at -e line 0
Can't locate object method "sv" via package "B::METHOP" at /home/cpansand/.cpan/build/2016083100/rpm-build-perl-0.82-LOVIuy/blib/lib/B/Walker.pm line 25.
CHECK failed--call queue aborted.

#   Failed test at t/01-B-PerlReq.t line 73.
#          got: 'perl(Data/Dumper.pm) >= 2.010'
#     expected: ''
dying at -e line 1
 at /home/cpansand/.cpan/build/2016083100/rpm-build-perl-0.82-LOVIuy/blib/lib/B/PerlReq.pm line 388.
	B::PerlReq::__ANON__("Can't locate object method \"sv\" via package \"B::METHOP\" at /h"...) called at /home/cpansand/.cpan/build/2016083100/rpm-build-perl-0.82-LOVIuy/blib/lib/B/Walker.pm line 25
	B::Walker::const_sv(B::METHOP=SCALAR(0x41cdb720)) called at /home/cpansand/.cpan/build/2016083100/rpm-build-perl-0.82-LOVIuy/blib/lib/B/PerlReq.pm line 307
	B::PerlReq::grok_entersub(B::UNOP=SCALAR(0x41cdb6f0)) called at /home/cpansand/.cpan/build/2016083100/rpm-build-perl-0.82-LOVIuy/blib/lib/B/Walker.pm line 56
	B::Walker::walk_root(B::UNOP=SCALAR(0x41cdb6f0)) called at /home/cpansand/.cpan/build/2016083100/rpm-build-perl-0.82-LOVIuy/blib/lib/B/Walker.pm line 65
	B::Walker::walk_root(B::LISTOP=SCALAR(0x41cdb660)) called at /home/cpansand/.cpan/build/2016083100/rpm-build-perl-0.82-LOVIuy/blib/lib/B/Walker.pm line 65
	B::Walker::walk_root(B::LISTOP=SCALAR(0x42821b10)) called at /home/cpansand/.cpan/build/2016083100/rpm-build-perl-0.82-LOVIuy/blib/lib/B/Walker.pm line 65
	B::Walker::walk_root(B::UNOP=SCALAR(0x42821a50)) called at /home/cpansand/.cpan/build/2016083100/rpm-build-perl-0.82-LOVIuy/blib/lib/B/Walker.pm line 91
	B::Walker::walk_cv(B::CV=SCALAR(0x42821720)) called at /home/cpansand/.cpan/build/2016083100/rpm-build-perl-0.82-LOVIuy/blib/lib/B/Walker.pm line 77
	B::Walker::walk_av("BEGIN", B::AV=SCALAR(0x41cc07c8)) called at /home/cpansand/.cpan/build/2016083100/rpm-build-perl-0.82-LOVIuy/blib/lib/B/Walker.pm line 97
	B::Walker::walk_blocks() called at /home/cpansand/.cpan/build/2016083100/rpm-build-perl-0.82-LOVIuy/blib/lib/B/PerlReq.pm line 390
	B::PerlReq::__ANON__() called at (eval 2) line 31
	O::CHECK() called at -e line 0
	eval {...} called at -e line 0
Can't locate object method "sv" via package "B::METHOP" at /home/cpansand/.cpan/build/2016083100/rpm-build-perl-0.82-LOVIuy/blib/lib/B/Walker.pm line 25.
CHECK failed--call queue aborted.

#   Failed test at t/01-B-PerlReq.t line 74.
#          got: 'perl(Data/Dumper.pm) >= 2.010'
#     expected: ''
dying at -e line 1
 at /home/cpansand/.cpan/build/2016083100/rpm-build-perl-0.82-LOVIuy/blib/lib/B/PerlReq.pm line 388.
	B::PerlReq::__ANON__("Can't locate object method \"sv\" via package \"B::METHOP\" at /h"...) called at /home/cpansand/.cpan/build/2016083100/rpm-build-perl-0.82-LOVIuy/blib/lib/B/Walker.pm line 25
	B::Walker::const_sv(B::METHOP=SCALAR(0x41cdb198)) called at /home/cpansand/.cpan/build/2016083100/rpm-build-perl-0.82-LOVIuy/blib/lib/B/PerlReq.pm line 307
	B::PerlReq::grok_entersub(B::UNOP=SCALAR(0x41cdb108)) called at /home/cpansand/.cpan/build/2016083100/rpm-build-perl-0.82-LOVIuy/blib/lib/B/Walker.pm line 56
	B::Walker::walk_root(B::UNOP=SCALAR(0x41cdb108)) called at /home/cpansand/.cpan/build/2016083100/rpm-build-perl-0.82-LOVIuy/blib/lib/B/Walker.pm line 65
	B::Walker::walk_root(B::LISTOP=SCALAR(0x41cdb090)) called at /home/cpansand/.cpan/build/2016083100/rpm-build-perl-0.82-LOVIuy/blib/lib/B/Walker.pm line 65
	B::Walker::walk_root(B::LISTOP=SCALAR(0x41fe1858)) called at /home/cpansand/.cpan/build/2016083100/rpm-build-perl-0.82-LOVIuy/blib/lib/B/Walker.pm line 65
	B::Walker::walk_root(B::UNOP=SCALAR(0x41ecd978)) called at /home/cpansand/.cpan/build/2016083100/rpm-build-perl-0.82-LOVIuy/blib/lib/B/Walker.pm line 91
	B::Walker::walk_cv(B::CV=SCALAR(0x41ecd990)) called at /home/cpansand/.cpan/build/2016083100/rpm-build-perl-0.82-LOVIuy/blib/lib/B/Walker.pm line 77
	B::Walker::walk_av("BEGIN", B::AV=SCALAR(0x41cc07c8)) called at /home/cpansand/.cpan/build/2016083100/rpm-build-perl-0.82-LOVIuy/blib/lib/B/Walker.pm line 97
	B::Walker::walk_blocks() called at /home/cpansand/.cpan/build/2016083100/rpm-build-perl-0.82-LOVIuy/blib/lib/B/PerlReq.pm line 390
	B::PerlReq::__ANON__() called at (eval 2) line 31
	O::CHECK() called at -e line 0
	eval {...} called at -e line 0
Can't locate object method "sv" via package "B::METHOP" at /home/cpansand/.cpan/build/2016083100/rpm-build-perl-0.82-LOVIuy/blib/lib/B/Walker.pm line 25.
CHECK failed--call queue aborted.

#   Failed test at t/01-B-PerlReq.t line 75.
#          got: 'perl(Data/Dumper.pm) >= 2.012'
#     expected: ''
dying at -e line 1
 at /home/cpansand/.cpan/build/2016083100/rpm-build-perl-0.82-LOVIuy/blib/lib/B/PerlReq.pm line 388.
	B::PerlReq::__ANON__("Can't locate object method \"sv\" via package \"B::METHOP\" at /h"...) called at /home/cpansand/.cpan/build/2016083100/rpm-build-perl-0.82-LOVIuy/blib/lib/B/Walker.pm line 25
	B::Walker::const_sv(B::METHOP=SCALAR(0x41cdb198)) called at /home/cpansand/.cpan/build/2016083100/rpm-build-perl-0.82-LOVIuy/blib/lib/B/PerlReq.pm line 307
	B::PerlReq::grok_entersub(B::UNOP=SCALAR(0x41cdb108)) called at /home/cpansand/.cpan/build/2016083100/rpm-build-perl-0.82-LOVIuy/blib/lib/B/Walker.pm line 56
	B::Walker::walk_root(B::UNOP=SCALAR(0x41cdb108)) called at /home/cpansand/.cpan/build/2016083100/rpm-build-perl-0.82-LOVIuy/blib/lib/B/Walker.pm line 65
	B::Walker::walk_root(B::LISTOP=SCALAR(0x41cdb090)) called at /home/cpansand/.cpan/build/2016083100/rpm-build-perl-0.82-LOVIuy/blib/lib/B/Walker.pm line 65
	B::Walker::walk_root(B::LISTOP=SCALAR(0x41fe1858)) called at /home/cpansand/.cpan/build/2016083100/rpm-build-perl-0.82-LOVIuy/blib/lib/B/Walker.pm line 65
	B::Walker::walk_root(B::UNOP=SCALAR(0x41ecd978)) called at /home/cpansand/.cpan/build/2016083100/rpm-build-perl-0.82-LOVIuy/blib/lib/B/Walker.pm line 91
	B::Walker::walk_cv(B::CV=SCALAR(0x41ecd960)) called at /home/cpansand/.cpan/build/2016083100/rpm-build-perl-0.82-LOVIuy/blib/lib/B/Walker.pm line 77
	B::Walker::walk_av("BEGIN", B::AV=SCALAR(0x41cc07c8)) called at /home/cpansand/.cpan/build/2016083100/rpm-build-perl-0.82-LOVIuy/blib/lib/B/Walker.pm line 97
	B::Walker::walk_blocks() called at /home/cpansand/.cpan/build/2016083100/rpm-build-perl-0.82-LOVIuy/blib/lib/B/PerlReq.pm line 390
	B::PerlReq::__ANON__() called at (eval 2) line 31
	O::CHECK() called at -e line 0
	eval {...} called at -e line 0
Can't locate object method "sv" via package "B::METHOP" at /home/cpansand/.cpan/build/2016083100/rpm-build-perl-0.82-LOVIuy/blib/lib/B/Walker.pm line 25.
CHECK failed--call queue aborted.

#   Failed test at t/01-B-PerlReq.t line 76.
#          got: 'perl(Data/Dumper.pm) >= 2.019.900'
#     expected: ''
dying at -e line 1
 at /home/cpansand/.cpan/build/2016083100/rpm-build-perl-0.82-LOVIuy/blib/lib/B/PerlReq.pm line 388.
	B::PerlReq::__ANON__("Can't locate object method \"sv\" via package \"B::METHOP\" at /h"...) called at /home/cpansand/.cpan/build/2016083100/rpm-build-perl-0.82-LOVIuy/blib/lib/B/Walker.pm line 25
	B::Walker::const_sv(B::METHOP=SCALAR(0x41cdb198)) called at /home/cpansand/.cpan/build/2016083100/rpm-build-perl-0.82-LOVIuy/blib/lib/B/PerlReq.pm line 307
	B::PerlReq::grok_entersub(B::UNOP=SCALAR(0x41cdb108)) called at /home/cpansand/.cpan/build/2016083100/rpm-build-perl-0.82-LOVIuy/blib/lib/B/Walker.pm line 56
	B::Walker::walk_root(B::UNOP=SCALAR(0x41cdb108)) called at /home/cpansand/.cpan/build/2016083100/rpm-build-perl-0.82-LOVIuy/blib/lib/B/Walker.pm line 65
	B::Walker::walk_root(B::LISTOP=SCALAR(0x41cdb090)) called at /home/cpansand/.cpan/build/2016083100/rpm-build-perl-0.82-LOVIuy/blib/lib/B/Walker.pm line 65
	B::Walker::walk_root(B::LISTOP=SCALAR(0x41fe1858)) called at /home/cpansand/.cpan/build/2016083100/rpm-build-perl-0.82-LOVIuy/blib/lib/B/Walker.pm line 65
	B::Walker::walk_root(B::UNOP=SCALAR(0x41ecd978)) called at /home/cpansand/.cpan/build/2016083100/rpm-build-perl-0.82-LOVIuy/blib/lib/B/Walker.pm line 91
	B::Walker::walk_cv(B::CV=SCALAR(0x41ecd990)) called at /home/cpansand/.cpan/build/2016083100/rpm-build-perl-0.82-LOVIuy/blib/lib/B/Walker.pm line 77
	B::Walker::walk_av("BEGIN", B::AV=SCALAR(0x41cc07c8)) called at /home/cpansand/.cpan/build/2016083100/rpm-build-perl-0.82-LOVIuy/blib/lib/B/Walker.pm line 97
	B::Walker::walk_blocks() called at /home/cpansand/.cpan/build/2016083100/rpm-build-perl-0.82-LOVIuy/blib/lib/B/PerlReq.pm line 390
	B::PerlReq::__ANON__() called at (eval 2) line 31
	O::CHECK() called at -e line 0
	eval {...} called at -e line 0
Can't locate object method "sv" via package "B::METHOP" at /home/cpansand/.cpan/build/2016083100/rpm-build-perl-0.82-LOVIuy/blib/lib/B/Walker.pm line 25.
CHECK failed--call queue aborted.

#   Failed test at t/01-B-PerlReq.t line 77.
#          got: 'perl(Data/Dumper.pm) >= 2.0'
#     expected: ''
dying at -e line 1
 at /home/cpansand/.cpan/build/2016083100/rpm-build-perl-0.82-LOVIuy/blib/lib/B/PerlReq.pm line 388.
	B::PerlReq::__ANON__("Can't locate object method \"sv\" via package \"B::METHOP\" at /h"...) called at /home/cpansand/.cpan/build/2016083100/rpm-build-perl-0.82-LOVIuy/blib/lib/B/Walker.pm line 25
	B::Walker::const_sv(B::METHOP=SCALAR(0x41cdb198)) called at /home/cpansand/.cpan/build/2016083100/rpm-build-perl-0.82-LOVIuy/blib/lib/B/PerlReq.pm line 307
	B::PerlReq::grok_entersub(B::UNOP=SCALAR(0x41cdb108)) called at /home/cpansand/.cpan/build/2016083100/rpm-build-perl-0.82-LOVIuy/blib/lib/B/Walker.pm line 56
	B::Walker::walk_root(B::UNOP=SCALAR(0x41cdb108)) called at /home/cpansand/.cpan/build/2016083100/rpm-build-perl-0.82-LOVIuy/blib/lib/B/Walker.pm line 65
	B::Walker::walk_root(B::LISTOP=SCALAR(0x41cdb090)) called at /home/cpansand/.cpan/build/2016083100/rpm-build-perl-0.82-LOVIuy/blib/lib/B/Walker.pm line 65
	B::Walker::walk_root(B::LISTOP=SCALAR(0x41fe1858)) called at /home/cpansand/.cpan/build/2016083100/rpm-build-perl-0.82-LOVIuy/blib/lib/B/Walker.pm line 65
	B::Walker::walk_root(B::UNOP=SCALAR(0x41ecd978)) called at /home/cpansand/.cpan/build/2016083100/rpm-build-perl-0.82-LOVIuy/blib/lib/B/Walker.pm line 91
	B::Walker::walk_cv(B::CV=SCALAR(0x41ecd960)) called at /home/cpansand/.cpan/build/2016083100/rpm-build-perl-0.82-LOVIuy/blib/lib/B/Walker.pm line 77
	B::Walker::walk_av("BEGIN", B::AV=SCALAR(0x41cc07c8)) called at /home/cpansand/.cpan/build/2016083100/rpm-build-perl-0.82-LOVIuy/blib/lib/B/Walker.pm line 97
	B::Walker::walk_blocks() called at /home/cpansand/.cpan/build/2016083100/rpm-build-perl-0.82-LOVIuy/blib/lib/B/PerlReq.pm line 390
	B::PerlReq::__ANON__() called at (eval 2) line 31
	O::CHECK() called at -e line 0
	eval {...} called at -e line 0
Can't locate object method "sv" via package "B::METHOP" at /home/cpansand/.cpan/build/2016083100/rpm-build-perl-0.82-LOVIuy/blib/lib/B/Walker.pm line 25.
CHECK failed--call queue aborted.

#   Failed test at t/01-B-PerlReq.t line 78.
#          got: 'perl(Data/Dumper.pm) >= 2.0'
#     expected: ''
dying at -e line 1
 at /home/cpansand/.cpan/build/2016083100/rpm-build-perl-0.82-LOVIuy/blib/lib/B/PerlReq.pm line 388.
	B::PerlReq::__ANON__("Can't locate object method \"sv\" via package \"B::METHOP\" at /h"...) called at /home/cpansand/.cpan/build/2016083100/rpm-build-perl-0.82-LOVIuy/blib/lib/B/Walker.pm line 25
	B::Walker::const_sv(B::METHOP=SCALAR(0x41cdb198)) called at /home/cpansand/.cpan/build/2016083100/rpm-build-perl-0.82-LOVIuy/blib/lib/B/PerlReq.pm line 307
	B::PerlReq::grok_entersub(B::UNOP=SCALAR(0x41cdb108)) called at /home/cpansand/.cpan/build/2016083100/rpm-build-perl-0.82-LOVIuy/blib/lib/B/Walker.pm line 56
	B::Walker::walk_root(B::UNOP=SCALAR(0x41cdb108)) called at /home/cpansand/.cpan/build/2016083100/rpm-build-perl-0.82-LOVIuy/blib/lib/B/Walker.pm line 65
	B::Walker::walk_root(B::LISTOP=SCALAR(0x41cdb090)) called at /home/cpansand/.cpan/build/2016083100/rpm-build-perl-0.82-LOVIuy/blib/lib/B/Walker.pm line 65
	B::Walker::walk_root(B::LISTOP=SCALAR(0x41fe1858)) called at /home/cpansand/.cpan/build/2016083100/rpm-build-perl-0.82-LOVIuy/blib/lib/B/Walker.pm line 65
	B::Walker::walk_root(B::UNOP=SCALAR(0x41ecd978)) called at /home/cpansand/.cpan/build/2016083100/rpm-build-perl-0.82-LOVIuy/blib/lib/B/Walker.pm line 91
	B::Walker::walk_cv(B::CV=SCALAR(0x41ecd960)) called at /home/cpansand/.cpan/build/2016083100/rpm-build-perl-0.82-LOVIuy/blib/lib/B/Walker.pm line 77
	B::Walker::walk_av("BEGIN", B::AV=SCALAR(0x41cc07c8)) called at /home/cpansand/.cpan/build/2016083100/rpm-build-perl-0.82-LOVIuy/blib/lib/B/Walker.pm line 97
	B::Walker::walk_blocks() called at /home/cpansand/.cpan/build/2016083100/rpm-build-perl-0.82-LOVIuy/blib/lib/B/PerlReq.pm line 390
	B::PerlReq::__ANON__() called at (eval 2) line 31
	O::CHECK() called at -e line 0
	eval {...} called at -e line 0
Can't locate object method "sv" via package "B::METHOP" at /home/cpansand/.cpan/build/2016083100/rpm-build-perl-0.82-LOVIuy/blib/lib/B/Walker.pm line 25.
CHECK failed--call queue aborted.

#   Failed test at t/01-B-PerlReq.t line 79.
#          got: 'perl(Data/Dumper.pm) >= 2.0.998'
#     expected: ''
dying at -e line 1
 at /home/cpansand/.cpan/build/2016083100/rpm-build-perl-0.82-LOVIuy/blib/lib/B/PerlReq.pm line 388.
	B::PerlReq::__ANON__("Can't locate object method \"sv\" via package \"B::METHOP\" at /h"...) called at /home/cpansand/.cpan/build/2016083100/rpm-build-perl-0.82-LOVIuy/blib/lib/B/Walker.pm line 25
	B::Walker::const_sv(B::METHOP=SCALAR(0x41cdb198)) called at /home/cpansand/.cpan/build/2016083100/rpm-build-perl-0.82-LOVIuy/blib/lib/B/PerlReq.pm line 307
	B::PerlReq::grok_entersub(B::UNOP=SCALAR(0x41cdb108)) called at /home/cpansand/.cpan/build/2016083100/rpm-build-perl-0.82-LOVIuy/blib/lib/B/Walker.pm line 56
	B::Walker::walk_root(B::UNOP=SCALAR(0x41cdb108)) called at /home/cpansand/.cpan/build/2016083100/rpm-build-perl-0.82-LOVIuy/blib/lib/B/Walker.pm line 65
	B::Walker::walk_root(B::LISTOP=SCALAR(0x41cdb090)) called at /home/cpansand/.cpan/build/2016083100/rpm-build-perl-0.82-LOVIuy/blib/lib/B/Walker.pm line 65
	B::Walker::walk_root(B::LISTOP=SCALAR(0x41fe1858)) called at /home/cpansand/.cpan/build/2016083100/rpm-build-perl-0.82-LOVIuy/blib/lib/B/Walker.pm line 65
	B::Walker::walk_root(B::UNOP=SCALAR(0x41ecd978)) called at /home/cpansand/.cpan/build/2016083100/rpm-build-perl-0.82-LOVIuy/blib/lib/B/Walker.pm line 91
	B::Walker::walk_cv(B::CV=SCALAR(0x41ecd960)) called at /home/cpansand/.cpan/build/2016083100/rpm-build-perl-0.82-LOVIuy/blib/lib/B/Walker.pm line 77
	B::Walker::walk_av("BEGIN", B::AV=SCALAR(0x41cc07c8)) called at /home/cpansand/.cpan/build/2016083100/rpm-build-perl-0.82-LOVIuy/blib/lib/B/Walker.pm line 97
	B::Walker::walk_blocks() called at /home/cpansand/.cpan/build/2016083100/rpm-build-perl-0.82-LOVIuy/blib/lib/B/PerlReq.pm line 390
	B::PerlReq::__ANON__() called at (eval 2) line 31
	O::CHECK() called at -e line 0
	eval {...} called at -e line 0
Can't locate object method "sv" via package "B::METHOP" at /home/cpansand/.cpan/build/2016083100/rpm-build-perl-0.82-LOVIuy/blib/lib/B/Walker.pm line 25.
CHECK failed--call queue aborted.

#   Failed test at t/01-B-PerlReq.t line 80.
#          got: 'perl(Data/Dumper.pm) >= 2.0.999'
#     expected: ''
dying at -e line 1
 at /home/cpansand/.cpan/build/2016083100/rpm-build-perl-0.82-LOVIuy/blib/lib/B/PerlReq.pm line 388.
	B::PerlReq::__ANON__("Can't locate object method \"sv\" via package \"B::METHOP\" at /h"...) called at /home/cpansand/.cpan/build/2016083100/rpm-build-perl-0.82-LOVIuy/blib/lib/B/Walker.pm line 25
	B::Walker::const_sv(B::METHOP=SCALAR(0x41cdb198)) called at /home/cpansand/.cpan/build/2016083100/rpm-build-perl-0.82-LOVIuy/blib/lib/B/PerlReq.pm line 307
	B::PerlReq::grok_entersub(B::UNOP=SCALAR(0x41cdb108)) called at /home/cpansand/.cpan/build/2016083100/rpm-build-perl-0.82-LOVIuy/blib/lib/B/Walker.pm line 56
	B::Walker::walk_root(B::UNOP=SCALAR(0x41cdb108)) called at /home/cpansand/.cpan/build/2016083100/rpm-build-perl-0.82-LOVIuy/blib/lib/B/Walker.pm line 65
	B::Walker::walk_root(B::LISTOP=SCALAR(0x41cdb090)) called at /home/cpansand/.cpan/build/2016083100/rpm-build-perl-0.82-LOVIuy/blib/lib/B/Walker.pm line 65
	B::Walker::walk_root(B::LISTOP=SCALAR(0x41fe1858)) called at /home/cpansand/.cpan/build/2016083100/rpm-build-perl-0.82-LOVIuy/blib/lib/B/Walker.pm line 65
	B::Walker::walk_root(B::UNOP=SCALAR(0x41ecd978)) called at /home/cpansand/.cpan/build/2016083100/rpm-build-perl-0.82-LOVIuy/blib/lib/B/Walker.pm line 91
	B::Walker::walk_cv(B::CV=SCALAR(0x41ecd960)) called at /home/cpansand/.cpan/build/2016083100/rpm-build-perl-0.82-LOVIuy/blib/lib/B/Walker.pm line 77
	B::Walker::walk_av("BEGIN", B::AV=SCALAR(0x41cc07c8)) called at /home/cpansand/.cpan/build/2016083100/rpm-build-perl-0.82-LOVIuy/blib/lib/B/Walker.pm line 97
	B::Walker::walk_blocks() called at /home/cpansand/.cpan/build/2016083100/rpm-build-perl-0.82-LOVIuy/blib/lib/B/PerlReq.pm line 390
	B::PerlReq::__ANON__() called at (eval 2) line 31
	O::CHECK() called at -e line 0
	eval {...} called at -e line 0
Can't locate object method "sv" via package "B::METHOP" at /home/cpansand/.cpan/build/2016083100/rpm-build-perl-0.82-LOVIuy/blib/lib/B/Walker.pm line 25.
CHECK failed--call queue aborted.

#   Failed test at t/01-B-PerlReq.t line 81.
#          got: 'perl(Data/Dumper.pm) >= 2.001.001'
#     expected: ''
dying at -e line 1
 at /home/cpansand/.cpan/build/2016083100/rpm-build-perl-0.82-LOVIuy/blib/lib/B/PerlReq.pm line 388.
	B::PerlReq::__ANON__("Can't locate object method \"sv\" via package \"B::METHOP\" at /h"...) called at /home/cpansand/.cpan/build/2016083100/rpm-build-perl-0.82-LOVIuy/blib/lib/B/Walker.pm line 25
	B::Walker::const_sv(B::METHOP=SCALAR(0x41cdb198)) called at /home/cpansand/.cpan/build/2016083100/rpm-build-perl-0.82-LOVIuy/blib/lib/B/PerlReq.pm line 307
	B::PerlReq::grok_entersub(B::UNOP=SCALAR(0x41cdb108)) called at /home/cpansand/.cpan/build/2016083100/rpm-build-perl-0.82-LOVIuy/blib/lib/B/Walker.pm line 56
	B::Walker::walk_root(B::UNOP=SCALAR(0x41cdb108)) called at /home/cpansand/.cpan/build/2016083100/rpm-build-perl-0.82-LOVIuy/blib/lib/B/Walker.pm line 65
	B::Walker::walk_root(B::LISTOP=SCALAR(0x41cdb090)) called at /home/cpansand/.cpan/build/2016083100/rpm-build-perl-0.82-LOVIuy/blib/lib/B/Walker.pm line 65
	B::Walker::walk_root(B::LISTOP=SCALAR(0x41fe1858)) called at /home/cpansand/.cpan/build/2016083100/rpm-build-perl-0.82-LOVIuy/blib/lib/B/Walker.pm line 65
	B::Walker::walk_root(B::UNOP=SCALAR(0x41ecd978)) called at /home/cpansand/.cpan/build/2016083100/rpm-build-perl-0.82-LOVIuy/blib/lib/B/Walker.pm line 91
	B::Walker::walk_cv(B::CV=SCALAR(0x41ecd990)) called at /home/cpansand/.cpan/build/2016083100/rpm-build-perl-0.82-LOVIuy/blib/lib/B/Walker.pm line 77
	B::Walker::walk_av("BEGIN", B::AV=SCALAR(0x41cc07c8)) called at /home/cpansand/.cpan/build/2016083100/rpm-build-perl-0.82-LOVIuy/blib/lib/B/Walker.pm line 97
	B::Walker::walk_blocks() called at /home/cpansand/.cpan/build/2016083100/rpm-build-perl-0.82-LOVIuy/blib/lib/B/PerlReq.pm line 390
	B::PerlReq::__ANON__() called at (eval 2) line 31
	O::CHECK() called at -e line 0
	eval {...} called at -e line 0
Can't locate object method "sv" via package "B::METHOP" at /home/cpansand/.cpan/build/2016083100/rpm-build-perl-0.82-LOVIuy/blib/lib/B/Walker.pm line 25.
CHECK failed--call queue aborted.

#   Failed test at t/01-B-PerlReq.t line 82.
#          got: 'perl(Data/Dumper.pm) >= 2.001.001'
#     expected: ''
dying at -e line 1
 at /home/cpansand/.cpan/build/2016083100/rpm-build-perl-0.82-LOVIuy/blib/lib/B/PerlReq.pm line 388.
	B::PerlReq::__ANON__("Can't locate object method \"sv\" via package \"B::METHOP\" at /h"...) called at /home/cpansand/.cpan/build/2016083100/rpm-build-perl-0.82-LOVIuy/blib/lib/B/Walker.pm line 25
	B::Walker::const_sv(B::METHOP=SCALAR(0x41e27798)) called at /home/cpansand/.cpan/build/2016083100/rpm-build-perl-0.82-LOVIuy/blib/lib/B/PerlReq.pm line 307
	B::PerlReq::grok_entersub(B::UNOP=SCALAR(0x41e27708)) called at /home/cpansand/.cpan/build/2016083100/rpm-build-perl-0.82-LOVIuy/blib/lib/B/Walker.pm line 56
	B::Walker::walk_root(B::UNOP=SCALAR(0x41e27708)) called at /home/cpansand/.cpan/build/2016083100/rpm-build-perl-0.82-LOVIuy/blib/lib/B/Walker.pm line 65
	B::Walker::walk_root(B::LISTOP=SCALAR(0x41e27678)) called at /home/cpansand/.cpan/build/2016083100/rpm-build-perl-0.82-LOVIuy/blib/lib/B/Walker.pm line 65
	B::Walker::walk_root(B::LISTOP=SCALAR(0x4280ad98)) called at /home/cpansand/.cpan/build/2016083100/rpm-build-perl-0.82-LOVIuy/blib/lib/B/Walker.pm line 65
	B::Walker::walk_root(B::UNOP=SCALAR(0x41fa61c8)) called at /home/cpansand/.cpan/build/2016083100/rpm-build-perl-0.82-LOVIuy/blib/lib/B/Walker.pm line 91
	B::Walker::walk_cv(B::CV=SCALAR(0x41f6ba38)) called at /home/cpansand/.cpan/build/2016083100/rpm-build-perl-0.82-LOVIuy/blib/lib/B/Walker.pm line 77
	B::Walker::walk_av("BEGIN", B::AV=SCALAR(0x41cc07c8)) called at /home/cpansand/.cpan/build/2016083100/rpm-build-perl-0.82-LOVIuy/blib/lib/B/Walker.pm line 97
	B::Walker::walk_blocks() called at /home/cpansand/.cpan/build/2016083100/rpm-build-perl-0.82-LOVIuy/blib/lib/B/PerlReq.pm line 390
	B::PerlReq::__ANON__() called at (eval 2) line 31
	O::CHECK() called at -e line 0
	eval {...} called at -e line 0
Can't locate object method "sv" via package "B::METHOP" at /home/cpansand/.cpan/build/2016083100/rpm-build-perl-0.82-LOVIuy/blib/lib/B/Walker.pm line 25.
CHECK failed--call queue aborted.

#   Failed test at t/01-B-PerlReq.t line 84.
#          got: 'perl(base.pm)
# perl(Data/Dumper.pm)'
#     expected: ''
dying at -e line 1
 at /home/cpansand/.cpan/build/2016083100/rpm-build-perl-0.82-LOVIuy/blib/lib/B/PerlReq.pm line 388.
	B::PerlReq::__ANON__("Can't locate object method \"sv\" via package \"B::METHOP\" at /h"...) called at /home/cpansand/.cpan/build/2016083100/rpm-build-perl-0.82-LOVIuy/blib/lib/B/Walker.pm line 25
	B::Walker::const_sv(B::METHOP=SCALAR(0x41e27840)) called at /home/cpansand/.cpan/build/2016083100/rpm-build-perl-0.82-LOVIuy/blib/lib/B/PerlReq.pm line 307
	B::PerlReq::grok_entersub(B::UNOP=SCALAR(0x41e277b0)) called at /home/cpansand/.cpan/build/2016083100/rpm-build-perl-0.82-LOVIuy/blib/lib/B/Walker.pm line 56
	B::Walker::walk_root(B::UNOP=SCALAR(0x41e277b0)) called at /home/cpansand/.cpan/build/2016083100/rpm-build-perl-0.82-LOVIuy/blib/lib/B/Walker.pm line 65
	B::Walker::walk_root(B::LISTOP=SCALAR(0x41e27738)) called at /home/cpansand/.cpan/build/2016083100/rpm-build-perl-0.82-LOVIuy/blib/lib/B/Walker.pm line 65
	B::Walker::walk_root(B::LISTOP=SCALAR(0x4280ae40)) called at /home/cpansand/.cpan/build/2016083100/rpm-build-perl-0.82-LOVIuy/blib/lib/B/Walker.pm line 65
	B::Walker::walk_root(B::UNOP=SCALAR(0x41fa6270)) called at /home/cpansand/.cpan/build/2016083100/rpm-build-perl-0.82-LOVIuy/blib/lib/B/Walker.pm line 91
	B::Walker::walk_cv(B::CV=SCALAR(0x41f6bae0)) called at /home/cpansand/.cpan/build/2016083100/rpm-build-perl-0.82-LOVIuy/blib/lib/B/Walker.pm line 77
	B::Walker::walk_av("BEGIN", B::AV=SCALAR(0x41cc07c8)) called at /home/cpansand/.cpan/build/2016083100/rpm-build-perl-0.82-LOVIuy/blib/lib/B/Walker.pm line 97
	B::Walker::walk_blocks() called at /home/cpansand/.cpan/build/2016083100/rpm-build-perl-0.82-LOVIuy/blib/lib/B/PerlReq.pm line 390
	B::PerlReq::__ANON__() called at (eval 2) line 31
	O::CHECK() called at -e line 0
	eval {...} called at -e line 0
Can't locate object method "sv" via package "B::METHOP" at /home/cpansand/.cpan/build/2016083100/rpm-build-perl-0.82-LOVIuy/blib/lib/B/Walker.pm line 25.
CHECK failed--call queue aborted.

#   Failed test at t/01-B-PerlReq.t line 85.
#          got: 'perl(base.pm) >= 1.0
# perl(Data/Dumper.pm)'
#     expected: ''
dying at -e line 1
 at /home/cpansand/.cpan/build/2016083100/rpm-build-perl-0.82-LOVIuy/blib/lib/B/PerlReq.pm line 388.
	B::PerlReq::__ANON__("Can't locate object method \"sv\" via package \"B::METHOP\" at /h"...) called at /home/cpansand/.cpan/build/2016083100/rpm-build-perl-0.82-LOVIuy/blib/lib/B/Walker.pm line 25
	B::Walker::const_sv(B::METHOP=SCALAR(0x41cdb5b8)) called at /home/cpansand/.cpan/build/2016083100/rpm-build-perl-0.82-LOVIuy/blib/lib/B/PerlReq.pm line 307
	B::PerlReq::grok_entersub(B::UNOP=SCALAR(0x41cdb588)) called at /home/cpansand/.cpan/build/2016083100/rpm-build-perl-0.82-LOVIuy/blib/lib/B/Walker.pm line 56
	B::Walker::walk_root(B::UNOP=SCALAR(0x41cdb588)) called at /home/cpansand/.cpan/build/2016083100/rpm-build-perl-0.82-LOVIuy/blib/lib/B/Walker.pm line 65
	B::Walker::walk_root(B::LISTOP=SCALAR(0x41cdb4f8)) called at /home/cpansand/.cpan/build/2016083100/rpm-build-perl-0.82-LOVIuy/blib/lib/B/Walker.pm line 65
	B::Walker::walk_root(B::LISTOP=SCALAR(0x42831078)) called at /home/cpansand/.cpan/build/2016083100/rpm-build-perl-0.82-LOVIuy/blib/lib/B/Walker.pm line 65
	B::Walker::walk_root(B::UNOP=SCALAR(0x42826978)) called at /home/cpansand/.cpan/build/2016083100/rpm-build-perl-0.82-LOVIuy/blib/lib/B/Walker.pm line 91
	B::Walker::walk_cv(B::CV=SCALAR(0x42826258)) called at /home/cpansand/.cpan/build/2016083100/rpm-build-perl-0.82-LOVIuy/blib/lib/B/Walker.pm line 77
	B::Walker::walk_av("BEGIN", B::AV=SCALAR(0x41cc07c8)) called at /home/cpansand/.cpan/build/2016083100/rpm-build-perl-0.82-LOVIuy/blib/lib/B/Walker.pm line 97
	B::Walker::walk_blocks() called at /home/cpansand/.cpan/build/2016083100/rpm-build-perl-0.82-LOVIuy/blib/lib/B/PerlReq.pm line 390
	B::PerlReq::__ANON__() called at (eval 2) line 31
	O::CHECK() called at -e line 0
	eval {...} called at -e line 0
Can't locate object method "sv" via package "B::METHOP" at /home/cpansand/.cpan/build/2016083100/rpm-build-perl-0.82-LOVIuy/blib/lib/B/Walker.pm line 25.
CHECK failed--call queue aborted.

#   Failed test at t/01-B-PerlReq.t line 86.
#          got: 'perl(base.pm)
# perl(Data/Dumper.pm)
# perl(File/Basename.pm)'
#     expected: ''
dying at -e line 1
 at /home/cpansand/.cpan/build/2016083100/rpm-build-perl-0.82-LOVIuy/blib/lib/B/PerlReq.pm line 388.
	B::PerlReq::__ANON__("Can't locate object method \"sv\" via package \"B::METHOP\" at /h"...) called at /home/cpansand/.cpan/build/2016083100/rpm-build-perl-0.82-LOVIuy/blib/lib/B/Walker.pm line 25
	B::Walker::const_sv(B::METHOP=SCALAR(0x41cdbd68)) called at /home/cpansand/.cpan/build/2016083100/rpm-build-perl-0.82-LOVIuy/blib/lib/B/PerlReq.pm line 307
	B::PerlReq::grok_entersub(B::UNOP=SCALAR(0x41cdbd38)) called at /home/cpansand/.cpan/build/2016083100/rpm-build-perl-0.82-LOVIuy/blib/lib/B/Walker.pm line 56
	B::Walker::walk_root(B::UNOP=SCALAR(0x41cdbd38)) called at /home/cpansand/.cpan/build/2016083100/rpm-build-perl-0.82-LOVIuy/blib/lib/B/Walker.pm line 65
	B::Walker::walk_root(B::LISTOP=SCALAR(0x41cdbca8)) called at /home/cpansand/.cpan/build/2016083100/rpm-build-perl-0.82-LOVIuy/blib/lib/B/Walker.pm line 65
	B::Walker::walk_root(B::LISTOP=SCALAR(0x41cdb180)) called at /home/cpansand/.cpan/build/2016083100/rpm-build-perl-0.82-LOVIuy/blib/lib/B/Walker.pm line 65
	B::Walker::walk_root(B::UNOP=SCALAR(0x41cdb0c0)) called at /home/cpansand/.cpan/build/2016083100/rpm-build-perl-0.82-LOVIuy/blib/lib/B/Walker.pm line 91
	B::Walker::walk_cv(B::CV=SCALAR(0x41f79ee8)) called at /home/cpansand/.cpan/build/2016083100/rpm-build-perl-0.82-LOVIuy/blib/lib/B/Walker.pm line 77
	B::Walker::walk_av("BEGIN", B::AV=SCALAR(0x41cc07c8)) called at /home/cpansand/.cpan/build/2016083100/rpm-build-perl-0.82-LOVIuy/blib/lib/B/Walker.pm line 97
	B::Walker::walk_blocks() called at /home/cpansand/.cpan/build/2016083100/rpm-build-perl-0.82-LOVIuy/blib/lib/B/PerlReq.pm line 390
	B::PerlReq::__ANON__() called at (eval 2) line 31
	O::CHECK() called at -e line 0
	eval {...} called at -e line 0
Can't locate object method "sv" via package "B::METHOP" at /home/cpansand/.cpan/build/2016083100/rpm-build-perl-0.82-LOVIuy/blib/lib/B/Walker.pm line 25.
CHECK failed--call queue aborted.

#   Failed test at t/01-B-PerlReq.t line 87.
#          got: 'perl(Tie/Hash.pm)
# perl(base.pm)'
#     expected: ''
dying at -e line 1
 at /home/cpansand/.cpan/build/2016083100/rpm-build-perl-0.82-LOVIuy/blib/lib/B/PerlReq.pm line 388.
	B::PerlReq::__ANON__("Can't locate object method \"sv\" via package \"B::METHOP\" at /h"...) called at /home/cpansand/.cpan/build/2016083100/rpm-build-perl-0.82-LOVIuy/blib/lib/B/Walker.pm line 25
	B::Walker::const_sv(B::METHOP=SCALAR(0x41f48de0)) called at /home/cpansand/.cpan/build/2016083100/rpm-build-perl-0.82-LOVIuy/blib/lib/B/PerlReq.pm line 307
	B::PerlReq::grok_entersub(B::UNOP=SCALAR(0x41f48d50)) called at /home/cpansand/.cpan/build/2016083100/rpm-build-perl-0.82-LOVIuy/blib/lib/B/Walker.pm line 56
	B::Walker::walk_root(B::UNOP=SCALAR(0x41f48d50)) called at /home/cpansand/.cpan/build/2016083100/rpm-build-perl-0.82-LOVIuy/blib/lib/B/Walker.pm line 65
	B::Walker::walk_root(B::LISTOP=SCALAR(0x41f48cc0)) called at /home/cpansand/.cpan/build/2016083100/rpm-build-perl-0.82-LOVIuy/blib/lib/B/Walker.pm line 65
	B::Walker::walk_root(B::LISTOP=SCALAR(0x41f48198)) called at /home/cpansand/.cpan/build/2016083100/rpm-build-perl-0.82-LOVIuy/blib/lib/B/Walker.pm line 65
	B::Walker::walk_root(B::UNOP=SCALAR(0x41f48120)) called at /home/cpansand/.cpan/build/2016083100/rpm-build-perl-0.82-LOVIuy/blib/lib/B/Walker.pm line 91
	B::Walker::walk_cv(B::CV=SCALAR(0x41ecd8a0)) called at /home/cpansand/.cpan/build/2016083100/rpm-build-perl-0.82-LOVIuy/blib/lib/B/Walker.pm line 77
	B::Walker::walk_av("BEGIN", B::AV=SCALAR(0x41cc07c8)) called at /home/cpansand/.cpan/build/2016083100/rpm-build-perl-0.82-LOVIuy/blib/lib/B/Walker.pm line 97
	B::Walker::walk_blocks() called at /home/cpansand/.cpan/build/2016083100/rpm-build-perl-0.82-LOVIuy/blib/lib/B/PerlReq.pm line 390
	B::PerlReq::__ANON__() called at (eval 2) line 31
	O::CHECK() called at -e line 0
	eval {...} called at -e line 0
Can't locate object method "sv" via package "B::METHOP" at /home/cpansand/.cpan/build/2016083100/rpm-build-perl-0.82-LOVIuy/blib/lib/B/Walker.pm line 25.
CHECK failed--call queue aborted.

#   Failed test at t/01-B-PerlReq.t line 89.
#          got: 'perl(autouse.pm)
# perl(Data/Dumper.pm)'
#     expected: ''
dying at -e line 1
 at /home/cpansand/.cpan/build/2016083100/rpm-build-perl-0.82-LOVIuy/blib/lib/B/PerlReq.pm line 388.
	B::PerlReq::__ANON__("Can't locate object method \"sv\" via package \"B::METHOP\" at /h"...) called at /home/cpansand/.cpan/build/2016083100/rpm-build-perl-0.82-LOVIuy/blib/lib/B/Walker.pm line 25
	B::Walker::const_sv(B::METHOP=SCALAR(0x41f48fc0)) called at /home/cpansand/.cpan/build/2016083100/rpm-build-perl-0.82-LOVIuy/blib/lib/B/PerlReq.pm line 307
	B::PerlReq::grok_entersub(B::UNOP=SCALAR(0x41f48f90)) called at /home/cpansand/.cpan/build/2016083100/rpm-build-perl-0.82-LOVIuy/blib/lib/B/Walker.pm line 56
	B::Walker::walk_root(B::UNOP=SCALAR(0x41f48f90)) called at /home/cpansand/.cpan/build/2016083100/rpm-build-perl-0.82-LOVIuy/blib/lib/B/Walker.pm line 65
	B::Walker::walk_root(B::LISTOP=SCALAR(0x41f48f00)) called at /home/cpansand/.cpan/build/2016083100/rpm-build-perl-0.82-LOVIuy/blib/lib/B/Walker.pm line 65
	B::Walker::walk_root(B::LISTOP=SCALAR(0x41f483d8)) called at /home/cpansand/.cpan/build/2016083100/rpm-build-perl-0.82-LOVIuy/blib/lib/B/Walker.pm line 65
	B::Walker::walk_root(B::UNOP=SCALAR(0x41f48318)) called at /home/cpansand/.cpan/build/2016083100/rpm-build-perl-0.82-LOVIuy/blib/lib/B/Walker.pm line 91
	B::Walker::walk_cv(B::CV=SCALAR(0x41f481f8)) called at /home/cpansand/.cpan/build/2016083100/rpm-build-perl-0.82-LOVIuy/blib/lib/B/Walker.pm line 77
	B::Walker::walk_av("BEGIN", B::AV=SCALAR(0x41cc07c8)) called at /home/cpansand/.cpan/build/2016083100/rpm-build-perl-0.82-LOVIuy/blib/lib/B/Walker.pm line 97
	B::Walker::walk_blocks() called at /home/cpansand/.cpan/build/2016083100/rpm-build-perl-0.82-LOVIuy/blib/lib/B/PerlReq.pm line 390
	B::PerlReq::__ANON__() called at (eval 2) line 31
	O::CHECK() called at -e line 0
	eval {...} called at -e line 0
Can't locate object method "sv" via package "B::METHOP" at /home/cpansand/.cpan/build/2016083100/rpm-build-perl-0.82-LOVIuy/blib/lib/B/Walker.pm line 25.
CHECK failed--call queue aborted.

#   Failed test at t/01-B-PerlReq.t line 90.
#          got: 'perl(autouse.pm)
# perl(Data/Dumper.pm)'
#     expected: ''
dying at -e line 1
 at /home/cpansand/.cpan/build/2016083100/rpm-build-perl-0.82-LOVIuy/blib/lib/B/PerlReq.pm line 388.
	B::PerlReq::__ANON__("Can't locate object method \"sv\" via package \"B::METHOP\" at /h"...) called at /home/cpansand/.cpan/build/2016083100/rpm-build-perl-0.82-LOVIuy/blib/lib/B/Walker.pm line 25
	B::Walker::const_sv(B::METHOP=SCALAR(0x41f48fd8)) called at /home/cpansand/.cpan/build/2016083100/rpm-build-perl-0.82-LOVIuy/blib/lib/B/PerlReq.pm line 307
	B::PerlReq::grok_entersub(B::UNOP=SCALAR(0x41f48fa8)) called at /home/cpansand/.cpan/build/2016083100/rpm-build-perl-0.82-LOVIuy/blib/lib/B/Walker.pm line 56
	B::Walker::walk_root(B::UNOP=SCALAR(0x41f48fa8)) called at /home/cpansand/.cpan/build/2016083100/rpm-build-perl-0.82-LOVIuy/blib/lib/B/Walker.pm line 65
	B::Walker::walk_root(B::LISTOP=SCALAR(0x41f48f18)) called at /home/cpansand/.cpan/build/2016083100/rpm-build-perl-0.82-LOVIuy/blib/lib/B/Walker.pm line 65
	B::Walker::walk_root(B::LISTOP=SCALAR(0x41f483f0)) called at /home/cpansand/.cpan/build/2016083100/rpm-build-perl-0.82-LOVIuy/blib/lib/B/Walker.pm line 65
	B::Walker::walk_root(B::UNOP=SCALAR(0x41f48330)) called at /home/cpansand/.cpan/build/2016083100/rpm-build-perl-0.82-LOVIuy/blib/lib/B/Walker.pm line 91
	B::Walker::walk_cv(B::CV=SCALAR(0x41f48210)) called at /home/cpansand/.cpan/build/2016083100/rpm-build-perl-0.82-LOVIuy/blib/lib/B/Walker.pm line 77
	B::Walker::walk_av("BEGIN", B::AV=SCALAR(0x41cc07c8)) called at /home/cpansand/.cpan/build/2016083100/rpm-build-perl-0.82-LOVIuy/blib/lib/B/Walker.pm line 97
	B::Walker::walk_blocks() called at /home/cpansand/.cpan/build/2016083100/rpm-build-perl-0.82-LOVIuy/blib/lib/B/PerlReq.pm line 390
	B::PerlReq::__ANON__() called at (eval 2) line 31
	O::CHECK() called at -e line 0
	eval {...} called at -e line 0
Can't locate object method "sv" via package "B::METHOP" at /home/cpansand/.cpan/build/2016083100/rpm-build-perl-0.82-LOVIuy/blib/lib/B/Walker.pm line 25.
CHECK failed--call queue aborted.

#   Failed test at t/01-B-PerlReq.t line 91.
#          got: 'perl(autouse.pm)
# perl(Data/Dumper.pm)'
#     expected: ''
dying at -e line 1
 at /home/cpansand/.cpan/build/2016083100/rpm-build-perl-0.82-LOVIuy/blib/lib/B/PerlReq.pm line 388.
	B::PerlReq::__ANON__("Can't locate object method \"sv\" via package \"B::METHOP\" at /h"...) called at /home/cpansand/.cpan/build/2016083100/rpm-build-perl-0.82-LOVIuy/blib/lib/B/Walker.pm line 25
	B::Walker::const_sv(B::METHOP=SCALAR(0x41cdc3f0)) called at /home/cpansand/.cpan/build/2016083100/rpm-build-perl-0.82-LOVIuy/blib/lib/B/PerlReq.pm line 307
	B::PerlReq::grok_entersub(B::UNOP=SCALAR(0x41cdc3c0)) called at /home/cpansand/.cpan/build/2016083100/rpm-build-perl-0.82-LOVIuy/blib/lib/B/Walker.pm line 56
	B::Walker::walk_root(B::UNOP=SCALAR(0x41cdc3c0)) called at /home/cpansand/.cpan/build/2016083100/rpm-build-perl-0.82-LOVIuy/blib/lib/B/Walker.pm line 65
	B::Walker::walk_root(B::LISTOP=SCALAR(0x41cdc330)) called at /home/cpansand/.cpan/build/2016083100/rpm-build-perl-0.82-LOVIuy/blib/lib/B/Walker.pm line 65
	B::Walker::walk_root(B::LISTOP=SCALAR(0x41f897e0)) called at /home/cpansand/.cpan/build/2016083100/rpm-build-perl-0.82-LOVIuy/blib/lib/B/Walker.pm line 65
	B::Walker::walk_root(B::UNOP=SCALAR(0x41f89720)) called at /home/cpansand/.cpan/build/2016083100/rpm-build-perl-0.82-LOVIuy/blib/lib/B/Walker.pm line 91
	B::Walker::walk_cv(B::CV=SCALAR(0x41f89420)) called at /home/cpansand/.cpan/build/2016083100/rpm-build-perl-0.82-LOVIuy/blib/lib/B/Walker.pm line 77
	B::Walker::walk_av("BEGIN", B::AV=SCALAR(0x41cc07c8)) called at /home/cpansand/.cpan/build/2016083100/rpm-build-perl-0.82-LOVIuy/blib/lib/B/Walker.pm line 97
	B::Walker::walk_blocks() called at /home/cpansand/.cpan/build/2016083100/rpm-build-perl-0.82-LOVIuy/blib/lib/B/PerlReq.pm line 390
	B::PerlReq::__ANON__() called at (eval 2) line 31
	O::CHECK() called at -e line 0
	eval {...} called at -e line 0
Can't locate object method "sv" via package "B::METHOP" at /home/cpansand/.cpan/build/2016083100/rpm-build-perl-0.82-LOVIuy/blib/lib/B/Walker.pm line 25.
CHECK failed--call queue aborted.

#   Failed test at t/01-B-PerlReq.t line 93.
#          got: 'perl(Try/Tiny.pm)
# perl(Bar.pm)'
#     expected: ''
dying at -e line 1
 at /home/cpansand/.cpan/build/2016083100/rpm-build-perl-0.82-LOVIuy/blib/lib/B/PerlReq.pm line 388.
	B::PerlReq::__ANON__("Can't locate object method \"sv\" via package \"B::METHOP\" at /h"...) called at /home/cpansand/.cpan/build/2016083100/rpm-build-perl-0.82-LOVIuy/blib/lib/B/Walker.pm line 25
	B::Walker::const_sv(B::METHOP=SCALAR(0x41cdc450)) called at /home/cpansand/.cpan/build/2016083100/rpm-build-perl-0.82-LOVIuy/blib/lib/B/PerlReq.pm line 307
	B::PerlReq::grok_entersub(B::UNOP=SCALAR(0x41cdc420)) called at /home/cpansand/.cpan/build/2016083100/rpm-build-perl-0.82-LOVIuy/blib/lib/B/Walker.pm line 56
	B::Walker::walk_root(B::UNOP=SCALAR(0x41cdc420)) called at /home/cpansand/.cpan/build/2016083100/rpm-build-perl-0.82-LOVIuy/blib/lib/B/Walker.pm line 65
	B::Walker::walk_root(B::LISTOP=SCALAR(0x41cdc390)) called at /home/cpansand/.cpan/build/2016083100/rpm-build-perl-0.82-LOVIuy/blib/lib/B/Walker.pm line 65
	B::Walker::walk_root(B::LISTOP=SCALAR(0x41f89840)) called at /home/cpansand/.cpan/build/2016083100/rpm-build-perl-0.82-LOVIuy/blib/lib/B/Walker.pm line 65
	B::Walker::walk_root(B::UNOP=SCALAR(0x41f89780)) called at /home/cpansand/.cpan/build/2016083100/rpm-build-perl-0.82-LOVIuy/blib/lib/B/Walker.pm line 91
	B::Walker::walk_cv(B::CV=SCALAR(0x41f89480)) called at /home/cpansand/.cpan/build/2016083100/rpm-build-perl-0.82-LOVIuy/blib/lib/B/Walker.pm line 77
	B::Walker::walk_av("BEGIN", B::AV=SCALAR(0x41cc07c8)) called at /home/cpansand/.cpan/build/2016083100/rpm-build-perl-0.82-LOVIuy/blib/lib/B/Walker.pm line 97
	B::Walker::walk_blocks() called at /home/cpansand/.cpan/build/2016083100/rpm-build-perl-0.82-LOVIuy/blib/lib/B/PerlReq.pm line 390
	B::PerlReq::__ANON__() called at (eval 2) line 31
	O::CHECK() called at -e line 0
	eval {...} called at -e line 0
Can't locate object method "sv" via package "B::METHOP" at /home/cpansand/.cpan/build/2016083100/rpm-build-perl-0.82-LOVIuy/blib/lib/B/Walker.pm line 25.
CHECK failed--call queue aborted.

#   Failed test at t/01-B-PerlReq.t line 94.
#          got: 'perl(Try/Tiny.pm)
# perl(Bar.pm)'
#     expected: ''
dying at -e line 1
 at /home/cpansand/.cpan/build/2016083100/rpm-build-perl-0.82-LOVIuy/blib/lib/B/PerlReq.pm line 388.
	B::PerlReq::__ANON__("Can't locate object method \"sv\" via package \"B::METHOP\" at /h"...) called at /home/cpansand/.cpan/build/2016083100/rpm-build-perl-0.82-LOVIuy/blib/lib/B/Walker.pm line 25
	B::Walker::const_sv(B::METHOP=SCALAR(0x41cdc4e0)) called at /home/cpansand/.cpan/build/2016083100/rpm-build-perl-0.82-LOVIuy/blib/lib/B/PerlReq.pm line 307
	B::PerlReq::grok_entersub(B::UNOP=SCALAR(0x41cdc4b0)) called at /home/cpansand/.cpan/build/2016083100/rpm-build-perl-0.82-LOVIuy/blib/lib/B/Walker.pm line 56
	B::Walker::walk_root(B::UNOP=SCALAR(0x41cdc4b0)) called at /home/cpansand/.cpan/build/2016083100/rpm-build-perl-0.82-LOVIuy/blib/lib/B/Walker.pm line 65
	B::Walker::walk_root(B::LISTOP=SCALAR(0x41cdc420)) called at /home/cpansand/.cpan/build/2016083100/rpm-build-perl-0.82-LOVIuy/blib/lib/B/Walker.pm line 65
	B::Walker::walk_root(B::LISTOP=SCALAR(0x41f898d0)) called at /home/cpansand/.cpan/build/2016083100/rpm-build-perl-0.82-LOVIuy/blib/lib/B/Walker.pm line 65
	B::Walker::walk_root(B::UNOP=SCALAR(0x41f89810)) called at /home/cpansand/.cpan/build/2016083100/rpm-build-perl-0.82-LOVIuy/blib/lib/B/Walker.pm line 91
	B::Walker::walk_cv(B::CV=SCALAR(0x41f89510)) called at /home/cpansand/.cpan/build/2016083100/rpm-build-perl-0.82-LOVIuy/blib/lib/B/Walker.pm line 77
	B::Walker::walk_av("BEGIN", B::AV=SCALAR(0x41cc07c8)) called at /home/cpansand/.cpan/build/2016083100/rpm-build-perl-0.82-LOVIuy/blib/lib/B/Walker.pm line 97
	B::Walker::walk_blocks() called at /home/cpansand/.cpan/build/2016083100/rpm-build-perl-0.82-LOVIuy/blib/lib/B/PerlReq.pm line 390
	B::PerlReq::__ANON__() called at (eval 2) line 31
	O::CHECK() called at -e line 0
	eval {...} called at -e line 0
Can't locate object method "sv" via package "B::METHOP" at /home/cpansand/.cpan/build/2016083100/rpm-build-perl-0.82-LOVIuy/blib/lib/B/Walker.pm line 25.
CHECK failed--call queue aborted.

#   Failed test at t/01-B-PerlReq.t line 95.
#          got: 'perl(Try/Tiny.pm)
# perl(Baz.pm)'
#     expected: ''
dying at -e line 1
 at /home/cpansand/.cpan/build/2016083100/rpm-build-perl-0.82-LOVIuy/blib/lib/B/PerlReq.pm line 388.
	B::PerlReq::__ANON__("Can't locate object method \"sv\" via package \"B::METHOP\" at /h"...) called at /home/cpansand/.cpan/build/2016083100/rpm-build-perl-0.82-LOVIuy/blib/lib/B/Walker.pm line 25
	B::Walker::const_sv(B::METHOP=SCALAR(0x41efcf90)) called at /home/cpansand/.cpan/build/2016083100/rpm-build-perl-0.82-LOVIuy/blib/lib/B/PerlReq.pm line 307
	B::PerlReq::grok_entersub(B::UNOP=SCALAR(0x41efcdc8)) called at /home/cpansand/.cpan/build/2016083100/rpm-build-perl-0.82-LOVIuy/blib/lib/B/Walker.pm line 56
	B::Walker::walk_root(B::UNOP=SCALAR(0x41efcdc8)) called at /home/cpansand/.cpan/build/2016083100/rpm-build-perl-0.82-LOVIuy/blib/lib/B/Walker.pm line 65
	B::Walker::walk_root(B::LISTOP=SCALAR(0x41f38738)) called at /home/cpansand/.cpan/build/2016083100/rpm-build-perl-0.82-LOVIuy/blib/lib/B/Walker.pm line 105
	B::Walker::walk_main() called at /home/cpansand/.cpan/build/2016083100/rpm-build-perl-0.82-LOVIuy/blib/lib/B/PerlReq.pm line 391
	B::PerlReq::__ANON__() called at (eval 2) line 31
	O::CHECK() called at -e line 0
	eval {...} called at -e line 0
Can't locate object method "sv" via package "B::METHOP" at /home/cpansand/.cpan/build/2016083100/rpm-build-perl-0.82-LOVIuy/blib/lib/B/Walker.pm line 25.
CHECK failed--call queue aborted.

#   Failed test at t/01-B-PerlReq.t line 101.
#          got: 'perl(Data/Dumper.pm) >= 2.0'
#     expected: ''
dying at -e line 1
 at /home/cpansand/.cpan/build/2016083100/rpm-build-perl-0.82-LOVIuy/blib/lib/B/PerlReq.pm line 388.
	B::PerlReq::__ANON__("Can't locate object method \"sv\" via package \"B::METHOP\" at /h"...) called at /home/cpansand/.cpan/build/2016083100/rpm-build-perl-0.82-LOVIuy/blib/lib/B/Walker.pm line 25
	B::Walker::const_sv(B::METHOP=SCALAR(0x41efcf90)) called at /home/cpansand/.cpan/build/2016083100/rpm-build-perl-0.82-LOVIuy/blib/lib/B/PerlReq.pm line 307
	B::PerlReq::grok_entersub(B::UNOP=SCALAR(0x41efcdc8)) called at /home/cpansand/.cpan/build/2016083100/rpm-build-perl-0.82-LOVIuy/blib/lib/B/Walker.pm line 56
	B::Walker::walk_root(B::UNOP=SCALAR(0x41efcdc8)) called at /home/cpansand/.cpan/build/2016083100/rpm-build-perl-0.82-LOVIuy/blib/lib/B/Walker.pm line 65
	B::Walker::walk_root(B::LISTOP=SCALAR(0x41f38738)) called at /home/cpansand/.cpan/build/2016083100/rpm-build-perl-0.82-LOVIuy/blib/lib/B/Walker.pm line 105
	B::Walker::walk_main() called at /home/cpansand/.cpan/build/2016083100/rpm-build-perl-0.82-LOVIuy/blib/lib/B/PerlReq.pm line 391
	B::PerlReq::__ANON__() called at (eval 2) line 31
	O::CHECK() called at -e line 0
	eval {...} called at -e line 0
Can't locate object method "sv" via package "B::METHOP" at /home/cpansand/.cpan/build/2016083100/rpm-build-perl-0.82-LOVIuy/blib/lib/B/Walker.pm line 25.
CHECK failed--call queue aborted.

#   Failed test at t/01-B-PerlReq.t line 102.
#          got: 'perl(Data/Dumper.pm) >= 2.0'
#     expected: ''
dying at -e line 1
 at /home/cpansand/.cpan/build/2016083100/rpm-build-perl-0.82-LOVIuy/blib/lib/B/PerlReq.pm line 388.
	B::PerlReq::__ANON__("Can't locate object method \"sv\" via package \"B::METHOP\" at /h"...) called at /home/cpansand/.cpan/build/2016083100/rpm-build-perl-0.82-LOVIuy/blib/lib/B/Walker.pm line 25
	B::Walker::const_sv(B::METHOP=SCALAR(0x41efcf48)) called at /home/cpansand/.cpan/build/2016083100/rpm-build-perl-0.82-LOVIuy/blib/lib/B/PerlReq.pm line 307
	B::PerlReq::grok_entersub(B::UNOP=SCALAR(0x41efcd08)) called at /home/cpansand/.cpan/build/2016083100/rpm-build-perl-0.82-LOVIuy/blib/lib/B/Walker.pm line 56
	B::Walker::walk_root(B::UNOP=SCALAR(0x41efcd08)) called at /home/cpansand/.cpan/build/2016083100/rpm-build-perl-0.82-LOVIuy/blib/lib/B/Walker.pm line 65
	B::Walker::walk_root(B::LISTOP=SCALAR(0x41f38768)) called at /home/cpansand/.cpan/build/2016083100/rpm-build-perl-0.82-LOVIuy/blib/lib/B/Walker.pm line 105
	B::Walker::walk_main() called at /home/cpansand/.cpan/build/2016083100/rpm-build-perl-0.82-LOVIuy/blib/lib/B/PerlReq.pm line 391
	B::PerlReq::__ANON__() called at (eval 2) line 31
	O::CHECK() called at -e line 0
	eval {...} called at -e line 0
Can't locate object method "sv" via package "B::METHOP" at /home/cpansand/.cpan/build/2016083100/rpm-build-perl-0.82-LOVIuy/blib/lib/B/Walker.pm line 25.
CHECK failed--call queue aborted.

#   Failed test at t/01-B-PerlReq.t line 103.
#          got: 'perl(base.pm)
# perl(Data/Dumper.pm)'
#     expected: ''
dying at -e line 1
 at /home/cpansand/.cpan/build/2016083100/rpm-build-perl-0.82-LOVIuy/blib/lib/B/PerlReq.pm line 388.
	B::PerlReq::__ANON__("Can't locate object method \"sv\" via package \"B::METHOP\" at /h"...) called at /home/cpansand/.cpan/build/2016083100/rpm-build-perl-0.82-LOVIuy/blib/lib/B/Walker.pm line 25
	B::Walker::const_sv(B::METHOP=SCALAR(0x41f29090)) called at /home/cpansand/.cpan/build/2016083100/rpm-build-perl-0.82-LOVIuy/blib/lib/B/PerlReq.pm line 307
	B::PerlReq::grok_entersub(B::UNOP=SCALAR(0x41efce88)) called at /home/cpansand/.cpan/build/2016083100/rpm-build-perl-0.82-LOVIuy/blib/lib/B/Walker.pm line 56
	B::Walker::walk_root(B::UNOP=SCALAR(0x41efce88)) called at /home/cpansand/.cpan/build/2016083100/rpm-build-perl-0.82-LOVIuy/blib/lib/B/Walker.pm line 65
	B::Walker::walk_root(B::LISTOP=SCALAR(0x41f38708)) called at /home/cpansand/.cpan/build/2016083100/rpm-build-perl-0.82-LOVIuy/blib/lib/B/Walker.pm line 105
	B::Walker::walk_main() called at /home/cpansand/.cpan/build/2016083100/rpm-build-perl-0.82-LOVIuy/blib/lib/B/PerlReq.pm line 391
	B::PerlReq::__ANON__() called at (eval 2) line 31
	O::CHECK() called at -e line 0
	eval {...} called at -e line 0
Can't locate object method "sv" via package "B::METHOP" at /home/cpansand/.cpan/build/2016083100/rpm-build-perl-0.82-LOVIuy/blib/lib/B/Walker.pm line 25.
CHECK failed--call queue aborted.

#   Failed test at t/01-B-PerlReq.t line 104.
#          got: 'perl(base.pm) >= 1.0
# perl(Data/Dumper.pm)'
#     expected: ''
dying at -e line 1
 at /home/cpansand/.cpan/build/2016083100/rpm-build-perl-0.82-LOVIuy/blib/lib/B/PerlReq.pm line 388.
	B::PerlReq::__ANON__("Can't locate object method \"sv\" via package \"B::METHOP\" at /h"...) called at /home/cpansand/.cpan/build/2016083100/rpm-build-perl-0.82-LOVIuy/blib/lib/B/Walker.pm line 25
	B::Walker::const_sv(B::METHOP=SCALAR(0x41f29090)) called at /home/cpansand/.cpan/build/2016083100/rpm-build-perl-0.82-LOVIuy/blib/lib/B/PerlReq.pm line 307
	B::PerlReq::grok_entersub(B::UNOP=SCALAR(0x41efce88)) called at /home/cpansand/.cpan/build/2016083100/rpm-build-perl-0.82-LOVIuy/blib/lib/B/Walker.pm line 56
	B::Walker::walk_root(B::UNOP=SCALAR(0x41efce88)) called at /home/cpansand/.cpan/build/2016083100/rpm-build-perl-0.82-LOVIuy/blib/lib/B/Walker.pm line 65
	B::Walker::walk_root(B::LISTOP=SCALAR(0x41f38708)) called at /home/cpansand/.cpan/build/2016083100/rpm-build-perl-0.82-LOVIuy/blib/lib/B/Walker.pm line 105
	B::Walker::walk_main() called at /home/cpansand/.cpan/build/2016083100/rpm-build-perl-0.82-LOVIuy/blib/lib/B/PerlReq.pm line 391
	B::PerlReq::__ANON__() called at (eval 2) line 31
	O::CHECK() called at -e line 0
	eval {...} called at -e line 0
Can't locate object method "sv" via package "B::METHOP" at /home/cpansand/.cpan/build/2016083100/rpm-build-perl-0.82-LOVIuy/blib/lib/B/Walker.pm line 25.
CHECK failed--call queue aborted.

#   Failed test at t/01-B-PerlReq.t line 105.
#          got: 'perl(base.pm)
# perl(Data/Dumper.pm)
# perl(base.pm) >= 1.0'
#     expected: ''
dying at -e line 1
 at /home/cpansand/.cpan/build/2016083100/rpm-build-perl-0.82-LOVIuy/blib/lib/B/PerlReq.pm line 388.
	B::PerlReq::__ANON__("Can't locate object method \"sv\" via package \"B::METHOP\" at /h"...) called at /home/cpansand/.cpan/build/2016083100/rpm-build-perl-0.82-LOVIuy/blib/lib/B/Walker.pm line 25
	B::Walker::const_sv(B::METHOP=SCALAR(0x41efc078)) called at /home/cpansand/.cpan/build/2016083100/rpm-build-perl-0.82-LOVIuy/blib/lib/B/PerlReq.pm line 307
	B::PerlReq::grok_entersub(B::UNOP=SCALAR(0x41ecdb40)) called at /home/cpansand/.cpan/build/2016083100/rpm-build-perl-0.82-LOVIuy/blib/lib/B/Walker.pm line 56
	B::Walker::walk_root(B::UNOP=SCALAR(0x41ecdb40)) called at /home/cpansand/.cpan/build/2016083100/rpm-build-perl-0.82-LOVIuy/blib/lib/B/Walker.pm line 65
	B::Walker::walk_root(B::LISTOP=SCALAR(0x41ecda38)) called at /home/cpansand/.cpan/build/2016083100/rpm-build-perl-0.82-LOVIuy/blib/lib/B/Walker.pm line 65
	B::Walker::walk_root(B::BINOP=SCALAR(0x41f38768)) called at /home/cpansand/.cpan/build/2016083100/rpm-build-perl-0.82-LOVIuy/blib/lib/B/Walker.pm line 65
	B::Walker::walk_root(B::LISTOP=SCALAR(0x41c3e5a0)) called at /home/cpansand/.cpan/build/2016083100/rpm-build-perl-0.82-LOVIuy/blib/lib/B/Walker.pm line 105
	B::Walker::walk_main() called at /home/cpansand/.cpan/build/2016083100/rpm-build-perl-0.82-LOVIuy/blib/lib/B/PerlReq.pm line 391
	B::PerlReq::__ANON__() called at (eval 2) line 31
	O::CHECK() called at -e line 0
	eval {...} called at -e line 0
Can't locate object method "sv" via package "B::METHOP" at /home/cpansand/.cpan/build/2016083100/rpm-build-perl-0.82-LOVIuy/blib/lib/B/Walker.pm line 25.
CHECK failed--call queue aborted.

#   Failed test at t/01-B-PerlReq.t line 127.
#          got: 'perl(attributes.pm)'
#     expected: ''
dying at -e line 1
 at /home/cpansand/.cpan/build/2016083100/rpm-build-perl-0.82-LOVIuy/blib/lib/B/PerlReq.pm line 388.
	B::PerlReq::__ANON__("Can't locate object method \"sv\" via package \"B::METHOP\" at /h"...) called at /home/cpansand/.cpan/build/2016083100/rpm-build-perl-0.82-LOVIuy/blib/lib/B/Walker.pm line 25
	B::Walker::const_sv(B::METHOP=SCALAR(0x41efc618)) called at /home/cpansand/.cpan/build/2016083100/rpm-build-perl-0.82-LOVIuy/blib/lib/B/PerlReq.pm line 307
	B::PerlReq::grok_entersub(B::UNOP=SCALAR(0x41ecd948)) called at /home/cpansand/.cpan/build/2016083100/rpm-build-perl-0.82-LOVIuy/blib/lib/B/Walker.pm line 56
	B::Walker::walk_root(B::UNOP=SCALAR(0x41ecd948)) called at /home/cpansand/.cpan/build/2016083100/rpm-build-perl-0.82-LOVIuy/blib/lib/B/Walker.pm line 65
	B::Walker::walk_root(B::BINOP=SCALAR(0x41f386f0)) called at /home/cpansand/.cpan/build/2016083100/rpm-build-perl-0.82-LOVIuy/blib/lib/B/Walker.pm line 65
	B::Walker::walk_root(B::LISTOP=SCALAR(0x41f387c8)) called at /home/cpansand/.cpan/build/2016083100/rpm-build-perl-0.82-LOVIuy/blib/lib/B/Walker.pm line 105
	B::Walker::walk_main() called at /home/cpansand/.cpan/build/2016083100/rpm-build-perl-0.82-LOVIuy/blib/lib/B/PerlReq.pm line 391
	B::PerlReq::__ANON__() called at (eval 2) line 31
	O::CHECK() called at -e line 0
	eval {...} called at -e line 0
Can't locate object method "sv" via package "B::METHOP" at /home/cpansand/.cpan/build/2016083100/rpm-build-perl-0.82-LOVIuy/blib/lib/B/Walker.pm line 25.
CHECK failed--call queue aborted.
Use of the encoding pragma is deprecated at -e line 2.
dying at -e line 2
 at /home/cpansand/.cpan/build/2016083100/rpm-build-perl-0.82-LOVIuy/blib/lib/B/PerlReq.pm line 388.
	B::PerlReq::__ANON__("Can't locate object method \"sv\" via package \"B::METHOP\" at /h"...) called at /home/cpansand/.cpan/build/2016083100/rpm-build-perl-0.82-LOVIuy/blib/lib/B/Walker.pm line 25
	B::Walker::const_sv(B::METHOP=SCALAR(0x41cdcd80)) called at /home/cpansand/.cpan/build/2016083100/rpm-build-perl-0.82-LOVIuy/blib/lib/B/PerlReq.pm line 307
	B::PerlReq::grok_entersub(B::UNOP=SCALAR(0x41cdccf0)) called at /home/cpansand/.cpan/build/2016083100/rpm-build-perl-0.82-LOVIuy/blib/lib/B/Walker.pm line 56
	B::Walker::walk_root(B::UNOP=SCALAR(0x41cdccf0)) called at /home/cpansand/.cpan/build/2016083100/rpm-build-perl-0.82-LOVIuy/blib/lib/B/Walker.pm line 65
	B::Walker::walk_root(B::LISTOP=SCALAR(0x41cdcc60)) called at /home/cpansand/.cpan/build/2016083100/rpm-build-perl-0.82-LOVIuy/blib/lib/B/Walker.pm line 65
	B::Walker::walk_root(B::LISTOP=SCALAR(0x41cdc138)) called at /home/cpansand/.cpan/build/2016083100/rpm-build-perl-0.82-LOVIuy/blib/lib/B/Walker.pm line 65
	B::Walker::walk_root(B::UNOP=SCALAR(0x41cdc078)) called at /home/cpansand/.cpan/build/2016083100/rpm-build-perl-0.82-LOVIuy/blib/lib/B/Walker.pm line 91
	B::Walker::walk_cv(B::CV=SCALAR(0x4281ad08)) called at /home/cpansand/.cpan/build/2016083100/rpm-build-perl-0.82-LOVIuy/blib/lib/B/Walker.pm line 77
	B::Walker::walk_av("BEGIN", B::AV=SCALAR(0x41cc07c8)) called at /home/cpansand/.cpan/build/2016083100/rpm-build-perl-0.82-LOVIuy/blib/lib/B/Walker.pm line 97
	B::Walker::walk_blocks() called at /home/cpansand/.cpan/build/2016083100/rpm-build-perl-0.82-LOVIuy/blib/lib/B/PerlReq.pm line 390
	B::PerlReq::__ANON__() called at (eval 2) line 31
	O::CHECK() called at -e line 0
	eval {...} called at -e line 0
Can't locate object method "sv" via package "B::METHOP" at /home/cpansand/.cpan/build/2016083100/rpm-build-perl-0.82-LOVIuy/blib/lib/B/Walker.pm line 25.
CHECK failed--call queue aborted.

#   Failed test at t/01-B-PerlReq.t line 132.
#          got: 'perl(encoding.pm)
# perl(PerlIO/encoding.pm)
# perl(Encode/JP.pm)
# perl(Filter/Util/Call.pm)
# perl(utf8.pm)'
#     expected: ''
dying at -e line 1
 at /home/cpansand/.cpan/build/2016083100/rpm-build-perl-0.82-LOVIuy/blib/lib/B/PerlReq.pm line 388.
	B::PerlReq::__ANON__("Can't locate object method \"sv\" via package \"B::METHOP\" at /h"...) called at /home/cpansand/.cpan/build/2016083100/rpm-build-perl-0.82-LOVIuy/blib/lib/B/Walker.pm line 25
	B::Walker::const_sv(B::METHOP=SCALAR(0x41cdb7f8)) called at /home/cpansand/.cpan/build/2016083100/rpm-build-perl-0.82-LOVIuy/blib/lib/B/PerlReq.pm line 307
	B::PerlReq::grok_entersub(B::UNOP=SCALAR(0x41cdb768)) called at /home/cpansand/.cpan/build/2016083100/rpm-build-perl-0.82-LOVIuy/blib/lib/B/Walker.pm line 56
	B::Walker::walk_root(B::UNOP=SCALAR(0x41cdb768)) called at /home/cpansand/.cpan/build/2016083100/rpm-build-perl-0.82-LOVIuy/blib/lib/B/Walker.pm line 65
	B::Walker::walk_root(B::LISTOP=SCALAR(0x41cdb6d8)) called at /home/cpansand/.cpan/build/2016083100/rpm-build-perl-0.82-LOVIuy/blib/lib/B/Walker.pm line 65
	B::Walker::walk_root(B::LISTOP=SCALAR(0x41f7db88)) called at /home/cpansand/.cpan/build/2016083100/rpm-build-perl-0.82-LOVIuy/blib/lib/B/Walker.pm line 65
	B::Walker::walk_root(B::UNOP=SCALAR(0x41f7dac8)) called at /home/cpansand/.cpan/build/2016083100/rpm-build-perl-0.82-LOVIuy/blib/lib/B/Walker.pm line 91
	B::Walker::walk_cv(B::CV=SCALAR(0x41f7d978)) called at /home/cpansand/.cpan/build/2016083100/rpm-build-perl-0.82-LOVIuy/blib/lib/B/Walker.pm line 77
	B::Walker::walk_av("BEGIN", B::AV=SCALAR(0x41cc07c8)) called at /home/cpansand/.cpan/build/2016083100/rpm-build-perl-0.82-LOVIuy/blib/lib/B/Walker.pm line 97
	B::Walker::walk_blocks() called at /home/cpansand/.cpan/build/2016083100/rpm-build-perl-0.82-LOVIuy/blib/lib/B/PerlReq.pm line 390
	B::PerlReq::__ANON__() called at (eval 2) line 31
	O::CHECK() called at -e line 0
	eval {...} called at -e line 0
Can't locate object method "sv" via package "B::METHOP" at /home/cpansand/.cpan/build/2016083100/rpm-build-perl-0.82-LOVIuy/blib/lib/B/Walker.pm line 25.
CHECK failed--call queue aborted.

#   Failed test at t/01-B-PerlReq.t line 140.
#          got: 'perl(Cwd.pm) >= 1.0'
#     expected: ''
# Looks like you failed 41 tests of 78.
t/01-B-PerlReq.t .. 
Dubious, test returned 41 (wstat 10496, 0x2900)
Failed 41/78 subtests 
dying at /usr/perl5.22.2t/lib/5.22.2/AutoLoader.pm line 3
 at /home/cpansand/.cpan/build/2016083100/rpm-build-perl-0.82-LOVIuy/blib/lib/B/PerlReq.pm line 388.
	B::PerlReq::__ANON__("Can't locate object method \"sv\" via package \"B::METHOP\" at /h"...) called at /home/cpansand/.cpan/build/2016083100/rpm-build-perl-0.82-LOVIuy/blib/lib/B/Walker.pm line 25
	B::Walker::const_sv(B::METHOP=SCALAR(0x41f24090)) called at /home/cpansand/.cpan/build/2016083100/rpm-build-perl-0.82-LOVIuy/blib/lib/B/PerlReq.pm line 307
	B::PerlReq::grok_entersub(B::UNOP=SCALAR(0x41f24138)) called at /home/cpansand/.cpan/build/2016083100/rpm-build-perl-0.82-LOVIuy/blib/lib/B/Walker.pm line 56
	B::Walker::walk_root(B::UNOP=SCALAR(0x41f24138)) called at /home/cpansand/.cpan/build/2016083100/rpm-build-perl-0.82-LOVIuy/blib/lib/B/Walker.pm line 65
	B::Walker::walk_root(B::LISTOP=SCALAR(0x41f241b0)) called at /home/cpansand/.cpan/build/2016083100/rpm-build-perl-0.82-LOVIuy/blib/lib/B/Walker.pm line 65
	B::Walker::walk_root(B::LISTOP=SCALAR(0x41cdcfa8)) called at /home/cpansand/.cpan/build/2016083100/rpm-build-perl-0.82-LOVIuy/blib/lib/B/Walker.pm line 65
	B::Walker::walk_root(B::UNOP=SCALAR(0x41cdcdf8)) called at /home/cpansand/.cpan/build/2016083100/rpm-build-perl-0.82-LOVIuy/blib/lib/B/Walker.pm line 91
	B::Walker::walk_cv(B::CV=SCALAR(0x41f8bae0)) called at /home/cpansand/.cpan/build/2016083100/rpm-build-perl-0.82-LOVIuy/blib/lib/B/Walker.pm line 77
	B::Walker::walk_av("BEGIN", B::AV=SCALAR(0x41ccb8d0)) called at /home/cpansand/.cpan/build/2016083100/rpm-build-perl-0.82-LOVIuy/blib/lib/B/Walker.pm line 97
	B::Walker::walk_blocks() called at /home/cpansand/.cpan/build/2016083100/rpm-build-perl-0.82-LOVIuy/blib/lib/B/PerlReq.pm line 390
	B::PerlReq::__ANON__() called at (eval 3) line 31
	O::CHECK() called at /usr/perl5.22.2t/lib/5.22.2/AutoLoader.pm line 0
	eval {...} called at /usr/perl5.22.2t/lib/5.22.2/AutoLoader.pm line 0
Can't locate object method "sv" via package "B::METHOP" at /home/cpansand/.cpan/build/2016083100/rpm-build-perl-0.82-LOVIuy/blib/lib/B/Walker.pm line 25.
CHECK failed--call queue aborted.
# /usr/perl5.22.2t/lib/5.22.2/AutoLoader.pm: deparse failed. prefix=/usr/perl5.22.2t/lib/5.22.2

#   Failed test 'AutoLoader.pm zero exit status'
#   at t/02-perlreq.t line 33.

#   Failed test 'Exporter.pm dependencies'
#   at t/02-perlreq.t line 32.
#          got: ''
#     expected: 'perl(Exporter/Heavy.pm)'
# Looks like you failed 2 tests of 4.
t/02-perlreq.t .... 
Dubious, test returned 2 (wstat 512, 0x200)
Failed 2/4 subtests 
t/03-perlprov.t ... ok

Test Summary Report
-------------------
t/01-B-PerlReq.t (Wstat: 10496 Tests: 78 Failed: 41)
  Failed tests:  1, 4, 7, 11, 20-48, 52-56, 74, 77-78
  Non-zero exit status: 41
t/02-perlreq.t  (Wstat: 512 Tests: 4 Failed: 2)
  Failed tests:  2-3
  Non-zero exit status: 2
Files=3, Tests=112, 19 wallclock secs ( 0.02 usr  0.05 sys +  2.95 cusr  0.67 csys =  3.68 CPU)
Result: FAIL
Failed 2/3 test programs. 43/112 subtests failed.
*** Error code 255

Stop.
make: stopped in /home/cpansand/.cpan/build/2016083100/rpm-build-perl-0.82-LOVIuy

------------------------------
PREREQUISITES
------------------------------

Prerequisite modules loaded:

requires:

    Module              Need Have    
    ------------------- ---- --------
    B                   0    1.58    
    Encode              0    2.72    
    O                   0    1.01    
    Safe                0    2.39    
    Test::More          0    1.302026

build_requires:

    Module              Need Have    
    ------------------- ---- --------
    ExtUtils::MakeMaker 0    7.04_01 

configure_requires:

    Module              Need Have    
    ------------------- ---- --------
    ExtUtils::MakeMaker 0    7.04_01 


------------------------------
ENVIRONMENT AND OTHER CONTEXT
------------------------------

Environment variables:

    LC_ALL = de_DE.ISO8859-1
    PATH = /usr/local/bin:/usr/bin:/bin:/usr/local/sbin:/usr/sbin:/sbin:/home/cpansand/bin/freebsd10.1:/home/cpansand/bin/sh:/home/cpansand/bin:/usr/games:/home/cpansand/devel:/home/eserte/src/srezic-misc/scripts
    PERL5LIB = 
    PERL5OPT = 
    PERL5_CPANPLUS_IS_RUNNING = 33903
    PERL5_CPAN_IS_RUNNING = 33903
    PERL5_CPAN_IS_RUNNING_IN_RECURSION = 31143,33903
    PERLDOC = -MPod::Perldoc::ToTextOverstrike
    PERL_BATCH = yes
    PERL_CANARY_STABILITY_NOPROMPT = 1
    PERL_CPAN_REPORTER_CONFIG = /var/tmp/cpansmoker-1023/2016083100/cpanreporter_002_config.ini
    PERL_EXTUTILS_AUTOINSTALL = --defaultdeps
    SHELL = /usr/local/bin/zsh
    TERM = screen
    TMPDIR = /var/tmp/cpansmoker-1023/2016083100

Perl special variables (and OS-specific diagnostics, for MSWin32):

    $^X = /usr/perl5.22.2t/bin/perl
    $UID/$EUID = 1023 / 1023
    $GID = 1023 1023
    $EGID = 1023 1023

Perl module toolchain versions installed:

    Module              Have    
    ------------------- --------
    CPAN                2.11    
    CPAN::Meta          2.150001
    Cwd                 3.56_01 
    ExtUtils::CBuilder  0.280221
    ExtUtils::Command   1.20    
    ExtUtils::Install   2.04    
    ExtUtils::MakeMaker 7.04_01 
    ExtUtils::Manifest  1.70    
    ExtUtils::ParseXS   3.28    
    File::Spec          3.56_01 
    JSON                2.90    
    JSON::PP            2.27300 
    Module::Build       0.4218  
    Module::Signature   0.80    
    Parse::CPAN::Meta   1.4422  
    Test::Harness       3.35    
    Test::More          1.302026
    YAML                1.15    
    YAML::Syck          1.29    
    version             0.9909  


--

Summary of my perl5 (revision 5 version 22 subversion 2) configuration:
   
  Platform:
    osname=freebsd, osvers=10.1-release, archname=amd64-freebsd-thread-multi
    uname='freebsd cvrsnica-freebsd-101.herceg.de 10.1-release freebsd 10.1-release #0 r274401: tue nov 11 21:02:49 utc 2014 root@releng1.nyi.freebsd.org:usrobjusrsrcsysgeneric amd64 '
    config_args='-ds -e -Dprefix=/usr/perl5.22.2t -Dusethreads -Dcf_email=srezic@cpan.org -Doptimize=-O2 -pipe'
    hint=recommended, useposix=true, d_sigaction=define
    useithreads=define, usemultiplicity=define
    use64bitint=define, use64bitall=define, uselongdouble=undef
    usemymalloc=n, bincompat5005=undef
  Compiler:
    cc='cc', ccflags ='-DHAS_FPSETMASK -DHAS_FLOATINGPOINT_H -fno-strict-aliasing -pipe -fstack-protector -I/usr/local/include -D_FORTIFY_SOURCE=2',
    optimize='-O2 -pipe',
    cppflags='-DHAS_FPSETMASK -DHAS_FLOATINGPOINT_H -fno-strict-aliasing -pipe -fstack-protector -I/usr/local/include'
    ccversion='', gccversion='4.2.1 Compatible FreeBSD Clang 3.4.1 (tags/RELEASE_34/dot1-final 208032)', gccosandvers=''
    intsize=4, longsize=8, ptrsize=8, doublesize=8, byteorder=12345678, doublekind=3
    d_longlong=define, longlongsize=8, d_longdbl=define, longdblsize=16, longdblkind=3
    ivtype='long', ivsize=8, nvtype='double', nvsize=8, Off_t='off_t', lseeksize=8
    alignbytes=8, prototype=define
  Linker and Libraries:
    ld='cc', ldflags ='-pthread -Wl,-E  -fstack-protector -L/usr/local/lib'
    libpth=/usr/lib /usr/local/lib /usr/include/clang/3.4.1 /usr/lib
    libs=-lpthread -lgdbm -lm -lcrypt -lutil
    perllibs=-lpthread -lm -lcrypt -lutil
    libc=, so=so, useshrplib=false, libperl=libperl.a
    gnulibc_version=''
  Dynamic Linking:
    dlsrc=dl_dlopen.xs, dlext=so, d_dlsymun=undef, ccdlflags=' '
    cccdlflags='-DPIC -fPIC', lddlflags='-shared  -L/usr/local/lib -fstack-protector'


Characteristics of this binary (from libperl): 
  Compile-time options: HAS_TIMES MULTIPLICITY PERLIO_LAYERS
                        PERL_DONT_CREATE_GVSV
                        PERL_HASH_FUNC_ONE_AT_A_TIME_HARD
                        PERL_IMPLICIT_CONTEXT PERL_MALLOC_WRAP
                        PERL_NEW_COPY_ON_WRITE PERL_PRESERVE_IVUV
                        USE_64_BIT_ALL USE_64_BIT_INT USE_ITHREADS
                        USE_LARGE_FILES USE_LOCALE USE_LOCALE_COLLATE
                        USE_LOCALE_CTYPE USE_LOCALE_NUMERIC USE_LOCALE_TIME
                        USE_PERLIO USE_PERL_ATOF USE_REENTRANT_API
  Built under freebsd
  Compiled at Jun 18 2016 12:32:50
  %ENV:
    PERL5LIB=""
    PERL5OPT=""
    PERL5_CPANPLUS_IS_RUNNING="33903"
    PERL5_CPAN_IS_RUNNING="33903"
    PERL5_CPAN_IS_RUNNING_IN_RECURSION="31143,33903"
    PERLDOC="-MPod::Perldoc::ToTextOverstrike"
    PERL_BATCH="yes"
    PERL_CANARY_STABILITY_NOPROMPT="1"
    PERL_CPAN_REPORTER_CONFIG="/var/tmp/cpansmoker-1023/2016083100/cpanreporter_002_config.ini"
    PERL_EXTUTILS_AUTOINSTALL="--defaultdeps"
  @INC:
    /usr/perl5.22.2t/lib/site_perl/5.22.2/amd64-freebsd-thread-multi
    /usr/perl5.22.2t/lib/site_perl/5.22.2
    /usr/perl5.22.2t/lib/5.22.2/amd64-freebsd-thread-multi
    /usr/perl5.22.2t/lib/5.22.2
    .