Google-Ads-AdWords-Client v5.2.0 Perl 5 v5.26.1 amd64-freebsd

Status
Fail
From
Slaven Rezić (SREZIC)
Dist
Google-Ads-AdWords-Client v5.2.0
Platform
Perl 5 v5.26.1 amd64-freebsd
Date
2018-03-01 07:09:34
ID
7eae099e-1d1f-11e8-a248-f743076c172e
This distribution has been tested as part of the CPAN Testers
project, supporting the Perl programming language.  See
http://wiki.cpantesters.org/ for more information or email
questions to cpan-testers-discuss@perl.org


--
Dear Nadine Sundquist,

This is a computer-generated report for Google-Ads-AdWords-Client-5.2.0
on perl 5.26.1, created by CPAN-Reporter-1.2018.

Thank you for uploading your work to CPAN.  However, there was a problem
testing your distribution.

If you think this report is invalid, please consult the CPAN Testers Wiki
for suggestions on how to avoid getting FAIL reports for missing library
or binary dependencies, unsupported operating systems, and so on:

http://wiki.cpantesters.org/wiki/CPANAuthorNotes

Sections of this report:

    * Tester comments
    * Program output
    * Prerequisites
    * Environment and other context

------------------------------
TESTER COMMENTS
------------------------------

Additional comments from tester:

none provided

------------------------------
PROGRAM OUTPUT
------------------------------

Output from './Build test':


#   Failed test 'require 'QueryBuilder.pm';'
#   at t/001_require.t line 41.
#     Tried to require ''QueryBuilder.pm''.
#     Error:  Experimental push on scalar is now forbidden at QueryBuilder.pm line 49, near "})"
# Experimental push on scalar is now forbidden at QueryBuilder.pm line 72, near "$where_builder)"
# BEGIN not safe after errors--compilation aborted at QueryBuilder.pm line 92.
# Compilation failed in require at (eval 4311) line 2.

#   Failed test 'require 'ServiceQueryBuilder.pm';'
#   at t/001_require.t line 41.
#     Tried to require ''ServiceQueryBuilder.pm''.
#     Error:  Experimental push on scalar is now forbidden at /home/cpansand/.cpan/build/2018030109/Google-Ads-AdWords-Client-5.2.0-0/blib/lib/Google/Ads/AdWords/Utilities/QueryBuilder.pm line 49, near "})"
# Experimental push on scalar is now forbidden at /home/cpansand/.cpan/build/2018030109/Google-Ads-AdWords-Client-5.2.0-0/blib/lib/Google/Ads/AdWords/Utilities/QueryBuilder.pm line 72, near "$where_builder)"
# BEGIN not safe after errors--compilation aborted at /home/cpansand/.cpan/build/2018030109/Google-Ads-AdWords-Client-5.2.0-0/blib/lib/Google/Ads/AdWords/Utilities/QueryBuilder.pm line 92.
# Compilation failed in require at /usr/perl5.26.1p/lib/5.26.1/base.pm line 138.
# 	...propagated at /usr/perl5.26.1p/lib/5.26.1/base.pm line 160.
# BEGIN failed--compilation aborted at ServiceQueryBuilder.pm line 23.
# Compilation failed in require at (eval 4312) line 2.

#   Failed test 'require 'ReportQueryBuilder.pm';'
#   at t/001_require.t line 41.
#     Tried to require ''ReportQueryBuilder.pm''.
#     Error:  Attempt to reload Google/Ads/AdWords/Utilities/QueryBuilder.pm aborted.
# Compilation failed in require at /usr/perl5.26.1p/lib/5.26.1/base.pm line 138.
# 	...propagated at /usr/perl5.26.1p/lib/5.26.1/base.pm line 160.
# BEGIN failed--compilation aborted at ReportQueryBuilder.pm line 23.
# Compilation failed in require at (eval 4313) line 2.
# Looks like you failed 3 tests of 5658.
t/001_require.t ....................... 
Dubious, test returned 3 (wstat 768, 0x300)
Failed 3/5658 subtests 
t/011_Client.t ........................ ok
t/012_Serializer.t .................... ok
 clientCustomerId=INSERT_CLIENT_CUSTOMER_ID_HERE server=https://adwords.google.com service=CampaignService method=get responseTime=2429 requestId=07a93c67b1dd3ff5242c98d436ba7043 operations=1 isFault=yes faultMessage=[PolicyViolationError.POLICY_ERROR @ operations[0].operand.criterion.text; trigger:'MED'] at /home/cpansand/.cpan/build/2018030109/Google-Ads-AdWords-Client-5.2.0-0/blib/lib/Google/Ads/AdWords/Deserializer.pm line 83
t/013_Deserializer.t .................. ok
t/014_XPathSAXParser.t ................ ok
 clientCustomerId=INSERT_CLIENT_CUSTOMER_ID_HERE server=https://adwords.google.com service=CampaignService method=get responseTime=2429 requestId=07a93c67b1dd3ff5242c98d436ba7043 operations=1 isFault=yes faultMessage=[RequiredError.REQUIRED @ operations[0].operand.advertisingChannelType] at lib/Google/Ads/AdWords/Deserializer.pm line 83
t/015_RequestStats.t .................. ok
t/017_OAuth2ApplicationsHandler.t ..... ok
t/018_MapUtils.t ...................... ok
t/019_OAuth2ServiceAccountsHandler.t .. ok
t/020_GenerateOfflineCredentials.t .... ok
t/021_ReportingConfiguration.t ........ ok
Unescaped left brace in regex is illegal here in regex; marked by <-- HERE in m/ReportDownloadError\s{ <-- HERE [^}]+}/ at t/022_ReportUtils.t line 60.
# Looks like your test exited with 255 before it could output anything.
t/022_ReportUtils.t ................... 
Dubious, test returned 255 (wstat 65280, 0xff00)
Failed 28/28 subtests 
t/023_AdsUtilityRegistry.t ............ ok
Unescaped left brace in regex is illegal here in regex; marked by <-- HERE in m/BatchJobHandlerError\s{ <-- HERE [^}]+}/ at t/024_BatchJobHandler.t line 136.
# Looks like your test exited with 255 before it could output anything.
t/024_BatchJobHandler.t ............... 
Dubious, test returned 255 (wstat 65280, 0xff00)
Failed 14/14 subtests 

#   Failed test 'use Google::Ads::AdWords::Utilities::ReportQueryBuilder;'
#   at t/025_ReportQueryBuilder.t line 30.
#     Tried to use 'Google::Ads::AdWords::Utilities::ReportQueryBuilder'.
#     Error:  Experimental push on scalar is now forbidden at lib/Google/Ads/AdWords/Utilities/QueryBuilder.pm line 49, near "})"
# Experimental push on scalar is now forbidden at lib/Google/Ads/AdWords/Utilities/QueryBuilder.pm line 72, near "$where_builder)"
# BEGIN not safe after errors--compilation aborted at lib/Google/Ads/AdWords/Utilities/QueryBuilder.pm line 92.
# Compilation failed in require at /usr/perl5.26.1p/lib/5.26.1/base.pm line 138.
# 	...propagated at /usr/perl5.26.1p/lib/5.26.1/base.pm line 160.
# BEGIN failed--compilation aborted at lib/Google/Ads/AdWords/Utilities/ReportQueryBuilder.pm line 23.
# Compilation failed in require at t/025_ReportQueryBuilder.t line 30.
# BEGIN failed--compilation aborted at t/025_ReportQueryBuilder.t line 30.
Can't locate object method "new" via package "Google::Ads::AdWords::Utilities::ReportQueryBuilder" at t/025_ReportQueryBuilder.t line 36.
# Looks like your test exited with 255 just after 1.
t/025_ReportQueryBuilder.t ............ 
Dubious, test returned 255 (wstat 65280, 0xff00)
Failed 13/13 subtests 

#   Failed test 'use Google::Ads::AdWords::Utilities::ServiceQueryBuilder;'
#   at t/026_ServiceQueryBuilder.t line 31.
#     Tried to use 'Google::Ads::AdWords::Utilities::ServiceQueryBuilder'.
#     Error:  Experimental push on scalar is now forbidden at lib/Google/Ads/AdWords/Utilities/QueryBuilder.pm line 49, near "})"
# Experimental push on scalar is now forbidden at lib/Google/Ads/AdWords/Utilities/QueryBuilder.pm line 72, near "$where_builder)"
# BEGIN not safe after errors--compilation aborted at lib/Google/Ads/AdWords/Utilities/QueryBuilder.pm line 92.
# Compilation failed in require at /usr/perl5.26.1p/lib/5.26.1/base.pm line 138.
# 	...propagated at /usr/perl5.26.1p/lib/5.26.1/base.pm line 160.
# BEGIN failed--compilation aborted at lib/Google/Ads/AdWords/Utilities/ServiceQueryBuilder.pm line 23.
# Compilation failed in require at t/026_ServiceQueryBuilder.t line 31.
# BEGIN failed--compilation aborted at t/026_ServiceQueryBuilder.t line 31.
Can't locate object method "new" via package "Google::Ads::AdWords::Utilities::ServiceQueryBuilder" at t/026_ServiceQueryBuilder.t line 37.
# Looks like your test exited with 255 just after 1.
t/026_ServiceQueryBuilder.t ........... 
Dubious, test returned 255 (wstat 65280, 0xff00)
Failed 14/14 subtests 

Test Summary Report
-------------------
t/001_require.t                     (Wstat: 768 Tests: 5658 Failed: 3)
  Failed tests:  4264-4266
  Non-zero exit status: 3
t/022_ReportUtils.t                 (Wstat: 65280 Tests: 0 Failed: 0)
  Non-zero exit status: 255
  Parse errors: Bad plan.  You planned 28 tests but ran 0.
t/024_BatchJobHandler.t             (Wstat: 65280 Tests: 0 Failed: 0)
  Non-zero exit status: 255
  Parse errors: Bad plan.  You planned 14 tests but ran 0.
t/025_ReportQueryBuilder.t          (Wstat: 65280 Tests: 1 Failed: 1)
  Failed test:  1
  Non-zero exit status: 255
  Parse errors: Bad plan.  You planned 13 tests but ran 1.
t/026_ServiceQueryBuilder.t         (Wstat: 65280 Tests: 1 Failed: 1)
  Failed test:  1
  Non-zero exit status: 255
  Parse errors: Bad plan.  You planned 14 tests but ran 1.
Files=16, Tests=5847, 12 wallclock secs ( 0.60 usr  0.22 sys +  7.80 cusr  1.91 csys = 10.52 CPU)
Result: FAIL
Failed 5/16 test programs. 5/5847 subtests failed.

------------------------------
PREREQUISITES
------------------------------

Prerequisite modules loaded:

requires:

    Module                    Need    Have      
    ------------------------- ------- ----------
    Class::Load               0       0.24      
    Class::Std::Fast          0       0.0.8     
    Crypt::OpenSSL::RSA       0       0.28      
    Cwd                       0       3.67      
    Data::Uniqid              0       0.12      
    Date::Format              0       2.24      
    Date::Parse               0       2.30      
    Digest::SHA               0       6.01      
    File::Basename            0       2.85      
    File::HomeDir             0       1.002     
    File::Path                0       2.12_01   
    File::Spec                0       3.67      
    File::Temp                0       0.2304    
    Getopt::Long              0       2.49      
    HTTP::Server::Simple::CGI 0       0         
    IO::Socket::SSL           0       2.052     
    JSON::Parse               0       0.55      
    List::Util                0       1.49      
    Log::Log4perl             0       1.49      
    LWP::Protocol::https      0       6.07      
    LWP::UserAgent            0       6.29      
    Math::Random::MT          0       1.17      
    perl                      v5.14.0 5.026001  
    POSIX                     0       1.76      
    SOAP::WSDL                v2.0.10 3.003     
    Template                  0       2.27      
    URI::Escape               0       3.31      
    XML::LibXML               0       2.0132    
    XML::Simple               0       2.24      
    XML::XPath                0       1.42      

build_requires:

    Module                    Need    Have      
    ------------------------- ------- ----------
    Class::Std::Fast          v0.0.5  0.0.8     
    Config::Properties        0       1.80      
    Module::Build             0       0.4224    
    Test::Deep                0       1.127     
    Test::Exception           0       0.43      
    Test::MockObject          0       1.20161202
    Test::MockObject::Extends 0       1.20161202
    Test::More                0       1.302120  

configure_requires:

    Module                    Need    Have      
    ------------------------- ------- ----------
    Module::Build             0.40    0.4224    


------------------------------
ENVIRONMENT AND OTHER CONTEXT
------------------------------

Environment variables:

    PATH = /usr/local/bin:/usr/bin:/bin:/usr/local/sbin:/usr/sbin:/sbin:/home/cpansand/bin/sh:/home/cpansand/bin:/usr/games:/home/cpansand/devel:/home/eserte/src/srezic-misc/scripts
    PERL5LIB = /home/cpansand/.cpan/build/2018030109/SOAP-WSDL-3.003-0/blib/arch:/home/cpansand/.cpan/build/2018030109/SOAP-WSDL-3.003-0/blib/lib:/home/cpansand/.cpan/build/2018030109/Math-Random-MT-1.17-0/blib/arch:/home/cpansand/.cpan/build/2018030109/Math-Random-MT-1.17-0/blib/lib:/home/cpansand/.cpan/build/2018030109/Data-Uniqid-0.12-0/blib/arch:/home/cpansand/.cpan/build/2018030109/Data-Uniqid-0.12-0/blib/lib:/home/cpansand/.cpan/build/2018030109/Config-Properties-1.80-0/blib/arch:/home/cpansand/.cpan/build/2018030109/Config-Properties-1.80-0/blib/lib:/home/cpansand/.cpan/build/2018030109/Class-Std-Fast-v0.0.8-0/blib/arch:/home/cpansand/.cpan/build/2018030109/Class-Std-Fast-v0.0.8-0/blib/lib
    PERL5OPT = 
    PERL5_CPANPLUS_IS_RUNNING = 71717
    PERL5_CPAN_IS_RUNNING = 71717
    PERL5_CPAN_IS_RUNNING_IN_RECURSION = 71675,71717
    PERL_BATCH = yes
    PERL_CANARY_STABILITY_NOPROMPT = 1
    PERL_CPAN_REPORTER_CONFIG = /var/tmp/cpansmoker-1023/2018030109/cpanreporter_000_config.ini
    PERL_EXTUTILS_AUTOINSTALL = --defaultdeps
    PERL_USE_UNSAFE_INC = 1
    SHELL = /bin/sh
    TMPDIR = /var/tmp/cpansmoker-1023/2018030109

Perl special variables (and OS-specific diagnostics, for MSWin32):

    $^X = /usr/perl5.26.1p/bin/perl5.26.1
    $UID/$EUID = 1023 / 1023
    $GID = 1023 1023
    $EGID = 1023 1023

Perl module toolchain versions installed:

    Module              Have    
    ------------------- --------
    CPAN                2.18    
    CPAN::Meta          2.150010
    Cwd                 3.67    
    ExtUtils::CBuilder  0.280230
    ExtUtils::Command   7.30    
    ExtUtils::Install   2.06    
    ExtUtils::MakeMaker 7.30    
    ExtUtils::Manifest  1.70    
    ExtUtils::ParseXS   3.34    
    File::Spec          3.67    
    JSON                2.94    
    JSON::PP            2.94    
    Module::Build       0.4224  
    Module::Signature   0.81    
    Parse::CPAN::Meta   2.150010
    Test::Harness       3.38    
    Test::More          1.302120
    YAML                1.23    
    YAML::Syck          1.30    
    version             0.9917  


--

Summary of my perl5 (revision 5 version 26 subversion 1) configuration:
   
  Platform:
    osname=freebsd
    osvers=11.1-release-p2
    archname=amd64-freebsd
    uname='freebsd ali2.bbbike.org 11.1-release-p2 freebsd 11.1-release-p2 #0 r313908+e96f1f21705(releng11.1)-dirty: thu oct 19 12:14:33 utc 2017 root@ali2.bbbike.org:usrobjhomeprojectsfreebsdsysgeneric amd64 '
    config_args='-ds -e -Dprefix=/usr/perl5.26.1p -Dcf_email=srezic@cpan.org -Doptimize=-O2 -pipe'
    hint=recommended
    useposix=true
    d_sigaction=define
    useithreads=undef
    usemultiplicity=undef
    use64bitint=define
    use64bitall=define
    uselongdouble=undef
    usemymalloc=n
    default_inc_excludes_dot=define
    bincompat5005=undef
  Compiler:
    cc='cc'
    ccflags ='-DHAS_FPSETMASK -DHAS_FLOATINGPOINT_H -fno-strict-aliasing -pipe -fstack-protector-strong -I/usr/local/include -D_FORTIFY_SOURCE=2'
    optimize='-O2 -pipe'
    cppflags='-DHAS_FPSETMASK -DHAS_FLOATINGPOINT_H -fno-strict-aliasing -pipe -fstack-protector-strong -I/usr/local/include'
    ccversion=''
    gccversion='4.2.1 Compatible FreeBSD Clang 4.0.0 (tags/RELEASE_400/final 297347)'
    gccosandvers=''
    intsize=4
    longsize=8
    ptrsize=8
    doublesize=8
    byteorder=12345678
    doublekind=3
    d_longlong=define
    longlongsize=8
    d_longdbl=define
    longdblsize=16
    longdblkind=3
    ivtype='long'
    ivsize=8
    nvtype='double'
    nvsize=8
    Off_t='off_t'
    lseeksize=8
    alignbytes=8
    prototype=define
  Linker and Libraries:
    ld='cc'
    ldflags ='-pthread -Wl,-E  -fstack-protector-strong -L/usr/local/lib'
    libpth=/usr/lib /usr/local/lib /usr/bin/../lib/clang/4.0.0/lib /usr/lib
    libs=-lpthread -lgdbm -lm -lcrypt -lutil -lc
    perllibs=-lpthread -lm -lcrypt -lutil -lc
    libc=
    so=so
    useshrplib=false
    libperl=libperl.a
    gnulibc_version=''
  Dynamic Linking:
    dlsrc=dl_dlopen.xs
    dlext=so
    d_dlsymun=undef
    ccdlflags=' '
    cccdlflags='-DPIC -fPIC'
    lddlflags='-shared  -L/usr/local/lib -fstack-protector-strong'


Characteristics of this binary (from libperl): 
  Compile-time options:
    HAS_TIMES
    PERLIO_LAYERS
    PERL_COPY_ON_WRITE
    PERL_DONT_CREATE_GVSV
    PERL_MALLOC_WRAP
    PERL_OP_PARENT
    PERL_PRESERVE_IVUV
    USE_64_BIT_ALL
    USE_64_BIT_INT
    USE_LARGE_FILES
    USE_LOCALE
    USE_LOCALE_COLLATE
    USE_LOCALE_CTYPE
    USE_LOCALE_NUMERIC
    USE_LOCALE_TIME
    USE_PERLIO
    USE_PERL_ATOF
  Built under freebsd
  Compiled at Oct 28 2017 07:46:07
  %ENV:
    PERL5LIB="/home/cpansand/.cpan/build/2018030109/SOAP-WSDL-3.003-0/blib/arch:/home/cpansand/.cpan/build/2018030109/SOAP-WSDL-3.003-0/blib/lib:/home/cpansand/.cpan/build/2018030109/Math-Random-MT-1.17-0/blib/arch:/home/cpansand/.cpan/build/2018030109/Math-Random-MT-1.17-0/blib/lib:/home/cpansand/.cpan/build/2018030109/Data-Uniqid-0.12-0/blib/arch:/home/cpansand/.cpan/build/2018030109/Data-Uniqid-0.12-0/blib/lib:/home/cpansand/.cpan/build/2018030109/Config-Properties-1.80-0/blib/arch:/home/cpansand/.cpan/build/2018030109/Config-Properties-1.80-0/blib/lib:/home/cpansand/.cpan/build/2018030109/Class-Std-Fast-v0.0.8-0/blib/arch:/home/cpansand/.cpan/build/2018030109/Class-Std-Fast-v0.0.8-0/blib/lib"
    PERL5OPT=""
    PERL5_CPANPLUS_IS_RUNNING="71717"
    PERL5_CPAN_IS_RUNNING="71717"
    PERL5_CPAN_IS_RUNNING_IN_RECURSION="71675,71717"
    PERL_BATCH="yes"
    PERL_CANARY_STABILITY_NOPROMPT="1"
    PERL_CPAN_REPORTER_CONFIG="/var/tmp/cpansmoker-1023/2018030109/cpanreporter_000_config.ini"
    PERL_EXTUTILS_AUTOINSTALL="--defaultdeps"
    PERL_USE_UNSAFE_INC="1"
  @INC:
    /home/cpansand/.cpan/build/2018030109/SOAP-WSDL-3.003-0/blib/arch
    /home/cpansand/.cpan/build/2018030109/SOAP-WSDL-3.003-0/blib/lib
    /home/cpansand/.cpan/build/2018030109/Math-Random-MT-1.17-0/blib/arch
    /home/cpansand/.cpan/build/2018030109/Math-Random-MT-1.17-0/blib/lib
    /home/cpansand/.cpan/build/2018030109/Data-Uniqid-0.12-0/blib/arch
    /home/cpansand/.cpan/build/2018030109/Data-Uniqid-0.12-0/blib/lib
    /home/cpansand/.cpan/build/2018030109/Config-Properties-1.80-0/blib/arch
    /home/cpansand/.cpan/build/2018030109/Config-Properties-1.80-0/blib/lib
    /home/cpansand/.cpan/build/2018030109/Class-Std-Fast-v0.0.8-0/blib/arch
    /home/cpansand/.cpan/build/2018030109/Class-Std-Fast-v0.0.8-0/blib/lib
    /usr/perl5.26.1p/lib/site_perl/5.26.1/amd64-freebsd
    /usr/perl5.26.1p/lib/site_perl/5.26.1
    /usr/perl5.26.1p/lib/5.26.1/amd64-freebsd
    /usr/perl5.26.1p/lib/5.26.1
    .