AnyEvent-Tickit v0.01 Perl 5 v5.24.3 RC1 x86_64-linux

Status
Fail
From
Slaven Rezić (SREZIC)
Dist
AnyEvent-Tickit v0.01
Platform
Perl 5 v5.24.3 RC1 x86_64-linux
Date
2017-09-17T17:34:43
ID
7defba8e-9bce-11e7-8b2d-b8e2e149df86
This distribution has been tested as part of the CPAN Testers
project, supporting the Perl programming language.  See
http://wiki.cpantesters.org/ for more information or email
questions to cpan-testers-discuss@perl.org


--
Dear Alex J. G. Burzynski,

This is a computer-generated report for AnyEvent-Tickit-0.01
on perl 5.24.3, created by CPAN-Reporter-1.2018.

Thank you for uploading your work to CPAN.  However, there was a problem
testing your distribution.

If you think this report is invalid, please consult the CPAN Testers Wiki
for suggestions on how to avoid getting FAIL reports for missing library
or binary dependencies, unsupported operating systems, and so on:

http://wiki.cpantesters.org/wiki/CPANAuthorNotes

Sections of this report:

    * Tester comments
    * Program output
    * Prerequisites
    * Environment and other context

------------------------------
TESTER COMMENTS
------------------------------

Additional comments from tester:

none provided

------------------------------
PROGRAM OUTPUT
------------------------------

Output from './Build test':

t/00-compile.t .. ok
t/00use.t ....... ok
t/01basic.t ..... 
All 1 subtests passed 
Name "Tickit::on_mouse" used only once: possible typo at t/02input.t line 95.
Operation "eq": no method found,
	left argument in overloaded package Tickit::Event::Key,
	right argument has no overloaded magic at /opt/perl-5.24.3-RC1/lib/site_perl/5.24.3/Test/More.pm line 1602.
t/02input.t ..... 
Dubious, test returned 255 (wstat 65280, 0xff00)
No subtests run 
t/03output.t .... ok
t/04timer.t ..... 
All 2 subtests passed 

Test Summary Report
-------------------
t/01basic.t   (Wstat: 13 Tests: 1 Failed: 0)
  Non-zero wait status: 13
t/02input.t   (Wstat: 65280 Tests: 0 Failed: 0)
  Non-zero exit status: 255
  Parse errors: No plan found in TAP output
t/04timer.t   (Wstat: 13 Tests: 2 Failed: 0)
  Non-zero wait status: 13
Files=6, Tests=8,  1 wallclock secs ( 0.02 usr  0.03 sys +  0.34 cusr  0.08 csys =  0.47 CPU)
Result: FAIL
Failed 3/6 test programs. 0/8 subtests failed.

------------------------------
PREREQUISITES
------------------------------

Prerequisite modules loaded:

requires:

    Module              Need   Have    
    ------------------- ------ --------
    AnyEvent            0      7.14    
    AnyEvent::Handle    0      7.14    
    base                0      2.23    
    strict              0      1.11    
    Tickit              0      0.63    
    warnings            0      1.36    

build_requires:

    Module              Need   Have    
    ------------------- ------ --------
    AnyEvent::Util      0      7.14    
    File::Spec          0      3.62    
    IO::Handle          0      1.36    
    IPC::Open3          0      1.20    
    Module::Build       0.3601 0.4224  
    perl                5.006  5.024003
    Test::HexString     0      0.03    
    Test::More          0      1.302096
    Test::Refcount      0      0.08    
    Time::HiRes         0      1.9746  

configure_requires:

    Module              Need   Have    
    ------------------- ------ --------
    ExtUtils::MakeMaker 6.30   7.30    
    Module::Build       0.3601 0.4224  


------------------------------
ENVIRONMENT AND OTHER CONTEXT
------------------------------

Environment variables:

    LANG = C
    LC_ALL = de_DE.UTF-8
    PATH = /usr/local/bin:/usr/bin:/bin:/usr/local/sbin:/usr/sbin:/sbin:/home/cpansand/bin/linux-gnu:/home/cpansand/bin/sh:/home/cpansand/bin:/usr/games:/home/cpansand/devel:/home/eserte/src/srezic-misc/scripts
    PERL5LIB = /home/cpansand/.cpan/build/2017091706/RDF-NLP-SPARQLQuery-0.1-dA1r02/blib/arch:/home/cpansand/.cpan/build/2017091706/RDF-NLP-SPARQLQuery-0.1-dA1r02/blib/lib
    PERL5OPT = 
    PERL5_CPANPLUS_IS_RUNNING = 19617
    PERL5_CPAN_IS_RUNNING = 19617
    PERL5_CPAN_IS_RUNNING_IN_RECURSION = 1009,19617
    PERLDOC = -MPod::Perldoc::ToTextOverstrike
    PERL_BATCH = yes
    PERL_CANARY_STABILITY_NOPROMPT = 1
    PERL_CPAN_REPORTER_CONFIG = /var/tmp/cpansmoker-1023/2017091606/cpanreporter_001_config.ini
    PERL_EXTUTILS_AUTOINSTALL = --defaultdeps
    PERL_PARALLEL_SMOKER = yes
    PERL_USE_UNSAFE_INC = 1
    SHELL = /bin/zsh
    TERM = screen
    TMPDIR = /var/tmp/cpansmoker-1023/2017091606

Perl special variables (and OS-specific diagnostics, for MSWin32):

    $^X = /bbbike/perl-5.24.3-RC1/bin/perl
    $UID/$EUID = 1023 / 1023
    $GID = 1023 1023
    $EGID = 1023 1023

Perl module toolchain versions installed:

    Module              Have    
    ------------------- --------
    CPAN                2.11_01 
    CPAN::Meta          2.150010
    Cwd                 3.62    
    ExtUtils::CBuilder  0.280226
    ExtUtils::Command   7.30    
    ExtUtils::Install   2.14    
    ExtUtils::MakeMaker 7.30    
    ExtUtils::Manifest  1.70    
    ExtUtils::ParseXS   3.35    
    File::Spec          3.62    
    JSON                2.94    
    JSON::PP            2.94    
    Module::Build       0.4224  
    Module::Signature   0.81    
    Parse::CPAN::Meta   2.150010
    Test::Harness       3.39    
    Test::More          1.302096
    YAML                1.23    
    YAML::Syck          1.30    
    version             0.9918  


--

Summary of my perl5 (revision 5 version 24 subversion 3) configuration:
   
  Platform:
    osname=linux, osvers=3.16.0-4-amd64, archname=x86_64-linux
    uname='linux eserte 3.16.0-4-amd64 #1 smp debian 3.16.43-2+deb8u2 (2017-06-26) x86_64 gnulinux '
    config_args='-ds -e -Dprefix=/opt/perl-5.24.3-RC1 -Dcf_email=srezic@cpan.org'
    hint=recommended, useposix=true, d_sigaction=define
    useithreads=undef, usemultiplicity=undef
    use64bitint=define, use64bitall=define, uselongdouble=undef
    usemymalloc=n, bincompat5005=undef
  Compiler:
    cc='cc', ccflags ='-fwrapv -fno-strict-aliasing -pipe -fstack-protector-strong -I/usr/local/include -D_LARGEFILE_SOURCE -D_FILE_OFFSET_BITS=64 -D_FORTIFY_SOURCE=2',
    optimize='-O2',
    cppflags='-fwrapv -fno-strict-aliasing -pipe -fstack-protector-strong -I/usr/local/include'
    ccversion='', gccversion='4.9.2', gccosandvers=''
    intsize=4, longsize=8, ptrsize=8, doublesize=8, byteorder=12345678, doublekind=3
    d_longlong=define, longlongsize=8, d_longdbl=define, longdblsize=16, longdblkind=3
    ivtype='long', ivsize=8, nvtype='double', nvsize=8, Off_t='off_t', lseeksize=8
    alignbytes=8, prototype=define
  Linker and Libraries:
    ld='cc', ldflags =' -fstack-protector-strong -L/usr/local/lib'
    libpth=/usr/local/lib /usr/lib/gcc/x86_64-linux-gnu/4.9/include-fixed /usr/include/x86_64-linux-gnu /usr/lib /lib/x86_64-linux-gnu /lib/../lib /usr/lib/x86_64-linux-gnu /usr/lib/../lib /lib
    libs=-lpthread -lnsl -lgdbm -ldb -ldl -lm -lcrypt -lutil -lc -lgdbm_compat
    perllibs=-lpthread -lnsl -ldl -lm -lcrypt -lutil -lc
    libc=libc-2.19.so, so=so, useshrplib=false, libperl=libperl.a
    gnulibc_version='2.19'
  Dynamic Linking:
    dlsrc=dl_dlopen.xs, dlext=so, d_dlsymun=undef, ccdlflags='-Wl,-E'
    cccdlflags='-fPIC', lddlflags='-shared -O2 -L/usr/local/lib -fstack-protector-strong'


Characteristics of this binary (from libperl): 
  Compile-time options: HAS_TIMES PERLIO_LAYERS PERL_COPY_ON_WRITE
                        PERL_DONT_CREATE_GVSV
                        PERL_HASH_FUNC_ONE_AT_A_TIME_HARD PERL_MALLOC_WRAP
                        PERL_PRESERVE_IVUV USE_64_BIT_ALL USE_64_BIT_INT
                        USE_LARGE_FILES USE_LOCALE USE_LOCALE_COLLATE
                        USE_LOCALE_CTYPE USE_LOCALE_NUMERIC USE_LOCALE_TIME
                        USE_PERLIO USE_PERL_ATOF
  Locally applied patches:
	RC1
  Built under linux
  Compiled at Sep 10 2017 16:30:47
  %ENV:
    PERL5LIB="/home/cpansand/.cpan/build/2017091706/RDF-NLP-SPARQLQuery-0.1-dA1r02/blib/arch:/home/cpansand/.cpan/build/2017091706/RDF-NLP-SPARQLQuery-0.1-dA1r02/blib/lib"
    PERL5OPT=""
    PERL5_CPANPLUS_IS_RUNNING="19617"
    PERL5_CPAN_IS_RUNNING="19617"
    PERL5_CPAN_IS_RUNNING_IN_RECURSION="1009,19617"
    PERLDOC="-MPod::Perldoc::ToTextOverstrike"
    PERL_BATCH="yes"
    PERL_CANARY_STABILITY_NOPROMPT="1"
    PERL_CPAN_REPORTER_CONFIG="/var/tmp/cpansmoker-1023/2017091606/cpanreporter_001_config.ini"
    PERL_EXTUTILS_AUTOINSTALL="--defaultdeps"
    PERL_PARALLEL_SMOKER="yes"
    PERL_USE_UNSAFE_INC="1"
  @INC:
    /home/cpansand/.cpan/build/2017091706/RDF-NLP-SPARQLQuery-0.1-dA1r02/blib/arch
    /home/cpansand/.cpan/build/2017091706/RDF-NLP-SPARQLQuery-0.1-dA1r02/blib/lib
    /opt/perl-5.24.3-RC1/lib/site_perl/5.24.3/x86_64-linux
    /opt/perl-5.24.3-RC1/lib/site_perl/5.24.3
    /opt/perl-5.24.3-RC1/lib/5.24.3/x86_64-linux
    /opt/perl-5.24.3-RC1/lib/5.24.3
    .