Report for Plagger-0.7.7

Back
From: metabase:user:e3434da8-b236-11df-85ca-0247c6d74bde
Subject: PASS Plagger-0.7.7 v5.12.4 GNU/Linux
Date: 2011-08-30T11:30:39Z

This distribution has been tested as part of the CPAN Testers
project, supporting the Perl programming language.  See
http://wiki.cpantesters.org/ for more information or email
questions to cpan-testers-discuss@perl.org


--
Dear Tatsuhiko Miyagawa,

This is a computer-generated report for Plagger-0.7.7
on perl 5.12.4, created by CPAN-Reporter-1.1902.

Thank you for uploading your work to CPAN.  Congratulations!
All tests were successful.

Sections of this report:

    * Tester comments
    * Program output
    * Prerequisites
    * Environment and other context

------------------------------
TESTER COMMENTS
------------------------------

Additional comments from tester:

this report is from an automated smoke testing program
and was not reviewed by a human for accuracy

------------------------------
PROGRAM OUTPUT
------------------------------

Output from '/usr/bin/make test':

/home/perl512/testing/perl5.12.4/bin/perl5.12.4 "-Iinc" Makefile.PL --config= --installdeps=UNIVERSAL::require,0.1,Template,2.13,Template::Provider::Encoding,0.04,Text::Tags,0,DateTime::Format::Mail,0,DateTime::Format::Strptime,0,Cache::Cache,1.04,Module::Pluggable::Fast,0,HTML::ResolveLink,0,Date::Parse,0,MIME::Types,1.16,Net::DNS,0,XML::RSS::LibXML,0.2,Term::Encoding,0,XML::Liberal,0.13,XML::RSS::Liberal,0,WebService::Bloglines,0.11
*** Installing dependencies...
*** Installing XML::Liberal...
Running [/home/perl512/testing/perl5.12.4/bin/perl5.12.4 /home/perl512/testing/perl5.12.4/bin/cpanp-run-perl5.12.4 /home/perl512/.cpanplus/5.12.4/build/XML-Liberal-0.22/Makefile.PL]...
Writing Makefile for XML::Liberal
Running [/usr/bin/make test]...
make[1]: Entering directory `/home/perl512/.cpanplus/5.12.4/build/XML-Liberal-0.22'
PERL_DL_NONLAZY=1 /home/perl512/testing/perl5.12.4/bin/perl5.12.4 "-MExtUtils::Command::MM" "-e" "test_harness(0, 'inc', 'blib/lib', 'blib/arch')" t/*.t
t/00_compile.t ......... ok

#   Failed test '/home/perl512/.cpanplus/5.12.4/build/XML-Liberal-0.22/t/bad/MAYBE-BAD-euc.xml'
#   at t/01_bad.t line 24.
#          got: 'i18n error : input conversion failed due to input error, bytes 0xAD 0xF9 0xA1 0xAC
# i18n error : input conversion failed due to input error, bytes 0xAD 0xF9 0xA1 0xAC
# I/O error : encoder error
# :157: parser error : Premature end of data in tag title line 157
#   <title>『ξ;゜
#                   ^
# :157: parser error : Premature end of data in tag item line 156
#   <title>『ξ;゜
#                   ^
# :157: parser error : Premature end of data in tag RDF line 2
#   <title>『ξ;゜
#                   ^
# '
#     expected: ''

#   Failed test 'created DOM node with /home/perl512/.cpanplus/5.12.4/build/XML-Liberal-0.22/t/bad/MAYBE-BAD-euc.xml isa XML::LibXML::Document'
#   at t/01_bad.t line 25.
#     created DOM node with /home/perl512/.cpanplus/5.12.4/build/XML-Liberal-0.22/t/bad/MAYBE-BAD-euc.xml isn't defined
# Looks like you failed 2 tests of 141.
t/01_bad.t ............. 
Dubious, test returned 2 (wstat 512, 0x200)
Failed 2/141 subtests 

#   Failed test '/home/perl512/.cpanplus/5.12.4/build/XML-Liberal-0.22/t/bad/MAYBE-BAD-euc.xml'
#   at t/02_global.t line 19.
#          got: 'i18n error : input conversion failed due to input error, bytes 0xAD 0xF9 0xA1 0xAC
# i18n error : input conversion failed due to input error, bytes 0xAD 0xF9 0xA1 0xAC
# I/O error : encoder error
# :157: parser error : Premature end of data in tag title line 157
#   <title>『ξ;゜
#                   ^
# :157: parser error : Premature end of data in tag item line 156
#   <title>『ξ;゜
#                   ^
# :157: parser error : Premature end of data in tag RDF line 2
#   <title>『ξ;゜
#                   ^
# '
#     expected: ''

#   Failed test 'created DOM node with /home/perl512/.cpanplus/5.12.4/build/XML-Liberal-0.22/t/bad/MAYBE-BAD-euc.xml isa XML::LibXML::Document'
#   at t/02_global.t line 20.
#     created DOM node with /home/perl512/.cpanplus/5.12.4/build/XML-Liberal-0.22/t/bad/MAYBE-BAD-euc.xml isn't defined

#   Failed test '/home/perl512/.cpanplus/5.12.4/build/XML-Liberal-0.22/t/bad/MAYBE-BAD-euc.xml'
#   at t/02_global.t line 25.
#          got: 'i18n error : input conversion failed due to input error, bytes 0xAD 0xF9 0xA1 0xAC
# i18n error : input conversion failed due to input error, bytes 0xAD 0xF9 0xA1 0xAC
# I/O error : encoder error
# :157: parser error : Premature end of data in tag title line 157
#   <title>『ξ;゜
#                   ^
# :157: parser error : Premature end of data in tag item line 156
#   <title>『ξ;゜
#                   ^
# :157: parser error : Premature end of data in tag RDF line 2
#   <title>『ξ;゜
#                   ^
# '
#     expected: ''

#   Failed test 'created DOM node with /home/perl512/.cpanplus/5.12.4/build/XML-Liberal-0.22/t/bad/MAYBE-BAD-euc.xml isa XML::LibXML::Document'
#   at t/02_global.t line 26.
#     created DOM node with /home/perl512/.cpanplus/5.12.4/build/XML-Liberal-0.22/t/bad/MAYBE-BAD-euc.xml isn't defined

#   Failed test '/home/perl512/.cpanplus/5.12.4/build/XML-Liberal-0.22/t/bad/MAYBE-BAD-euc.xml'
#   at t/02_global.t line 30.
#          got: 'i18n error : input conversion failed due to input error, bytes 0xAD 0xF9 0xA1 0xAC
# i18n error : input conversion failed due to input error, bytes 0xAD 0xF9 0xA1 0xAC
# I/O error : encoder error
# :157: parser error : Premature end of data in tag title line 157
#   <title>『ξ;゜
#                   ^
# :157: parser error : Premature end of data in tag item line 156
#   <title>『ξ;゜
#                   ^
# :157: parser error : Premature end of data in tag RDF line 2
#   <title>『ξ;゜
#                   ^
# '
#     expected: ''

#   Failed test 'created DOM node with /home/perl512/.cpanplus/5.12.4/build/XML-Liberal-0.22/t/bad/MAYBE-BAD-euc.xml isa XML::LibXML::Document'
#   at t/02_global.t line 31.
#     created DOM node with /home/perl512/.cpanplus/5.12.4/build/XML-Liberal-0.22/t/bad/MAYBE-BAD-euc.xml isn't defined
# Looks like you failed 6 tests of 90.
t/02_global.t .......... 
Dubious, test returned 6 (wstat 1536, 0x600)
Failed 6/90 subtests 

#   Failed test '/home/perl512/.cpanplus/5.12.4/build/XML-Liberal-0.22/t/bad/MAYBE-BAD-euc.xml'
#   at t/03_global_destroy.t line 21.
#          got: 'i18n error : input conversion failed due to input error, bytes 0xAD 0xF9 0xA1 0xAC
# i18n error : input conversion failed due to input error, bytes 0xAD 0xF9 0xA1 0xAC
# I/O error : encoder error
# :157: parser error : Premature end of data in tag title line 157
#   <title>『ξ;゜
#                   ^
# :157: parser error : Premature end of data in tag item line 156
#   <title>『ξ;゜
#                   ^
# :157: parser error : Premature end of data in tag RDF line 2
#   <title>『ξ;゜
#                   ^
# '
#     expected: ''

#   Failed test 'created DOM node with /home/perl512/.cpanplus/5.12.4/build/XML-Liberal-0.22/t/bad/MAYBE-BAD-euc.xml isa XML::LibXML::Document'
#   at t/03_global_destroy.t line 22.
#     created DOM node with /home/perl512/.cpanplus/5.12.4/build/XML-Liberal-0.22/t/bad/MAYBE-BAD-euc.xml isn't defined
# Looks like you failed 2 tests of 45.
t/03_global_destroy.t .. 
Dubious, test returned 2 (wstat 512, 0x200)
Failed 2/45 subtests 
t/04_sanity.t .......... ok

Test Summary Report
-------------------
t/01_bad.t           (Wstat: 512 Tests: 141 Failed: 2)
  Failed tests:  119-120
  Non-zero exit status: 2
t/02_global.t        (Wstat: 1536 Tests: 90 Failed: 6)
  Failed tests:  67-72
  Non-zero exit status: 6
t/03_global_destroy.t (Wstat: 512 Tests: 45 Failed: 2)
  Failed tests:  34-35
  Non-zero exit status: 2
Files=5, Tests=295, 10 wallclock secs ( 0.11 usr  0.02 sys +  0.72 cusr  0.19 csys =  1.04 CPU)
Result: FAIL
Failed 3/5 test programs. 10/295 subtests failed.
make[1]: *** [test_dynamic] Error 255
make[1]: Leaving directory `/home/perl512/.cpanplus/5.12.4/build/XML-Liberal-0.22'
[ERROR] MAKE TEST failed: Inappropriate ioctl for device make[1]: Entering directory `/home/perl512/.cpanplus/5.12.4/build/XML-Liberal-0.22'
PERL_DL_NONLAZY=1 /home/perl512/testing/perl5.12.4/bin/perl5.12.4 "-MExtUtils::Command::MM" "-e" "test_harness(0, 'inc', 'blib/lib', 'blib/arch')" t/*.t
t/00_compile.t ......... ok

#   Failed test '/home/perl512/.cpanplus/5.12.4/build/XML-Liberal-0.22/t/bad/MAYBE-BAD-euc.xml'
#   at t/01_bad.t line 24.
#          got: 'i18n error : input conversion failed due to input error, bytes 0xAD 0xF9 0xA1 0xAC
# i18n error : input conversion failed due to input error, bytes 0xAD 0xF9 0xA1 0xAC
# I/O error : encoder error
# :157: parser error : Premature end of data in tag title line 157
#   <title>『ξ;゜
#                   ^
# :157: parser error : Premature end of data in tag item line 156
#   <title>『ξ;゜
#                   ^
# :157: parser error : Premature end of data in tag RDF line 2
#   <title>『ξ;゜
#                   ^
# '
#     expected: ''

#   Failed test 'created DOM node with /home/perl512/.cpanplus/5.12.4/build/XML-Liberal-0.22/t/bad/MAYBE-BAD-euc.xml isa XML::LibXML::Document'
#   at t/01_bad.t line 25.
#     created DOM node with /home/perl512/.cpanplus/5.12.4/build/XML-Liberal-0.22/t/bad/MAYBE-BAD-euc.xml isn't defined
# Looks like you failed 2 tests of 141.
t/01_bad.t ............. 
Dubious, test returned 2 (wstat 512, 0x200)
Failed 2/141 subtests 

#   Failed test '/home/perl512/.cpanplus/5.12.4/build/XML-Liberal-0.22/t/bad/MAYBE-BAD-euc.xml'
#   at t/02_global.t line 19.
#          got: 'i18n error : input conversion failed due to input error, bytes 0xAD 0xF9 0xA1 0xAC
# i18n error : input conversion failed due to input error, bytes 0xAD 0xF9 0xA1 0xAC
# I/O error : encoder error
# :157: parser error : Premature end of data in tag title line 157
#   <title>『ξ;゜
#                   ^
# :157: parser error : Premature end of data in tag item line 156
#   <title>『ξ;゜
#                   ^
# :157: parser error : Premature end of data in tag RDF line 2
#   <title>『ξ;゜
#                   ^
# '
#     expected: ''

#   Failed test 'created DOM node with /home/perl512/.cpanplus/5.12.4/build/XML-Liberal-0.22/t/bad/MAYBE-BAD-euc.xml isa XML::LibXML::Document'
#   at t/02_global.t line 20.
#     created DOM node with /home/perl512/.cpanplus/5.12.4/build/XML-Liberal-0.22/t/bad/MAYBE-BAD-euc.xml isn't defined

#   Failed test '/home/perl512/.cpanplus/5.12.4/build/XML-Liberal-0.22/t/bad/MAYBE-BAD-euc.xml'
#   at t/02_global.t line 25.
#          got: 'i18n error : input conversion failed due to input error, bytes 0xAD 0xF9 0xA1 0xAC
# i18n error : input conversion failed due to input error, bytes 0xAD 0xF9 0xA1 0xAC
# I/O error : encoder error
# :157: parser error : Premature end of data in tag title line 157
#   <title>『ξ;゜
#                   ^
# :157: parser error : Premature end of data in tag item line 156
#   <title>『ξ;゜
#                   ^
# :157: parser error : Premature end of data in tag RDF line 2
#   <title>『ξ;゜
#                   ^
# '
#     expected: ''

#   Failed test 'created DOM node with /home/perl512/.cpanplus/5.12.4/build/XML-Liberal-0.22/t/bad/MAYBE-BAD-euc.xml isa XML::LibXML::Document'
#   at t/02_global.t line 26.
#     created DOM node with /home/perl512/.cpanplus/5.12.4/build/XML-Liberal-0.22/t/bad/MAYBE-BAD-euc.xml isn't defined

#   Failed test '/home/perl512/.cpanplus/5.12.4/build/XML-Liberal-0.22/t/bad/MAYBE-BAD-euc.xml'
#   at t/02_global.t line 30.
#          got: 'i18n error : input conversion failed due to input error, bytes 0xAD 0xF9 0xA1 0xAC
# i18n error : input conversion failed due to input error, bytes 0xAD 0xF9 0xA1 0xAC
# I/O error : encoder error
# :157: parser error : Premature end of data in tag title line 157
#   <title>『ξ;゜
#                   ^
# :157: parser error : Premature end of data in tag item line 156
#   <title>『ξ;゜
#                   ^
# :157: parser error : Premature end of data in tag RDF line 2
#   <title>『ξ;゜
#                   ^
# '
#     expected: ''

#   Failed test 'created DOM node with /home/perl512/.cpanplus/5.12.4/build/XML-Liberal-0.22/t/bad/MAYBE-BAD-euc.xml isa XML::LibXML::Document'
#   at t/02_global.t line 31.
#     created DOM node with /home/perl512/.cpanplus/5.12.4/build/XML-Liberal-0.22/t/bad/MAYBE-BAD-euc.xml isn't defined
# Looks like you failed 6 tests of 90.
t/02_global.t .......... 
Dubious, test returned 6 (wstat 1536, 0x600)
Failed 6/90 subtests 

#   Failed test '/home/perl512/.cpanplus/5.12.4/build/XML-Liberal-0.22/t/bad/MAYBE-BAD-euc.xml'
#   at t/03_global_destroy.t line 21.
#          got: 'i18n error : input conversion failed due to input error, bytes 0xAD 0xF9 0xA1 0xAC
# i18n error : input conversion failed due to input error, bytes 0xAD 0xF9 0xA1 0xAC
# I/O error : encoder error
# :157: parser error : Premature end of data in tag title line 157
#   <title>『ξ;゜
#                   ^
# :157: parser error : Premature end of data in tag item line 156
#   <title>『ξ;゜
#                   ^
# :157: parser error : Premature end of data in tag RDF line 2
#   <title>『ξ;゜
#                   ^
# '
#     expected: ''

#   Failed test 'created DOM node with /home/perl512/.cpanplus/5.12.4/build/XML-Liberal-0.22/t/bad/MAYBE-BAD-euc.xml isa XML::LibXML::Document'
#   at t/03_global_destroy.t line 22.
#     created DOM node with /home/perl512/.cpanplus/5.12.4/build/XML-Liberal-0.22/t/bad/MAYBE-BAD-euc.xml isn't defined
# Looks like you failed 2 tests of 45.
t/03_global_destroy.t .. 
Dubious, test returned 2 (wstat 512, 0x200)
Failed 2/45 subtests 
t/04_sanity.t .......... ok

Test Summary Report
-------------------
t/01_bad.t           (Wstat: 512 Tests: 141 Failed: 2)
  Failed tests:  119-120
  Non-zero exit status: 2
t/02_global.t        (Wstat: 1536 Tests: 90 Failed: 6)
  Failed tests:  67-72
  Non-zero exit status: 6
t/03_global_destroy.t (Wstat: 512 Tests: 45 Failed: 2)
  Failed tests:  34-35
  Non-zero exit status: 2
Files=5, Tests=295, 10 wallclock secs ( 0.11 usr  0.02 sys +  0.72 cusr  0.19 csys =  1.04 CPU)
Result: FAIL
Failed 3/5 test programs. 10/295 subtests failed.
make[1]: *** [test_dynamic] Error 255
make[1]: Leaving directory `/home/perl512/.cpanplus/5.12.4/build/XML-Liberal-0.22'


[ERROR] Unable to create a new distribution object for 'XML::Liberal' -- cannot continue

Key 'ok' () is of invalid type for 'CPANPLUS::Backend::RV::new' provided by CPANPLUS::Backend::__ANON__ at /home/perl512/testing/perl5.12.4/lib/5.12.4/CPANPLUS/Backend.pm line 398
*** XML::Liberal installation cancelled.
*** Installing XML::RSS::Liberal...
*** XML::RSS::Liberal successfully installed.
*** Module::AutoInstall installation finished.
PERL_DL_NONLAZY=1 /home/perl512/testing/perl5.12.4/bin/perl5.12.4 "-MExtUtils::Command::MM" "-e" "test_harness(0, 'inc', 'blib/lib', 'blib/arch')" t/*.t t/*/*.t t/*/*/*.t
t/00_compile.t .. ok
All tests successful.
Files=1, Tests=1,  0 wallclock secs ( 0.01 usr  0.01 sys +  0.22 cusr  0.08 csys =  0.32 CPU)
Result: PASS

------------------------------
PREREQUISITES
------------------------------

Prerequisite modules loaded:

requires:

    Module                       Need  Have  
    ---------------------------- ----- ------
    Cache::Cache                 1.04  1.06  
    Class::Accessor::Fast        0     0.34  
    Date::Parse                  0     2.30  
    DateTime                     0.29  0.70  
    DateTime::Format::Mail       0     0.3001
    DateTime::Format::Strptime   0     1.5000
    DateTime::Format::W3CDTF     0     0.06  
    Digest::MD5                  0     2.51  
    Encode                       2.1   2.39  
    File::Find::Rule             0     0.32  
    File::HomeDir                0     0.97  
    HTML::Parser                 3.51  3.68  
    HTML::ResolveLink            0     0.05  
    LWP                          0     6.02  
    MIME::Types                  1.16  1.32  
    Module::Pluggable::Fast      0     0.19  
    Net::DNS                     0     0.66  
    Template                     2.13  2.22  
    Template::Provider::Encoding 0.04  0.10  
    Term::Encoding               0     0.02  
    Test::Base                   0.52  0.60  
    Test::More                   0.42  0.98  
    Text::Tags                   0     0.04  
    UNIVERSAL::require           0.1   0.13  
    URI::Fetch                   0.071 0.09  
    XML::Atom                    0.19  0.39  
    XML::Feed                    0.11  0.44  
    XML::LibXML                  0     1.79  
    XML::RSS::LibXML             0.2   0.3101
    YAML                         0.39  0.73  


------------------------------
ENVIRONMENT AND OTHER CONTEXT
------------------------------

Environment variables:

    AUTOMATED_TESTING = 1
    LANG = en_US.UTF-8
    LC_COLLATE = C
    LC_MONETARY = nl_NL.utf8
    PATH = /home/tester/perl5/perlbrew/bin:/home/tester/perl5/perlbrew/perls/perl-5.15.1/bin:/usr/lib64/qt-3.3/bin:/usr/lib64/ccache:/usr/local/bin:/bin:/usr/bin:/usr/local/sbin:/usr/sbin:/sbin:/home/tester/bin:/home/tester/bin
    PATH_WITHOUT_PERLBREW = /usr/lib64/qt-3.3/bin:/usr/lib64/ccache:/usr/local/bin:/bin:/usr/bin:/usr/local/sbin:/usr/sbin:/sbin:/home/tester/bin
    PERL5LIB = /home/perl512/.cpan/build/Net-DNS-0.66-YthbVY/blib/arch:/home/perl512/.cpan/build/Net-DNS-0.66-YthbVY/blib/lib:/home/perl512/.cpan/build/Net-IP-1.25-vKmLXy/blib/arch:/home/perl512/.cpan/build/Net-IP-1.25-vKmLXy/blib/lib:/home/perl512/.cpan/build/Term-Encoding-0.02-qaLFtW/blib/arch:/home/perl512/.cpan/build/Term-Encoding-0.02-qaLFtW/blib/lib:/home/perl512/.cpan/build/TimeDate-1.20-teuKhs/blib/arch:/home/perl512/.cpan/build/TimeDate-1.20-teuKhs/blib/lib:/home/perl512/.cpan/build/Text-Tags-0.04-nCxJ70/blib/arch:/home/perl512/.cpan/build/Text-Tags-0.04-nCxJ70/blib/lib:/home/perl512/.cpan/build/DateTime-Format-Mail-0.3001-9U7Feq/blib/arch:/home/perl512/.cpan/build/DateTime-Format-Mail-0.3001-9U7Feq/blib/lib:/home/perl512/.cpan/build/MIME-Types-1.32-LTpBQt/blib/arch:/home/perl512/.cpan/build/MIME-Types-1.32-LTpBQt/blib/lib:/home/perl512/.cpan/build/HTML-ResolveLink-0.05-vK4LPf/blib/arch:/home/perl512/.cpan/build/HTML-ResolveLink-0.05-vK4LPf/blib/lib:/home/perl512/.cpan/build/Cache-Cache-1.06-TPkK_1/blib/arch:/home/perl512/.cpan/build/Cache-Cache-1.06-TPkK_1/blib/lib:/home/perl512/.cpan/build/Error-0.17016-DfiWdy/blib/arch:/home/perl512/.cpan/build/Error-0.17016-DfiWdy/blib/lib:/home/perl512/.cpan/build/DateTime-Format-Strptime-1.5000-j3nl7B/blib/arch:/home/perl512/.cpan/build/DateTime-Format-Strptime-1.5000-j3nl7B/blib/lib:/home/perl512/.cpan/build/Module-Pluggable-Fast-0.19-ejQak1/blib/arch:/home/perl512/.cpan/build/Module-Pluggable-Fast-0.19-ejQak1/blib/lib:/home/perl512/.cpan/build/UNIVERSAL-require-0.13-QAEV4R/blib/arch:/home/perl512/.cpan/build/UNIVERSAL-require-0.13-QAEV4R/blib/lib:/home/perl512/.cpan/build/Template-Toolkit-2.22-WldXyh/blib/arch:/home/perl512/.cpan/build/Template-Toolkit-2.22-WldXyh/blib/lib:/home/perl512/.cpan/build/Template-Provider-Encoding-0.10-RIrlK2/blib/arch:/home/perl512/.cpan/build/Template-Provider-Encoding-0.10-RIrlK2/blib/lib:/home/perl512/.cpan/build/AppConfig-1.66-ltTjZg/blib/arch:/home/perl512/.cpan/build/AppConfig-1.66-ltTjZg/blib/lib:/home/perl512/.cpan/build/Test-Base-0.60-jo8Lt6/blib/arch:/home/perl512/.cpan/build/Test-Base-0.60-jo8Lt6/blib/lib:/home/perl512/.cpan/build/Spiffy-0.30-ZcfH6D/blib/arch:/home/perl512/.cpan/build/Spiffy-0.30-ZcfH6D/blib/lib
    PERL5OPT = 
    PERL5_CPANPLUS_IS_RUNNING = 1295
    PERL5_CPAN_IS_RUNNING = 1295
    PERL5_CPAN_IS_RUNNING_IN_RECURSION = 1894,1295
    PERLBREW_PATH = /home/tester/perl5/perlbrew/bin:/home/tester/perl5/perlbrew/perls/perl-5.15.1/bin
    PERLBREW_PERL = perl-5.15.1
    PERLBREW_ROOT = /home/tester/perl5/perlbrew
    PERLBREW_VERSION = 0.15
    PERL_CR_SMOKER_CURRENT = Plagger-0.7.7
    PERL_EXTUTILS_AUTOINSTALL = --defaultdeps
    PERL_MM_USE_DEFAULT = 1
    SHELL = /bin/bash
    TERM = screen

Perl special variables (and OS-specific diagnostics, for MSWin32):

    $^X = /home/perl512/testing/perl5.12.4/bin/perl5.12.4
    $UID/$EUID = 505 / 505
    $GID = 505 501 505
    $EGID = 505 501 505

Perl module toolchain versions installed:

    Module              Have    
    ------------------- --------
    CPAN                1.94_56 
    Cwd                 3.31    
    ExtUtils::CBuilder  0.280202
    ExtUtils::Command   1.16    
    ExtUtils::Install   1.55    
    ExtUtils::MakeMaker 6.56    
    ExtUtils::Manifest  1.57    
    ExtUtils::ParseXS   2.21    
    File::Spec          3.31_01 
    Module::Build       0.3800  
    Module::Signature   n/a     
    Test::Harness       3.17    
    Test::More          0.98    
    YAML                0.73    
    YAML::Syck          1.17    
    version             0.91    


--

Summary of my perl5 (revision 5 version 12 subversion 4) configuration:
   
  Platform:
    osname=linux, osvers=2.6.35.11-83.fc14.x86_64, archname=x86_64-linux-thread-multi
    uname='linux firenze.fritz.box 2.6.35.11-83.fc14.x86_64 #1 smp mon feb 7 07:06:44 utc 2011 x86_64 x86_64 x86_64 gnulinux '
    config_args='-Dprefix=/home/perl512/testing/perl5.12.4 -Dusedevel -Dusethreads -des'
    hint=recommended, useposix=true, d_sigaction=define
    useithreads=define, usemultiplicity=define
    useperlio=define, d_sfio=undef, uselargefiles=define, usesocks=undef
    use64bitint=define, use64bitall=define, uselongdouble=undef
    usemymalloc=n, bincompat5005=undef
  Compiler:
    cc='cc', ccflags ='-D_REENTRANT -D_GNU_SOURCE -fno-strict-aliasing -pipe -fstack-protector -I/usr/local/include -D_LARGEFILE_SOURCE -D_FILE_OFFSET_BITS=64',
    optimize='-O2',
    cppflags='-D_REENTRANT -D_GNU_SOURCE -fno-strict-aliasing -pipe -fstack-protector -I/usr/local/include'
    ccversion='', gccversion='4.5.1 20100924 (Red Hat 4.5.1-4)', gccosandvers=''
    intsize=4, longsize=8, ptrsize=8, doublesize=8, byteorder=12345678
    d_longlong=define, longlongsize=8, d_longdbl=define, longdblsize=16
    ivtype='long', ivsize=8, nvtype='double', nvsize=8, Off_t='off_t', lseeksize=8
    alignbytes=8, prototype=define
  Linker and Libraries:
    ld='cc', ldflags =' -fstack-protector -L/usr/local/lib'
    libpth=/usr/local/lib /lib/../lib64 /usr/lib/../lib64 /lib /usr/lib /lib64 /usr/lib64 /usr/local/lib64
    libs=-lnsl -lgdbm -ldb -ldl -lm -lcrypt -lutil -lpthread -lc -lgdbm_compat
    perllibs=-lnsl -ldl -lm -lcrypt -lutil -lpthread -lc
    libc=, so=so, useshrplib=false, libperl=libperl.a
    gnulibc_version='2.13'
  Dynamic Linking:
    dlsrc=dl_dlopen.xs, dlext=so, d_dlsymun=undef, ccdlflags='-Wl,-E'
    cccdlflags='-fPIC', lddlflags='-shared -O2 -L/usr/local/lib -fstack-protector'


Characteristics of this binary (from libperl): 
  Compile-time options: MULTIPLICITY PERL_DONT_CREATE_GVSV
                        PERL_IMPLICIT_CONTEXT PERL_MALLOC_WRAP PERL_USE_DEVEL
                        USE_64_BIT_ALL USE_64_BIT_INT USE_ITHREADS
                        USE_LARGE_FILES USE_PERLIO USE_PERL_ATOF
                        USE_REENTRANT_API
  Built under linux
  Compiled at Jun 20 2011 20:29:40
  %ENV:
    PERL5LIB="/home/perl512/.cpan/build/Net-DNS-0.66-YthbVY/blib/arch:/home/perl512/.cpan/build/Net-DNS-0.66-YthbVY/blib/lib:/home/perl512/.cpan/build/Net-IP-1.25-vKmLXy/blib/arch:/home/perl512/.cpan/build/Net-IP-1.25-vKmLXy/blib/lib:/home/perl512/.cpan/build/Term-Encoding-0.02-qaLFtW/blib/arch:/home/perl512/.cpan/build/Term-Encoding-0.02-qaLFtW/blib/lib:/home/perl512/.cpan/build/TimeDate-1.20-teuKhs/blib/arch:/home/perl512/.cpan/build/TimeDate-1.20-teuKhs/blib/lib:/home/perl512/.cpan/build/Text-Tags-0.04-nCxJ70/blib/arch:/home/perl512/.cpan/build/Text-Tags-0.04-nCxJ70/blib/lib:/home/perl512/.cpan/build/DateTime-Format-Mail-0.3001-9U7Feq/blib/arch:/home/perl512/.cpan/build/DateTime-Format-Mail-0.3001-9U7Feq/blib/lib:/home/perl512/.cpan/build/MIME-Types-1.32-LTpBQt/blib/arch:/home/perl512/.cpan/build/MIME-Types-1.32-LTpBQt/blib/lib:/home/perl512/.cpan/build/HTML-ResolveLink-0.05-vK4LPf/blib/arch:/home/perl512/.cpan/build/HTML-ResolveLink-0.05-vK4LPf/blib/lib:/home/perl512/.cpan/build/Cache-Cache-1.06-TPkK_1/blib/arch:/home/perl512/.cpan/build/Cache-Cache-1.06-TPkK_1/blib/lib:/home/perl512/.cpan/build/Error-0.17016-DfiWdy/blib/arch:/home/perl512/.cpan/build/Error-0.17016-DfiWdy/blib/lib:/home/perl512/.cpan/build/DateTime-Format-Strptime-1.5000-j3nl7B/blib/arch:/home/perl512/.cpan/build/DateTime-Format-Strptime-1.5000-j3nl7B/blib/lib:/home/perl512/.cpan/build/Module-Pluggable-Fast-0.19-ejQak1/blib/arch:/home/perl512/.cpan/build/Module-Pluggable-Fast-0.19-ejQak1/blib/lib:/home/perl512/.cpan/build/UNIVERSAL-require-0.13-QAEV4R/blib/arch:/home/perl512/.cpan/build/UNIVERSAL-require-0.13-QAEV4R/blib/lib:/home/perl512/.cpan/build/Template-Toolkit-2.22-WldXyh/blib/arch:/home/perl512/.cpan/build/Template-Toolkit-2.22-WldXyh/blib/lib:/home/perl512/.cpan/build/Template-Provider-Encoding-0.10-RIrlK2/blib/arch:/home/perl512/.cpan/build/Template-Provider-Encoding-0.10-RIrlK2/blib/lib:/home/perl512/.cpan/build/AppConfig-1.66-ltTjZg/blib/arch:/home/perl512/.cpan/build/AppConfig-1.66-ltTjZg/blib/lib:/home/perl512/.cpan/build/Test-Base-0.60-jo8Lt6/blib/arch:/home/perl512/.cpan/build/Test-Base-0.60-jo8Lt6/blib/lib:/home/perl512/.cpan/build/Spiffy-0.30-ZcfH6D/blib/arch:/home/perl512/.cpan/build/Spiffy-0.30-ZcfH6D/blib/lib"
    PERL5OPT=""
    PERL5_CPANPLUS_IS_RUNNING="1295"
    PERL5_CPAN_IS_RUNNING="1295"
    PERL5_CPAN_IS_RUNNING_IN_RECURSION="1894,1295"
    PERLBREW_PATH="/home/tester/perl5/perlbrew/bin:/home/tester/perl5/perlbrew/perls/perl-5.15.1/bin"
    PERLBREW_PERL="perl-5.15.1"
    PERLBREW_ROOT="/home/tester/perl5/perlbrew"
    PERLBREW_VERSION="0.15"
    PERL_CR_SMOKER_CURRENT="Plagger-0.7.7"
    PERL_EXTUTILS_AUTOINSTALL="--defaultdeps"
    PERL_MM_USE_DEFAULT="1"
  @INC:
    /home/perl512/.cpan/build/Net-DNS-0.66-YthbVY/blib/arch
    /home/perl512/.cpan/build/Net-DNS-0.66-YthbVY/blib/lib
    /home/perl512/.cpan/build/Net-IP-1.25-vKmLXy/blib/arch
    /home/perl512/.cpan/build/Net-IP-1.25-vKmLXy/blib/lib
    /home/perl512/.cpan/build/Term-Encoding-0.02-qaLFtW/blib/arch
    /home/perl512/.cpan/build/Term-Encoding-0.02-qaLFtW/blib/lib
    /home/perl512/.cpan/build/TimeDate-1.20-teuKhs/blib/arch
    /home/perl512/.cpan/build/TimeDate-1.20-teuKhs/blib/lib
    /home/perl512/.cpan/build/Text-Tags-0.04-nCxJ70/blib/arch
    /home/perl512/.cpan/build/Text-Tags-0.04-nCxJ70/blib/lib
    /home/perl512/.cpan/build/DateTime-Format-Mail-0.3001-9U7Feq/blib/arch
    /home/perl512/.cpan/build/DateTime-Format-Mail-0.3001-9U7Feq/blib/lib
    /home/perl512/.cpan/build/MIME-Types-1.32-LTpBQt/blib/arch
    /home/perl512/.cpan/build/MIME-Types-1.32-LTpBQt/blib/lib
    /home/perl512/.cpan/build/HTML-ResolveLink-0.05-vK4LPf/blib/arch
    /home/perl512/.cpan/build/HTML-ResolveLink-0.05-vK4LPf/blib/lib
    /home/perl512/.cpan/build/Cache-Cache-1.06-TPkK_1/blib/arch
    /home/perl512/.cpan/build/Cache-Cache-1.06-TPkK_1/blib/lib
    /home/perl512/.cpan/build/Error-0.17016-DfiWdy/blib/arch
    /home/perl512/.cpan/build/Error-0.17016-DfiWdy/blib/lib
    /home/perl512/.cpan/build/DateTime-Format-Strptime-1.5000-j3nl7B/blib/arch
    /home/perl512/.cpan/build/DateTime-Format-Strptime-1.5000-j3nl7B/blib/lib
    /home/perl512/.cpan/build/Module-Pluggable-Fast-0.19-ejQak1/blib/arch
    /home/perl512/.cpan/build/Module-Pluggable-Fast-0.19-ejQak1/blib/lib
    /home/perl512/.cpan/build/UNIVERSAL-require-0.13-QAEV4R/blib/arch
    /home/perl512/.cpan/build/UNIVERSAL-require-0.13-QAEV4R/blib/lib
    /home/perl512/.cpan/build/Template-Toolkit-2.22-WldXyh/blib/arch
    /home/perl512/.cpan/build/Template-Toolkit-2.22-WldXyh/blib/lib
    /home/perl512/.cpan/build/Template-Provider-Encoding-0.10-RIrlK2/blib/arch
    /home/perl512/.cpan/build/Template-Provider-Encoding-0.10-RIrlK2/blib/lib
    /home/perl512/.cpan/build/AppConfig-1.66-ltTjZg/blib/arch
    /home/perl512/.cpan/build/AppConfig-1.66-ltTjZg/blib/lib
    /home/perl512/.cpan/build/Test-Base-0.60-jo8Lt6/blib/arch
    /home/perl512/.cpan/build/Test-Base-0.60-jo8Lt6/blib/lib
    /home/perl512/.cpan/build/Spiffy-0.30-ZcfH6D/blib/arch
    /home/perl512/.cpan/build/Spiffy-0.30-ZcfH6D/blib/lib
    /home/perl512/testing/perl5.12.4/lib/site_perl/5.12.4/x86_64-linux-thread-multi
    /home/perl512/testing/perl5.12.4/lib/site_perl/5.12.4
    /home/perl512/testing/perl5.12.4/lib/5.12.4/x86_64-linux-thread-multi
    /home/perl512/testing/perl5.12.4/lib/5.12.4
    .