Back
From: metabase:user:31dd1d2e-2aae-11df-837a-5e0a49663a4f
Subject: FAIL Test-Unit-0.25_1325 v5.16.0
Date: 2012-08-01T07:26:13Z
This distribution has been tested as part of the CPAN Testers
project, supporting the Perl programming language. See
http://wiki.cpantesters.org/ for more information or email
questions to cpan-testers-discuss@perl.org
--
Dear Matthew Astley,
This is a computer-generated report for Test-Unit-0.25_1325
on perl 5.16.0, created by CPAN-Reporter-1.2006.
Thank you for uploading your work to CPAN. However, there was a problem
testing your distribution.
If you think this report is invalid, please consult the CPAN Testers Wiki
for suggestions on how to avoid getting FAIL reports for missing library
or binary dependencies, unsupported operating systems, and so on:
http://wiki.cpantesters.org/wiki/CPANAuthorNotes
Sections of this report:
* Tester comments
* Program output
* Prerequisites
* Environment and other context
------------------------------
TESTER COMMENTS
------------------------------
Additional comments from tester:
this report is from an automated smoke testing program
and was not reviewed by a human for accuracy
------------------------------
PROGRAM OUTPUT
------------------------------
Output from 'C:\Perl16\site\bin\dmake.exe test':
C:\Perl16\bin\perl.exe "-MExtUtils::Command::MM" "-e" "test_harness(0, 'blib\lib', 'blib\arch')" t/*.t
defined(@array) is deprecated at C:\Perl16\cpan\build\Test-Unit-0.25_1325-SRG6Fm\blib\lib/Test/Unit/TestCase.pm line 109.
(Maybe you should just omit the defined()?)
t/all_tests.t ..... ok
defined(@array) is deprecated at C:\Perl16\cpan\build\Test-Unit-0.25_1325-SRG6Fm\blib\lib/Test/Unit/TestCase.pm line 109.
(Maybe you should just omit the defined()?)
t/assert.t ........ ok
# Test 1 got: "defined(@array) is deprecated at C:\\Perl16\\cpan\\build\\Test-Unit-0.25_1325-SRG6Fm\\blib\\lib/Test/Unit/TestCase.pm line 109.\n# \t(Maybe you should just omit the defined()?)\n# Suite setup\n# TEST-RUN-SUMMARY\n# \n# TIME-SUMMARY\n# \n# !!!FAILURES!!!\n# Test Results:\n# Run: 2, Failures: 1, Errors: 0\n# \n# There was 1 failure:\n# 1) examples/fail_example.pm:19 - test_fail(fail_example)\n# Born to lose ...\n# \n# Test was not successful.\n# EXITCODE:0x100\n# " (t/try_examples.t at line 107)
# Expected: "Suite setup\n# TEST-RUN-SUMMARY\n# \n# TIME-SUMMARY\n# \n# !!!FAILURES!!!\n# Test Results:\n# Run: 2, Failures: 1, Errors: 0\n# \n# There was 1 failure:\n# 1) examples/fail_example.pm:19 - test_fail(fail_example)\n# Born to lose ...\n# \n# Test was not successful.\n# EXITCODE:0x100\n# "
# Line 1 is changed:
# - "Suite setup\n"
# + "defined(@array) is deprecated at C:\\Perl16\\cpan\\build\\Test-Unit-0.25_1325-SRG6Fm\\blib\\lib/Test/Unit/TestCase.pm line 109.\n"
# Got 2 extra lines at line 2:
# + "# \t(Maybe you should just omit the defined()?)\n"
# + "# Suite setup\n"
# t/try_examples.t line 107 is: ok($out, $guru_checked{$e});
# Test 2 got: "defined(@array) is deprecated at C:\\Perl16\\cpan\\build\\Test-Unit-0.25_1325-SRG6Fm\\blib\\lib/Test/Unit/TestCase.pm line 109.\n# \t(Maybe you should just omit the defined()?)\n# ...\n# TIME-SUMMARY\n# \n# OK (3 tests)\n# " (t/try_examples.t at line 107 fail #2)
# Expected: "...\n# TIME-SUMMARY\n# \n# OK (3 tests)\n# "
# Line 1 is changed:
# - "...\n"
# + "defined(@array) is deprecated at C:\\Perl16\\cpan\\build\\Test-Unit-0.25_1325-SRG6Fm\\blib\\lib/Test/Unit/TestCase.pm line 109.\n"
# Got 2 extra lines at line 2:
# + "# \t(Maybe you should just omit the defined()?)\n"
# + "# ...\n"
# Test 3 got: "defined(@array) is deprecated at C:\\Perl16\\cpan\\build\\Test-Unit-0.25_1325-SRG6Fm\\blib\\lib/Test/Unit/TestCase.pm line 109.\n# \t(Maybe you should just omit the defined()?)\n# ...\n# TIME-SUMMARY\n# \n# OK (3 tests)\n# " (t/try_examples.t at line 107 fail #3)
# Expected: "...\n# TIME-SUMMARY\n# \n# OK (3 tests)\n# "
# Line 1 is changed:
# - "...\n"
# + "defined(@array) is deprecated at C:\\Perl16\\cpan\\build\\Test-Unit-0.25_1325-SRG6Fm\\blib\\lib/Test/Unit/TestCase.pm line 109.\n"
# Got 2 extra lines at line 2:
# + "# \t(Maybe you should just omit the defined()?)\n"
# + "# ...\n"
# Test 4 got: "defined(@array) is deprecated at C:\\Perl16\\cpan\\build\\Test-Unit-0.25_1325-SRG6Fm\\blib\\lib/Test/Unit/TestCase.pm line 109.\n# \t(Maybe you should just omit the defined()?)\n# ...\n# TIME-SUMMARY\n# \n# OK (3 tests)\n# " (t/try_examples.t at line 107 fail #4)
# Expected: "...\n# TIME-SUMMARY\n# \n# OK (3 tests)\n# "
# Line 1 is changed:
# - "...\n"
# + "defined(@array) is deprecated at C:\\Perl16\\cpan\\build\\Test-Unit-0.25_1325-SRG6Fm\\blib\\lib/Test/Unit/TestCase.pm line 109.\n"
# Got 2 extra lines at line 2:
# + "# \t(Maybe you should just omit the defined()?)\n"
# + "# ...\n"
t/try_examples.t ..
Failed 4/4 subtests
Test Summary Report
-------------------
t/try_examples.t (Wstat: 0 Tests: 4 Failed: 4)
Failed tests: 1-4
Files=3, Tests=94, 2 wallclock secs ( 0.05 usr + 0.02 sys = 0.06 CPU)
Result: FAIL
Failed 1/3 test programs. 4/94 subtests failed.
dmake.exe: Error code 255, while making 'test_dynamic'
------------------------------
PREREQUISITES
------------------------------
Prerequisite modules loaded:
requires:
Module Need Have
------------------- ---- --------
base 1 2.18
Class::Inner 0 0.200001
Devel::Symdump 0 2.08
Error 0 0.17018
build_requires:
Module Need Have
------------------- ---- --------
ExtUtils::MakeMaker 0 6.63_02
configure_requires:
Module Need Have
------------------- ---- --------
ExtUtils::MakeMaker 0 6.63_02
------------------------------
ENVIRONMENT AND OTHER CONTEXT
------------------------------
Environment variables:
ACTIVEPERL_CONFIG_SILENT = 1
AUTOMATED_TESTING = 1
COMSPEC = C:\Windows\system32\cmd.exe
NUMBER_OF_PROCESSORS = 2
PATH = C:\Perl16\site\bin;C:\Perl16\bin;C:\Program Files (x86)\NVIDIA Corporation\PhysX\Common;%CommonProgramFiles%\Microsoft Shared\Windows Live;C:\Program Files (x86)\ActiveState Komodo IDE 6\;C:\Program Files (x86)\PC Connectivity Solution\;C:\Windows\system32;C:\Windows;C:\Windows\System32\Wbem;C:\Windows\System32\WindowsPowerShell\v1.0\;C:\Program Files\TortoiseSVN\bin;C:\Program Files (x86)\Git\cmd;C:\Program Files\TortoiseGit\bin;C:\Program Files (x86)\OpenVPN\bin
PERL5LIB = C:\Perl16\cpan\build\Devel-Symdump-2.08-ubhmEo/blib/arch;C:\Perl16\cpan\build\Devel-Symdump-2.08-ubhmEo/blib/lib;C:\Perl16\cpan\build\Class-Inner-0.200001-JXTikM/blib/arch;C:\Perl16\cpan\build\Class-Inner-0.200001-JXTikM/blib/lib;C:\Perl16\cpan\build\Error-0.17018-PqGi6o/blib/arch;C:\Perl16\cpan\build\Error-0.17018-PqGi6o/blib/lib
PERL5OPT =
PERL5_CPANPLUS_IS_RUNNING = 5876
PERL5_CPAN_IS_RUNNING = 5876
PERL5_CPAN_IS_RUNNING_IN_RECURSION = 5508,5876
PERL_CR_SMOKER_CURRENT = Test-Unit-0.25_1325
PERL_EXTUTILS_AUTOINSTALL = --defaultdeps
PERL_JSON_BACKEND = JSON::XS
PERL_MM_USE_DEFAULT = 1
PERL_YAML_BACKEND = YAML::XS
PROCESSOR_IDENTIFIER = AMD64 Family 16 Model 4 Stepping 2, AuthenticAMD
TEMP = C:\Users\Mithaldu\AppData\Local\Temp
TERM = dumb
Perl special variables (and OS-specific diagnostics, for MSWin32):
$^X = C:\Perl16\bin\perl.exe
$UID/$EUID = 0 / 0
$GID = 0
$EGID = 0
Win32::GetOSName = Win7
Win32::GetOSVersion = Service Pack 1, 6, 1, 7601, 2, 1, 0, 256, 1
Win32::FsType = NTFS
Win32::IsAdminUser = 0
Perl module toolchain versions installed:
Module Have
------------------- --------
CPAN 1.9800
CPAN::Meta 2.120921
Cwd 3.39_02
ExtUtils::CBuilder 0.280206
ExtUtils::Command 1.17
ExtUtils::Install 1.54
ExtUtils::MakeMaker 6.63_02
ExtUtils::Manifest 1.61
ExtUtils::ParseXS 3.16
File::Spec 3.39_02
JSON 2.53
JSON::PP 2.27200
Module::Build 0.39_01
Module::Signature n/a
Parse::CPAN::Meta 1.4404
Test::Harness 3.23
Test::More 0.98
YAML n/a
YAML::Syck n/a
version 0.99
--
Summary of my perl5 (revision 5 version 16 subversion 0) configuration:
Platform:
osname=MSWin32, osvers=5.2, archname=MSWin32-x86-multi-thread
uname=''
config_args='undef'
hint=recommended, useposix=true, d_sigaction=undef
useithreads=define, usemultiplicity=define
useperlio=define, d_sfio=undef, uselargefiles=define, usesocks=undef
use64bitint=undef, use64bitall=undef, uselongdouble=undef
usemymalloc=n, bincompat5005=undef
Compiler:
cc='C:/Perl16/site/bin/gcc.exe', ccflags ='-DNDEBUG -DWIN32 -D_CONSOLE -DNO_STRICT -DPERL_TEXTMODE_SCRIPTS -DUSE_SITECUSTOMIZE -DPERL_IMPLICIT_CONTEXT -DPERL_IMPLICIT_SYS -DUSE_PERLIO -D_USE_32BIT_TIME_T -DHASATTRIBUTE -fno-strict-aliasing -mms-bitfields',
optimize='-O2',
cppflags='-DWIN32'
ccversion='', gccversion='3.4.5 (mingw-vista special r3)', gccosandvers=''
intsize=4, longsize=4, ptrsize=4, doublesize=8, byteorder=1234
d_longlong=undef, longlongsize=8, d_longdbl=define, longdblsize=8
ivtype='long', ivsize=4, nvtype='double', nvsize=8, Off_t='__int64', lseeksize=8
alignbytes=8, prototype=define
Linker and Libraries:
ld='C:\Perl16\site\bin\g++.exe', ldflags ='-L"C:\Perl16\lib\CORE"'
libpth=\lib
libs=-lkernel32 -luser32 -lgdi32 -lwinspool -lcomdlg32 -ladvapi32 -lshell32 -lole32 -loleaut32 -lnetapi32 -luuid -lws2_32 -lmpr -lwinmm -lversion -lodbc32 -lodbccp32 -lcomctl32 -lmsvcrt
perllibs=-lkernel32 -luser32 -lgdi32 -lwinspool -lcomdlg32 -ladvapi32 -lshell32 -lole32 -loleaut32 -lnetapi32 -luuid -lws2_32 -lmpr -lwinmm -lversion -lodbc32 -lodbccp32 -lcomctl32 -lmsvcrt
libc=msvcrt.lib, so=dll, useshrplib=true, libperl=perl516.lib
gnulibc_version=''
Dynamic Linking:
dlsrc=dl_win32.xs, dlext=dll, d_dlsymun=undef, ccdlflags=' '
cccdlflags=' ', lddlflags='-mdll -L"C:\Perl16\lib\CORE"'
Characteristics of this binary (from libperl):
Compile-time options: HAS_TIMES HAVE_INTERP_INTERN MULTIPLICITY
PERLIO_LAYERS PERL_DONT_CREATE_GVSV
PERL_IMPLICIT_CONTEXT PERL_IMPLICIT_SYS
PERL_MALLOC_WRAP PERL_PRESERVE_IVUV PL_OP_SLAB_ALLOC
USE_ITHREADS USE_LARGE_FILES USE_LOCALE
USE_LOCALE_COLLATE USE_LOCALE_CTYPE
USE_LOCALE_NUMERIC USE_PERLIO USE_PERL_ATOF
USE_SITECUSTOMIZE
Locally applied patches:
ActivePerl Build 1600 [295879]
Built under MSWin32
Compiled at Jun 11 2012 12:43:38
%ENV:
PERL5LIB="C:\Perl16\cpan\build\Devel-Symdump-2.08-ubhmEo/blib/arch;C:\Perl16\cpan\build\Devel-Symdump-2.08-ubhmEo/blib/lib;C:\Perl16\cpan\build\Class-Inner-0.200001-JXTikM/blib/arch;C:\Perl16\cpan\build\Class-Inner-0.200001-JXTikM/blib/lib;C:\Perl16\cpan\build\Error-0.17018-PqGi6o/blib/arch;C:\Perl16\cpan\build\Error-0.17018-PqGi6o/blib/lib"
PERL5_CPANPLUS_IS_RUNNING="5876"
PERL5_CPAN_IS_RUNNING="5876"
PERL5_CPAN_IS_RUNNING_IN_RECURSION="5508,5876"
PERL_CR_SMOKER_CURRENT="Test-Unit-0.25_1325"
PERL_EXTUTILS_AUTOINSTALL="--defaultdeps"
PERL_JSON_BACKEND="JSON::XS"
PERL_MM_USE_DEFAULT="1"
PERL_YAML_BACKEND="YAML::XS"
@INC:
C:\Perl16\cpan\build\Devel-Symdump-2.08-ubhmEo/blib/arch
C:\Perl16\cpan\build\Devel-Symdump-2.08-ubhmEo/blib/lib
C:\Perl16\cpan\build\Class-Inner-0.200001-JXTikM/blib/arch
C:\Perl16\cpan\build\Class-Inner-0.200001-JXTikM/blib/lib
C:\Perl16\cpan\build\Error-0.17018-PqGi6o/blib/arch
C:\Perl16\cpan\build\Error-0.17018-PqGi6o/blib/lib
C:/Perl16/site/lib
C:/Perl16/lib
.