Report for Genezzo-0.72

Back
From: metabase:user:e3434da8-b236-11df-85ca-0247c6d74bde
Subject: FAIL Genezzo-0.72 v5.13.7 GNU/Linux
Date: 2010-12-01T05:40:20Z

This distribution has been tested as part of the CPAN Testers
project, supporting the Perl programming language.  See
http://wiki.cpantesters.org/ for more information or email
questions to cpan-testers-discuss@perl.org


--
Dear Jeffrey Cohen,

This is a computer-generated report for Genezzo-0.72
on perl 5.13.7, created by CPAN-Reporter-1.1803.

Thank you for uploading your work to CPAN.  However, there was a problem
testing your distribution.

If you think this report is invalid, please consult the CPAN Testers Wiki
for suggestions on how to avoid getting FAIL reports for missing library
or binary dependencies, unsupported operating systems, and so on:

http://wiki.cpantesters.org/wiki/CPANAuthorNotes

Sections of this report:

    * Tester comments
    * Program output
    * Prerequisites
    * Environment and other context

------------------------------
TESTER COMMENTS
------------------------------

Additional comments from tester:

this report is from an automated smoke testing program
and was not reviewed by a human for accuracy

------------------------------
PROGRAM OUTPUT
------------------------------

Output from '/usr/bin/make test':

PERL_DL_NONLAZY=1 /home/tester/testing/perl-5.13.7/bin/perl "-MExtUtils::Command::MM" "-e" "test_harness(0, 'blib/lib', 'blib/arch')" t/*.t
Use of qw(...) as parentheses is deprecated at /home/tester/testing/perl-5.13.7/.cpan/build/Genezzo-0.72-VSvcNu/blib/lib/Genezzo/Tablespace.pm line 603.
Use of qw(...) as parentheses is deprecated at /home/tester/testing/perl-5.13.7/.cpan/build/Genezzo-0.72-VSvcNu/blib/lib/Genezzo/Dict.pm line 4521.
Use of uninitialized value $htype in uc at /home/tester/testing/perl-5.13.7/.cpan/build/Genezzo-0.72-VSvcNu/blib/lib/Genezzo/Tablespace.pm line 313.
Use of uninitialized value $htype in uc at /home/tester/testing/perl-5.13.7/.cpan/build/Genezzo-0.72-VSvcNu/blib/lib/Genezzo/Tablespace.pm line 313.
t/AAASetup1.t .. ok
t/Block1.t ..... ok
t/Block2.t ..... ok
t/Block3.t ..... ok
t/Block4.t ..... ok
t/BufCa1.t ..... ok
Use of qw(...) as parentheses is deprecated at /home/tester/testing/perl-5.13.7/.cpan/build/Genezzo-0.72-VSvcNu/blib/lib/Genezzo/Tablespace.pm line 603.
Use of qw(...) as parentheses is deprecated at /home/tester/testing/perl-5.13.7/.cpan/build/Genezzo-0.72-VSvcNu/blib/lib/Genezzo/Dict.pm line 4521.
Use of uninitialized value $htype in uc at /home/tester/testing/perl-5.13.7/.cpan/build/Genezzo-0.72-VSvcNu/blib/lib/Genezzo/Tablespace.pm line 313.
Use of uninitialized value $htype in uc at /home/tester/testing/perl-5.13.7/.cpan/build/Genezzo-0.72-VSvcNu/blib/lib/Genezzo/Tablespace.pm line 313.
Use of uninitialized value $htype in uc at /home/tester/testing/perl-5.13.7/.cpan/build/Genezzo-0.72-VSvcNu/blib/lib/Genezzo/Tablespace.pm line 313.
Use of uninitialized value $htype in uc at /home/tester/testing/perl-5.13.7/.cpan/build/Genezzo-0.72-VSvcNu/blib/lib/Genezzo/Tablespace.pm line 313.
t/Cons1.t ...... ok
Use of qw(...) as parentheses is deprecated at /home/tester/testing/perl-5.13.7/.cpan/build/Genezzo-0.72-VSvcNu/blib/lib/Genezzo/Tablespace.pm line 603.
Use of qw(...) as parentheses is deprecated at /home/tester/testing/perl-5.13.7/.cpan/build/Genezzo-0.72-VSvcNu/blib/lib/Genezzo/Dict.pm line 4521.
Use of uninitialized value $htype in uc at /home/tester/testing/perl-5.13.7/.cpan/build/Genezzo-0.72-VSvcNu/blib/lib/Genezzo/Tablespace.pm line 313.
Use of uninitialized value $htype in uc at /home/tester/testing/perl-5.13.7/.cpan/build/Genezzo-0.72-VSvcNu/blib/lib/Genezzo/Tablespace.pm line 313.
Use of uninitialized value $htype in uc at /home/tester/testing/perl-5.13.7/.cpan/build/Genezzo-0.72-VSvcNu/blib/lib/Genezzo/Tablespace.pm line 313.
Use of uninitialized value $htype in uc at /home/tester/testing/perl-5.13.7/.cpan/build/Genezzo-0.72-VSvcNu/blib/lib/Genezzo/Tablespace.pm line 313.
Use of uninitialized value $htype in uc at /home/tester/testing/perl-5.13.7/.cpan/build/Genezzo-0.72-VSvcNu/blib/lib/Genezzo/Tablespace.pm line 313.
t/DBI1.t ....... ok
Use of qw(...) as parentheses is deprecated at /home/tester/testing/perl-5.13.7/.cpan/build/Genezzo-0.72-VSvcNu/blib/lib/Genezzo/Tablespace.pm line 603.
Use of qw(...) as parentheses is deprecated at /home/tester/testing/perl-5.13.7/.cpan/build/Genezzo-0.72-VSvcNu/blib/lib/Genezzo/Dict.pm line 4521.
Use of uninitialized value $htype in uc at /home/tester/testing/perl-5.13.7/.cpan/build/Genezzo-0.72-VSvcNu/blib/lib/Genezzo/Tablespace.pm line 313.
Use of uninitialized value $htype in uc at /home/tester/testing/perl-5.13.7/.cpan/build/Genezzo-0.72-VSvcNu/blib/lib/Genezzo/Tablespace.pm line 313.
Use of uninitialized value $htype in uc at /home/tester/testing/perl-5.13.7/.cpan/build/Genezzo-0.72-VSvcNu/blib/lib/Genezzo/Tablespace.pm line 313.
t/Feeble1.t .... ok
Use of qw(...) as parentheses is deprecated at /home/tester/testing/perl-5.13.7/.cpan/build/Genezzo-0.72-VSvcNu/blib/lib/Genezzo/Tablespace.pm line 603.
Use of qw(...) as parentheses is deprecated at /home/tester/testing/perl-5.13.7/.cpan/build/Genezzo-0.72-VSvcNu/blib/lib/Genezzo/Dict.pm line 4521.
Use of uninitialized value $htype in uc at /home/tester/testing/perl-5.13.7/.cpan/build/Genezzo-0.72-VSvcNu/blib/lib/Genezzo/Tablespace.pm line 313.
Use of uninitialized value $htype in uc at /home/tester/testing/perl-5.13.7/.cpan/build/Genezzo-0.72-VSvcNu/blib/lib/Genezzo/Tablespace.pm line 313.
Use of uninitialized value $htype in uc at /home/tester/testing/perl-5.13.7/.cpan/build/Genezzo-0.72-VSvcNu/blib/lib/Genezzo/Tablespace.pm line 313.
t/Gnzo1.t ...... ok
Use of qw(...) as parentheses is deprecated at /home/tester/testing/perl-5.13.7/.cpan/build/Genezzo-0.72-VSvcNu/blib/lib/Genezzo/Tablespace.pm line 603.
Use of qw(...) as parentheses is deprecated at /home/tester/testing/perl-5.13.7/.cpan/build/Genezzo-0.72-VSvcNu/blib/lib/Genezzo/Dict.pm line 4521.
Use of uninitialized value $htype in uc at /home/tester/testing/perl-5.13.7/.cpan/build/Genezzo-0.72-VSvcNu/blib/lib/Genezzo/Tablespace.pm line 313.
Use of uninitialized value $htype in uc at /home/tester/testing/perl-5.13.7/.cpan/build/Genezzo-0.72-VSvcNu/blib/lib/Genezzo/Tablespace.pm line 313.
Use of uninitialized value $htype in uc at /home/tester/testing/perl-5.13.7/.cpan/build/Genezzo-0.72-VSvcNu/blib/lib/Genezzo/Tablespace.pm line 313.
t/Gnzo2.t ...... ok
Use of qw(...) as parentheses is deprecated at /home/tester/testing/perl-5.13.7/.cpan/build/Genezzo-0.72-VSvcNu/blib/lib/Genezzo/Tablespace.pm line 603.
Use of qw(...) as parentheses is deprecated at /home/tester/testing/perl-5.13.7/.cpan/build/Genezzo-0.72-VSvcNu/blib/lib/Genezzo/Dict.pm line 4521.
Use of uninitialized value $htype in uc at /home/tester/testing/perl-5.13.7/.cpan/build/Genezzo-0.72-VSvcNu/blib/lib/Genezzo/Tablespace.pm line 313.
Use of uninitialized value $htype in uc at /home/tester/testing/perl-5.13.7/.cpan/build/Genezzo-0.72-VSvcNu/blib/lib/Genezzo/Tablespace.pm line 313.
Use of uninitialized value $htype in uc at /home/tester/testing/perl-5.13.7/.cpan/build/Genezzo-0.72-VSvcNu/blib/lib/Genezzo/Tablespace.pm line 313.
Use of uninitialized value $htype in uc at /home/tester/testing/perl-5.13.7/.cpan/build/Genezzo-0.72-VSvcNu/blib/lib/Genezzo/Tablespace.pm line 313.
Use of uninitialized value $htype in uc at /home/tester/testing/perl-5.13.7/.cpan/build/Genezzo-0.72-VSvcNu/blib/lib/Genezzo/Tablespace.pm line 313.
t/Gnzo3.t ...... ok
Use of qw(...) as parentheses is deprecated at /home/tester/testing/perl-5.13.7/.cpan/build/Genezzo-0.72-VSvcNu/blib/lib/Genezzo/Tablespace.pm line 603.
Use of qw(...) as parentheses is deprecated at /home/tester/testing/perl-5.13.7/.cpan/build/Genezzo-0.72-VSvcNu/blib/lib/Genezzo/Dict.pm line 4521.
Use of uninitialized value $htype in uc at /home/tester/testing/perl-5.13.7/.cpan/build/Genezzo-0.72-VSvcNu/blib/lib/Genezzo/Tablespace.pm line 313.
Use of uninitialized value $htype in uc at /home/tester/testing/perl-5.13.7/.cpan/build/Genezzo-0.72-VSvcNu/blib/lib/Genezzo/Tablespace.pm line 313.
Use of uninitialized value $htype in uc at /home/tester/testing/perl-5.13.7/.cpan/build/Genezzo-0.72-VSvcNu/blib/lib/Genezzo/Tablespace.pm line 313.
Use of uninitialized value $htype in uc at /home/tester/testing/perl-5.13.7/.cpan/build/Genezzo-0.72-VSvcNu/blib/lib/Genezzo/Tablespace.pm line 313.
Use of uninitialized value $htype in uc at /home/tester/testing/perl-5.13.7/.cpan/build/Genezzo-0.72-VSvcNu/blib/lib/Genezzo/Tablespace.pm line 313.
Use of uninitialized value $htype in uc at /home/tester/testing/perl-5.13.7/.cpan/build/Genezzo-0.72-VSvcNu/blib/lib/Genezzo/Tablespace.pm line 313.
t/GSysHook1.t .. ok
Use of qw(...) as parentheses is deprecated at /home/tester/testing/perl-5.13.7/.cpan/build/Genezzo-0.72-VSvcNu/blib/lib/Genezzo/Tablespace.pm line 603.
Use of qw(...) as parentheses is deprecated at /home/tester/testing/perl-5.13.7/.cpan/build/Genezzo-0.72-VSvcNu/blib/lib/Genezzo/Dict.pm line 4521.
Use of uninitialized value $htype in uc at /home/tester/testing/perl-5.13.7/.cpan/build/Genezzo-0.72-VSvcNu/blib/lib/Genezzo/Tablespace.pm line 313.
t/GSysHook2.t .. ok
Use of qw(...) as parentheses is deprecated at /home/tester/testing/perl-5.13.7/.cpan/build/Genezzo-0.72-VSvcNu/blib/lib/Genezzo/Tablespace.pm line 603.
Use of qw(...) as parentheses is deprecated at /home/tester/testing/perl-5.13.7/.cpan/build/Genezzo-0.72-VSvcNu/blib/lib/Genezzo/Dict.pm line 4521.
Use of uninitialized value $htype in uc at /home/tester/testing/perl-5.13.7/.cpan/build/Genezzo-0.72-VSvcNu/blib/lib/Genezzo/Tablespace.pm line 313.
Use of uninitialized value $htype in uc at /home/tester/testing/perl-5.13.7/.cpan/build/Genezzo-0.72-VSvcNu/blib/lib/Genezzo/Tablespace.pm line 313.
Use of uninitialized value $htype in uc at /home/tester/testing/perl-5.13.7/.cpan/build/Genezzo-0.72-VSvcNu/blib/lib/Genezzo/Tablespace.pm line 313.
Use of uninitialized value $htype in uc at /home/tester/testing/perl-5.13.7/.cpan/build/Genezzo-0.72-VSvcNu/blib/lib/Genezzo/Tablespace.pm line 313.
Use of uninitialized value $htype in uc at /home/tester/testing/perl-5.13.7/.cpan/build/Genezzo-0.72-VSvcNu/blib/lib/Genezzo/Tablespace.pm line 313.
t/Havok1.t ..... ok
Use of qw(...) as parentheses is deprecated at /home/tester/testing/perl-5.13.7/.cpan/build/Genezzo-0.72-VSvcNu/blib/lib/Genezzo/Tablespace.pm line 603.
Use of qw(...) as parentheses is deprecated at /home/tester/testing/perl-5.13.7/.cpan/build/Genezzo-0.72-VSvcNu/blib/lib/Genezzo/Dict.pm line 4521.
t/Index1.t ..... ok
Use of qw(...) as parentheses is deprecated at /home/tester/testing/perl-5.13.7/.cpan/build/Genezzo-0.72-VSvcNu/blib/lib/Genezzo/Tablespace.pm line 603.
Use of qw(...) as parentheses is deprecated at /home/tester/testing/perl-5.13.7/.cpan/build/Genezzo-0.72-VSvcNu/blib/lib/Genezzo/Dict.pm line 4521.
Use of uninitialized value $htype in uc at /home/tester/testing/perl-5.13.7/.cpan/build/Genezzo-0.72-VSvcNu/blib/lib/Genezzo/Tablespace.pm line 313.
Use of uninitialized value $htype in uc at /home/tester/testing/perl-5.13.7/.cpan/build/Genezzo-0.72-VSvcNu/blib/lib/Genezzo/Tablespace.pm line 313.
t/Index2.t ..... ok
Use of qw(...) as parentheses is deprecated at /home/tester/testing/perl-5.13.7/.cpan/build/Genezzo-0.72-VSvcNu/blib/lib/Genezzo/Tablespace.pm line 603.
Use of qw(...) as parentheses is deprecated at /home/tester/testing/perl-5.13.7/.cpan/build/Genezzo-0.72-VSvcNu/blib/lib/Genezzo/Dict.pm line 4521.
Use of uninitialized value $htype in uc at /home/tester/testing/perl-5.13.7/.cpan/build/Genezzo-0.72-VSvcNu/blib/lib/Genezzo/Tablespace.pm line 313.
Use of uninitialized value $htype in uc at /home/tester/testing/perl-5.13.7/.cpan/build/Genezzo-0.72-VSvcNu/blib/lib/Genezzo/Tablespace.pm line 313.
t/Index3.t ..... ok
Use of qw(...) as parentheses is deprecated at /home/tester/testing/perl-5.13.7/.cpan/build/Genezzo-0.72-VSvcNu/blib/lib/Genezzo/Tablespace.pm line 603.
Use of qw(...) as parentheses is deprecated at /home/tester/testing/perl-5.13.7/.cpan/build/Genezzo-0.72-VSvcNu/blib/lib/Genezzo/Dict.pm line 4521.
Use of uninitialized value $htype in uc at /home/tester/testing/perl-5.13.7/.cpan/build/Genezzo-0.72-VSvcNu/blib/lib/Genezzo/Tablespace.pm line 313.
Use of uninitialized value $htype in uc at /home/tester/testing/perl-5.13.7/.cpan/build/Genezzo-0.72-VSvcNu/blib/lib/Genezzo/Tablespace.pm line 313.
Use of uninitialized value $htype in uc at /home/tester/testing/perl-5.13.7/.cpan/build/Genezzo-0.72-VSvcNu/blib/lib/Genezzo/Tablespace.pm line 313.
t/Join1.t ...... ok
Use of qw(...) as parentheses is deprecated at /home/tester/testing/perl-5.13.7/.cpan/build/Genezzo-0.72-VSvcNu/blib/lib/Genezzo/Tablespace.pm line 603.
Use of qw(...) as parentheses is deprecated at /home/tester/testing/perl-5.13.7/.cpan/build/Genezzo-0.72-VSvcNu/blib/lib/Genezzo/Dict.pm line 4521.
Use of uninitialized value $htype in uc at /home/tester/testing/perl-5.13.7/.cpan/build/Genezzo-0.72-VSvcNu/blib/lib/Genezzo/Tablespace.pm line 313.
Use of uninitialized value $htype in uc at /home/tester/testing/perl-5.13.7/.cpan/build/Genezzo-0.72-VSvcNu/blib/lib/Genezzo/Tablespace.pm line 313.
Use of uninitialized value $htype in uc at /home/tester/testing/perl-5.13.7/.cpan/build/Genezzo-0.72-VSvcNu/blib/lib/Genezzo/Tablespace.pm line 313.
Use of uninitialized value $htype in uc at /home/tester/testing/perl-5.13.7/.cpan/build/Genezzo-0.72-VSvcNu/blib/lib/Genezzo/Tablespace.pm line 313.
Use of uninitialized value $htype in uc at /home/tester/testing/perl-5.13.7/.cpan/build/Genezzo-0.72-VSvcNu/blib/lib/Genezzo/Tablespace.pm line 313.
Use of uninitialized value $htype in uc at /home/tester/testing/perl-5.13.7/.cpan/build/Genezzo-0.72-VSvcNu/blib/lib/Genezzo/Tablespace.pm line 313.
Use of uninitialized value $htype in uc at /home/tester/testing/perl-5.13.7/.cpan/build/Genezzo-0.72-VSvcNu/blib/lib/Genezzo/Tablespace.pm line 313.
Use of uninitialized value $htype in uc at /home/tester/testing/perl-5.13.7/.cpan/build/Genezzo-0.72-VSvcNu/blib/lib/Genezzo/Tablespace.pm line 313.
Use of uninitialized value $htype in uc at /home/tester/testing/perl-5.13.7/.cpan/build/Genezzo-0.72-VSvcNu/blib/lib/Genezzo/Tablespace.pm line 313.
Use of uninitialized value $htype in uc at /home/tester/testing/perl-5.13.7/.cpan/build/Genezzo-0.72-VSvcNu/blib/lib/Genezzo/Tablespace.pm line 313.
t/Prefs1.t ..... ok
Use of qw(...) as parentheses is deprecated at /home/tester/testing/perl-5.13.7/.cpan/build/Genezzo-0.72-VSvcNu/blib/lib/Genezzo/Tablespace.pm line 603.
Use of qw(...) as parentheses is deprecated at /home/tester/testing/perl-5.13.7/.cpan/build/Genezzo-0.72-VSvcNu/blib/lib/Genezzo/Dict.pm line 4521.
Use of uninitialized value $htype in uc at /home/tester/testing/perl-5.13.7/.cpan/build/Genezzo-0.72-VSvcNu/blib/lib/Genezzo/Tablespace.pm line 313.
Use of uninitialized value $htype in uc at /home/tester/testing/perl-5.13.7/.cpan/build/Genezzo-0.72-VSvcNu/blib/lib/Genezzo/Tablespace.pm line 313.
Use of uninitialized value $htype in uc at /home/tester/testing/perl-5.13.7/.cpan/build/Genezzo-0.72-VSvcNu/blib/lib/Genezzo/Tablespace.pm line 313.
t/PTPrep1.t .... ok
Use of qw(...) as parentheses is deprecated at t/PushHash1.t line 39.
Use of qw(...) as parentheses is deprecated at t/PushHash1.t line 182.
Use of qw(...) as parentheses is deprecated at t/PushHash1.t line 240.
Use of qw(...) as parentheses is deprecated at t/PushHash1.t line 308.
Use of qw(...) as parentheses is deprecated at t/PushHash1.t line 456.
Use of qw(...) as parentheses is deprecated at t/PushHash1.t line 509.
t/PushHash1.t .. ok
Use of qw(...) as parentheses is deprecated at t/Row1.t line 36.
Use of qw(...) as parentheses is deprecated at t/Row1.t line 179.
Use of qw(...) as parentheses is deprecated at t/Row1.t line 235.
Use of qw(...) as parentheses is deprecated at t/Row1.t line 302.
Use of qw(...) as parentheses is deprecated at t/Row1.t line 448.
Use of qw(...) as parentheses is deprecated at t/Row1.t line 499.
t/Row1.t ....... ok
Use of qw(...) as parentheses is deprecated at /home/tester/testing/perl-5.13.7/.cpan/build/Genezzo-0.72-VSvcNu/blib/lib/Genezzo/Tablespace.pm line 603.
Use of qw(...) as parentheses is deprecated at /home/tester/testing/perl-5.13.7/.cpan/build/Genezzo-0.72-VSvcNu/blib/lib/Genezzo/Dict.pm line 4521.
Use of uninitialized value $htype in uc at /home/tester/testing/perl-5.13.7/.cpan/build/Genezzo-0.72-VSvcNu/blib/lib/Genezzo/Tablespace.pm line 313.
Use of uninitialized value $htype in uc at /home/tester/testing/perl-5.13.7/.cpan/build/Genezzo-0.72-VSvcNu/blib/lib/Genezzo/Tablespace.pm line 313.
Replacement list is longer than search list at (eval 508) line 1, <$fh> line 111.
Replacement list is longer than search list at (eval 510) line 1, <$fh> line 111.
Replacement list is longer than search list at (eval 512) line 1, <$fh> line 111.
Use of uninitialized value $htype in uc at /home/tester/testing/perl-5.13.7/.cpan/build/Genezzo-0.72-VSvcNu/blib/lib/Genezzo/Tablespace.pm line 313.
t/SQLTest1.t ... 
Failed 1/4 subtests 
t/Util1.t ...... ok

Test Summary Report
-------------------
t/SQLTest1.t (Wstat: 0 Tests: 5 Failed: 2)
  Failed tests:  4-5
  Parse errors: Bad plan.  You planned 4 tests but ran 5.
Files=25, Tests=1472, 852 wallclock secs ( 1.65 usr  0.20 sys + 438.19 cusr  5.96 csys = 446.00 CPU)
Result: FAIL
Failed 1/25 test programs. 2/1472 subtests failed.
make: *** [test_dynamic] Error 255

------------------------------
PREREQUISITES
------------------------------

Prerequisite modules loaded:

requires:

    Module              Need Have    
    ------------------- ---- --------
    File::Compare       0.0  1.1006  
    File::Copy          0.0  2.20    
    File::Path          0.0  2.08_01 
    File::Spec          0.0  3.33    
    IO::Handle          0.0  1.28    
    Parse::RecDescent   1.94 1.965001
    Term::ReadLine      0.0  1.07    
    Text::ParseWords    0.0  3.27    
    Text::Soundex       0.0  3.03_01 

build_requires:

    Module              Need Have    
    ------------------- ---- --------
    ExtUtils::MakeMaker 0    6.57_05 


------------------------------
ENVIRONMENT AND OTHER CONTEXT
------------------------------

Environment variables:

    AUTOMATED_TESTING = 1
    LANG = en_GB.utf8
    LC_COLLATE = C
    PATH = /usr/local/bin:/usr/bin:/bin:/usr/local/games:/usr/games
    PERL5LIB = 
    PERL5OPT = 
    PERL5_CPANPLUS_IS_RUNNING = 20883
    PERL5_CPAN_IS_RUNNING = 20883
    PERL5_MINISMOKEBOX = 0.36
    PERL_EXTUTILS_AUTOINSTALL = --defaultdeps
    PERL_MM_USE_DEFAULT = 1
    SHELL = /bin/bash
    TERM = screen-bce

Perl special variables (and OS-specific diagnostics, for MSWin32):

    $^X = /home/tester/testing/perl-5.13.7/bin/perl
    $UID/$EUID = 1002 / 1002
    $GID = 1002 20 24 25 27 29 30 44 46 100 103 104 112 114 115 1002
    $EGID = 1002 20 24 25 27 29 30 44 46 100 103 104 112 114 115 1002

Perl module toolchain versions installed:

    Module              Have   
    ------------------- -------
    CPAN                1.94_62
    Cwd                 3.34   
    ExtUtils::CBuilder  0.2703 
    ExtUtils::Command   1.16   
    ExtUtils::Install   1.55   
    ExtUtils::MakeMaker 6.57_05
    ExtUtils::Manifest  1.58   
    ExtUtils::ParseXS   2.2207 
    File::Spec          3.33   
    Module::Build       0.3607 
    Module::Signature   n/a    
    Test::Harness       3.22   
    Test::More          0.97_01
    YAML                n/a    
    YAML::Syck          1.15   
    version             0.85   


--

Summary of my perl5 (revision 5 version 13 subversion 7) configuration:
   
  Platform:
    osname=linux, osvers=2.6.35-4.slh.9-aptosid-amd64, archname=x86_64-linux-thread-multi
    uname='linux verona 2.6.35-4.slh.9-aptosid-amd64 #1 smp preempt mon sep 13 16:28:34 utc 2010 x86_64 gnulinux '
    config_args='-Dprefix=/home/tester/testing/perl-5.13.7 -Dusethreads'
    hint=recommended, useposix=true, d_sigaction=define
    useithreads=define, usemultiplicity=define
    useperlio=define, d_sfio=undef, uselargefiles=define, usesocks=undef
    use64bitint=define, use64bitall=define, uselongdouble=undef
    usemymalloc=n, bincompat5005=undef
  Compiler:
    cc='cc', ccflags ='-D_REENTRANT -D_GNU_SOURCE -fno-strict-aliasing -pipe -fstack-protector -I/usr/local/include -D_LARGEFILE_SOURCE -D_FILE_OFFSET_BITS=64',
    optimize='-O2',
    cppflags='-D_REENTRANT -D_GNU_SOURCE -fno-strict-aliasing -pipe -fstack-protector -I/usr/local/include'
    ccversion='', gccversion='4.4.5', gccosandvers=''
    intsize=4, longsize=8, ptrsize=8, doublesize=8, byteorder=12345678
    d_longlong=define, longlongsize=8, d_longdbl=define, longdblsize=16
    ivtype='long', ivsize=8, nvtype='double', nvsize=8, Off_t='off_t', lseeksize=8
    alignbytes=8, prototype=define
  Linker and Libraries:
    ld='cc', ldflags =' -fstack-protector -L/usr/local/lib'
    libpth=/usr/local/lib /lib /usr/lib /lib64 /usr/lib64
    libs=-lnsl -lgdbm -ldb -ldl -lm -lcrypt -lutil -lpthread -lc -lgdbm_compat
    perllibs=-lnsl -ldl -lm -lcrypt -lutil -lpthread -lc
    libc=/lib/libc-2.11.2.so, so=so, useshrplib=false, libperl=libperl.a
    gnulibc_version='2.11.2'
  Dynamic Linking:
    dlsrc=dl_dlopen.xs, dlext=so, d_dlsymun=undef, ccdlflags='-Wl,-E'
    cccdlflags='-fPIC', lddlflags='-shared -O2 -L/usr/local/lib -fstack-protector'


Characteristics of this binary (from libperl): 
  Compile-time options: MULTIPLICITY PERL_DONT_CREATE_GVSV
                        PERL_IMPLICIT_CONTEXT PERL_MALLOC_WRAP USE_64_BIT_ALL
                        USE_64_BIT_INT USE_ITHREADS USE_LARGE_FILES
                        USE_PERLIO USE_PERL_ATOF USE_REENTRANT_API
  Built under linux
  Compiled at Nov 21 2010 08:45:10
  %ENV:
    PERL5LIB=""
    PERL5OPT=""
    PERL5_CPANPLUS_IS_RUNNING="20883"
    PERL5_CPAN_IS_RUNNING="20883"
    PERL5_MINISMOKEBOX="0.36"
    PERL_EXTUTILS_AUTOINSTALL="--defaultdeps"
    PERL_MM_USE_DEFAULT="1"
  @INC:
    /home/tester/testing/perl-5.13.7/lib/site_perl/5.13.7/x86_64-linux-thread-multi
    /home/tester/testing/perl-5.13.7/lib/site_perl/5.13.7
    /home/tester/testing/perl-5.13.7/lib/5.13.7/x86_64-linux-thread-multi
    /home/tester/testing/perl-5.13.7/lib/5.13.7
    .