App-perlmv-u v0.005 Perl 5 v5.6.2 i686-linux-multi

Status
Na
From
Nigel Horne
Dist
App-perlmv-u v0.005
Platform
Perl 5 v5.6.2 i686-linux-multi
Date
2017-08-19 08:07:42
ID
79d84dba-84b5-11e7-8929-daabf0ac1f1e
This distribution has been tested as part of the CPAN Testers
project, supporting the Perl programming language.  See
http://wiki.cpantesters.org/ for more information or email
questions to cpan-testers-discuss@perl.org


--
Dear perlancar,

This is a computer-generated report for App-perlmv-u-0.005
on perl 5.6.2, created by CPAN-Reporter-1.2011.

Thank you for uploading your work to CPAN.  While attempting to build or test
this distribution, the distribution signaled that support is not available
either for this operating system or this version of Perl.  Nevertheless, any
diagnostic output produced is provided below for reference.  If this is not
what you expect, you may wish to consult the CPAN Testers Wiki:

http://wiki.cpantesters.org/wiki/CPANAuthorNotes

Sections of this report:

    * Tester comments
    * Program output
    * Prerequisites
    * Environment and other context

------------------------------
TESTER COMMENTS
------------------------------

Additional comments from tester:

this report is from an automated smoke testing program
and was not reviewed by a human for accuracy

------------------------------
PROGRAM OUTPUT
------------------------------

Output from '/usr/bin/make test':

PERL_DL_NONLAZY=1 "/home/njh/perl5/perlbrew/perls/perl-5.6.2/bin/perl" "-MExtUtils::Command::MM" "-MTest::Harness" "-e" "undef *Test::Harness::Switches; test_harness(0, 'blib/lib', 'blib/arch')" t/*.t
t/author-critic.t ........ skipped: these tests are for testing by the author
t/author-pod-coverage.t .. skipped: these tests are for testing by the author
t/author-pod-syntax.t .... skipped: these tests are for testing by the author
t/release-rinci.t ........ skipped: these tests are for release candidate testing
Bareword found where operator expected at /home/njh/.cpan/build/App-perlmv-u-0.005-Etnr2m/blib/lib/App/perlmv/u.pm line 45, near "$fh Sereal::Encoder::encode_sereal"
	(Missing operator before Sereal::Encoder::encode_sereal?)

#   Failed test 'script/perlmv-u compiled ok'
#   at t/00-compile.t line 65.
#          got: '65280'
#     expected: '0'
Perl v5.10.0 required--this is only v5.6.2, stopped at script/perlmv-u line 6.BEGIN failed--compilation aborted at script/perlmv-u line 6. at t/00-compile.t line 74, <GEN4> line 3.
# Looks like you failed 1 test of 2.
t/00-compile.t ........... 
Dubious, test returned 1 (wstat 256, 0x100)
Failed 1/2 subtests 

Test Summary Report
-------------------
t/00-compile.t         (Wstat: 256 Tests: 2 Failed: 1)
  Failed test:  2
  Non-zero exit status: 1
Files=5, Tests=2,  0 wallclock secs ( 0.03 usr  0.01 sys +  0.10 cusr  0.01 csys =  0.15 CPU)
Result: FAIL
Failed 1/5 test programs. 1/2 subtests failed.
Makefile:892: recipe for target 'test_dynamic' failed
make: *** [test_dynamic] Error 11

------------------------------
PREREQUISITES
------------------------------

Prerequisite modules loaded:

requires:

    Module                                                 Need  Have    
    ------------------------------------------------------ ----- --------
    Cwd                                                    0     3.62    
  ! Data::Sah::Coerce::perl::str::str_strip_trailing_slash 0     n/a     
  ! Data::Sah::Compiler::perl::TH::array                   0     n/a     
  ! Data::Sah::Compiler::perl::TH::bool                    0     n/a     
  ! Data::Sah::Compiler::perl::TH::str                     0     n/a     
  ! File::MoreUtil                                         0     n/a     
    Log::ger                                               0.023 0.023   
  ! Perinci::CmdLine::Any                                  0     n/a     
    POSIX                                                  0     1.03    
  ! Sah::Schema::pathname                                  0     n/a     
  ! Sereal::Decoder                                        0     n/a     
  ! Sereal::Encoder                                        0     n/a     
    strict                                                 0     1.01    
  ! String::Elide::FromArray                               0     n/a     
    warnings                                               0     0       

build_requires:

    Module                                                 Need  Have    
    ------------------------------------------------------ ----- --------
    ExtUtils::MakeMaker                                    0     7.10    
    File::Spec                                             0     3.62    
    IO::Handle                                             0     1.28    
    IPC::Open3                                             0     1.0103  
    Test::More                                             0     1.001014

configure_requires:

    Module                                                 Need  Have    
    ------------------------------------------------------ ----- --------
    ExtUtils::MakeMaker                                    0     7.10    


------------------------------
ENVIRONMENT AND OTHER CONTEXT
------------------------------

Environment variables:

    AUTOMATED_TESTING = 1
    HARNESS_OPTIONS = j2
    LANG = en_US.UTF-8
    PATH = /home/njh/perl5/perlbrew/bin:/home/njh/perl5/perlbrew/perls/perl-5.6.2/bin:/home/njh/perl5/perlbrew/bin:/usr/bin:/bin
    PERL5LIB = /home/njh/.cpan/build/Test-Needs-0.002005-qRDN5E/blib/arch:/home/njh/.cpan/build/Test-Needs-0.002005-qRDN5E/blib/lib:/home/njh/.cpan/build/Log-ger-0.023-KarV0W/blib/arch:/home/njh/.cpan/build/Log-ger-0.023-KarV0W/blib/lib
    PERL5OPT = 
    PERL5_CPANPLUS_IS_RUNNING = 21443
    PERL5_CPAN_IS_RUNNING = 21443
    PERLBREW_BASHRC_VERSION = 0.73
    PERLBREW_HOME = /home/njh/.perlbrew
    PERLBREW_LIB = 
    PERLBREW_MANPATH = /home/njh/perl5/perlbrew/perls/perl-5.6.2/man
    PERLBREW_PATH = /home/njh/perl5/perlbrew/bin:/home/njh/perl5/perlbrew/perls/perl-5.6.2/bin
    PERLBREW_PERL = perl-5.6.2
    PERLBREW_ROOT = /home/njh/perl5/perlbrew
    PERLBREW_VERSION = 0.73
    PERL_LOCAL_LIB_ROOT = 
    SHELL = /bin/sh

Perl special variables (and OS-specific diagnostics, for MSWin32):

    $^X = /home/njh/perl5/perlbrew/perls/perl-5.6.2/bin/perl
    $UID/$EUID = 1000 / 1000
    $GID = 1000 1000 108 46 44 30 29 25 24 4
    $EGID = 1000 1000 108 46 44 30 29 25 24 4

Perl module toolchain versions installed:

    Module              Have   
    ------------------- -------
    Cwd                 3.62   
    ExtUtils::CBuilder  n/a    
    ExtUtils::Command   7.10   
    ExtUtils::Install   2.04   
    ExtUtils::MakeMaker 7.10   
    ExtUtils::Manifest  1.70   
    ExtUtils::ParseXS   n/a    
    File::Spec          3.62   
    JSON::PP            2.27300
    Module::Signature   n/a    
    Test::Harness       3.36   


--

Summary of my perl5 (revision 5.0 version 6 subversion 2) configuration:
  Platform:
    osname=linux, osvers=4.2.0-1-686-pae, archname=i686-linux-multi
    uname='linux zack 4.2.0-1-686-pae #1 smp debian 4.2.6-1 (2015-11-10) i686 gnulinux '
    config_args='-de -Dprefix=/home/njh/perl5/perlbrew/perls/perl-5.6.2 -Duseithreads -Dusemultiplicity -Dusedevel -Accflags= -Aeval:scriptdir=/home/njh/perl5/perlbrew/perls/perl-5.6.2/bin'
    hint=recommended, useposix=true, d_sigaction=define
    usethreads=undef use5005threads=undef useithreads=undef usemultiplicity=define
    useperlio=undef d_sfio=undef uselargefiles=define usesocks=undef
    use64bitint=undef use64bitall=undef uselongdouble=undef
  Compiler:
    cc='cc', ccflags ='-fno-strict-aliasing -I/usr/local/include -D_LARGEFILE_SOURCE -D_FILE_OFFSET_BITS=64',
    optimize='-O2',
    cppflags='-fno-strict-aliasing -I/usr/local/include'
    ccversion='', gccversion='5.2.1 20151121', gccosandvers=''
    intsize=4, longsize=4, ptrsize=4, doublesize=8, byteorder=1234
    d_longlong=define, longlongsize=8, d_longdbl=define, longdblsize=12
    ivtype='long', ivsize=4, nvtype='double', nvsize=8, Off_t='off_t', lseeksize=8
    alignbytes=4, usemymalloc=n, prototype=define
  Linker and Libraries:
    ld='cc', ldflags =' -L/usr/local/lib'
    libpth=/usr/local/lib /lib/i386-linux-gnu /lib/../lib /usr/lib/i386-linux-gnu /usr/lib/../lib /lib /usr/lib
    libs=-lnsl -lgdbm -ldb -ldl -lm -lc -lcrypt -lutil -lgdbm_compat
    perllibs=-lnsl -ldl -lm -lc -lcrypt -lutil -lgdbm_compat
    libc=libc-2.19.so, so=so, useshrplib=false, libperl=libperl.a
  Dynamic Linking:
    dlsrc=dl_dlopen.xs, dlext=so, d_dlsymun=undef, ccdlflags='-rdynamic'
    cccdlflags='-fpic', lddlflags='-shared -L/usr/local/lib'


Characteristics of this binary (from libperl): 
  Compile-time options: MULTIPLICITY USE_LARGE_FILES PERL_IMPLICIT_CONTEXT
  Locally applied patches:
  	Devel::PatchPerl 1.38
  Built under linux
  Compiled at Nov 24 2015 07:06:00
  %ENV:
    PERL5LIB="/home/njh/.cpan/build/Test-Needs-0.002005-qRDN5E/blib/arch:/home/njh/.cpan/build/Test-Needs-0.002005-qRDN5E/blib/lib:/home/njh/.cpan/build/Log-ger-0.023-KarV0W/blib/arch:/home/njh/.cpan/build/Log-ger-0.023-KarV0W/blib/lib"
    PERL5OPT=""
    PERL5_CPANPLUS_IS_RUNNING="21443"
    PERL5_CPAN_IS_RUNNING="21443"
    PERLBREW_BASHRC_VERSION="0.73"
    PERLBREW_HOME="/home/njh/.perlbrew"
    PERLBREW_LIB=""
    PERLBREW_MANPATH="/home/njh/perl5/perlbrew/perls/perl-5.6.2/man"
    PERLBREW_PATH="/home/njh/perl5/perlbrew/bin:/home/njh/perl5/perlbrew/perls/perl-5.6.2/bin"
    PERLBREW_PERL="perl-5.6.2"
    PERLBREW_ROOT="/home/njh/perl5/perlbrew"
    PERLBREW_VERSION="0.73"
    PERL_LOCAL_LIB_ROOT=""
  @INC:
    /home/njh/.cpan/build/Test-Needs-0.002005-qRDN5E/blib/arch
    /home/njh/.cpan/build/Test-Needs-0.002005-qRDN5E/blib/lib
    /home/njh/.cpan/build/Log-ger-0.023-KarV0W/blib/arch
    /home/njh/.cpan/build/Log-ger-0.023-KarV0W/blib/lib
    /home/njh/perl5/perlbrew/perls/perl-5.6.2/lib/5.6.2/i686-linux-multi
    /home/njh/perl5/perlbrew/perls/perl-5.6.2/lib/5.6.2
    /home/njh/perl5/perlbrew/perls/perl-5.6.2/lib/site_perl/5.6.2/i686-linux-multi
    /home/njh/perl5/perlbrew/perls/perl-5.6.2/lib/site_perl/5.6.2
    /home/njh/perl5/perlbrew/perls/perl-5.6.2/lib/site_perl
    .