Report for Music-Tag-Amazon-0.4101

Back
From: metabase:user:314402c4-2aae-11df-837a-5e0a49663a4f
Subject: FAIL Music-Tag-Amazon-0.4101 v5.24.1 GNU/Linux
Date: 2017-07-29T19:31:08Z

This distribution has been tested as part of the CPAN Testers
project, supporting the Perl programming language.  See
http://wiki.cpantesters.org/ for more information or email
questions to cpan-testers-discuss@perl.org


--
Dear Edward J. Allen III,

This is a computer-generated report for Music-Tag-Amazon-0.4101
on perl 5.24.1, created by CPAN-Reporter-1.2018.

Thank you for uploading your work to CPAN.  However, there was a problem
testing your distribution.

If you think this report is invalid, please consult the CPAN Testers Wiki
for suggestions on how to avoid getting FAIL reports for missing library
or binary dependencies, unsupported operating systems, and so on:

http://wiki.cpantesters.org/wiki/CPANAuthorNotes

Sections of this report:

    * Tester comments
    * Program output
    * Prerequisites
    * Environment and other context

------------------------------
TESTER COMMENTS
------------------------------

Additional comments from tester:

none provided

------------------------------
PROGRAM OUTPUT
------------------------------

Output from 'make test':

PERL_DL_NONLAZY=1 "/opt/perl-5.24.1/bin/perl" "-MExtUtils::Command::MM" "-MTest::Harness" "-e" "undef *Test::Harness::Switches; test_harness(0, 'blib/lib', 'blib/arch')" t/*.t
Mandatory paramter 'associate_tag' not defined at /home/cpansand/.cpan/build/2017072918/Net-Amazon-0.62-JXQjaK/blib/lib/Net/Amazon.pm line 68.
# Looks like your test exited with 255 just after 2.
t/1-amazon.t ........ 
Dubious, test returned 255 (wstat 65280, 0xff00)
Failed 6/8 subtests 

#   Failed test 'POD test for blib/lib/Music/Tag/Amazon.pm'
#   at /opt/perl-5.24.1/lib/site_perl/5.24.1/Test/Pod.pm line 187.
# blib/lib/Music/Tag/Amazon.pm (830): Non-ASCII character seen before =encoding in '©'. Assuming UTF-8
# Looks like you failed 1 test of 1.
t/2-pod.t ........... 
Dubious, test returned 1 (wstat 256, 0x100)
Failed 1/1 subtests 
t/3-pod-coverage.t .. ok

Test Summary Report
-------------------
t/1-amazon.t      (Wstat: 65280 Tests: 2 Failed: 0)
  Non-zero exit status: 255
  Parse errors: Bad plan.  You planned 8 tests but ran 2.
t/2-pod.t         (Wstat: 256 Tests: 1 Failed: 1)
  Failed test:  1
  Non-zero exit status: 1
Files=3, Tests=4,  1 wallclock secs ( 0.03 usr  0.03 sys +  0.65 cusr  0.15 csys =  0.86 CPU)
Result: FAIL
Failed 2/3 test programs. 1/4 subtests failed.
make: *** [test_dynamic] Error 255

------------------------------
PREREQUISITES
------------------------------

Prerequisite modules loaded:

requires:

    Module              Need   Have    
    ------------------- ------ --------
    Cache::Cache        1.05   1.08    
    Data::Dumper        2      2.160   
    Digest::SHA1        2.11   2.13    
    File::Copy          0      2.31    
    LWP                 5.805  6.26    
    Music::Tag          0.4101 0.4103  
    Net::Amazon         0.59   0.62    
    Test::More          0      1.302085

build_requires:

    Module              Need   Have    
    ------------------- ------ --------
    ExtUtils::MakeMaker 0      7.30    

configure_requires:

    Module              Need   Have    
    ------------------- ------ --------
    ExtUtils::MakeMaker 0      7.30    


------------------------------
ENVIRONMENT AND OTHER CONTEXT
------------------------------

Environment variables:

    LANG = en_US.UTF-8
    PATH = /usr/local/bin:/usr/bin:/bin:/usr/local/sbin:/usr/sbin:/sbin:/home/cpansand/bin/linux-gnu:/home/cpansand/bin/sh:/home/cpansand/bin:/usr/games:/home/cpansand/devel:/home/eserte/src/srezic-misc/scripts
    PERL5LIB = /home/cpansand/.cpan/build/2017072918/Cache-Cache-1.08-n4AnAv/blib/arch:/home/cpansand/.cpan/build/2017072918/Cache-Cache-1.08-n4AnAv/blib/lib:/home/cpansand/.cpan/build/2017072918/Net-Amazon-0.62-JXQjaK/blib/arch:/home/cpansand/.cpan/build/2017072918/Net-Amazon-0.62-JXQjaK/blib/lib:/home/cpansand/.cpan/build/2017072918/Music-Tag-0.4103-bOtj18/blib/arch:/home/cpansand/.cpan/build/2017072918/Music-Tag-0.4103-bOtj18/blib/lib:/home/cpansand/.cpan/build/2017072918/Config-Options-0.08-W6PZ2P/blib/arch:/home/cpansand/.cpan/build/2017072918/Config-Options-0.08-W6PZ2P/blib/lib
    PERL5OPT = 
    PERL5_CPANPLUS_IS_RUNNING = 15092
    PERL5_CPAN_IS_RUNNING = 15092
    PERL5_CPAN_IS_RUNNING_IN_RECURSION = 28769,15092
    PERLDOC = -MPod::Perldoc::ToTextOverstrike
    PERL_BATCH = yes
    PERL_CANARY_STABILITY_NOPROMPT = 1
    PERL_CPAN_REPORTER_CONFIG = /var/tmp/cpansmoker-1023/2017072918/cpanreporter_000_config.ini
    PERL_EXTUTILS_AUTOINSTALL = --defaultdeps
    SHELL = /bin/zsh
    TERM = screen
    TMPDIR = /var/tmp/cpansmoker-1023/2017072918

Perl special variables (and OS-specific diagnostics, for MSWin32):

    $^X = /opt/perl-5.24.1/bin/perl
    $UID/$EUID = 1023 / 1023
    $GID = 1023 1023
    $EGID = 1023 1023

Perl module toolchain versions installed:

    Module              Have      
    ------------------- ----------
    CPAN                2.11_01   
    CPAN::Meta          2.150005  
    Cwd                 3.63_01   
    ExtUtils::CBuilder  0.280225  
    ExtUtils::Command   7.30      
    ExtUtils::Install   2.06      
    ExtUtils::MakeMaker 7.30      
    ExtUtils::Manifest  1.70      
    ExtUtils::ParseXS   3.31      
    File::Spec          3.63_01   
    JSON                2.94      
    JSON::PP            2.94      
    Module::Build       0.4224    
    Module::Signature   n/a       
    Parse::CPAN::Meta   1.4417_001
    Test::Harness       3.36_01   
    Test::More          1.302085  
    YAML                1.23      
    YAML::Syck          1.30      
    version             0.9916    


--

Summary of my perl5 (revision 5 version 24 subversion 1) configuration:
   
  Platform:
    osname=linux, osvers=2.6.32-696.3.1.el6.x86_64, archname=x86_64-linux
    uname='linux centos6 2.6.32-696.3.1.el6.x86_64 #1 smp tue may 30 19:52:55 utc 2017 x86_64 x86_64 x86_64 gnulinux '
    config_args='-ds -e -Dprefix=/opt/perl-5.24.1 -Dcf_email=srezic@cpan.org'
    hint=recommended, useposix=true, d_sigaction=define
    useithreads=undef, usemultiplicity=undef
    use64bitint=define, use64bitall=define, uselongdouble=undef
    usemymalloc=n, bincompat5005=undef
  Compiler:
    cc='cc', ccflags ='-fwrapv -fno-strict-aliasing -pipe -fstack-protector -I/usr/local/include -D_LARGEFILE_SOURCE -D_FILE_OFFSET_BITS=64 -D_FORTIFY_SOURCE=2',
    optimize='-O2',
    cppflags='-fwrapv -fno-strict-aliasing -pipe -fstack-protector -I/usr/local/include'
    ccversion='', gccversion='4.4.7 20120313 (Red Hat 4.4.7-18)', gccosandvers=''
    intsize=4, longsize=8, ptrsize=8, doublesize=8, byteorder=12345678, doublekind=3
    d_longlong=define, longlongsize=8, d_longdbl=define, longdblsize=16, longdblkind=3
    ivtype='long', ivsize=8, nvtype='double', nvsize=8, Off_t='off_t', lseeksize=8
    alignbytes=8, prototype=define
  Linker and Libraries:
    ld='cc', ldflags =' -fstack-protector -L/usr/local/lib'
    libpth=/usr/local/lib /usr/lib /lib/../lib64 /usr/lib/../lib64 /lib /lib64 /usr/lib64 /usr/local/lib64
    libs=-lpthread -lnsl -lgdbm -ldb -ldl -lm -lcrypt -lutil -lc
    perllibs=-lpthread -lnsl -ldl -lm -lcrypt -lutil -lc
    libc=libc-2.12.so, so=so, useshrplib=false, libperl=libperl.a
    gnulibc_version='2.12'
  Dynamic Linking:
    dlsrc=dl_dlopen.xs, dlext=so, d_dlsymun=undef, ccdlflags='-Wl,-E'
    cccdlflags='-fPIC', lddlflags='-shared -O2 -L/usr/local/lib -fstack-protector'


Characteristics of this binary (from libperl): 
  Compile-time options: HAS_TIMES PERLIO_LAYERS PERL_COPY_ON_WRITE
                        PERL_DONT_CREATE_GVSV
                        PERL_HASH_FUNC_ONE_AT_A_TIME_HARD PERL_MALLOC_WRAP
                        PERL_PRESERVE_IVUV USE_64_BIT_ALL USE_64_BIT_INT
                        USE_LARGE_FILES USE_LOCALE USE_LOCALE_COLLATE
                        USE_LOCALE_CTYPE USE_LOCALE_NUMERIC USE_LOCALE_TIME
                        USE_PERLIO USE_PERL_ATOF
  Built under linux
  Compiled at Jun 20 2017 18:09:14
  %ENV:
    PERL5LIB="/home/cpansand/.cpan/build/2017072918/Cache-Cache-1.08-n4AnAv/blib/arch:/home/cpansand/.cpan/build/2017072918/Cache-Cache-1.08-n4AnAv/blib/lib:/home/cpansand/.cpan/build/2017072918/Net-Amazon-0.62-JXQjaK/blib/arch:/home/cpansand/.cpan/build/2017072918/Net-Amazon-0.62-JXQjaK/blib/lib:/home/cpansand/.cpan/build/2017072918/Music-Tag-0.4103-bOtj18/blib/arch:/home/cpansand/.cpan/build/2017072918/Music-Tag-0.4103-bOtj18/blib/lib:/home/cpansand/.cpan/build/2017072918/Config-Options-0.08-W6PZ2P/blib/arch:/home/cpansand/.cpan/build/2017072918/Config-Options-0.08-W6PZ2P/blib/lib"
    PERL5OPT=""
    PERL5_CPANPLUS_IS_RUNNING="15092"
    PERL5_CPAN_IS_RUNNING="15092"
    PERL5_CPAN_IS_RUNNING_IN_RECURSION="28769,15092"
    PERLDOC="-MPod::Perldoc::ToTextOverstrike"
    PERL_BATCH="yes"
    PERL_CANARY_STABILITY_NOPROMPT="1"
    PERL_CPAN_REPORTER_CONFIG="/var/tmp/cpansmoker-1023/2017072918/cpanreporter_000_config.ini"
    PERL_EXTUTILS_AUTOINSTALL="--defaultdeps"
  @INC:
    /home/cpansand/.cpan/build/2017072918/Cache-Cache-1.08-n4AnAv/blib/arch
    /home/cpansand/.cpan/build/2017072918/Cache-Cache-1.08-n4AnAv/blib/lib
    /home/cpansand/.cpan/build/2017072918/Net-Amazon-0.62-JXQjaK/blib/arch
    /home/cpansand/.cpan/build/2017072918/Net-Amazon-0.62-JXQjaK/blib/lib
    /home/cpansand/.cpan/build/2017072918/Music-Tag-0.4103-bOtj18/blib/arch
    /home/cpansand/.cpan/build/2017072918/Music-Tag-0.4103-bOtj18/blib/lib
    /home/cpansand/.cpan/build/2017072918/Config-Options-0.08-W6PZ2P/blib/arch
    /home/cpansand/.cpan/build/2017072918/Config-Options-0.08-W6PZ2P/blib/lib
    /opt/perl-5.24.1/lib/site_perl/5.24.1/x86_64-linux
    /opt/perl-5.24.1/lib/site_perl/5.24.1
    /opt/perl-5.24.1/lib/5.24.1/x86_64-linux
    /opt/perl-5.24.1/lib/5.24.1
    .