Back
From: metabase:user:a0e144f2-373b-11e6-8edd-c6848980b093
Subject: FAIL Rose-DB-Object-0.815 v5.25.6 GNU/Linux
Date: 2016-11-09T08:49:47Z
This distribution has been tested as part of the CPAN Testers
project, supporting the Perl programming language. See
http://wiki.cpantesters.org/ for more information or email
questions to cpan-testers-discuss@perl.org
--
Dear John Siracusa,
This is a computer-generated report for Rose-DB-Object-0.815
on perl 5.25.6, created by CPAN-Reporter-1.2018.
Thank you for uploading your work to CPAN. However, there was a problem
testing your distribution.
If you think this report is invalid, please consult the CPAN Testers Wiki
for suggestions on how to avoid getting FAIL reports for missing library
or binary dependencies, unsupported operating systems, and so on:
http://wiki.cpantesters.org/wiki/CPANAuthorNotes
Sections of this report:
* Tester comments
* Program output
* Prerequisites
* Environment and other context
------------------------------
TESTER COMMENTS
------------------------------
Additional comments from tester:
this report is from an automated smoke testing program
and was not reviewed by a human for accuracy
------------------------------
PROGRAM OUTPUT
------------------------------
Output from '/usr/bin/make test':
PERL_DL_NONLAZY=1 "/home/cpan1/install/bin/perl" "-MExtUtils::Command::MM" "-MTest::Harness" "-e" "undef *Test::Harness::Switches; test_harness(0, 'blib/lib', 'blib/arch')" t/*.t
##
## DBI 1.634
## DBD::SQLite 1.51_07
## JSON 2.90
##
## WARNING: Almost all the tests in this module distribution need to connect
## to a database in order to run. The tests need full privileges on this
## database: the ability to create and drop tables, insert, update, and delete
## rows, create schemas, sequences, functions, triggers, the works.
##
## By default, the tests will try to connect to the database named "test"
## running on "localhost" using the default superuser username for each
## database type and an empty password.
##
## If you have setup your database in a secure manner, these connection
## attempts will fail, and the tests will be skipped. If you want to override
## these values, set the following environment variables before running tests.
## (The current values are shown in parentheses.)
##
## PostgreSQL:
##
## RDBO_PG_DSN (dbi:Pg:dbname=test;host=localhost)
## RDBO_PG_USER (postgres)
## RDBO_PG_PASS (<none>)
##
## MySQL:
##
## RDBO_MYSQL_DSN (dbi:mysql:database=test;host=localhost)
## RDBO_MYSQL_USER (root)
## RDBO_MYSQL_PASS (<none>)
##
## Oracle:
##
## RDBO_ORACLE_DSN (dbi:Oracle:dbname=test)
## RDBO_ORACLE_USER (<none>)
## RDBO_ORACLE_PASS (<none>)
##
## Informix:
##
## RDBO_INFORMIX_DSN (dbi:Informix:test@test)
## RDBO_INFORMIX_USER (<none>)
## RDBO_INFORMIX_PASS (<none>)
##
## SQLite: To disable the SQLite tests, set this environment varible
##
## RDBO_NO_SQLITE (<undef>)
##
## Press return to continue (or wait 60 seconds)
t/00-warning.t ..................... ok
t/auto-setup.t ..................... ok
t/bind-param.t ..................... ok
t/as-tree.t ........................ ok
t/column-triggers.t ................ ok
t/column-values.t .................. ok
t/db-migration.t ................... ok
t/db-object-auto.t ................. ok
DBD::SQLite::db prepare_cached failed: table rose_db_object_test has no column named name at /home/cpan1/.cpan/build/Rose-DB-Object-0.815-0/blib/lib/Rose/DB/Object.pm line 1154, <DATA> line 1.
insert() - DBD::SQLite::db prepare_cached failed: table rose_db_object_test has no column named name at /home/cpan1/.cpan/build/Rose-DB-Object-0.815-0/blib/lib/Rose/DB/Object.pm line 1154, <DATA> line 1.
at t/db-object-changes-only-1.t line 909.
# Looks like your test exited with 2 just after 417.
t/db-object-changes-only-1.t .......
Dubious, test returned 2 (wstat 512, 0x200)
Failed 77/494 subtests
(less 404 skipped subtests: 13 okay)
Can't locate object method "meta" via package "MySqlite::RoseDbObjectTest" (perhaps you forgot to load "MySqlite::RoseDbObjectTest"?) at t/db-object-changes-only-2.t line 89, <DATA> line 1.
DBD::SQLite::db do failed: no such table: rose_db_object_test at t/db-object-changes-only-2.t line 435, <DATA> line 1.
DBD::SQLite::db do failed: no such table: rose_db_object_test at t/db-object-changes-only-2.t line 435, <DATA> line 1.
END failed--call queue aborted, <DATA> line 1.
# Looks like your test exited with 2 just after 215.
t/db-object-changes-only-2.t .......
Dubious, test returned 2 (wstat 512, 0x200)
Failed 71/286 subtests
(less 213 skipped subtests: 2 okay)
DBD::SQLite::st execute failed: no such table: rose_db_object_test at /home/cpan1/.cpan/build/Rose-DB-Object-0.815-0/blib/lib/Rose/DB/Object.pm line 952, <DATA> line 1.
update() - DBD::SQLite::st execute failed: no such table: rose_db_object_test at /home/cpan1/.cpan/build/Rose-DB-Object-0.815-0/blib/lib/Rose/DB/Object.pm line 952, <DATA> line 1.
at t/db-object-cached.t line 736.
DBD::SQLite::db do failed: no such table: rose_db_object_test at t/db-object-cached.t line 1250, <DATA> line 1.
DBD::SQLite::db do failed: no such table: rose_db_object_test at t/db-object-cached.t line 1250, <DATA> line 1.
END failed--call queue aborted, <DATA> line 1.
# Looks like your test exited with 2 just after 413.
t/db-object-cached.t ...............
Dubious, test returned 2 (wstat 512, 0x200)
Failed 35/448 subtests
(less 290 skipped subtests: 123 okay)
t/db-object-convention.t ........... ok
Use of uninitialized value $sql in pattern match (m//) at /home/cpan1/install/lib/perl5/site_perl/5.25.6/Rose/DB/SQLite.pm line 367.
Use of uninitialized value $sql in substitution (s///) at /home/cpan1/install/lib/perl5/site_perl/5.25.6/Rose/DB/SQLite.pm line 385.
Use of uninitialized value $sql in substitution (s///) at /home/cpan1/install/lib/perl5/site_perl/5.25.6/Rose/DB/SQLite.pm line 386.
Use of uninitialized value $sql in substitution (s///) at /home/cpan1/install/lib/perl5/site_perl/5.25.6/Rose/DB/SQLite.pm line 389.
Use of uninitialized value $sql in substitution (s///) at /home/cpan1/install/lib/perl5/site_perl/5.25.6/Rose/DB/SQLite.pm line 394.
Use of uninitialized value $sql in substitution (s///) at /home/cpan1/install/lib/perl5/site_perl/5.25.6/Rose/DB/SQLite.pm line 457.
Could not auto-generate columns for class , table 'rose_db_object_test' - No columns found at /home/cpan1/.cpan/build/Rose-DB-Object-0.815-0/blib/lib/Rose/DB/Object/Metadata/Auto/SQLite.pm line 29.
at t/db-object-helpers.t line 680.
BEGIN failed--compilation aborted at t/db-object-helpers.t line 695.
# Looks like your test exited with 2 just after 5.
t/db-object-helpers.t ..............
Dubious, test returned 2 (wstat 512, 0x200)
Failed 362/367 subtests
DBD::SQLite::st execute failed: no such column: fother_id2 at /home/cpan1/.cpan/build/Rose-DB-Object-0.815-0/blib/lib/Rose/DB/Object.pm line 952, <DATA> line 1.
update() - DBD::SQLite::st execute failed: no such column: fother_id2 at /home/cpan1/.cpan/build/Rose-DB-Object-0.815-0/blib/lib/Rose/DB/Object.pm line 952, <DATA> line 1.
at t/db-object-foreign-key-auto.t line 1364.
# Looks like your test exited with 2 just after 215.
t/db-object-foreign-key-auto.t .....
Dubious, test returned 2 (wstat 512, 0x200)
Failed 47/262 subtests
(less 194 skipped subtests: 21 okay)
t/db-object-loader-2.t ............. ok
Could not add other2_obj object - load() - DBD::SQLite::st execute failed: no such table: rose_db_object_other2 at /home/cpan1/.cpan/build/Rose-DB-Object-0.815-0/blib/lib/Rose/DB/Object.pm line 422, <DATA> line 1.
at /home/cpan1/.cpan/build/Rose-DB-Object-0.815-0/blib/lib/Rose/DB/Object/MakeMethods/Generic.pm line 6081.
at /home/cpan1/.cpan/build/Rose-DB-Object-0.815-0/blib/lib/Rose/DB/Object.pm line 551.
at t/db-object-foreign-key.t line 505.
DBD::SQLite::db do failed: no such table: rose_db_object_test at t/db-object-foreign-key.t line 1360, <DATA> line 1.
DBD::SQLite::db do failed: no such table: rose_db_object_test at t/db-object-foreign-key.t line 1360, <DATA> line 1.
END failed--call queue aborted, <DATA> line 1.
# Looks like your test exited with 2 just after 168.
t/db-object-foreign-key.t ..........
Dubious, test returned 2 (wstat 512, 0x200)
Failed 31/199 subtests
(less 145 skipped subtests: 23 okay)
t/db-object-loader-3.t ............. ok
Use of uninitialized value $sql in pattern match (m//) at /home/cpan1/install/lib/perl5/site_perl/5.25.6/Rose/DB/SQLite.pm line 367, <DATA> line 1.
Use of uninitialized value $sql in substitution (s///) at /home/cpan1/install/lib/perl5/site_perl/5.25.6/Rose/DB/SQLite.pm line 385, <DATA> line 1.
Use of uninitialized value $sql in substitution (s///) at /home/cpan1/install/lib/perl5/site_perl/5.25.6/Rose/DB/SQLite.pm line 386, <DATA> line 1.
Use of uninitialized value $sql in substitution (s///) at /home/cpan1/install/lib/perl5/site_perl/5.25.6/Rose/DB/SQLite.pm line 389, <DATA> line 1.
Use of uninitialized value $sql in substitution (s///) at /home/cpan1/install/lib/perl5/site_perl/5.25.6/Rose/DB/SQLite.pm line 394, <DATA> line 1.
Use of uninitialized value $sql in substitution (s///) at /home/cpan1/install/lib/perl5/site_perl/5.25.6/Rose/DB/SQLite.pm line 457, <DATA> line 1.
Use of uninitialized value $catalog in concatenation (.) or string at /home/cpan1/.cpan/build/Rose-DB-Object-0.815-0/blib/lib/Rose/DB/Object/Metadata/Auto.pm line 372, <DATA> line 1.
Use of uninitialized value $schema in concatenation (.) or string at /home/cpan1/.cpan/build/Rose-DB-Object-0.815-0/blib/lib/Rose/DB/Object/Metadata/Auto.pm line 372, <DATA> line 1.
Could not auto-retrieve primary key columns for class Sqlite::Product - no primary key info found for catalog '' schema '' table 'products' at /home/cpan1/.cpan/build/Rose-DB-Object-0.815-0/blib/lib/Rose/DB/Object/Loader.pm line 1078.
DBD::SQLite::db do failed: no such table: product_color_map at t/db-object-loader-5.t line 818, <DATA> line 1.
DBD::SQLite::db do failed: no such table: product_color_map at t/db-object-loader-5.t line 818, <DATA> line 1.
END failed--call queue aborted, <DATA> line 1.
# Looks like your test exited with 2 just after 77.
t/db-object-loader-5.t .............
Dubious, test returned 2 (wstat 512, 0x200)
Failed 19/96 subtests
(less 76 skipped subtests: 1 okay)
t/db-object-loader-4.t ............. ok
t/db-object-loader-8.t ............. ok
Can't locate object method "colors" via package "Sqlite::Product" at /home/cpan1/.cpan/build/Rose-DB-Object-0.815-0/blib/lib/Rose/DB/Object.pm line 1657, <DATA> line 1.
Rose::DB::Object::AUTOLOAD(Sqlite::Product=HASH(0x4c6bf48), HASH(0x4c6c788), HASH(0x4c6c758)) called at t/db-object-loader-7.t line 138
# Looks like your test exited with 2 just after 89.
t/db-object-loader-7.t .............
Dubious, test returned 2 (wstat 512, 0x200)
Failed 12/101 subtests
(less 82 skipped subtests: 7 okay)
Use of uninitialized value $sql in pattern match (m//) at /home/cpan1/install/lib/perl5/site_perl/5.25.6/Rose/DB/SQLite.pm line 367, <DATA> line 1.
Use of uninitialized value $sql in substitution (s///) at /home/cpan1/install/lib/perl5/site_perl/5.25.6/Rose/DB/SQLite.pm line 385, <DATA> line 1.
Use of uninitialized value $sql in substitution (s///) at /home/cpan1/install/lib/perl5/site_perl/5.25.6/Rose/DB/SQLite.pm line 386, <DATA> line 1.
Use of uninitialized value $sql in substitution (s///) at /home/cpan1/install/lib/perl5/site_perl/5.25.6/Rose/DB/SQLite.pm line 389, <DATA> line 1.
Use of uninitialized value $sql in substitution (s///) at /home/cpan1/install/lib/perl5/site_perl/5.25.6/Rose/DB/SQLite.pm line 394, <DATA> line 1.
Use of uninitialized value $sql in substitution (s///) at /home/cpan1/install/lib/perl5/site_perl/5.25.6/Rose/DB/SQLite.pm line 457, <DATA> line 1.
Can't locate object method "colors" via package "Sqlite::Product" at /home/cpan1/.cpan/build/Rose-DB-Object-0.815-0/blib/lib/Rose/DB/Object.pm line 1657, <DATA> line 1.
Rose::DB::Object::AUTOLOAD(Sqlite::Product=HASH(0x5338d78), HASH(0x5362320), HASH(0x51d36c0)) called at t/db-object-loader-6.t line 160
DBD::SQLite::db do failed: no such table: product_color_map at t/db-object-loader-6.t line 756, <DATA> line 1.
DBD::SQLite::db do failed: no such table: product_color_map at t/db-object-loader-6.t line 756, <DATA> line 1.
END failed--call queue aborted, <DATA> line 1.
# Looks like your test exited with 2 just after 79.
t/db-object-loader-6.t .............
Dubious, test returned 2 (wstat 512, 0x200)
Failed 12/91 subtests
(less 76 skipped subtests: 3 okay)
t/db-object-loader-9.t ............. ok
t/db-object-loader.t ............... ok
t/db-object-manager-bulk-ops.t ..... ok
t/db-object-metadata.t ............. ok
DBD::SQLite::st execute failed: no such column: code at /home/cpan1/.cpan/build/Rose-DB-Object-0.815-0/blib/lib/Rose/DB/Object.pm line 818, <DATA> line 1.
update() - DBD::SQLite::st execute failed: no such column: code at /home/cpan1/.cpan/build/Rose-DB-Object-0.815-0/blib/lib/Rose/DB/Object.pm line 818, <DATA> line 1.
at t/db-object-mapper.t line 740.
# Looks like your test exited with 2 just after 294.
t/db-object-mapper.t ...............
Dubious, test returned 2 (wstat 512, 0x200)
Failed 27/321 subtests
(less 261 skipped subtests: 33 okay)
DBD::SQLite::db prepare_cached failed: no such table: rose_db_object_test at /home/cpan1/.cpan/build/Rose-DB-Object-0.815-0/blib/lib/Rose/DB/Object/Manager.pm line 3631, <DATA> line 1.
get_objects_iterator_from_sql() - DBD::SQLite::db prepare_cached failed: no such table: rose_db_object_test at /home/cpan1/.cpan/build/Rose-DB-Object-0.815-0/blib/lib/Rose/DB/Object/Manager.pm line 3631, <DATA> line 1.
at /home/cpan1/.cpan/build/Rose-DB-Object-0.815-0/blib/lib/Rose/DB/Object/Manager.pm line 3645, <DATA> line 1.
Rose::DB::Object::Manager::get_objects_iterator_from_sql("MySQLiteObjectManager", "db", Rose::DB::__RoseDBPrivate__::Rose::DB::SQLite=HASH(0x561ffc0), "object_class", "MySQLiteObject", "prepare_cached", 1, "sql", ...) called at t/db-object-manager.t line 11044
DBD::SQLite::db do failed: no such table: rose_db_object_test at t/db-object-manager.t line 17515, <DATA> line 1.
DBD::SQLite::db do failed: no such table: rose_db_object_test at t/db-object-manager.t line 17515, <DATA> line 1.
END failed--call queue aborted, <DATA> line 1.
# Looks like your test exited with 2 just after 2846.
t/db-object-manager.t ..............
Dubious, test returned 2 (wstat 512, 0x200)
Failed 1071/3917 subtests
(less 2332 skipped subtests: 514 okay)
t/db-object-relationship-auto-2.t .. ok
t/db-object-relationship-auto.t .... ok
DBD::SQLite::st execute failed: no such column: nums at /home/cpan1/.cpan/build/Rose-DB-Object-0.815-0/blib/lib/Rose/DB/Object.pm line 952, <DATA> line 1.
update() - DBD::SQLite::st execute failed: no such column: nums at /home/cpan1/.cpan/build/Rose-DB-Object-0.815-0/blib/lib/Rose/DB/Object.pm line 952, <DATA> line 1.
at t/db-object-relationship.t line 4571.
# Looks like your test exited with 2 just after 1156.
t/db-object-relationship.t .........
Dubious, test returned 2 (wstat 512, 0x200)
Failed 448/1604 subtests
(less 1135 skipped subtests: 21 okay)
DBD::SQLite::st execute failed: no such table: rose_db_object_test at /home/cpan1/.cpan/build/Rose-DB-Object-0.815-0/blib/lib/Rose/DB/Object.pm line 952, <DATA> line 1.
update() - DBD::SQLite::st execute failed: no such table: rose_db_object_test at /home/cpan1/.cpan/build/Rose-DB-Object-0.815-0/blib/lib/Rose/DB/Object.pm line 952, <DATA> line 1.
at t/db-object-std-cached.t line 473.
DBD::SQLite::db do failed: no such table: rose_db_object_test at t/db-object-std-cached.t line 866, <DATA> line 1.
DBD::SQLite::db do failed: no such table: rose_db_object_test at t/db-object-std-cached.t line 866, <DATA> line 1.
END failed--call queue aborted, <DATA> line 1.
# Looks like your test exited with 2 just after 230.
t/db-object-std-cached.t ...........
Dubious, test returned 2 (wstat 512, 0x200)
Failed 11/241 subtests
(less 199 skipped subtests: 31 okay)
DBD::SQLite::st execute failed: no such table: rose_db_object_test at /home/cpan1/.cpan/build/Rose-DB-Object-0.815-0/blib/lib/Rose/DB/Object.pm line 952, <DATA> line 1.
update() - DBD::SQLite::st execute failed: no such table: rose_db_object_test at /home/cpan1/.cpan/build/Rose-DB-Object-0.815-0/blib/lib/Rose/DB/Object.pm line 952, <DATA> line 1.
at t/db-object-std.t line 357.
DBD::SQLite::db do failed: no such table: rose_db_object_test at t/db-object-std.t line 805, <DATA> line 1.
DBD::SQLite::db do failed: no such table: rose_db_object_test at t/db-object-std.t line 805, <DATA> line 1.
END failed--call queue aborted, <DATA> line 1.
# Looks like your test exited with 2 just after 174.
t/db-object-std.t ..................
Dubious, test returned 2 (wstat 512, 0x200)
Failed 11/185 subtests
(less 155 skipped subtests: 19 okay)
t/inheritance.t .................... ok
t/deep-joins.t ..................... ok
DBD::SQLite::db prepare_cached failed: no such column: k1 at /home/cpan1/.cpan/build/Rose-DB-Object-0.815-0/blib/lib/Rose/DB/Object.pm line 418, <DATA> line 1.
DBD::SQLite::db prepare_cached failed: no such column: k1 at /home/cpan1/.cpan/build/Rose-DB-Object-0.815-0/blib/lib/Rose/DB/Object.pm line 418, <DATA> line 1.
load() - DBD::SQLite::db prepare_cached failed: no such column: k1 at /home/cpan1/.cpan/build/Rose-DB-Object-0.815-0/blib/lib/Rose/DB/Object.pm line 418, <DATA> line 1.
at t/db-object.t line 1252.
# Looks like your test exited with 2 just after 507.
t/db-object.t ......................
Dubious, test returned 2 (wstat 512, 0x200)
Failed 91/598 subtests
(less 436 skipped subtests: 71 okay)
DBD::SQLite::db prepare_cached failed: no such table: Rose_db_object_test at /home/cpan1/.cpan/build/Rose-DB-Object-0.815-0/blib/lib/Rose/DB/Object.pm line 1154, <DATA> line 1.
insert() - DBD::SQLite::db prepare_cached failed: no such table: Rose_db_object_test at /home/cpan1/.cpan/build/Rose-DB-Object-0.815-0/blib/lib/Rose/DB/Object.pm line 1154, <DATA> line 1.
at t/lazy-columns.t line 97.
DBD::SQLite::db do failed: no such table: Rose_db_object_test at t/lazy-columns.t line 372, <DATA> line 1.
DBD::SQLite::db do failed: no such table: Rose_db_object_test at t/lazy-columns.t line 372, <DATA> line 1.
END failed--call queue aborted, <DATA> line 1.
# Looks like your test exited with 2 just after 35.
t/lazy-columns.t ...................
Dubious, test returned 2 (wstat 512, 0x200)
Failed 45/80 subtests
(less 30 skipped subtests: 5 okay)
t/leaks.t .......................... ok
t/makemethods-db.t ................. ok
t/makemethods.t .................... ok
t/make-modules.t ................... ok
t/multi-many-the-hard-way.t ........ ok
t/multi-pk-sequences.t ............. ok
t/nested-joins.t ................... ok
t/one-to-many-reset.t .............. ok
t/query-builder.t .................. ok
t/pk-fk-columns.t .................. ok
t/pod.t ............................ ok
t/rt-cpan-45836.t .................. ok
t/schema-override.t ................ ok
t/save-cascade.t ................... ok
t/spot-check-01.t .................. ok
t/spot-check-02.t .................. ok
t/spot-check-03.t .................. ok
t/spot-check-05.t .................. ok
t/spot-check-04.t .................. ok
t/spot-check-06.t .................. ok
t/spot-check-07.t .................. ok
t/spot-check-09.t .................. ok
t/spot-check-08.t .................. ok
t/spot-check-10.t .................. ok
t/spot-check-11.t .................. ok
t/spot-check-13.t .................. ok
t/spot-check-12.t .................. ok
t/spot-check-14.t .................. ok
t/unique-key-prefs.t ............... ok
t/undef-overrides-default.t ........ ok
Test Summary Report
-------------------
t/db-object-changes-only-1.t (Wstat: 512 Tests: 417 Failed: 0)
Non-zero exit status: 2
Parse errors: Bad plan. You planned 494 tests but ran 417.
t/db-object-changes-only-2.t (Wstat: 512 Tests: 215 Failed: 0)
Non-zero exit status: 2
Parse errors: Bad plan. You planned 286 tests but ran 215.
t/db-object-cached.t (Wstat: 512 Tests: 413 Failed: 0)
Non-zero exit status: 2
Parse errors: Bad plan. You planned 448 tests but ran 413.
t/db-object-helpers.t (Wstat: 512 Tests: 5 Failed: 0)
Non-zero exit status: 2
Parse errors: Bad plan. You planned 367 tests but ran 5.
t/db-object-foreign-key-auto.t (Wstat: 512 Tests: 215 Failed: 0)
Non-zero exit status: 2
Parse errors: Bad plan. You planned 262 tests but ran 215.
t/db-object-foreign-key.t (Wstat: 512 Tests: 168 Failed: 0)
Non-zero exit status: 2
Parse errors: Bad plan. You planned 199 tests but ran 168.
t/db-object-loader-5.t (Wstat: 512 Tests: 77 Failed: 0)
Non-zero exit status: 2
Parse errors: Bad plan. You planned 96 tests but ran 77.
t/db-object-loader-7.t (Wstat: 512 Tests: 89 Failed: 0)
Non-zero exit status: 2
Parse errors: Bad plan. You planned 101 tests but ran 89.
t/db-object-loader-6.t (Wstat: 512 Tests: 79 Failed: 0)
Non-zero exit status: 2
Parse errors: Bad plan. You planned 91 tests but ran 79.
t/db-object-mapper.t (Wstat: 512 Tests: 294 Failed: 0)
Non-zero exit status: 2
Parse errors: Bad plan. You planned 321 tests but ran 294.
t/db-object-manager.t (Wstat: 512 Tests: 2846 Failed: 0)
Non-zero exit status: 2
Parse errors: Bad plan. You planned 3917 tests but ran 2846.
t/db-object-relationship.t (Wstat: 512 Tests: 1156 Failed: 0)
Non-zero exit status: 2
Parse errors: Bad plan. You planned 1604 tests but ran 1156.
t/db-object-std-cached.t (Wstat: 512 Tests: 230 Failed: 0)
Non-zero exit status: 2
Parse errors: Bad plan. You planned 241 tests but ran 230.
t/db-object-std.t (Wstat: 512 Tests: 174 Failed: 0)
Non-zero exit status: 2
Parse errors: Bad plan. You planned 185 tests but ran 174.
t/db-object.t (Wstat: 512 Tests: 507 Failed: 0)
Non-zero exit status: 2
Parse errors: Bad plan. You planned 598 tests but ran 507.
t/lazy-columns.t (Wstat: 512 Tests: 35 Failed: 0)
Non-zero exit status: 2
Parse errors: Bad plan. You planned 80 tests but ran 35.
Files=67, Tests=12965, 21 wallclock secs ( 2.13 usr 0.11 sys + 48.99 cusr 2.43 csys = 53.66 CPU)
Result: FAIL
Failed 16/67 test programs. 0/12965 subtests failed.
Makefile:1178: recipe for target 'test_dynamic' failed
make: *** [test_dynamic] Error 255
------------------------------
PREREQUISITES
------------------------------
Prerequisite modules loaded:
requires:
Module Need Have
-------------------- -------- --------
Bit::Vector 0 7.4
Clone 0.29 0.38
Cwd 0 3.62
Data::Dumper 2.121 2.161
DateTime 0 1.39
DBI 1.40 1.634
File::Path 0 2.12
File::Spec 0 3.62
List::MoreUtils 0 0.416
Math::BigInt 1.77 1.999726
perl 5.006000 5.025006
Rose::DateTime::Util 0.532 0.540
Rose::DB 0.763 0.778
Rose::Object 0.854 0.860
Scalar::Util 0 1.46
Test::More 0 1.302061
Time::Clock 1.00 1.03
build_requires:
Module Need Have
-------------------- -------- --------
ExtUtils::MakeMaker 0 7.24
configure_requires:
Module Need Have
-------------------- -------- --------
ExtUtils::MakeMaker 0 7.24
------------------------------
ENVIRONMENT AND OTHER CONTEXT
------------------------------
Environment variables:
AUTOMATED_TESTING = 1
HARNESS_OPTIONS = j3
LANG = en_US.UTF-8
PATH = /usr/local/bin:/usr/bin:/bin:/usr/local/games:/usr/games
PERL5LIB =
PERL5OPT =
PERL5_CPANPLUS_IS_RUNNING = 2201
PERL5_CPAN_IS_RUNNING = 2201
PERL5_CPAN_IS_RUNNING_IN_RECURSION = 20449,2201
PERLBREW_BASHRC_VERSION = 0.76
PERLBREW_HOME = /home/dcollins/.perlbrew
PERLBREW_ROOT = /home/dcollins/toolchain/perl5
PERL_CR_SMOKER_CURRENT = Rose-DBx-Garden-0.193
PERL_CR_SMOKER_RUNONCE = 1
PERL_EXTUTILS_AUTOINSTALL = --defaultdeps
PERL_MM_USE_DEFAULT = 1
SHELL = /bin/bash
TERM = putty
Perl special variables (and OS-specific diagnostics, for MSWin32):
$^X = /home/cpan1/install/bin/perl
$UID/$EUID = 1002 / 1002
$GID = 1002 1002
$EGID = 1002 1002
Perl module toolchain versions installed:
Module Have
------------------- --------
CPAN 2.14
CPAN::Meta 2.150010
Cwd 3.62
ExtUtils::CBuilder 0.280224
ExtUtils::Command 7.24
ExtUtils::Install 2.04
ExtUtils::MakeMaker 7.24
ExtUtils::Manifest 1.70
ExtUtils::ParseXS 3.30
File::Spec 3.62
JSON 2.90
JSON::PP 2.27400
Module::Build 0.4220
Module::Signature 0.81
Parse::CPAN::Meta 2.150010
Test::Harness 3.36
Test::More 1.302061
YAML 1.18
YAML::Syck 1.29
version 0.9917
--
Summary of my perl5 (revision 5 version 25 subversion 6) configuration:
Commit id: 11a12be6c2df2fcd9601f9fde8c7df8c7538c956
Platform:
osname=linux
osvers=3.16.0-4-amd64
archname=x86_64-linux-thread-multi
uname='linux digitalis 3.16.0-4-amd64 #1 smp debian 3.16.36-1+deb8u1 (2016-09-03) x86_64 gnulinux '
config_args='-Dusedevel -DDEBUGGING -Dusethreads -Dprefix=/home/cpan1/install -Uversiononly -des'
hint=recommended
useposix=true
d_sigaction=define
useithreads=define
usemultiplicity=define
use64bitint=define
use64bitall=define
uselongdouble=undef
usemymalloc=n
bincompat5005=undef
Compiler:
cc='cc'
ccflags ='-D_REENTRANT -D_GNU_SOURCE -fwrapv -DDEBUGGING -fno-strict-aliasing -pipe -fstack-protector-strong -I/usr/local/include -D_LARGEFILE_SOURCE -D_FILE_OFFSET_BITS=64 -D_FORTIFY_SOURCE=2'
optimize='-O2 -g'
cppflags='-D_REENTRANT -D_GNU_SOURCE -fwrapv -DDEBUGGING -fno-strict-aliasing -pipe -fstack-protector-strong -I/usr/local/include'
ccversion=''
gccversion='4.9.2'
gccosandvers=''
intsize=4
longsize=8
ptrsize=8
doublesize=8
byteorder=12345678
doublekind=3
d_longlong=define
longlongsize=8
d_longdbl=define
longdblsize=16
longdblkind=3
ivtype='long'
ivsize=8
nvtype='double'
nvsize=8
Off_t='off_t'
lseeksize=8
alignbytes=8
prototype=define
Linker and Libraries:
ld='cc'
ldflags =' -fstack-protector-strong -L/usr/local/lib'
libpth=/usr/local/lib /usr/lib/gcc/x86_64-linux-gnu/4.9/include-fixed /usr/include/x86_64-linux-gnu /usr/lib /lib/x86_64-linux-gnu /lib/../lib /usr/lib/x86_64-linux-gnu /usr/lib/../lib /lib
libs=-lpthread -lnsl -ldl -lm -lcrypt -lutil -lc
perllibs=-lpthread -lnsl -ldl -lm -lcrypt -lutil -lc
libc=libc-2.19.so
so=so
useshrplib=false
libperl=libperl.a
gnulibc_version='2.19'
Dynamic Linking:
dlsrc=dl_dlopen.xs
dlext=so
d_dlsymun=undef
ccdlflags='-Wl,-E'
cccdlflags='-fPIC'
lddlflags='-shared -O2 -g -L/usr/local/lib -fstack-protector-strong'
Characteristics of this binary (from libperl):
Compile-time options:
DEBUGGING
HAS_TIMES
MULTIPLICITY
PERLIO_LAYERS
PERL_COPY_ON_WRITE
PERL_DONT_CREATE_GVSV
PERL_HASH_FUNC_ONE_AT_A_TIME_HARD
PERL_IMPLICIT_CONTEXT
PERL_MALLOC_WRAP
PERL_OP_PARENT
PERL_PRESERVE_IVUV
PERL_TRACK_MEMPOOL
PERL_USE_DEVEL
USE_64_BIT_ALL
USE_64_BIT_INT
USE_ITHREADS
USE_LARGE_FILES
USE_LOCALE
USE_LOCALE_COLLATE
USE_LOCALE_CTYPE
USE_LOCALE_NUMERIC
USE_LOCALE_TIME
USE_PERLIO
USE_PERL_ATOF
USE_REENTRANT_API
Built under linux
Compiled at Oct 17 2016 18:50:00
%ENV:
PERL5LIB=""
PERL5OPT=""
PERL5_CPANPLUS_IS_RUNNING="2201"
PERL5_CPAN_IS_RUNNING="2201"
PERL5_CPAN_IS_RUNNING_IN_RECURSION="20449,2201"
PERLBREW_BASHRC_VERSION="0.76"
PERLBREW_HOME="/home/dcollins/.perlbrew"
PERLBREW_ROOT="/home/dcollins/toolchain/perl5"
PERL_CR_SMOKER_CURRENT="Rose-DBx-Garden-0.193"
PERL_CR_SMOKER_RUNONCE="1"
PERL_EXTUTILS_AUTOINSTALL="--defaultdeps"
PERL_MM_USE_DEFAULT="1"
@INC:
/home/cpan1/install/lib/perl5/site_perl/5.25.6/x86_64-linux-thread-multi
/home/cpan1/install/lib/perl5/site_perl/5.25.6
/home/cpan1/install/lib/perl5/5.25.6/x86_64-linux-thread-multi
/home/cpan1/install/lib/perl5/5.25.6
.