Report for NG-0.001_05

Back
From: metabase:user:30ae4450-2aae-11df-837a-5e0a49663a4f
Subject: FAIL NG-0.001_05 v5.18.1 
Date: 2014-02-16T13:25:59Z

This distribution has been tested as part of the CPAN Testers
project, supporting the Perl programming language.  See
http://wiki.cpantesters.org/ for more information or email
questions to cpan-testers-discuss@perl.org


--
Dear Jeff Rao,

This is a computer-generated report for NG-0.001_05
on perl 5.18.1, created by CPAN-Reporter-1.2010_01.

Thank you for uploading your work to CPAN.  However, there was a problem
testing your distribution.

If you think this report is invalid, please consult the CPAN Testers Wiki
for suggestions on how to avoid getting FAIL reports for missing library
or binary dependencies, unsupported operating systems, and so on:

http://wiki.cpantesters.org/wiki/CPANAuthorNotes

Sections of this report:

    * Tester comments
    * Program output
    * Prerequisites
    * Environment and other context

------------------------------
TESTER COMMENTS
------------------------------

Additional comments from tester:

this report is from an automated smoke testing program
and was not reviewed by a human for accuracy

------------------------------
PROGRAM OUTPUT
------------------------------

Output from 'C:\strawberry181\c\bin\dmake.exe test':

C:\strawberry181\perl\bin\perl.exe "-MExtUtils::Command::MM" "-e" "test_harness(0, 'blib\lib', 'blib\arch')" t/*.t
given is experimental at C:\strawberry181\cpan\build\NG-0.001_05-teD9TP\blib\lib/NG/Excel/Cell.pm line 95.
when is experimental at C:\strawberry181\cpan\build\NG-0.001_05-teD9TP\blib\lib/NG/Excel/Cell.pm line 96.
given is experimental at C:\strawberry181\cpan\build\NG-0.001_05-teD9TP\blib\lib/NG/Excel/Cell.pm line 97.
when is experimental at C:\strawberry181\cpan\build\NG-0.001_05-teD9TP\blib\lib/NG/Excel/Cell.pm line 98.
when is experimental at C:\strawberry181\cpan\build\NG-0.001_05-teD9TP\blib\lib/NG/Excel/Cell.pm line 99.
when is experimental at C:\strawberry181\cpan\build\NG-0.001_05-teD9TP\blib\lib/NG/Excel/Cell.pm line 100.
when is experimental at C:\strawberry181\cpan\build\NG-0.001_05-teD9TP\blib\lib/NG/Excel/Cell.pm line 101.
when is experimental at C:\strawberry181\cpan\build\NG-0.001_05-teD9TP\blib\lib/NG/Excel/Cell.pm line 105.
given is experimental at C:\strawberry181\cpan\build\NG-0.001_05-teD9TP\blib\lib/NG/Excel/Cell.pm line 106.
when is experimental at C:\strawberry181\cpan\build\NG-0.001_05-teD9TP\blib\lib/NG/Excel/Cell.pm line 107.
when is experimental at C:\strawberry181\cpan\build\NG-0.001_05-teD9TP\blib\lib/NG/Excel/Cell.pm line 108.
when is experimental at C:\strawberry181\cpan\build\NG-0.001_05-teD9TP\blib\lib/NG/Excel/Cell.pm line 112.
given is experimental at C:\strawberry181\cpan\build\NG-0.001_05-teD9TP\blib\lib/NG/Excel/Cell.pm line 113.
when is experimental at C:\strawberry181\cpan\build\NG-0.001_05-teD9TP\blib\lib/NG/Excel/Cell.pm line 114.
when is experimental at C:\strawberry181\cpan\build\NG-0.001_05-teD9TP\blib\lib/NG/Excel/Cell.pm line 115.
when is experimental at C:\strawberry181\cpan\build\NG-0.001_05-teD9TP\blib\lib/NG/Excel/Cell.pm line 119.
given is experimental at C:\strawberry181\cpan\build\NG-0.001_05-teD9TP\blib\lib/NG/Excel/Cell.pm line 120.
when is experimental at C:\strawberry181\cpan\build\NG-0.001_05-teD9TP\blib\lib/NG/Excel/Cell.pm line 121.
when is experimental at C:\strawberry181\cpan\build\NG-0.001_05-teD9TP\blib\lib/NG/Excel/Cell.pm line 122.
when is experimental at C:\strawberry181\cpan\build\NG-0.001_05-teD9TP\blib\lib/NG/Excel/Cell.pm line 126.
when is experimental at C:\strawberry181\cpan\build\NG-0.001_05-teD9TP\blib\lib/NG/Excel/Cell.pm line 129.
when is experimental at C:\strawberry181\cpan\build\NG-0.001_05-teD9TP\blib\lib/NG/Excel/Cell.pm line 132.
given is experimental at C:\strawberry181\cpan\build\NG-0.001_05-teD9TP\blib\lib/NG/Excel/Cell.pm line 141.
when is experimental at C:\strawberry181\cpan\build\NG-0.001_05-teD9TP\blib\lib/NG/Excel/Cell.pm line 142.
when is experimental at C:\strawberry181\cpan\build\NG-0.001_05-teD9TP\blib\lib/NG/Excel/Cell.pm line 143.
when is experimental at C:\strawberry181\cpan\build\NG-0.001_05-teD9TP\blib\lib/NG/Excel/Cell.pm line 144.
when is experimental at C:\strawberry181\cpan\build\NG-0.001_05-teD9TP\blib\lib/NG/Excel/Cell.pm line 145.
when is experimental at C:\strawberry181\cpan\build\NG-0.001_05-teD9TP\blib\lib/NG/Excel/Cell.pm line 146.
when is experimental at C:\strawberry181\cpan\build\NG-0.001_05-teD9TP\blib\lib/NG/Excel/Cell.pm line 147.
when is experimental at C:\strawberry181\cpan\build\NG-0.001_05-teD9TP\blib\lib/NG/Excel/Cell.pm line 148.
when is experimental at C:\strawberry181\cpan\build\NG-0.001_05-teD9TP\blib\lib/NG/Excel/Cell.pm line 149.
when is experimental at C:\strawberry181\cpan\build\NG-0.001_05-teD9TP\blib\lib/NG/Excel/Cell.pm line 150.
when is experimental at C:\strawberry181\cpan\build\NG-0.001_05-teD9TP\blib\lib/NG/Excel/Cell.pm line 151.
when is experimental at C:\strawberry181\cpan\build\NG-0.001_05-teD9TP\blib\lib/NG/Excel/Cell.pm line 152.
when is experimental at C:\strawberry181\cpan\build\NG-0.001_05-teD9TP\blib\lib/NG/Excel/Cell.pm line 153.
when is experimental at C:\strawberry181\cpan\build\NG-0.001_05-teD9TP\blib\lib/NG/Excel/Cell.pm line 154.
when is experimental at C:\strawberry181\cpan\build\NG-0.001_05-teD9TP\blib\lib/NG/Excel/Cell.pm line 155.
# Testing NG 0.001_05, Perl 5.018001, C:\strawberry181\perl\bin\perl.exe
t/00-load.t ......... ok
t/01-array.t ........ ok

#   Failed test at t/02-hashtable.t line 22.
# Compared $data->[0]
#    got : '1'
# expect : '2'

#   Failed test at t/02-hashtable.t line 27.
# Compared $data->[0]
#    got : 'key3'
# expect : 'key2'

#   Failed test at t/02-hashtable.t line 28.
# Compared $data->[0]
#    got : '3'
# expect : '2'

#   Failed test at t/02-hashtable.t line 37.
# Compared $data->[0]
#    got : '4'
# expect : '3'
# Looks like you failed 4 tests of 9.
t/02-hashtable.t .... 
Dubious, test returned 4 (wstat 1024, 0x400)
Failed 4/9 subtests 
t/03-shashtable.t ... ok
t/04-time.t ......... ok

#   Failed test at t/05-file-stat.t line 13.
#          got: '0666'
#     expected: '0644'

#   Failed test at t/05-file-stat.t line 14.
#          got: '0'
#     expected: '1000'
# Looks like you failed 2 tests of 6.
t/05-file-stat.t .... 
Dubious, test returned 2 (wstat 512, 0x200)
Failed 2/6 subtests 
t/06-file-read.t .... ok
Use of uninitialized value in subroutine entry at C:/strawberry181/perl/vendor/lib/HTML/TreeBuilder.pm line 151.
t/07-http-dom.t ..... ok
Too late to run CHECK block at C:/strawberry181/perl/site/lib/EV.pm line 123.
Parsing of undecoded UTF-8 will give garbage when decoding entities at C:/strawberry181/perl/vendor/lib/HTML/TreeBuilder.pm line 151.
Parsing of undecoded UTF-8 will give garbage when decoding entities at C:/strawberry181/perl/vendor/lib/HTML/TreeBuilder.pm line 151.
t/08-http-client.t .. ok
Use of uninitialized value within @_ in list assignment at C:/strawberry181/perl/lib/Test/Builder.pm line 985, <GEN2> line 2.

#   Failed test at t/09-system.t line 11.
#          got: ''
#     expected: 'USER'
# Looks like you failed 1 test of 3.
t/09-system.t ....... 
Dubious, test returned 1 (wstat 256, 0x100)
Failed 1/3 subtests 
	(less 1 skipped subtest: 1 okay)
Smartmatch is experimental at t/10-log.t line 13.
t/10-log.t .......... ok
Useless use of hash element in void context at t/11-email.t line 15.
t/11-email.t ........ ok
given is experimental at C:\strawberry181\cpan\build\NG-0.001_05-teD9TP\blib\lib/NG/Excel/Cell.pm line 95.
when is experimental at C:\strawberry181\cpan\build\NG-0.001_05-teD9TP\blib\lib/NG/Excel/Cell.pm line 96.
given is experimental at C:\strawberry181\cpan\build\NG-0.001_05-teD9TP\blib\lib/NG/Excel/Cell.pm line 97.
when is experimental at C:\strawberry181\cpan\build\NG-0.001_05-teD9TP\blib\lib/NG/Excel/Cell.pm line 98.
when is experimental at C:\strawberry181\cpan\build\NG-0.001_05-teD9TP\blib\lib/NG/Excel/Cell.pm line 99.
when is experimental at C:\strawberry181\cpan\build\NG-0.001_05-teD9TP\blib\lib/NG/Excel/Cell.pm line 100.
when is experimental at C:\strawberry181\cpan\build\NG-0.001_05-teD9TP\blib\lib/NG/Excel/Cell.pm line 101.
when is experimental at C:\strawberry181\cpan\build\NG-0.001_05-teD9TP\blib\lib/NG/Excel/Cell.pm line 105.
given is experimental at C:\strawberry181\cpan\build\NG-0.001_05-teD9TP\blib\lib/NG/Excel/Cell.pm line 106.
when is experimental at C:\strawberry181\cpan\build\NG-0.001_05-teD9TP\blib\lib/NG/Excel/Cell.pm line 107.
when is experimental at C:\strawberry181\cpan\build\NG-0.001_05-teD9TP\blib\lib/NG/Excel/Cell.pm line 108.
when is experimental at C:\strawberry181\cpan\build\NG-0.001_05-teD9TP\blib\lib/NG/Excel/Cell.pm line 112.
given is experimental at C:\strawberry181\cpan\build\NG-0.001_05-teD9TP\blib\lib/NG/Excel/Cell.pm line 113.
when is experimental at C:\strawberry181\cpan\build\NG-0.001_05-teD9TP\blib\lib/NG/Excel/Cell.pm line 114.
when is experimental at C:\strawberry181\cpan\build\NG-0.001_05-teD9TP\blib\lib/NG/Excel/Cell.pm line 115.
when is experimental at C:\strawberry181\cpan\build\NG-0.001_05-teD9TP\blib\lib/NG/Excel/Cell.pm line 119.
given is experimental at C:\strawberry181\cpan\build\NG-0.001_05-teD9TP\blib\lib/NG/Excel/Cell.pm line 120.
when is experimental at C:\strawberry181\cpan\build\NG-0.001_05-teD9TP\blib\lib/NG/Excel/Cell.pm line 121.
when is experimental at C:\strawberry181\cpan\build\NG-0.001_05-teD9TP\blib\lib/NG/Excel/Cell.pm line 122.
when is experimental at C:\strawberry181\cpan\build\NG-0.001_05-teD9TP\blib\lib/NG/Excel/Cell.pm line 126.
when is experimental at C:\strawberry181\cpan\build\NG-0.001_05-teD9TP\blib\lib/NG/Excel/Cell.pm line 129.
when is experimental at C:\strawberry181\cpan\build\NG-0.001_05-teD9TP\blib\lib/NG/Excel/Cell.pm line 132.
given is experimental at C:\strawberry181\cpan\build\NG-0.001_05-teD9TP\blib\lib/NG/Excel/Cell.pm line 141.
when is experimental at C:\strawberry181\cpan\build\NG-0.001_05-teD9TP\blib\lib/NG/Excel/Cell.pm line 142.
when is experimental at C:\strawberry181\cpan\build\NG-0.001_05-teD9TP\blib\lib/NG/Excel/Cell.pm line 143.
when is experimental at C:\strawberry181\cpan\build\NG-0.001_05-teD9TP\blib\lib/NG/Excel/Cell.pm line 144.
when is experimental at C:\strawberry181\cpan\build\NG-0.001_05-teD9TP\blib\lib/NG/Excel/Cell.pm line 145.
when is experimental at C:\strawberry181\cpan\build\NG-0.001_05-teD9TP\blib\lib/NG/Excel/Cell.pm line 146.
when is experimental at C:\strawberry181\cpan\build\NG-0.001_05-teD9TP\blib\lib/NG/Excel/Cell.pm line 147.
when is experimental at C:\strawberry181\cpan\build\NG-0.001_05-teD9TP\blib\lib/NG/Excel/Cell.pm line 148.
when is experimental at C:\strawberry181\cpan\build\NG-0.001_05-teD9TP\blib\lib/NG/Excel/Cell.pm line 149.
when is experimental at C:\strawberry181\cpan\build\NG-0.001_05-teD9TP\blib\lib/NG/Excel/Cell.pm line 150.
when is experimental at C:\strawberry181\cpan\build\NG-0.001_05-teD9TP\blib\lib/NG/Excel/Cell.pm line 151.
when is experimental at C:\strawberry181\cpan\build\NG-0.001_05-teD9TP\blib\lib/NG/Excel/Cell.pm line 152.
when is experimental at C:\strawberry181\cpan\build\NG-0.001_05-teD9TP\blib\lib/NG/Excel/Cell.pm line 153.
when is experimental at C:\strawberry181\cpan\build\NG-0.001_05-teD9TP\blib\lib/NG/Excel/Cell.pm line 154.
when is experimental at C:\strawberry181\cpan\build\NG-0.001_05-teD9TP\blib\lib/NG/Excel/Cell.pm line 155.
t/12-parse-excel.t .. ok
t/13-autobox.t ...... ok
given is experimental at C:\strawberry181\cpan\build\NG-0.001_05-teD9TP\blib\lib/NG/Excel/Cell.pm line 95.
when is experimental at C:\strawberry181\cpan\build\NG-0.001_05-teD9TP\blib\lib/NG/Excel/Cell.pm line 96.
given is experimental at C:\strawberry181\cpan\build\NG-0.001_05-teD9TP\blib\lib/NG/Excel/Cell.pm line 97.
when is experimental at C:\strawberry181\cpan\build\NG-0.001_05-teD9TP\blib\lib/NG/Excel/Cell.pm line 98.
when is experimental at C:\strawberry181\cpan\build\NG-0.001_05-teD9TP\blib\lib/NG/Excel/Cell.pm line 99.
when is experimental at C:\strawberry181\cpan\build\NG-0.001_05-teD9TP\blib\lib/NG/Excel/Cell.pm line 100.
when is experimental at C:\strawberry181\cpan\build\NG-0.001_05-teD9TP\blib\lib/NG/Excel/Cell.pm line 101.
when is experimental at C:\strawberry181\cpan\build\NG-0.001_05-teD9TP\blib\lib/NG/Excel/Cell.pm line 105.
given is experimental at C:\strawberry181\cpan\build\NG-0.001_05-teD9TP\blib\lib/NG/Excel/Cell.pm line 106.
when is experimental at C:\strawberry181\cpan\build\NG-0.001_05-teD9TP\blib\lib/NG/Excel/Cell.pm line 107.
when is experimental at C:\strawberry181\cpan\build\NG-0.001_05-teD9TP\blib\lib/NG/Excel/Cell.pm line 108.
when is experimental at C:\strawberry181\cpan\build\NG-0.001_05-teD9TP\blib\lib/NG/Excel/Cell.pm line 112.
given is experimental at C:\strawberry181\cpan\build\NG-0.001_05-teD9TP\blib\lib/NG/Excel/Cell.pm line 113.
when is experimental at C:\strawberry181\cpan\build\NG-0.001_05-teD9TP\blib\lib/NG/Excel/Cell.pm line 114.
when is experimental at C:\strawberry181\cpan\build\NG-0.001_05-teD9TP\blib\lib/NG/Excel/Cell.pm line 115.
when is experimental at C:\strawberry181\cpan\build\NG-0.001_05-teD9TP\blib\lib/NG/Excel/Cell.pm line 119.
given is experimental at C:\strawberry181\cpan\build\NG-0.001_05-teD9TP\blib\lib/NG/Excel/Cell.pm line 120.
when is experimental at C:\strawberry181\cpan\build\NG-0.001_05-teD9TP\blib\lib/NG/Excel/Cell.pm line 121.
when is experimental at C:\strawberry181\cpan\build\NG-0.001_05-teD9TP\blib\lib/NG/Excel/Cell.pm line 122.
when is experimental at C:\strawberry181\cpan\build\NG-0.001_05-teD9TP\blib\lib/NG/Excel/Cell.pm line 126.
when is experimental at C:\strawberry181\cpan\build\NG-0.001_05-teD9TP\blib\lib/NG/Excel/Cell.pm line 129.
when is experimental at C:\strawberry181\cpan\build\NG-0.001_05-teD9TP\blib\lib/NG/Excel/Cell.pm line 132.
given is experimental at C:\strawberry181\cpan\build\NG-0.001_05-teD9TP\blib\lib/NG/Excel/Cell.pm line 141.
when is experimental at C:\strawberry181\cpan\build\NG-0.001_05-teD9TP\blib\lib/NG/Excel/Cell.pm line 142.
when is experimental at C:\strawberry181\cpan\build\NG-0.001_05-teD9TP\blib\lib/NG/Excel/Cell.pm line 143.
when is experimental at C:\strawberry181\cpan\build\NG-0.001_05-teD9TP\blib\lib/NG/Excel/Cell.pm line 144.
when is experimental at C:\strawberry181\cpan\build\NG-0.001_05-teD9TP\blib\lib/NG/Excel/Cell.pm line 145.
when is experimental at C:\strawberry181\cpan\build\NG-0.001_05-teD9TP\blib\lib/NG/Excel/Cell.pm line 146.
when is experimental at C:\strawberry181\cpan\build\NG-0.001_05-teD9TP\blib\lib/NG/Excel/Cell.pm line 147.
when is experimental at C:\strawberry181\cpan\build\NG-0.001_05-teD9TP\blib\lib/NG/Excel/Cell.pm line 148.
when is experimental at C:\strawberry181\cpan\build\NG-0.001_05-teD9TP\blib\lib/NG/Excel/Cell.pm line 149.
when is experimental at C:\strawberry181\cpan\build\NG-0.001_05-teD9TP\blib\lib/NG/Excel/Cell.pm line 150.
when is experimental at C:\strawberry181\cpan\build\NG-0.001_05-teD9TP\blib\lib/NG/Excel/Cell.pm line 151.
when is experimental at C:\strawberry181\cpan\build\NG-0.001_05-teD9TP\blib\lib/NG/Excel/Cell.pm line 152.
when is experimental at C:\strawberry181\cpan\build\NG-0.001_05-teD9TP\blib\lib/NG/Excel/Cell.pm line 153.
when is experimental at C:\strawberry181\cpan\build\NG-0.001_05-teD9TP\blib\lib/NG/Excel/Cell.pm line 154.
when is experimental at C:\strawberry181\cpan\build\NG-0.001_05-teD9TP\blib\lib/NG/Excel/Cell.pm line 155.
t/14-def_class.t .... ok
t/15-dir-read.t ..... ok

Test Summary Report
-------------------
t/02-hashtable.t  (Wstat: 1024 Tests: 9 Failed: 4)
  Failed tests:  4, 6-8
  Non-zero exit status: 4
t/05-file-stat.t  (Wstat: 512 Tests: 6 Failed: 2)
  Failed tests:  3-4
  Non-zero exit status: 2
t/09-system.t     (Wstat: 256 Tests: 3 Failed: 1)
  Failed test:  2
  Non-zero exit status: 1
Files=16, Tests=81, 16 wallclock secs ( 0.07 usr +  0.08 sys =  0.15 CPU)
Result: FAIL
Failed 3/16 test programs. 7/81 subtests failed.
dmake.exe:  Error code 255, while making 'test_dynamic'

------------------------------
PREREQUISITES
------------------------------

Prerequisite modules loaded:

requires:

    Module                   Need Have    
    ------------------------ ---- --------
    AnyEvent::HTTP           0    2.15    
    autobox                  0    2.82    
    autodie                  0    2.23    
    Child                    0    0.009   
    DBI                      0    1.628   
    Digest::MD5              0    2.53    
    Email::MIME              0    1.926   
    File::Copy::Recursive    0    0.38    
    HTML::Element            5.00 5.03    
    HTML::Selector::XPath    0    0.16    
    HTML::TreeBuilder::XPath 0    0.14    
    JSON::XS                 0    2.34    
    Net::SSH::Any            0    0.04    
    perl                     5.01 5.018001
    Spreadsheet::ParseExcel  0    0.59    
    Spreadsheet::WriteExcel  0    2.40    
    SQL::Abstract            0    1.77    
    Sys::CpuAffinity         0    1.06    
    Time::HiRes              0    1.9725  
    Try::Tiny                0    0.19    
    XML::Simple              0    2.20    
    YAML::XS                 0    0.41    

build_requires:

    Module                   Need Have    
    ------------------------ ---- --------
    Test::Deep               0    0.110   
    Test::More               0    1.001002

configure_requires:

    Module                   Need Have    
    ------------------------ ---- --------
    ExtUtils::MakeMaker      0    6.72    


------------------------------
ENVIRONMENT AND OTHER CONTEXT
------------------------------

Environment variables:

    AUTOMATED_TESTING = 1
    COMSPEC = C:\WINDOWS\system32\cmd.exe
    NUMBER_OF_PROCESSORS = 1
    PATH = C:\Program Files\Far Manager\;C:\WINDOWS\system32;C:\WINDOWS;C:\WINDOWS\System32\Wbem;C:\strawberry181\c\bin;C:\strawberry181\perl\site\bin;C:\strawberry181\perl\bin
    PERL5LIB = C:\strawberry181\cpan\build\Net-SSH-Any-0.04-SzSGT8/blib/arch;C:\strawberry181\cpan\build\Net-SSH-Any-0.04-SzSGT8/blib/lib
    PERL5OPT = 
    PERL5_CPANPLUS_IS_RUNNING = 11584
    PERL5_CPAN_IS_RUNNING = 11584
    PERL5_CPAN_IS_RUNNING_IN_RECURSION = 1656,11584
    PERL_CR_SMOKER_CURRENT = NG-0.001_05
    PERL_EXTUTILS_AUTOINSTALL = --defaultdeps
    PERL_HASH_SEED = 0x11111111
    PERL_MM_USE_DEFAULT = 1
    PROCESSOR_IDENTIFIER = x86 Family 16 Model 5 Stepping 3, AuthenticAMD
    TEMP = C:\DOCUME~1\c\LOCALS~1\Temp
    TERM = dumb

Perl special variables (and OS-specific diagnostics, for MSWin32):

    $^X = C:\strawberry181\perl\bin\perl.exe
    $UID/$EUID = 0 / 0
    $GID = 0
    $EGID = 0
    Win32::GetOSName = WinXP/.Net
    Win32::GetOSVersion = Service Pack 3, 5, 1, 2600, 2, 3, 0, 256, 1
    Win32::FsType = NTFS
    Win32::IsAdminUser = 1

Perl module toolchain versions installed:

    Module              Have    
    ------------------- --------
    CPAN                2.00    
    CPAN::Meta          2.132140
    Cwd                 3.40    
    ExtUtils::CBuilder  0.280210
    ExtUtils::Command   1.17    
    ExtUtils::Install   1.59    
    ExtUtils::MakeMaker 6.72    
    ExtUtils::Manifest  1.63    
    ExtUtils::ParseXS   3.22    
    File::Spec          3.40    
    JSON                2.59    
    JSON::PP            2.27202 
    Module::Build       0.4204  
    Module::Signature   n/a     
    Parse::CPAN::Meta   1.4405  
    Test::Harness       3.30    
    Test::More          1.001002
    YAML                0.88    
    YAML::Syck          1.27    
    version             0.9902  


--

Summary of my perl5 (revision 5 version 18 subversion 1) configuration:
   
  Platform:
    osname=MSWin32, osvers=4.0, archname=MSWin32-x86-multi-thread-64int
    uname='Win32 strawberry-perl 5.18.1.1 #1 Tue Aug 13 19:20:13 2013 i386'
    config_args='undef'
    hint=recommended, useposix=true, d_sigaction=undef
    useithreads=define, usemultiplicity=define
    useperlio=define, d_sfio=undef, uselargefiles=define, usesocks=undef
    use64bitint=define, use64bitall=undef, uselongdouble=undef
    usemymalloc=n, bincompat5005=undef
  Compiler:
    cc='gcc', ccflags =' -s -O2 -DWIN32  -DPERL_TEXTMODE_SCRIPTS -DPERL_IMPLICIT_CONTEXT -DPERL_IMPLICIT_SYS -DUSE_PERLIO -fno-strict-aliasing -mms-bitfields',
    optimize='-s -O2',
    cppflags='-DWIN32'
    ccversion='', gccversion='4.7.3', gccosandvers=''
    intsize=4, longsize=4, ptrsize=4, doublesize=8, byteorder=12345678
    d_longlong=define, longlongsize=8, d_longdbl=define, longdblsize=12
    ivtype='long long', ivsize=8, nvtype='double', nvsize=8, Off_t='long long', lseeksize=8
    alignbytes=8, prototype=define
  Linker and Libraries:
    ld='g++', ldflags ='-s -L"C:\strawberry181\perl\lib\CORE" -L"C:\strawberry181\c\lib"'
    libpth=C:\strawberry181\c\lib C:\strawberry181\c\i686-w64-mingw32\lib
    libs=-lmoldname -lkernel32 -luser32 -lgdi32 -lwinspool -lcomdlg32 -ladvapi32 -lshell32 -lole32 -loleaut32 -lnetapi32 -luuid -lws2_32 -lmpr -lwinmm -lversion -lodbc32 -lodbccp32 -lcomctl32
    perllibs=-lmoldname -lkernel32 -luser32 -lgdi32 -lwinspool -lcomdlg32 -ladvapi32 -lshell32 -lole32 -loleaut32 -lnetapi32 -luuid -lws2_32 -lmpr -lwinmm -lversion -lodbc32 -lodbccp32 -lcomctl32
    libc=, so=dll, useshrplib=true, libperl=libperl518.a
    gnulibc_version=''
  Dynamic Linking:
    dlsrc=dl_win32.xs, dlext=dll, d_dlsymun=undef, ccdlflags=' '
    cccdlflags=' ', lddlflags='-mdll -s -L"C:\strawberry181\perl\lib\CORE" -L"C:\strawberry181\c\lib"'


Characteristics of this binary (from libperl): 
  Compile-time options: HAS_TIMES HAVE_INTERP_INTERN MULTIPLICITY
                        PERLIO_LAYERS PERL_DONT_CREATE_GVSV
                        PERL_HASH_FUNC_ONE_AT_A_TIME_HARD
                        PERL_IMPLICIT_CONTEXT PERL_IMPLICIT_SYS
                        PERL_MALLOC_WRAP PERL_PRESERVE_IVUV PERL_SAWAMPERSAND
                        USE_64_BIT_INT USE_ITHREADS USE_LARGE_FILES
                        USE_LOCALE USE_LOCALE_COLLATE USE_LOCALE_CTYPE
                        USE_LOCALE_NUMERIC USE_PERLIO USE_PERL_ATOF
  Built under MSWin32
  Compiled at Aug 13 2013 19:29:16
  %ENV:
    PERL5LIB="C:\strawberry181\cpan\build\Net-SSH-Any-0.04-SzSGT8/blib/arch;C:\strawberry181\cpan\build\Net-SSH-Any-0.04-SzSGT8/blib/lib"
    PERL5_CPANPLUS_IS_RUNNING="11584"
    PERL5_CPAN_IS_RUNNING="11584"
    PERL5_CPAN_IS_RUNNING_IN_RECURSION="1656,11584"
    PERL_CR_SMOKER_CURRENT="NG-0.001_05"
    PERL_EXTUTILS_AUTOINSTALL="--defaultdeps"
    PERL_HASH_SEED="0x11111111"
    PERL_MM_USE_DEFAULT="1"
  @INC:
    C:\strawberry181\cpan\build\Net-SSH-Any-0.04-SzSGT8/blib/arch
    C:\strawberry181\cpan\build\Net-SSH-Any-0.04-SzSGT8/blib/lib
    C:/strawberry181/perl/site/lib
    C:/strawberry181/perl/vendor/lib
    C:/strawberry181/perl/lib
    .