Test-Class-Moose v0.93 Perl 5 v5.10.1 x86_64-linux-thread-multi

Status
Fail
From
Nigel Horne
Dist
Test-Class-Moose v0.93
Platform
Perl 5 v5.10.1 x86_64-linux-thread-multi
Date
2018-08-15 09:42:04
ID
779624ce-a06f-11e8-ac4b-91e1574f9e0a
This distribution has been tested as part of the CPAN Testers
project, supporting the Perl programming language.  See
http://wiki.cpantesters.org/ for more information or email
questions to cpan-testers-discuss@perl.org


--
Dear Dave Rolsky,

This is a computer-generated report for Test-Class-Moose-0.93
on perl 5.10.1, created by CPAN-Reporter-1.2018.

Thank you for uploading your work to CPAN.  However, there was a problem
testing your distribution.

If you think this report is invalid, please consult the CPAN Testers Wiki
for suggestions on how to avoid getting FAIL reports for missing library
or binary dependencies, unsupported operating systems, and so on:

http://wiki.cpantesters.org/wiki/CPANAuthorNotes

Sections of this report:

    * Tester comments
    * Program output
    * Prerequisites
    * Environment and other context

------------------------------
TESTER COMMENTS
------------------------------

Additional comments from tester:

this report is from an automated smoke testing program
and was not reviewed by a human for accuracy

------------------------------
PROGRAM OUTPUT
------------------------------

Output from '/usr/bin/make test':

PERL_DL_NONLAZY=1 "/home/njh/perl5/perlbrew/perls/perl-5.10.1/bin/perl" "-MExtUtils::Command::MM" "-MTest::Harness" "-e" "undef *Test::Harness::Switches; test_harness(0, 'blib/lib', 'blib/arch')" t/*.t
# 
# Versions for all modules listed in MYMETA.json (including optional ones):
# 
# === Configure Requires ===
# 
#     Module              Want Have
#     ------------------- ---- ----
#     ExtUtils::MakeMaker  any 7.34
# 
# === Build Requires ===
# 
#     Module              Want Have
#     ------------------- ---- ----
#     ExtUtils::MakeMaker  any 7.34
# 
# === Test Requires ===
# 
#     Module                    Want     Have
#     --------------------- -------- --------
#     ExtUtils::MakeMaker        any     7.34
#     File::Spec                 any     3.74
#     File::Temp                 any   0.2304
#     Test2::Tools::Basic        any 0.000115
#     Test2::Tools::Class        any 0.000115
#     Test2::Tools::Compare      any 0.000115
#     Test2::Tools::Subtest      any 0.000115
#     Test2::V0                  any 0.000115
#     Test::Builder              any 1.302136
#     Test::More            1.302015 1.302136
#     Test::Requires             any     0.07
#     Test::Warnings             any    0.014
#     lib                        any     0.63
# 
# === Test Recommends ===
# 
#     Module           Want     Have
#     ------------ -------- --------
#     CPAN::Meta   2.120900 2.150005
#     Test::Output   0.0005    1.031
# 
# === Runtime Requires ===
# 
#     Module                            Want     Have
#     ---------------------------- --------- --------
#     Benchmark                          any     1.11
#     Carp                               any   1.3301
#     Class::MOP                         any   2.1210
#     Exporter                           any     5.70
#     File::Find                         any     1.14
#     File::Spec                         any     3.74
#     Import::Into                       any 1.002001
#     JSON                               any  2.97001
#     List::SomeUtils                    any     0.56
#     List::Util                         any     1.50
#     Module::Runtime                    any    0.014
#     Module::Util                       any     1.09
#     Moose                           2.0000   2.1210
#     Moose::Role                     2.0000   2.1210
#     Moose::Util                        any   2.1210
#     Moose::Util::TypeConstraints       any   2.1210
#     MooseX::Getopt                    0.71     0.71
#     MooseX::Getopt::Dashes             any     0.71
#     Package::DeprecationManager       0.16     0.17
#     Parallel::ForkManager              any     1.06
#     Scalar::Util                       any     1.50
#     Sub::Attribute                     any     0.06
#     TAP::Formatter::Color             3.29     3.36
#     Test2                        1.1302118 1.302136
#     Test2::API                         any 1.302136
#     Test2::AsyncSubtest           0.000018 0.000115
#     Test2::IPC                         any 1.302136
#     Test2::Tools::AsyncSubtest         any 0.000115
#     Test::Most                         any     0.35
#     Try::Tiny                          any     0.28
#     namespace::autoclean               any     0.28
#     strict                             any     1.04
#     warnings                           any     1.06
# 
# === Runtime Recommends ===
# 
#     Module                  Want Have
#     --------------------- ------ ----
#     Parallel::ForkManager v0.7.6 1.06
# 
t/00-report-prereqs.t .......... ok
t/autouse.t .................... ok
t/bad_subclass.t ............... ok
t/bare.t ....................... ok
t/basic.t ...................... ok
t/cli.t ........................ ok
t/environment.t ................ ok
t/executor_roles.t ............. ok
t/include_classes.t ............ ok
t/include_exclude.t ............ ok
t/load.t ....................... ok
t/no_tests_run.t ............... ok
t/non_randomize_classes.t ...... ok
......................XX..t/parallel.t ................... ok
t/parameterized.t .............. ok
t/plans.t ...................... ok
t/process_name.t ............... ok
t/reportpassed.t ............... ok
t/skip.t ....................... ok
You can only consume roles, TestsFor::Basic::Role is not a Moose role at /home/njh/perl5/perlbrew/perls/perl-5.10.1/lib/site_perl/5.10.1/x86_64-linux-thread-multi/Moose/Exception.pm line 37
	Moose::Exception::_build_trace('Moose::Exception::CanOnlyConsumeRole=HASH(0x2fd8000)') called at reader Moose::Exception::trace (defined at /home/njh/perl5/perlbrew/perls/perl-5.10.1/lib/site_perl/5.10.1/x86_64-linux-thread-multi/Moose/Exception.pm line 9) line 7
	Moose::Exception::trace('Moose::Exception::CanOnlyConsumeRole=HASH(0x2fd8000)') called at /home/njh/perl5/perlbrew/perls/perl-5.10.1/lib/site_perl/5.10.1/x86_64-linux-thread-multi/Moose/Exception.pm line 49
	Moose::Exception::BUILD('Moose::Exception::CanOnlyConsumeRole=HASH(0x2fd8000)', 'HASH(0x2fbfee0)') called at /home/njh/perl5/perlbrew/perls/perl-5.10.1/lib/site_perl/5.10.1/x86_64-linux-thread-multi/Class/MOP/Method.pm line 126
	Class::MOP::Method::execute('Moose::Meta::Method=HASH(0x2ff54b8)', 'Moose::Exception::CanOnlyConsumeRole=HASH(0x2fd8000)', 'HASH(0x2fbfee0)') called at /home/njh/perl5/perlbrew/perls/perl-5.10.1/lib/site_perl/5.10.1/x86_64-linux-thread-multi/Moose/Object.pm line 55
	Moose::Object::BUILDALL('Moose::Exception::CanOnlyConsumeRole=HASH(0x2fd8000)', 'HASH(0x2fbfee0)') called at /home/njh/perl5/perlbrew/perls/perl-5.10.1/lib/site_perl/5.10.1/x86_64-linux-thread-multi/Moose/Meta/Class.pm line 281
	Moose::Meta::Class::new_object('Moose::Meta::Class=HASH(0x2fa67c0)', 'HASH(0x2fbfee0)') called at /home/njh/perl5/perlbrew/perls/perl-5.10.1/lib/site_perl/5.10.1/x86_64-linux-thread-multi/Moose/Object.pm line 26
	Moose::Object::new('Moose::Exception::CanOnlyConsumeRole', 'role_name', 'TestsFor::Basic::Role') called at /home/njh/perl5/perlbrew/perls/perl-5.10.1/lib/site_perl/5.10.1/x86_64-linux-thread-multi/Moose/Util.pm line 52
	Moose::Util::throw_exception('CanOnlyConsumeRole', 'role_name', 'TestsFor::Basic::Role') called at /home/njh/perl5/perlbrew/perls/perl-5.10.1/lib/site_perl/5.10.1/x86_64-linux-thread-multi/Moose/Util.pm line 154
	Moose::Util::_apply_all_roles('Moose::Meta::Class=HASH(0x2fa4b78)', undef, 'TestsFor::Basic::Role') called at /home/njh/perl5/perlbrew/perls/perl-5.10.1/lib/site_perl/5.10.1/x86_64-linux-thread-multi/Moose/Util.pm line 117
	Moose::Util::apply_all_roles('Moose::Meta::Class=HASH(0x2fa4b78)', 'TestsFor::Basic::Role') called at /home/njh/perl5/perlbrew/perls/perl-5.10.1/lib/site_perl/5.10.1/x86_64-linux-thread-multi/Moose.pm line 60
	Moose::with('Moose::Meta::Class=HASH(0x2fa4b78)', 'TestsFor::Basic::Role') called at /home/njh/perl5/perlbrew/perls/perl-5.10.1/lib/site_perl/5.10.1/x86_64-linux-thread-multi/Moose/Exporter.pm line 405
	Moose::with('TestsFor::Basic::Role') called at t/taglib/TestsFor/Basic/WithRole.pm line 4
	require TestsFor/Basic/WithRole.pm at (eval 304) line 2
	Test::Class::Moose::Load::BEGIN at t/taglib/TestsFor/Basic/WithRole.pm line 0
	eval {...} at t/taglib/TestsFor/Basic/WithRole.pm line 0
	eval 'use TestsFor::Basic::WithRole ()
;' at /home/njh/.cpan/build/Test-Class-Moose-0.93-0/blib/lib/Test/Class/Moose/Load.pm line 54
	Test::Class::Moose::Load::_load('Test::Class::Moose::Load', 't/taglib/TestsFor/Basic/WithRole.pm', 't/taglib') called at /home/njh/.cpan/build/Test-Class-Moose-0.93-0/blib/lib/Test/Class/Moose/Load.pm line 68
	Test::Class::Moose::Load::__ANON__ at /home/njh/perl5/perlbrew/perls/perl-5.10.1/lib/5.10.1/File/Find.pm line 926
	File::Find::_find_dir('HASH(0x298b098)', 't/taglib', 3) called at /home/njh/perl5/perlbrew/perls/perl-5.10.1/lib/5.10.1/File/Find.pm line 722
	File::Find::_find_opt('HASH(0x298b098)', 't/taglib') called at /home/njh/perl5/perlbrew/perls/perl-5.10.1/lib/5.10.1/File/Find.pm line 1297
	File::Find::find('HASH(0x298b098)', 't/taglib') called at /home/njh/.cpan/build/Test-Class-Moose-0.93-0/blib/lib/Test/Class/Moose/Load.pm line 73
	Test::Class::Moose::Load::import('Test::Class::Moose::Load', 't/taglib') called at t/tags.t line 8
	main::BEGIN at t/taglib/TestsFor/Basic/WithRole.pm line 0
	eval {...} at t/taglib/TestsFor/Basic/WithRole.pm line 0
Compilation failed in require at (eval 304) line 2.
BEGIN failed--compilation aborted at (eval 304) line 2.
BEGIN failed--compilation aborted at t/tags.t line 8.
# Seeded srand with seed '20180815' from local date.
t/tags.t ....................... 
Dubious, test returned 255 (wstat 65280, 0xff00)
No subtests run 
t/test_class_is_not_loaded.t ... ok
t/test_control_methods.t ....... ok
t/test_control_methods_skip.t .. ok
t/timing.t ..................... ok
t/todo.t ....................... ok

Test Summary Report
-------------------
t/tags.t                     (Wstat: 65280 Tests: 0 Failed: 0)
  Non-zero exit status: 255
  Parse errors: No plan found in TAP output
Files=25, Tests=207, 13 wallclock secs ( 0.21 usr  0.03 sys +  8.48 cusr  0.65 csys =  9.37 CPU)
Result: FAIL
Failed 1/25 test programs. 0/207 subtests failed.
make: *** [Makefile:1027: test_dynamic] Error 255

------------------------------
PREREQUISITES
------------------------------

Prerequisite modules loaded:

requires:

    Module                       Need      Have    
    ---------------------------- --------- --------
    Benchmark                    0         1.11    
    Carp                         0         1.3301  
    Class::MOP                   0         2.1210  
    Exporter                     0         5.70    
    File::Find                   0         1.14    
    File::Spec                   0         3.74    
    Import::Into                 0         1.002001
    JSON                         0         2.97001 
    List::SomeUtils              0         0.56    
    List::Util                   0         1.50    
    Module::Runtime              0         0.014   
    Module::Util                 0         1.09    
    Moose                        2.0000    2.1210  
    Moose::Role                  2.0000    2.1210  
    Moose::Util                  0         2.1210  
    Moose::Util::TypeConstraints 0         2.1210  
    MooseX::Getopt               0.71      0.71    
    MooseX::Getopt::Dashes       0         0.71    
    namespace::autoclean         0         0.28    
    Package::DeprecationManager  0.16      0.17    
    Parallel::ForkManager        0         1.06    
    perl                         5.010000  5.010001
    Scalar::Util                 0         1.50    
    strict                       0         1.04    
    Sub::Attribute               0         0.06    
    TAP::Formatter::Color        3.29      3.36    
    Test2                        1.1302118 1.302136
    Test2::API                   0         1.302136
    Test2::AsyncSubtest          0.000018  0.000115
    Test2::IPC                   0         1.302136
    Test2::Tools::AsyncSubtest   0         0.000115
    Test::Most                   0         0.35    
    Try::Tiny                    0         0.28    
    warnings                     0         1.06    

build_requires:

    Module                       Need      Have    
    ---------------------------- --------- --------
    ExtUtils::MakeMaker          0         7.34    
    File::Spec                   0         3.74    
    File::Temp                   0         0.2304  
    lib                          0         0.63    
    Test2::Tools::Basic          0         0.000115
    Test2::Tools::Class          0         0.000115
    Test2::Tools::Compare        0         0.000115
    Test2::Tools::Subtest        0         0.000115
    Test2::V0                    0         0.000115
    Test::Builder                0         1.302136
    Test::More                   1.302015  1.302136
    Test::Requires               0         0.07    
    Test::Warnings               0         0.014   

configure_requires:

    Module                       Need      Have    
    ---------------------------- --------- --------
    ExtUtils::MakeMaker          0         7.34    


------------------------------
ENVIRONMENT AND OTHER CONTEXT
------------------------------

Environment variables:

    AUTOMATED_TESTING = 1
    LANG = en_GB.UTF-8
    LANGUAGE = en_GB:en
    PATH = /home/njh/perl5/perlbrew/bin:/home/njh/perl5/perlbrew/perls/perl-5.10.1/bin:/home/njh/perl5/perlbrew/bin:/usr/bin:/bin
    PERL5LIB = 
    PERL5OPT = 
    PERL5_CPANPLUS_IS_RUNNING = 12673
    PERL5_CPAN_IS_RUNNING = 12673
    PERL5_MINISMOKEBOX = 0.58
    PERLBREW_LIB = 
    PERLBREW_MANPATH = /home/njh/perl5/perlbrew/perls/perl-5.10.1/man
    PERLBREW_PATH = /home/njh/perl5/perlbrew/bin:/home/njh/perl5/perlbrew/perls/perl-5.10.1/bin
    PERLBREW_PERL = perl-5.10.1
    PERLBREW_ROOT = /home/njh/perl5/perlbrew
    PERLBREW_SHELLRC_VERSION = 0.82
    PERLBREW_VERSION = 0.82
    PERL_EXTUTILS_AUTOINSTALL = --defaultdeps
    PERL_LOCAL_LIB_ROOT = 
    PERL_MM_USE_DEFAULT = 1
    SHELL = /bin/sh
    TEMP = /tmp/user/1000
    TMPDIR = /tmp/user/1000

Perl special variables (and OS-specific diagnostics, for MSWin32):

    $^X = /home/njh/perl5/perlbrew/perls/perl-5.10.1/bin/perl
    $UID/$EUID = 1000 / 1000
    $GID = 1000 4 24 25 29 30 44 46 108 112 1000
    $EGID = 1000 4 24 25 29 30 44 46 108 112 1000

Perl module toolchain versions installed:

    Module              Have    
    ------------------- --------
    CPAN                2.16    
    CPAN::Meta          2.150005
    Cwd                 3.74    
    ExtUtils::CBuilder  0.280220
    ExtUtils::Command   7.34    
    ExtUtils::Install   2.06    
    ExtUtils::MakeMaker 7.34    
    ExtUtils::Manifest  1.70    
    ExtUtils::ParseXS   3.30    
    File::Spec          3.74    
    JSON                2.97001 
    JSON::PP            2.27400 
    Module::Build       0.4212  
    Module::Signature   0.73    
    Parse::CPAN::Meta   1.4422  
    Test::Harness       3.36    
    Test::More          1.302136
    YAML                1.26    
    YAML::Syck          1.30    
    version             0.9902  


--

Summary of my perl5 (revision 5 version 10 subversion 1) configuration:
   
  Platform:
    osname=linux, osvers=3.2.0-4-amd64, archname=x86_64-linux-thread-multi
    uname='linux nigelhorne.force9.co.uk 3.2.0-4-amd64 #1 smp debian 3.2.32-1 x86_64 gnulinux '
    config_args='-de -Dprefix=/home/njh/perl5/perlbrew/perls/perl-5.10.1 -Duseithreads -Dusemultiplicity -Accflags=-O2 -W -Wformat=2 -Wswitch -Wshadow -Wwrite-strings -Wuninitialized -Wall -pipe -mtune=native -march=native -fomit-frame-pointer -mfpmath=sse -pedantic -D_FORTIFY_SOURCE=2 -Wpointer-arith -Wstrict-prototypes -fstack-protector -Wstack-protector -Wextra -Wbad-function-cast -Wcast-align -Wcast-qual -Wdisabled-optimization -Wendif-labels -Wfloat-equal -Wformat-nonliteral -Winline -Wmissing-declarations -Wmissing-prototypes -Wnested-externs -Wpointer-arith -Wundef -Wformat-security -Aeval:scriptdir=/home/njh/perl5/perlbrew/perls/perl-5.10.1/bin'
    hint=recommended, useposix=true, d_sigaction=define
    useithreads=define, usemultiplicity=define
    useperlio=define, d_sfio=undef, uselargefiles=define, usesocks=undef
    use64bitint=define, use64bitall=define, uselongdouble=undef
    usemymalloc=n, bincompat5005=undef
  Compiler:
    cc='cc', ccflags ='-D_REENTRANT -D_GNU_SOURCE -O2 -W -Wformat=2 -Wswitch -Wshadow -Wwrite-strings -Wuninitialized -Wall -pipe -mtune=native -march=native -fomit-frame-pointer -mfpmath=sse -pedantic -D_FORTIFY_SOURCE=2 -Wpointer-arith -Wstrict-prototypes -fstack-protector -Wstack-protector -Wextra -Wbad-function-cast -Wcast-align -Wcast-qual -Wdisabled-optimization -Wendif-labels -Wfloat-equal -Wformat-nonliteral -Winline -Wmissing-declarations -Wmissing-prototypes -Wnested-externs -Wpointer-arith -Wundef -Wformat-security -fno-strict-aliasing -I/usr/local/include -D_LARGEFILE_SOURCE -D_FILE_OFFSET_BITS=64',
    optimize='-O2',
    cppflags='-D_REENTRANT -D_GNU_SOURCE -O2 -W -Wformat=2 -Wswitch -Wshadow -Wwrite-strings -Wuninitialized -Wall -pipe -mtune=native -march=native -fomit-frame-pointer -mfpmath=sse -pedantic -D_FORTIFY_SOURCE=2 -Wpointer-arith -Wstrict-prototypes -fstack-protector -Wstack-protector -Wextra -Wbad-function-cast -Wcast-align -Wcast-qual -Wdisabled-optimization -Wendif-labels -Wfloat-equal -Wformat-nonliteral -Winline -Wmissing-declarations -Wmissing-prototypes -Wnested-externs -Wpointer-arith -Wundef -Wformat-security -fno-strict-aliasing -I/usr/local/include'
    ccversion='', gccversion='4.7.2', gccosandvers=''
    intsize=4, longsize=8, ptrsize=8, doublesize=8, byteorder=12345678
    d_longlong=define, longlongsize=8, d_longdbl=define, longdblsize=16
    ivtype='long', ivsize=8, nvtype='double', nvsize=8, Off_t='off_t', lseeksize=8
    alignbytes=8, prototype=define
  Linker and Libraries:
    ld='cc', ldflags =' -fstack-protector -L/usr/local/lib'
    libpth=/usr/local/lib /lib/x86_64-linux-gnu /lib/../lib /usr/lib/x86_64-linux-gnu /usr/lib/../lib /lib /usr/lib
    libs=-lnsl -lgdbm -ldb -ldl -lm -lcrypt -lutil -lpthread -lc -lgdbm_compat
    perllibs=-lnsl -ldl -lm -lcrypt -lutil -lpthread -lc
    libc=, so=so, useshrplib=false, libperl=libperl.a
    gnulibc_version='2.13'
  Dynamic Linking:
    dlsrc=dl_dlopen.xs, dlext=so, d_dlsymun=undef, ccdlflags='-Wl,-E'
    cccdlflags='-fPIC', lddlflags='-shared -O2 -L/usr/local/lib -fstack-protector'


Characteristics of this binary (from libperl): 
  Compile-time options: MULTIPLICITY PERL_DONT_CREATE_GVSV
                        PERL_IMPLICIT_CONTEXT PERL_MALLOC_WRAP USE_64_BIT_ALL
                        USE_64_BIT_INT USE_ITHREADS USE_LARGE_FILES
                        USE_PERLIO USE_REENTRANT_API
  Built under linux
  Compiled at Mar  5 2013 01:45:13
  %ENV:
    PERL5LIB=""
    PERL5OPT=""
    PERL5_CPANPLUS_IS_RUNNING="12673"
    PERL5_CPAN_IS_RUNNING="12673"
    PERL5_MINISMOKEBOX="0.58"
    PERLBREW_LIB=""
    PERLBREW_MANPATH="/home/njh/perl5/perlbrew/perls/perl-5.10.1/man"
    PERLBREW_PATH="/home/njh/perl5/perlbrew/bin:/home/njh/perl5/perlbrew/perls/perl-5.10.1/bin"
    PERLBREW_PERL="perl-5.10.1"
    PERLBREW_ROOT="/home/njh/perl5/perlbrew"
    PERLBREW_SHELLRC_VERSION="0.82"
    PERLBREW_VERSION="0.82"
    PERL_EXTUTILS_AUTOINSTALL="--defaultdeps"
    PERL_LOCAL_LIB_ROOT=""
    PERL_MM_USE_DEFAULT="1"
  @INC:
    /home/njh/perl5/perlbrew/perls/perl-5.10.1/lib/5.10.1/x86_64-linux-thread-multi
    /home/njh/perl5/perlbrew/perls/perl-5.10.1/lib/5.10.1
    /home/njh/perl5/perlbrew/perls/perl-5.10.1/lib/site_perl/5.10.1/x86_64-linux-thread-multi
    /home/njh/perl5/perlbrew/perls/perl-5.10.1/lib/site_perl/5.10.1
    .