Report for Cache-CacheFactory-1.10

Back
From: metabase:user:30977d10-2aae-11df-837a-5e0a49663a4f
Subject: FAIL Cache-CacheFactory-1.10 v5.12.2 
Date: 2010-09-28T20:36:02Z

This distribution has been tested as part of the CPAN Testers
project, supporting the Perl programming language.  See
http://wiki.cpantesters.org/ for more information or email
questions to cpan-testers-discuss@perl.org


--
Dear Sam Graham,

This is a computer-generated report for Cache-CacheFactory-1.10
on perl 5.12.2, created by CPAN-Reporter-1.18.

Thank you for uploading your work to CPAN.  However, there was a problem
testing your distribution.

If you think this report is invalid, please consult the CPAN Testers Wiki
for suggestions on how to avoid getting FAIL reports for missing library
or binary dependencies, unsupported operating systems, and so on:

http://wiki.cpantesters.org/wiki/CPANAuthorNotes

Sections of this report:

    * Tester comments
    * Program output
    * Prerequisites
    * Environment and other context

------------------------------
TESTER COMMENTS
------------------------------

Additional comments from tester:

this report is from an automated smoke testing program
and was not reviewed by a human for accuracy

------------------------------
PROGRAM OUTPUT
------------------------------

Output from 'C:\home\stro\perl\perl5122\bin\perl.exe ./Build test':

# Testing Cache::CacheFactory 1.10, Perl 5.012002, C:\home\stro\perl\perl5122\bin\perl.exe
t\00-load.t ................................ ok
t\10-namespace.t ........................... ok
mkdir \FileCache: File exists; Cannot create a file when that file already exists at C:/home/stro/perl/perl5122/site/lib/Cache/FileBackend.pm line 222
# Looks like you planned 165 tests but ran 34.
# Looks like your test exited with 17 just after 34.
t\20-storage.t ............................. 
Dubious, test returned 17 (wstat 4352, 0x1100)
Failed 131/165 subtests 
	(less 33 skipped subtests: 1 okay)
t\30-size-hack-with-devel-size.t ........... ok
t\31-size-hack-force-missing-devel-size.t .. ok
t\40-expiry-lastmodified.t ................. ok
t\40-expiry-size.t ......................... ok
t\40-expiry-time.t ......................... ok
t\50-deep-clone.t .......................... ok
t\80-export.t .............................. ok
t\90-pod.t ................................. ok
t\99-pod-coverage.t ........................ ok

Test Summary Report
-------------------
t\20-storage.t                           (Wstat: 4352 Tests: 34 Failed: 0)
  Non-zero exit status: 17
  Parse errors: Bad plan.  You planned 165 tests but ran 34.
Files=12, Tests=116,  7 wallclock secs ( 0.08 usr +  0.08 sys =  0.16 CPU)
Result: FAIL
Failed 1/12 test programs. 0/116 subtests failed.

------------------------------
PREREQUISITES
------------------------------

Prerequisite modules loaded:

requires:

    Module           Need  Have  
    ---------------- ----- ------
    Cache::BaseCache 0     0     
    Cache::Cache     1     1.06  
    Cache::Object    0     0     
    Carp             0     1.17  
    Class::Factory   0     1.06  
    Scalar::Util     0     1.23  
    Storable         1.014 2.22  

build_requires:

    Module           Need  Have  
    ---------------- ----- ------
    Module::Build    0.07  0.3607
    Test::More       0     0.96  

configure_requires:

    Module           Need  Have  
    ---------------- ----- ------
    Module::Build    0.36  0.3607


------------------------------
ENVIRONMENT AND OTHER CONTEXT
------------------------------

Environment variables:

    ACTIVEPERL_CONFIG_SILENT = 1
    AUTOMATED_TESTING = 1
    COMSPEC = C:\WINDOWS\system32\cmd.exe
    NUMBER_OF_PROCESSORS = 2
    PATH = C:\bin\dev\python\;C:\bin\dev\svn;C:\Program Files\Common Files\Microsoft Shared\Windows Live;C:\bin\dev\perl\site\bin;C:\bin\dev\perl\bin;C:\WINDOWS\system32;C:\WINDOWS;C:\WINDOWS\System32\Wbem;C:\WINDOWS\system32\WindowsPowerShell\v1.0;C:\bin\arc;C:\bin\dev\TortoiseSVN\bin;C:\bin\dev\Mercurial;C:\bin\dev\TortoiseHg;c:\bin\sys\gnuwin32\bin;C:\bin\dev\oracle\instantclient_11_1;C:\Program Files\Common Files\Microsoft Shared\Windows Live
    PERL5LIB = 
    PERL5OPT = 
    PERL5_CPANPLUS_IS_RUNNING = 4808
    PERL5_CPAN_IS_RUNNING = 4808
    PERL5_CPAN_IS_RUNNING_IN_RECURSION = 5624,4808
    PERL_CR_SMOKER_CURRENT = Task-BeLike-MELO-0.003
    PERL_EXTUTILS_AUTOINSTALL = --defaultdeps
    PERL_MM_USE_DEFAULT = 1
    PROCESSOR_IDENTIFIER = x86 Family 6 Model 15 Stepping 11, GenuineIntel
    TEMP = C:\WINDOWS\Temp

Perl special variables (and OS-specific diagnostics, for MSWin32):

    $^X = C:\home\stro\perl\perl5122\bin\perl.exe
    $UID/$EUID = 0 / 0
    $GID = 0
    $EGID = 0
    Win32::GetOSName = WinXP/.Net
    Win32::GetOSVersion = Service Pack 3, 5, 1, 2600, 2, 3, 0, 256, 1
    Win32::FsType = NTFS
    Win32::IsAdminUser = 1

Perl module toolchain versions installed:

    Module              Have   
    ------------------- -------
    CPAN                1.9402 
    Cwd                 3.31   
    ExtUtils::CBuilder  0.27   
    ExtUtils::Command   1.16   
    ExtUtils::Install   1.55   
    ExtUtils::MakeMaker 6.56   
    ExtUtils::Manifest  1.57   
    ExtUtils::ParseXS   2.2206 
    File::Spec          3.31_01
    Module::Build       0.3607 
    Module::Signature   n/a    
    Test::Harness       3.22   
    Test::More          0.96   
    YAML                0.72   
    YAML::Syck          1.15   
    version             0.82   


--

Summary of my perl5 (revision 5 version 12 subversion 2) configuration:
   
  Platform:
    osname=MSWin32, osvers=5.1, archname=MSWin32-x86-multi-thread
    uname=''
    config_args='undef'
    hint=recommended, useposix=true, d_sigaction=undef
    useithreads=define, usemultiplicity=define
    useperlio=define, d_sfio=undef, uselargefiles=define, usesocks=undef
    use64bitint=undef, use64bitall=undef, uselongdouble=undef
    usemymalloc=n, bincompat5005=undef
  Compiler:
    cc='gcc', ccflags =' -s -O2 -DWIN32 -DHAVE_DES_FCRYPT  -DPERL_IMPLICIT_CONTEXT -DPERL_IMPLICIT_SYS -fno-strict-aliasing -mms-bitfields -DPERL_MSVCRT_READFIX',
    optimize='-s -O2',
    cppflags='-DWIN32'
    ccversion='', gccversion='3.4.5', gccosandvers=''
    intsize=4, longsize=4, ptrsize=4, doublesize=8, byteorder=1234
    d_longlong=undef, longlongsize=8, d_longdbl=define, longdblsize=12
    ivtype='long', ivsize=4, nvtype='double', nvsize=8, Off_t='long long', lseeksize=8
    alignbytes=8, prototype=define
  Linker and Libraries:
    ld='g++', ldflags ='-s -L"c:\home\stro\perl\perl5122\lib\CORE" -L"C:\MinGW\lib"'
    libpth=C:\MinGW\lib
    libs=-lmoldname -lkernel32 -luser32 -lgdi32 -lwinspool -lcomdlg32 -ladvapi32 -lshell32 -lole32 -loleaut32 -lnetapi32 -luuid -lws2_32 -lmpr -lwinmm -lversion -lodbc32 -lodbccp32 -lcomctl32
    perllibs=-lmoldname -lkernel32 -luser32 -lgdi32 -lwinspool -lcomdlg32 -ladvapi32 -lshell32 -lole32 -loleaut32 -lnetapi32 -luuid -lws2_32 -lmpr -lwinmm -lversion -lodbc32 -lodbccp32 -lcomctl32
    libc=, so=dll, useshrplib=true, libperl=libperl512.a
    gnulibc_version=''
  Dynamic Linking:
    dlsrc=dl_win32.xs, dlext=dll, d_dlsymun=undef, ccdlflags=' '
    cccdlflags=' ', lddlflags='-mdll -s -L"c:\home\stro\perl\perl5122\lib\CORE" -L"C:\MinGW\lib"'


Characteristics of this binary (from libperl): 
  Compile-time options: MULTIPLICITY PERL_DONT_CREATE_GVSV
                        PERL_IMPLICIT_CONTEXT PERL_IMPLICIT_SYS
                        PERL_MALLOC_WRAP PL_OP_SLAB_ALLOC USE_ITHREADS
                        USE_LARGE_FILES USE_PERLIO USE_PERL_ATOF
  Built under MSWin32
  Compiled at Sep 10 2010 14:47:41
  %ENV:
    PERL5_CPANPLUS_IS_RUNNING="4808"
    PERL5_CPAN_IS_RUNNING="4808"
    PERL5_CPAN_IS_RUNNING_IN_RECURSION="5624,4808"
    PERL_CR_SMOKER_CURRENT="Task-BeLike-MELO-0.003"
    PERL_EXTUTILS_AUTOINSTALL="--defaultdeps"
    PERL_MM_USE_DEFAULT="1"
  @INC:
    C:/home/stro/perl/perl5122/site/lib
    C:/home/stro/perl/perl5122/lib
    .