Dist-Zilla-Plugin-Git v2.043 Perl 5 v5.26.2 x86_64-linux

Status
Fail
From
Ioan Rogers
Dist
Dist-Zilla-Plugin-Git v2.043
Platform
Perl 5 v5.26.2 x86_64-linux
Date
2018-04-16 21:59:40
ID
7617a756-41c1-11e8-a8dd-ffbe2aa023fc
This distribution has been tested as part of the CPAN Testers
project, supporting the Perl programming language.  See
http://wiki.cpantesters.org/ for more information or email
questions to cpan-testers-discuss@perl.org


--
Dear ETHER,

This is a computer-generated report for Dist-Zilla-Plugin-Git-2.043
on perl 5.26.2, created by App::cpanminus::reporter 0.17 (1.7043).

Thank you for uploading your work to CPAN.  However, there was a problem
testing your distribution.

If you think this report is invalid, please consult the CPAN Testers Wiki
for suggestions on how to avoid getting FAIL reports for missing library
or binary dependencies, unsupported operating systems, and so on:

http://wiki.cpantesters.org/wiki/CPANAuthorNotes

Sections of this report:

    * Tester comments
    * Program output
    * Prerequisites
    * Environment and other context

------------------------------
TESTER COMMENTS
------------------------------

Additional comments from tester:

none provided

------------------------------
PROGRAM OUTPUT
------------------------------

Output from '':

Building and testing Dist-Zilla-Plugin-Git-2.043
cp lib/Dist/Zilla/Plugin/Git/Check.pm blib/lib/Dist/Zilla/Plugin/Git/Check.pm
cp lib/Dist/Zilla/Role/Git/Repo.pm blib/lib/Dist/Zilla/Role/Git/Repo.pm
cp lib/Dist/Zilla/Plugin/Git/Tag.pm blib/lib/Dist/Zilla/Plugin/Git/Tag.pm
cp lib/Dist/Zilla/Plugin/Git/Commit.pm blib/lib/Dist/Zilla/Plugin/Git/Commit.pm
cp lib/Dist/Zilla/Plugin/Git/Push.pm blib/lib/Dist/Zilla/Plugin/Git/Push.pm
cp lib/Dist/Zilla/Plugin/Git/NextVersion.pm blib/lib/Dist/Zilla/Plugin/Git/NextVersion.pm
cp lib/Dist/Zilla/Plugin/Git/CommitBuild.pm blib/lib/Dist/Zilla/Plugin/Git/CommitBuild.pm
cp lib/Dist/Zilla/Role/Git/StringFormatter.pm blib/lib/Dist/Zilla/Role/Git/StringFormatter.pm
cp lib/Dist/Zilla/PluginBundle/Git.pm blib/lib/Dist/Zilla/PluginBundle/Git.pm
cp lib/Dist/Zilla/Plugin/Git/GatherDir.pm blib/lib/Dist/Zilla/Plugin/Git/GatherDir.pm
cp lib/Dist/Zilla/Plugin/Git/Init.pm blib/lib/Dist/Zilla/Plugin/Git/Init.pm
cp lib/Dist/Zilla/Plugin/Git.pm blib/lib/Dist/Zilla/Plugin/Git.pm
cp lib/Dist/Zilla/Role/Git/DirtyFiles.pm blib/lib/Dist/Zilla/Role/Git/DirtyFiles.pm
"/home/ioanrogers/.plenv/versions/5.26.2/bin/perl5.26.2" "-Iblib/arch" "-Iblib/lib" Makefile_git.PL Makefile_git
PERL_DL_NONLAZY=1 "/home/ioanrogers/.plenv/versions/5.26.2/bin/perl5.26.2" "-MExtUtils::Command::MM" "-MTest::Harness" "-e" "undef *Test::Harness::Switches; test_harness(0, 'blib/lib', 'blib/arch')" t/*.t
# git version 2.14.3
[14:57:29] t/000-report-git-version.t ...... ok        5 ms ( 0.00 usr  0.00 sys +  0.06 cusr  0.01 csys =  0.07 CPU)
# 
# Versions for all modules listed in MYMETA.json (including optional ones):
# 
# === Configure Requires ===
# 
#     Module              Want   Have
#     ------------------- ---- ------
#     ExtUtils::MakeMaker  any   7.24
#     Text::ParseWords     any   3.30
#     version              any 0.9917
# 
# === Build Requires ===
# 
#     Module              Want Have
#     ------------------- ---- ----
#     ExtUtils::MakeMaker  any 7.24
# 
# === Test Requires ===
# 
#     Module                            Want     Have
#     -------------------------------- ----- --------
#     CPAN::Meta::Check                0.011    0.014
#     CPAN::Meta::Requirements           any    2.140
#     Devel::SimpleTrace                 any     0.08
#     Dist::Zilla::File::InMemory        any    6.010
#     Dist::Zilla::Plugin::Config::Git   any     0.92
#     Dist::Zilla::Role::Releaser        any    6.010
#     Dist::Zilla::Tester                any    6.010
#     Encode                             any     2.88
#     Exporter                           any     5.72
#     ExtUtils::MakeMaker                any     7.24
#     File::Copy                         any     2.32
#     File::Copy::Recursive              any     0.40
#     File::Path                        2.07  2.12_01
#     File::Spec                         any     3.67
#     File::Which                        any     1.22
#     File::pushd                        any    1.014
#     Log::Dispatchouli                  any    2.015
#     Test::DZil                         any    6.010
#     Test::Fatal                        any    0.014
#     Test::More                        0.88 1.302122
#     lib                                any     0.64
#     utf8                               any     1.19
# 
# === Test Recommends ===
# 
#     Module         Want     Have
#     ---------- -------- --------
#     CPAN::Meta 2.120900 2.150010
# 
# === Runtime Requires ===
# 
#     Module                                 Want     Have
#     ---------------------------------- -------- --------
#     Cwd                                     any     3.67
#     DateTime                                any     1.45
#     Dist::Zilla                               4    6.010
#     Dist::Zilla::Plugin::GatherDir     4.200016    6.010
#     Dist::Zilla::Role::AfterBuild           any    6.010
#     Dist::Zilla::Role::AfterMint            any    6.010
#     Dist::Zilla::Role::AfterRelease         any    6.010
#     Dist::Zilla::Role::BeforeRelease        any    6.010
#     Dist::Zilla::Role::FilePruner           any    6.010
#     Dist::Zilla::Role::GitConfig            any     0.92
#     Dist::Zilla::Role::PluginBundle         any    6.010
#     Dist::Zilla::Role::VersionProvider      any    6.010
#     File::Spec::Functions                   any     3.67
#     File::Temp                              any   0.2304
#     File::chdir                             any   0.1010
#     Git::Wrapper                          0.021    0.047
#     IPC::Open3                              any     1.20
#     IPC::System::Simple                     any     1.25
#     List::Util                             1.45  1.46_02
#     Module::Runtime                         any    0.016
#     Moose                                   any   2.2009
#     Moose::Role                             any   2.2009
#     Moose::Util::TypeConstraints            any   2.2009
#     MooseX::Has::Sugar                      any 1.000006
#     MooseX::Types::Moose                    any     0.50
#     MooseX::Types::Path::Tiny             0.010    0.012
#     Path::Tiny                            0.048    0.104
#     String::Formatter                       any 0.102084
#     Try::Tiny                               any     0.30
#     Version::Next                           any    1.000
#     constant                                any     1.33
#     namespace::autoclean                   0.09     0.28
#     strict                                  any     1.11
#     version                                0.80   0.9917
#     warnings                                any     1.37
# 
# === Other Modules ===
# 
#     Module              Have
#     ------------- ----------
#     JSON::PP      2.27400_02
#     Pod::Coverage    missing
#     Sub::Name           0.21
#     YAML             missing
#     autodie             2.29
# 
[14:57:29] t/00-report-prereqs.t ........... ok      251 ms ( 0.00 usr  0.00 sys +  0.36 cusr  0.03 csys =  0.39 CPU)
[14:57:29] t/commit-message.t .............. ok       38 ms ( 0.01 usr  0.00 sys +  0.75 cusr  0.05 csys =  0.81 CPU)
error: gpg failed to sign the data
fatal: failed to write commit object
# Looks like your test exited with 128 before it could output anything.
[14:57:30] t/check.t ....................... 
Dubious, test returned 128 (wstat 32768, 0x8000)
Failed 50/50 subtests 
error: gpg failed to sign the data
fatal: failed to write commit object
# Looks like your test exited with 128 before it could output anything.
[14:57:30] t/commit-build-custom.t ......... 
Dubious, test returned 128 (wstat 32768, 0x8000)
Failed 5/5 subtests 
error: gpg failed to sign the data
fatal: failed to write commit object
# Looks like your test exited with 128 before it could output anything.
[14:57:30] t/commit-build.t ................ 
Dubious, test returned 128 (wstat 32768, 0x8000)
Failed 6/6 subtests 
error: gpg failed to sign the data
fatal: failed to write commit object
# Looks like your test exited with 128 before it could output anything.
[14:57:30] t/commit-build-src-as-parent.t .. 
Dubious, test returned 128 (wstat 32768, 0x8000)
Failed 8/8 subtests 
error: gpg failed to sign the data
fatal: failed to write commit object
# Looks like your test exited with 128 before it could output anything.
[14:57:30] t/commit-dirtydir.t ............. 
Dubious, test returned 128 (wstat 32768, 0x8000)
Failed 3/3 subtests 
error: gpg failed to sign the data
fatal: failed to write commit object
# Looks like your test exited with 128 before it could output anything.
[14:57:30] t/commit-utf8.t ................. 
Dubious, test returned 128 (wstat 32768, 0x8000)
Failed 1/1 subtests 
error: gpg failed to sign the data
fatal: failed to write commit object
# Looks like your test exited with 128 before it could output anything.
[14:57:30] t/push-multi.t .................. 
Dubious, test returned 128 (wstat 32768, 0x8000)
Failed 7/7 subtests 
error: gpg failed to sign the data
fatal: failed to write commit object
# Looks like your test exited with 128 before it could output anything.
[14:57:30] t/push.t ........................ 
Dubious, test returned 128 (wstat 32768, 0x8000)
Failed 7/7 subtests 
error: gpg failed to sign the data
fatal: failed to write commit object
# Looks like your test exited with 128 before it could output anything.
[14:57:30] t/commit-ws.t ................... 
Dubious, test returned 128 (wstat 32768, 0x8000)
Failed 1/1 subtests 
error: gpg failed to sign the data
fatal: failed to write commit object
# Looks like your test exited with 128 before it could output anything.
[14:57:30] t/push-gitconfig.t .............. 
Dubious, test returned 128 (wstat 32768, 0x8000)
Failed 7/7 subtests 
error: gpg failed to sign the data
fatal: failed to write commit object
# Looks like your test exited with 128 before it could output anything.
[14:57:31] t/commit.t ...................... 
Dubious, test returned 128 (wstat 32768, 0x8000)
Failed 1/1 subtests 
error: gpg failed to sign the data
fatal: failed to write commit object
# Looks like your test exited with 128 before it could output anything.
[14:57:31] t/gatherdir.t ................... 
Dubious, test returned 128 (wstat 32768, 0x8000)
Failed 5/5 subtests 
error: gpg failed to sign the data
fatal: failed to write commit object
# Looks like your test exited with 128 before it could output anything.
[14:57:31] t/gatherdir-multi.t ............. 
Dubious, test returned 128 (wstat 32768, 0x8000)
Failed 8/8 subtests 
error: gpg failed to sign the data
fatal: failed to write commit object
# Looks like your test exited with 128 before it could output anything.
[14:57:31] t/version-regexp.t .............. 
Dubious, test returned 128 (wstat 32768, 0x8000)
Failed 6/6 subtests 
error: gpg failed to sign the data
fatal: failed to write commit object
# Looks like your test exited with 128 before it could output anything.
[14:57:31] t/repo-dir.t .................... 
Dubious, test returned 128 (wstat 32768, 0x8000)
Failed 1/1 subtests 
error: gpg failed to sign the data
fatal: failed to write commit object
# Looks like your test exited with 128 before it could output anything.
[14:57:32] t/tag.t ......................... 
Dubious, test returned 128 (wstat 32768, 0x8000)
Failed 8/8 subtests 
[14:57:32] t/version-extraction.t .......... ok      659 ms ( 0.01 usr  0.01 sys +  5.59 cusr  0.48 csys =  6.09 CPU)
error: gpg failed to sign the data
fatal: failed to write commit object
# Looks like your test exited with 128 just after 2.
[14:57:32] t/version-by-branch.t ........... 
Dubious, test returned 128 (wstat 32768, 0x8000)
Failed 29/31 subtests 
[14:57:32] t/tag-signed.t .................. ok      556 ms ( 0.01 usr  0.01 sys +  7.96 cusr  0.70 csys =  8.68 CPU)
error: gpg failed to sign the data
fatal: failed to write commit object
# Looks like your test exited with 128 just after 1.
[14:57:32] t/version-default.t ............. 
Dubious, test returned 128 (wstat 32768, 0x8000)
Failed 8/9 subtests 
[14:57:32] t/zzz-check-breaks.t ............ ok      645 ms ( 0.01 usr  0.00 sys +  7.48 cusr  0.64 csys =  8.13 CPU)
[14:57:32]

Test Summary Report
-------------------
t/check.t                     (Wstat: 32768 Tests: 0 Failed: 0)
  Non-zero exit status: 128
  Parse errors: Bad plan.  You planned 50 tests but ran 0.
t/commit-build-custom.t       (Wstat: 32768 Tests: 0 Failed: 0)
  Non-zero exit status: 128
  Parse errors: Bad plan.  You planned 5 tests but ran 0.
t/commit-build.t              (Wstat: 32768 Tests: 0 Failed: 0)
  Non-zero exit status: 128
  Parse errors: Bad plan.  You planned 6 tests but ran 0.
t/commit-build-src-as-parent.t (Wstat: 32768 Tests: 0 Failed: 0)
  Non-zero exit status: 128
  Parse errors: Bad plan.  You planned 8 tests but ran 0.
t/commit-dirtydir.t           (Wstat: 32768 Tests: 0 Failed: 0)
  Non-zero exit status: 128
  Parse errors: Bad plan.  You planned 3 tests but ran 0.
t/commit-utf8.t               (Wstat: 32768 Tests: 0 Failed: 0)
  Non-zero exit status: 128
  Parse errors: Bad plan.  You planned 1 tests but ran 0.
t/push-multi.t                (Wstat: 32768 Tests: 0 Failed: 0)
  Non-zero exit status: 128
  Parse errors: Bad plan.  You planned 7 tests but ran 0.
t/push.t                      (Wstat: 32768 Tests: 0 Failed: 0)
  Non-zero exit status: 128
  Parse errors: Bad plan.  You planned 7 tests but ran 0.
t/commit-ws.t                 (Wstat: 32768 Tests: 0 Failed: 0)
  Non-zero exit status: 128
  Parse errors: Bad plan.  You planned 1 tests but ran 0.
t/push-gitconfig.t            (Wstat: 32768 Tests: 0 Failed: 0)
  Non-zero exit status: 128
  Parse errors: Bad plan.  You planned 7 tests but ran 0.
t/commit.t                    (Wstat: 32768 Tests: 0 Failed: 0)
  Non-zero exit status: 128
  Parse errors: Bad plan.  You planned 1 tests but ran 0.
t/gatherdir.t                 (Wstat: 32768 Tests: 0 Failed: 0)
  Non-zero exit status: 128
  Parse errors: Bad plan.  You planned 5 tests but ran 0.
t/gatherdir-multi.t           (Wstat: 32768 Tests: 0 Failed: 0)
  Non-zero exit status: 128
  Parse errors: Bad plan.  You planned 8 tests but ran 0.
t/version-regexp.t            (Wstat: 32768 Tests: 0 Failed: 0)
  Non-zero exit status: 128
  Parse errors: Bad plan.  You planned 6 tests but ran 0.
t/repo-dir.t                  (Wstat: 32768 Tests: 0 Failed: 0)
  Non-zero exit status: 128
  Parse errors: Bad plan.  You planned 1 tests but ran 0.
t/tag.t                       (Wstat: 32768 Tests: 0 Failed: 0)
  Non-zero exit status: 128
  Parse errors: Bad plan.  You planned 8 tests but ran 0.
t/version-by-branch.t         (Wstat: 32768 Tests: 2 Failed: 0)
  Non-zero exit status: 128
  Parse errors: Bad plan.  You planned 31 tests but ran 2.
t/version-default.t           (Wstat: 32768 Tests: 1 Failed: 0)
  Non-zero exit status: 128
  Parse errors: Bad plan.  You planned 9 tests but ran 1.
Files=24, Tests=46,  3 wallclock secs ( 0.07 usr  0.03 sys + 21.77 cusr  1.88 csys = 23.75 CPU)
Result: FAIL

------------------------------
PREREQUISITES
------------------------------

Prerequisite modules loaded:

    No requirements found

------------------------------
ENVIRONMENT AND OTHER CONTEXT
------------------------------

Environment variables:

    HARNESS_OPTIONS = j8
    HARNESS_TIMER = 1
    LANG = en_GB.UTF-8
    PATH = /home/ioanrogers/.plenv/versions/5.26.2/bin:/home/ioanrogers/.plenv/libexec:/home/ioanrogers/.plenv/plugins/perl-build/bin:/home/ioanrogers/.local/share/go/bin:/opt/rakudo-pkg/bin:/home/ioanrogers/.perl6/bin:/home/ioanrogers/.plenv/shims:~/.plenv/bin::/home/ioanrogers/bin:/home/ioanrogers/.local/bin:/usr/local/bin:/usr/bin:/bin:/usr/local/sbin:/sbin:/usr/sbin:/usr/games
    PERL_CPANM_OPT = --prompt --no-man-pages --verify --mirror https://cpan.metacpan.org
    SHELL = /bin/bash
    TERM = xterm-256color

Perl special variables (and OS-specific diagnostics, for MSWin32):

    EGID = 1854000021 10 135 190 972 981 1854000000 1854000021 1854000040 1854100503 1854100505
    EUID = 1854000021
    EXECUTABLE_NAME = /home/ioanrogers/.plenv/versions/5.26.2/bin/perl5.26.2
    GID = 1854000021 10 135 190 972 981 1854000000 1854000021 1854000040 1854100503 1854100505
    UID = 1854000021

Perl module toolchain versions installed:

    Module              Have      
    ------------------- ----------
    CPAN                2.18      
    CPAN::Meta          2.150010  
    Cwd                 3.67      
    ExtUtils::CBuilder  0.280225  
    ExtUtils::Command   7.24      
    ExtUtils::Install   2.04      
    ExtUtils::MakeMaker 7.24      
    ExtUtils::Manifest  1.70      
    ExtUtils::ParseXS   3.34      
    File::Spec          3.67      
    JSON                2.97001   
    JSON::PP            2.27400_02
    Module::Build       0.4224    
    Module::Signature   0.81      
    Parse::CPAN::Meta   2.150010  
    Test::Harness       3.38      
    Test::More          1.302122  
    YAML                n/a       
    YAML::Syck          n/a       
    version             0.9917    


--

Summary of my perl5 (revision 5 version 26 subversion 2) configuration:
   
  Platform:
    osname=linux
    osvers=4.15.14-300.fc27.x86_64
    archname=x86_64-linux
    uname='linux ioan-desktop.eng.sophos 4.15.14-300.fc27.x86_64 #1 smp thu mar 29 16:13:44 utc 2018 x86_64 x86_64 x86_64 gnulinux '
    config_args='-Dprefix=/home/ioanrogers/.plenv/versions/5.26.2 -de -Dusedevel -Dcc=clang -Doptimize=-O3 -Dccflags-march=native -flto -fstack-protector-strong -Wformat -Werror=format-security -Wl,-z,relro -pie -fPIE -Dcppflags=-Wdate-time -D_FORTIFY_SOURCE=2 -Dldflags=-Wl,-z,relro -Dman1dir=none -Dman3dir=none -A'eval:scriptdir=/home/ioanrogers/.plenv/versions/5.26.2/bin''
    hint=recommended
    useposix=true
    d_sigaction=define
    useithreads=undef
    usemultiplicity=undef
    use64bitint=define
    use64bitall=define
    uselongdouble=undef
    usemymalloc=n
    default_inc_excludes_dot=define
    bincompat5005=undef
  Compiler:
    cc='clang'
    ccflags ='-fno-strict-aliasing -pipe -fstack-protector-strong -I/usr/local/include -D_LARGEFILE_SOURCE -D_FILE_OFFSET_BITS=64 -D_FORTIFY_SOURCE=2'
    optimize='-O3'
    cppflags='-Wdate-time -D_FORTIFY_SOURCE=2 -fno-strict-aliasing -pipe -fstack-protector-strong -I/usr/local/include'
    ccversion=''
    gccversion='4.2.1 Compatible Clang 5.0.1 (tags/RELEASE_501/final)'
    gccosandvers=''
    intsize=4
    longsize=8
    ptrsize=8
    doublesize=8
    byteorder=12345678
    doublekind=3
    d_longlong=define
    longlongsize=8
    d_longdbl=define
    longdblsize=16
    longdblkind=3
    ivtype='long'
    ivsize=8
    nvtype='double'
    nvsize=8
    Off_t='off_t'
    lseeksize=8
    alignbytes=8
    prototype=define
  Linker and Libraries:
    ld='clang'
    ldflags ='-Wl,-z,relro -fstack-protector-strong -L/usr/local/lib'
    libpth=/usr/local/lib /usr/lib64/clang/5.0.1/lib /usr/lib /lib/../lib64 /usr/lib/../lib64 /lib /lib64 /usr/lib64 /usr/local/lib64
    libs=-lpthread -lnsl -lgdbm -ldb -ldl -lm -lcrypt -lutil -lc -lgdbm_compat
    perllibs=-lpthread -lnsl -ldl -lm -lcrypt -lutil -lc
    libc=libc-2.26.so
    so=so
    useshrplib=false
    libperl=libperl.a
    gnulibc_version='2.26'
  Dynamic Linking:
    dlsrc=dl_dlopen.xs
    dlext=so
    d_dlsymun=undef
    ccdlflags='-Wl,-E'
    cccdlflags='-fPIC'
    lddlflags='-shared -O3 -L/usr/local/lib -fstack-protector-strong'


Characteristics of this binary (from libperl): 
  Compile-time options:
    HAS_TIMES
    PERLIO_LAYERS
    PERL_COPY_ON_WRITE
    PERL_DONT_CREATE_GVSV
    PERL_MALLOC_WRAP
    PERL_OP_PARENT
    PERL_PRESERVE_IVUV
    PERL_USE_DEVEL
    USE_64_BIT_ALL
    USE_64_BIT_INT
    USE_LARGE_FILES
    USE_LOCALE
    USE_LOCALE_COLLATE
    USE_LOCALE_CTYPE
    USE_LOCALE_NUMERIC
    USE_LOCALE_TIME
    USE_PERLIO
    USE_PERL_ATOF
  Locally applied patches:
    Devel::PatchPerl 1.48
  Built under linux
  Compiled at Apr 16 2018 12:22:02
  %ENV:
    PERL_CPANM_OPT="--prompt --no-man-pages --verify --mirror https://cpan.metacpan.org"
  @INC:
    /home/ioanrogers/.plenv/versions/5.26.2/lib/perl5/site_perl/5.26.2/x86_64-linux
    /home/ioanrogers/.plenv/versions/5.26.2/lib/perl5/site_perl/5.26.2
    /home/ioanrogers/.plenv/versions/5.26.2/lib/perl5/5.26.2/x86_64-linux
    /home/ioanrogers/.plenv/versions/5.26.2/lib/perl5/5.26.2