Moose v2.2207 Perl 5 v5.26.3 x86_64-linux-thread-multi

Status
Fail
From
LNATION
Dist
Moose v2.2207
Platform
Perl 5 v5.26.3 x86_64-linux-thread-multi
Date
2025-05-16 14:17:11
ID
753ae360-3260-11f0-b36c-e2238413a27e
This distribution has been tested as part of the CPAN Testers
project, supporting the Perl programming language.  See
http://wiki.cpantesters.org/ for more information or email
questions to cpan-testers-discuss@perl.org


--
Dear Karen Etheridge,

This is a computer-generated report for Moose-2.2207
on perl 5.26.3, created by CPAN-Reporter-1.2020.

Thank you for uploading your work to CPAN.  However, there was a problem
testing your distribution.

If you think this report is invalid, please consult the CPAN Testers Wiki
for suggestions on how to avoid getting FAIL reports for missing library
or binary dependencies, unsupported operating systems, and so on:

http://wiki.cpantesters.org/wiki/CPANAuthorNotes

Sections of this report:

    * Tester comments
    * Program output
    * Prerequisites
    * Environment and other context

------------------------------
TESTER COMMENTS
------------------------------

Additional comments from tester:

this report is from an automated smoke testing program
and was not reviewed by a human for accuracy

------------------------------
PROGRAM OUTPUT
------------------------------

Output from '/usr/bin/make test':

"/usr/bin/perl" -MExtUtils::Command::MM -e 'cp_nonempty' -- Moose.bs blib/arch/auto/Moose/Moose.bs 644
PERL_DL_NONLAZY=1 "/usr/bin/perl" "-MExtUtils::Command::MM" "-MTest::Harness" "-e" "undef *Test::Harness::Switches; test_harness(0, 'blib/lib', 'blib/arch')" t/*.t t/attributes/*.t t/basics/*.t t/bugs/*.t t/cmop/*.t t/compat/*.t t/examples/*.t t/exceptions/*.t t/immutable/*.t t/metaclasses/*.t t/moose_util/*.t t/native_traits/*.t t/recipes/*.t t/roles/*.t t/test_moose/*.t t/todo_tests/*.t t/type_constraints/*.t
# 
# Versions for all modules listed in MYMETA.json (including optional ones):
# 
# === Configure Requires ===
# 
#     Module                   Want     Have
#     -------------------- -------- --------
#     Dist::CheckConflicts     0.02     0.11
#     ExtUtils::MakeMaker       any     7.74
#     perl                 5.008003 5.026003
# 
# === Configure Suggests ===
# 
#     Module      Want    Have
#     -------- ------- -------
#     JSON::PP 2.27300 2.97001
# 
# === Build Requires ===
# 
#     Module              Want Have
#     ------------------- ---- ----
#     ExtUtils::MakeMaker  any 7.74
# 
# === Test Requires ===
# 
#     Module                       Want     Have
#     ------------------------ -------- --------
#     CPAN::Meta::Check           0.011    0.018
#     CPAN::Meta::Requirements      any    2.143
#     File::Spec                    any     3.74
#     Module::Metadata              any 1.000033
#     Test::Fatal                 0.001    0.017
#     Test::More                   0.96 1.302211
#     Test::Needs              0.002010 0.002010
# 
# === Test Recommends ===
# 
#     Module         Want     Have
#     ---------- -------- --------
#     CPAN::Meta 2.120900 2.150010
# 
# === Runtime Requires ===
# 
#     Module                          Want     Have
#     --------------------------- -------- --------
#     Carp                            1.22     1.42
#     Class::Load                     0.09     0.25
#     Class::Load::XS                 0.01     0.10
#     Data::OptList                  0.107    0.114
#     Devel::GlobalDestruction         any     0.14
#     Devel::OverloadInfo            0.005    0.007
#     Devel::StackTrace               2.03     2.05
#     Dist::CheckConflicts            0.02     0.11
#     Eval::Closure                   0.04     0.14
#     List::Util                      1.56     1.69
#     MRO::Compat                     0.05     0.15
#     Module::Runtime                0.014    0.018
#     Module::Runtime::Conflicts     0.002    0.003
#     Package::DeprecationManager     0.11     0.18
#     Package::Stash                  0.32     0.40
#     Package::Stash::XS              0.24     0.30
#     Params::Util                    1.00     1.07
#     Scalar::Util                    1.19     1.69
#     Sub::Exporter                  0.980    0.991
#     Sub::Util                       1.40     1.69
#     Try::Tiny                       0.17     0.32
#     parent                         0.223    0.237
#     perl                        5.008003 5.026003
#     strict                          1.03     1.11
#     warnings                        1.03     1.37
# 
# === Runtime Recommends ===
# 
#     Module         Want  Have
#     ------------- ----- -----
#     Data::OptList 0.110 0.114
# 
# === Runtime Suggests ===
# 
#     Module             Want    Have
#     ------------------ ---- -------
#     Devel::PartialDump 0.14 missing
# 
# === Other Modules ===
# 
#     Module                             Have
#     ---------------------------- ----------
#     Algorithm::C3                      0.11
#     DBM::Deep                       missing
#     DateTime                        missing
#     DateTime::Calendar::Mayan       missing
#     DateTime::Format::MySQL         missing
#     Declare::Constraints::Simple    missing
#     Dist::CheckConflicts               0.11
#     DynaLoader                         1.42
#     HTTP::Headers                      7.00
#     IO::File                           1.16
#     Locale::US                      missing
#     Module::Refresh                 missing
#     MooseX::NonMoose                missing
#     Params::Coerce                  missing
#     Regexp::Common               2024080801
#     SUPER                        1.20190531
#     Test::Deep                        1.205
#     Test::DependentModules          missing
#     Test::LeakTrace                    0.17
#     Test::Output                      1.036
#     URI                                5.32
#     YAML                               1.31
#     autodie                            2.29
# 
t/00-report-prereqs.t ............................................ ok
t/000_load.t ..................................................... ok
t/attributes/accessor_context.t .................................. ok
t/attributes/accessor_inlining.t ................................. ok
t/attributes/accessor_override_method.t .......................... ok
t/attributes/accessor_overwrite_warning.t ........................ ok
t/attributes/attr_dereference_test.t ............................. ok
t/attributes/attribute_accessor_generation.t ..................... ok
t/attributes/attribute_custom_metaclass.t ........................ ok
t/attributes/attribute_delegation.t .............................. ok
t/attributes/attribute_does.t .................................... ok
t/attributes/attribute_inherited_slot_specs.t .................... ok
t/attributes/attribute_lazy_initializer.t ........................ ok
t/attributes/attribute_names.t ................................... ok
t/attributes/attribute_reader_generation.t ....................... ok
t/attributes/attribute_required.t ................................ ok
t/attributes/attribute_traits.t .................................. ok
t/attributes/attribute_traits_n_meta.t ........................... ok
t/attributes/attribute_traits_parameterized.t .................... ok
t/attributes/attribute_traits_registered.t ....................... ok
t/attributes/attribute_triggers.t ................................ ok
t/attributes/attribute_type_unions.t ............................. ok
t/attributes/attribute_without_any_methods.t ..................... ok
t/attributes/attribute_writer_generation.t ....................... ok
t/attributes/bad_coerce.t ........................................ ok
t/attributes/chained_coercion.t .................................. ok
t/attributes/clone_weak.t ........................................ ok
t/attributes/default_class_role_types.t .......................... ok
t/attributes/default_undef.t ..................................... ok
t/attributes/delegation_and_modifiers.t .......................... ok
t/attributes/delegation_arg_aliasing.t ........................... ok
t/attributes/delegation_target_not_loaded.t ...................... ok
t/attributes/illegal_options_for_inheritance.t ................... ok
t/attributes/inherit_lazy_build.t ................................ ok
t/attributes/lazy_no_default.t ................................... ok
t/attributes/method_generation_rules.t ........................... ok
t/attributes/misc_attribute_coerce_lazy.t ........................ ok
t/attributes/misc_attribute_tests.t .............................. ok
t/attributes/more_attr_delegation.t .............................. ok
t/attributes/no_init_arg.t ....................................... ok
t/attributes/no_slot_access.t .................................... ok
t/attributes/non_alpha_attr_names.t .............................. ok
t/attributes/numeric_defaults.t .................................. ok
t/attributes/trigger_and_coerce.t ................................ ok
t/attributes/type_constraint.t ................................... ok
t/basics/always_strict_warnings.t ................................ ok
t/basics/basic_class_setup.t ..................................... ok
t/basics/buildargs.t ............................................. ok
t/basics/buildargs_warning.t ..................................... ok
t/basics/create.t ................................................ ok
t/basics/create_anon.t ........................................... ok
t/basics/definition_context.t .................................... ok
t/basics/deprecations.t .......................................... ok
t/basics/destruction.t ........................................... ok
t/basics/error_handling.t ........................................ ok
t/basics/global_destruction.t .................................... ok
t/basics/import_unimport.t ....................................... ok
t/basics/inner_and_augment.t ..................................... ok
t/basics/load_into_main.t ........................................ ok
t/basics/method_modifier_with_regexp.t ........................... ok
t/basics/methods.t ............................................... ok
t/basics/moose_object_does.t ..................................... ok
t/basics/moose_respects_type_constraints.t ....................... ok
t/basics/override_and_foreign_classes.t .......................... ok
t/basics/override_augment_inner_super.t .......................... ok
t/basics/rebless.t ............................................... ok
t/basics/require_superclasses.t .................................. ok
t/basics/super_and_override.t .................................... ok
t/basics/super_warns_on_args.t ................................... ok
t/basics/universal_methods_wrappable.t ........................... ok
t/basics/wrapped_method_cxt_propagation.t ........................ ok
t/bugs/anon_method_metaclass.t ................................... ok
t/bugs/application_metarole_compat.t ............................. ok
t/bugs/apply_role_to_one_instance_only.t ......................... ok
t/bugs/attribute_trait_parameters.t .............................. ok
t/bugs/augment_recursion_bug.t ................................... ok
t/bugs/coerce_without_coercion.t ................................. ok
t/bugs/constructor_object_overload.t ............................. ok
t/bugs/create_anon_mkopt.t ....................................... ok
t/bugs/create_anon_recursion.t ................................... ok
t/bugs/create_anon_role_pass.t ................................... ok
t/bugs/delete_sub_stash.t ........................................ ok
t/bugs/DEMOLISH_eats_exceptions.t ................................ ok
t/bugs/DEMOLISH_eats_mini.t ...................................... ok
t/bugs/DEMOLISH_fails_without_metaclass.t ........................ ok
t/bugs/DEMOLISHALL.t ............................................. ok
t/bugs/DEMOLISHALL_shortcutted.t ................................. ok
t/bugs/find_custom_trait_rt_92089.t .............................. ok
t/bugs/handles_foreign_class_bug.t ............................... ok
t/bugs/immutable_metaclass_does_role.t ........................... ok
t/bugs/immutable_n_default_x2.t .................................. ok
t/bugs/inheriting_from_roles.t ................................... ok
t/bugs/inline_reader_bug.t ....................................... ok
t/bugs/instance_application_role_args.t .......................... ok
t/bugs/lazybuild_required_undef.t ................................ ok
t/bugs/mark_as_methods_overloading_breakage.t .................... skipped: MooseX::MarkAsMethod is not needed in Moose 2.1400+ and namespace::autoclean 0.16+
t/bugs/moo_delegation.t .......................................... ok
t/bugs/moose_exporter_false_circular_reference_rt_63818.t ........ ok
t/bugs/Moose_Object_error.t ...................................... ok
t/bugs/moose_octal_defaults.t .................................... ok
t/bugs/native_trait_handles_bad_value.t .......................... ok
t/bugs/overloading_edge_cases.t .................................. ok
t/bugs/reader_precedence_bug.t ................................... ok
t/bugs/role_caller.t ............................................. ok
t/bugs/subclass_use_base_bug.t ................................... ok
t/bugs/subtype_conflict_bug.t .................................... ok
t/bugs/subtype_quote_bug.t ....................................... ok
t/bugs/super_recursion.t ......................................... ok
t/bugs/traits_with_exporter.t .................................... ok
t/bugs/type_constraint_messages.t ................................ ok
t/cmop/add_attribute_alternate.t ................................. ok
t/cmop/add_method_debugmode.t .................................... ok
t/cmop/add_method_modifier.t ..................................... ok
t/cmop/advanced_methods.t ........................................ ok
t/cmop/anon_class.t .............................................. ok
t/cmop/anon_class_create_init.t .................................. ok
t/cmop/anon_class_keep_alive.t ................................... ok
t/cmop/anon_class_leak.t ......................................... ok
t/cmop/anon_class_removal.t ...................................... ok
t/cmop/anon_packages.t ........................................... ok
t/cmop/ArrayBasedStorage_test.t .................................. ok
t/cmop/attribute.t ............................................... ok
t/cmop/attribute_duplication.t ................................... ok
t/cmop/attribute_errors_and_edge_cases.t ......................... ok
t/cmop/attribute_get_read_write.t ................................ ok
t/cmop/attribute_initializer.t ................................... ok
t/cmop/attribute_introspection.t ................................. ok
t/cmop/attribute_non_alpha_name.t ................................ ok
t/cmop/attributes.t .............................................. ok
t/cmop/AttributesWithHistory_test.t .............................. ok
t/cmop/basic.t ................................................... ok
t/cmop/before_after_dollar_under.t ............................... ok
t/cmop/BinaryTree_test.t ......................................... ok
t/cmop/C3MethodDispatchOrder_test.t .............................. ok
t/cmop/Class_C3_compatibility.t .................................. ok
t/cmop/class_errors_and_edge_cases.t ............................. ok
t/cmop/class_is_pristine.t ....................................... ok
t/cmop/class_precedence_list.t ................................... ok
t/cmop/ClassEncapsulatedAttributes_test.t ........................ ok
t/cmop/constant_codeinfo.t ....................................... ok
t/cmop/create_class.t ............................................ ok
t/cmop/custom_instance.t ......................................... ok
t/cmop/deprecated.t .............................................. ok
t/cmop/get_code_info.t ........................................... ok
t/cmop/immutable_custom_trait.t .................................. ok
t/cmop/immutable_metaclass.t ..................................... ok
t/cmop/immutable_w_constructors.t ................................ ok
t/cmop/immutable_w_custom_metaclass.t ............................ ok
t/cmop/inline_and_dollar_at.t .................................... ok
t/cmop/inline_structor.t ......................................... ok
t/cmop/insertion_order.t ......................................... ok
t/cmop/InsideOutClass_test.t ..................................... ok
t/cmop/instance.t ................................................ ok
t/cmop/instance_inline.t ......................................... ok
t/cmop/instance_metaclass_incompat.t ............................. ok
t/cmop/instance_metaclass_incompat_dyn.t ......................... ok
t/cmop/InstanceCountingClass_test.t .............................. ok
t/cmop/LazyClass_test.t .......................................... ok
t/cmop/load.t .................................................... ok
t/cmop/magic.t ................................................... ok
t/cmop/make_mutable.t ............................................ ok
t/cmop/meta_method.t ............................................. ok
t/cmop/meta_package.t ............................................ ok
t/cmop/meta_package_extension.t .................................. ok
t/cmop/metaclass.t ............................................... ok
t/cmop/metaclass_incompatibility.t ............................... ok
t/cmop/metaclass_incompatibility_dyn.t ........................... ok
t/cmop/metaclass_inheritance.t ................................... ok
t/cmop/metaclass_loads_classes.t ................................. ok
t/cmop/metaclass_reinitialize.t .................................. ok
t/cmop/method.t .................................................. ok
t/cmop/method_modifiers.t ........................................ ok
t/cmop/methods.t ................................................. ok
t/cmop/modify_parent_method.t .................................... ok
t/cmop/new_and_clone_metaclasses.t ............................... ok
t/cmop/null_stash.t .............................................. ok
t/cmop/numeric_defaults.t ........................................ ok
t/cmop/package_variables.t ....................................... ok
t/cmop/Perl6Attribute_test.t ..................................... ok
t/cmop/random_eval_bug.t ......................................... ok
t/cmop/rebless_instance.t ........................................ ok
t/cmop/rebless_instance_away.t ................................... ok
t/cmop/rebless_overload.t ........................................ ok
t/cmop/rebless_with_extra_params.t ............................... ok
t/cmop/RT_27329_fix.t ............................................ ok
t/cmop/RT_39001_fix.t ............................................ ok
t/cmop/RT_41255.t ................................................ ok
Can't locate Sub/Identify.pm in @INC (you may need to install the Sub::Identify module) (@INC contains: /home/rocky/.cpan/build/Moose-2.2207-0/blib/lib /home/rocky/.cpan/build/Moose-2.2207-0/blib/arch /home/rocky/perl5/lib/perl5/5.26.3/x86_64-linux-thread-multi /home/rocky/perl5/lib/perl5/5.26.3/x86_64-linux-thread-multi /home/rocky/perl5/lib/perl5/5.26.3 /home/rocky/perl5/lib/perl5/x86_64-linux-thread-multi /home/rocky/perl5/lib/perl5/5.26.3/x86_64-linux-thread-multi /home/rocky/perl5/lib/perl5/5.26.3 /home/rocky/perl5/lib/perl5/x86_64-linux-thread-multi /home/rocky/perl5/lib/perl5 /home/rocky/perl5/lib/perl5/5.26.3/x86_64-linux-thread-multi /home/rocky/perl5/lib/perl5/5.26.3 /home/rocky/perl5/lib/perl5/x86_64-linux-thread-multi /home/rocky/perl5/lib/perl5 /usr/local/lib64/perl5 /usr/local/share/perl5 /usr/lib64/perl5/vendor_perl /usr/share/perl5/vendor_perl /usr/lib64/perl5 /usr/share/perl5 .) at /home/rocky/perl5/lib/perl5/SUPER.pm line 43.
BEGIN failed--compilation aborted at /home/rocky/perl5/lib/perl5/SUPER.pm line 43.
Compilation failed in require at /home/rocky/perl5/lib/perl5/Test/Needs.pm line 35.
BEGIN failed--compilation aborted at t/cmop/scala_style_mixin_composition.t line 6.
t/cmop/scala_style_mixin_composition.t ........................... 
Dubious, test returned 2 (wstat 512, 0x200)
No subtests run 
t/cmop/self_introspection.t ...................................... ok
t/cmop/subclasses.t .............................................. ok
t/cmop/subname.t ................................................. ok
t/cmop/universal_methods.t ....................................... ok
t/compat/composite_metaroles.t ................................... ok
t/compat/extends_nonmoose_that_isa_moose_with_metarole.t ......... ok
t/compat/foreign_inheritence.t ................................... ok
t/compat/inc_hash.t .............................................. ok
t/compat/module_refresh_compat.t ................................. skipped: Need Module::Refresh
t/compat/moose_respects_base.t ................................... ok
t/examples/Child_Parent_attr_inherit.t ........................... ok
t/examples/example1.t ............................................ ok
t/examples/example2.t ............................................ ok
t/examples/example_Moose_POOP.t .................................. skipped: Need DBM::Deep 1.0003, DateTime::Format::MySQL
t/examples/example_Protomoose.t .................................. ok
t/examples/example_w_DCS.t ....................................... skipped: Need Declare::Constraints::Simple
t/examples/example_w_TestDeep.t .................................. ok
t/examples/record_set_iterator.t ................................. ok
t/exceptions/attribute.t ......................................... ok
t/exceptions/class-mop-attribute.t ............................... ok
t/exceptions/class-mop-class-immutable-trait.t ................... ok
t/exceptions/class-mop-class.t ................................... ok
t/exceptions/class-mop-method-accessor.t ......................... ok
t/exceptions/class-mop-method-constructor.t ...................... ok
t/exceptions/class-mop-method-generated.t ........................ ok
t/exceptions/class-mop-method-meta.t ............................. ok
t/exceptions/class-mop-method-wrapped.t .......................... ok
t/exceptions/class-mop-method.t .................................. ok
t/exceptions/class-mop-mixin-hasattributes.t ..................... ok
t/exceptions/class-mop-mixin-hasmethods.t ........................ ok
t/exceptions/class-mop-module.t .................................. ok
t/exceptions/class-mop-object.t .................................. ok
t/exceptions/class-mop-package.t ................................. ok
t/exceptions/class.t ............................................. ok
t/exceptions/cmop.t .............................................. ok
t/exceptions/exception-lazyattributeneedsadefault.t .............. ok
t/exceptions/frame-leak.t ........................................ ok
t/exceptions/meta-role.t ......................................... ok
t/exceptions/metaclass.t ......................................... ok
t/exceptions/moose-exporter.t .................................... ok
t/exceptions/moose-meta-attribute-native-traits.t ................ ok
t/exceptions/moose-meta-class-immutable-trait.t .................. ok
t/exceptions/moose-meta-method-accessor-native-array.t ........... ok
t/exceptions/moose-meta-method-accessor-native-collection.t ...... ok
t/exceptions/moose-meta-method-accessor-native-grep.t ............ ok
t/exceptions/moose-meta-method-accessor-native-hash-set.t ........ ok
t/exceptions/moose-meta-method-accessor-native-hash.t ............ ok
t/exceptions/moose-meta-method-accessor-native-string-match.t .... ok
t/exceptions/moose-meta-method-accessor-native-string-replace.t .. ok
t/exceptions/moose-meta-method-accessor-native-string-substr.t ... ok
t/exceptions/moose-meta-method-accessor-native.t ................. ok
t/exceptions/moose-meta-method-accessor.t ........................ ok
t/exceptions/moose-meta-method-augmented.t ....................... ok
t/exceptions/moose-meta-method-constructor.t ..................... ok
t/exceptions/moose-meta-method-delegation.t ...................... ok
t/exceptions/moose-meta-method-destructor.t ...................... ok
t/exceptions/moose-meta-method-overridden.t ...................... ok
t/exceptions/moose-meta-role-application-rolesummation.t ......... ok
t/exceptions/moose-meta-role-application-toclass.t ............... ok
t/exceptions/moose-meta-role-application-torole.t ................ ok
t/exceptions/moose-meta-role-application.t ....................... ok
t/exceptions/moose-meta-role-attribute.t ......................... ok
t/exceptions/moose-meta-role-composite.t ......................... ok
t/exceptions/moose-meta-typecoercion-union.t ..................... ok
t/exceptions/moose-meta-typecoercion.t ........................... ok
t/exceptions/moose-meta-typeconstraint-enum.t .................... ok
t/exceptions/moose-meta-typeconstraint-parameterizable.t ......... ok
t/exceptions/moose-meta-typeconstraint-parameterized.t ........... ok
t/exceptions/moose-meta-typeconstraint-registry.t ................ ok
t/exceptions/moose-meta-typeconstraint.t ......................... ok
t/exceptions/moose-role.t ........................................ ok
t/exceptions/moose-util-metarole.t ............................... ok
t/exceptions/moose-util-typeconstraints.t ........................ ok
t/exceptions/moose.t ............................................. ok
t/exceptions/object.t ............................................ ok
t/exceptions/overload.t .......................................... ok
t/exceptions/rt-92818.t .......................................... ok
t/exceptions/rt-94795.t .......................................... ok
t/exceptions/stringify.t ......................................... ok
t/exceptions/traits.t ............................................ ok
t/exceptions/typeconstraints.t ................................... ok
t/exceptions/util.t .............................................. ok
t/exceptions/with-debugging.t .................................... ok
t/exceptions/without-debugging.t ................................. ok
t/immutable/apply_roles_to_immutable.t ........................... ok
t/immutable/buildargs.t .......................................... ok
t/immutable/constructor_is_not_moose.t ........................... ok
t/immutable/constructor_is_wrapped.t ............................. ok
t/immutable/default_values.t ..................................... ok
t/immutable/definition_context.t ................................. ok
t/immutable/immutable_constructor_error.t ........................ ok
t/immutable/immutable_destroy.t .................................. ok
t/immutable/immutable_meta_class.t ............................... ok
t/immutable/immutable_metaclass_with_traits.t .................... ok
t/immutable/immutable_moose.t .................................... ok
t/immutable/immutable_roundtrip.t ................................ ok
t/immutable/immutable_trigger_from_constructor.t ................. ok
t/immutable/inline_close_over.t .................................. ok
t/immutable/inline_fallbacks.t ................................... ok
t/immutable/inlined_constructors_n_types.t ....................... ok
t/immutable/multiple_demolish_inline.t ........................... ok
t/metaclasses/create_anon_with_required_attr.t ................... ok
t/metaclasses/custom_attr_meta_as_role.t ......................... ok
t/metaclasses/custom_attr_meta_with_roles.t ...................... ok
t/metaclasses/easy_init_meta.t ................................... ok
t/metaclasses/export_with_prototype.t ............................ ok
t/metaclasses/exporter_also_with_trait.t ......................... ok
t/metaclasses/exporter_meta_lookup.t ............................. ok
t/metaclasses/exporter_sub_names.t ............................... ok
t/metaclasses/goto_moose_import.t ................................ ok
t/metaclasses/immutable_metaclass_compat_bug.t ................... ok
t/metaclasses/meta_name.t ........................................ ok
t/metaclasses/metaclass_compat.t ................................. ok
t/metaclasses/metaclass_compat_no_fixing_bug.t ................... ok
t/metaclasses/metaclass_compat_role_conflicts.t .................. ok
t/metaclasses/metaclass_parameterized_traits.t ................... ok
t/metaclasses/metaclass_traits.t ................................. ok
t/metaclasses/metarole.t ......................................... ok
t/metaclasses/metarole_combination.t ............................. ok
t/metaclasses/metarole_on_anon.t ................................. ok
t/metaclasses/metarole_w_metaclass_pm.t .......................... ok
t/metaclasses/metaroles_of_metaroles.t ........................... ok
t/metaclasses/moose_exporter.t ................................... ok
t/metaclasses/moose_exporter_trait_aliases.t ..................... ok
t/metaclasses/moose_for_meta.t ................................... ok
t/metaclasses/moose_nonmoose_metatrait_init_order.t .............. ok
t/metaclasses/moose_nonmoose_moose_chain_init_meta.t ............. ok
t/metaclasses/moose_w_metaclass.t ................................ ok
t/metaclasses/new_metaclass.t .................................... ok
t/metaclasses/new_object_BUILD.t ................................. ok
t/metaclasses/overloading.t ...................................... ok
t/metaclasses/reinitialize.t ..................................... ok
t/metaclasses/use_base_of_moose.t ................................ ok
t/moose_util/apply_roles.t ....................................... ok
t/moose_util/create_alias.t ...................................... ok
t/moose_util/ensure_all_roles.t .................................. ok
t/moose_util/method_mod_args.t ................................... ok
t/moose_util/moose_util.t ........................................ ok
t/moose_util/moose_util_does_role.t .............................. ok
t/moose_util/moose_util_search_class_by_role.t ................... ok
t/moose_util/resolve_alias.t ..................................... ok
t/moose_util/with_traits.t ....................................... ok
t/native_traits/array_coerce.t ................................... ok
t/native_traits/array_from_role.t ................................ ok
t/native_traits/array_subtypes.t ................................. ok
t/native_traits/array_trigger.t .................................. ok
t/native_traits/collection_with_roles.t .......................... ok
t/native_traits/custom_instance.t ................................ ok
t/native_traits/hash_coerce.t .................................... ok
t/native_traits/hash_subtypes.t .................................. ok
t/native_traits/hash_trigger.t ................................... ok
t/native_traits/remove_attribute.t ............................... ok
t/native_traits/shallow_clone.t .................................. ok
t/native_traits/trait_array.t .................................... ok
t/native_traits/trait_bool.t ..................................... ok
t/native_traits/trait_code.t ..................................... ok
t/native_traits/trait_counter.t .................................. ok
t/native_traits/trait_hash.t ..................................... ok
t/native_traits/trait_number.t ................................... ok
t/native_traits/trait_string.t ................................... ok
t/recipes/basics_bankaccount_methodmodifiersandsubclassing.t ..... ok
t/recipes/basics_binarytree_attributefeatures.t .................. ok
t/recipes/basics_company_subtypes.t .............................. ok
t/recipes/basics_datetime_extendingnonmooseparent.t .............. ok
t/recipes/basics_document_augmentandinner.t ...................... ok
t/recipes/basics_genome_overloadingsubtypesandcoercion.t ......... ok
t/recipes/basics_http_subtypesandcoercion.t ...................... ok
t/recipes/basics_point_attributesandsubclassing.t ................ ok
t/recipes/extending_debugging_baseclassrole.t .................... ok
t/recipes/extending_mooseish_moosesugar.t ........................ ok
t/recipes/legacy_debugging_baseclassreplacement.t ................ ok
t/recipes/legacy_labeled_attributemetaclass.t .................... ok
t/recipes/meta_globref_instancemetaclass.t ....................... ok
t/recipes/meta_labeled_attributetrait.t .......................... ok
t/recipes/meta_privateorpublic_methodmetaclass.t ................. ok
t/recipes/meta_table_metaclasstrait.t ............................ ok
t/recipes/roles_applicationtoinstance.t .......................... ok
t/recipes/roles_comparable_codereuse.t ........................... ok
t/recipes/roles_restartable_advancedcomposition.t ................ ok
t/roles/anonymous_roles.t ........................................ ok
t/roles/application_toclass.t .................................... ok
t/roles/apply_role.t ............................................. ok
t/roles/build.t .................................................. ok
t/roles/conflict_many_methods.t .................................. ok
t/roles/create_role.t ............................................ ok
t/roles/create_role_subclass.t ................................... ok
t/roles/empty_method_modifiers_meta_bug.t ........................ ok
t/roles/extending_role_attrs.t ................................... ok
t/roles/free_anonymous_roles.t ................................... ok
t/roles/imported_required_method.t ............................... ok
t/roles/meta_role.t .............................................. ok
t/roles/method_aliasing_in_composition.t ......................... ok
t/roles/method_exclusion_in_composition.t ........................ ok
t/roles/method_modifiers.t ....................................... ok
t/roles/methods.t ................................................ ok
t/roles/more_alias_and_exclude.t ................................. ok
t/roles/more_role_edge_cases.t ................................... ok
t/roles/new_meta_role.t .......................................... ok
t/roles/overloading_combine_to_class.t ........................... ok
t/roles/overloading_combine_to_instance.t ........................ ok
t/roles/overloading_combine_to_role.t ............................ ok
t/roles/overloading_composition_errors.t ......................... ok
t/roles/overloading_remove_attributes_bug.t ...................... ok
t/roles/overloading_to_class.t ................................... ok
t/roles/overloading_to_instance.t ................................ ok
t/roles/overloading_to_role.t .................................... ok
t/roles/overriding.t ............................................. ok
t/roles/reinitialize_anon_role.t ................................. ok
t/roles/role.t ................................................... ok
t/roles/role_attr_application.t .................................. ok
t/roles/role_attribute_conflict.t ................................ ok
t/roles/role_attrs.t ............................................. ok
t/roles/role_compose_requires.t .................................. ok
t/roles/role_composite.t ......................................... ok
t/roles/role_composite_exclusion.t ............................... ok
t/roles/role_composition_attributes.t ............................ ok
t/roles/role_composition_conflict_detection.t .................... ok
t/roles/role_composition_errors.t ................................ ok
t/roles/role_composition_method_mods.t ........................... ok
t/roles/role_composition_methods.t ............................... ok
t/roles/role_composition_override.t .............................. ok
t/roles/role_composition_req_methods.t ........................... ok
t/roles/role_conflict_detection.t ................................ ok
t/roles/role_conflict_edge_cases.t ............................... ok
t/roles/role_consumers.t ......................................... ok
t/roles/role_exclusion.t ......................................... ok
t/roles/role_exclusion_and_alias_bug.t ........................... ok
t/roles/role_for_combination.t ................................... ok
t/roles/roles_and_method_cloning.t ............................... ok
t/roles/roles_and_req_method_edge_cases.t ........................ ok
t/roles/roles_applied_in_create.t ................................ ok
t/roles/run_time_role_composition.t .............................. ok
t/roles/runtime_roles_and_attrs.t ................................ ok
t/roles/runtime_roles_and_nonmoose.t ............................. ok
t/roles/runtime_roles_w_params.t ................................. ok
t/roles/use_base_does.t .......................................... ok
t/test_moose/test_moose.t ........................................ ok
t/test_moose/test_moose_does_ok.t ................................ ok
t/test_moose/test_moose_has_attribute_ok.t ....................... ok
t/test_moose/test_moose_meta_ok.t ................................ ok
t/test_moose/with_immutable.t .................................... ok
t/todo_tests/exception_reflects_failed_constraint.t .............. ok
t/todo_tests/immutable_n_around.t ................................ ok
t/todo_tests/moose_and_threads.t ................................. ok
t/todo_tests/replacing_super_methods.t ........................... ok
t/todo_tests/required_role_accessors.t ........................... ok
t/todo_tests/role_insertion_order.t .............................. ok
t/todo_tests/various_role_features.t ............................. ok
t/todo_tests/wrong-inner.t ....................................... ok
t/type_constraints/advanced_type_creation.t ...................... ok
t/type_constraints/class_subtypes.t .............................. ok
t/type_constraints/class_type_constraint.t ....................... ok
t/type_constraints/coerced_parameterized_types.t ................. ok
t/type_constraints/container_type_coercion.t ..................... ok
t/type_constraints/container_type_constraint.t ................... ok
t/type_constraints/custom_parameterized_types.t .................. ok
t/type_constraints/custom_type_errors.t .......................... ok
t/type_constraints/define_type_twice_throws.t .................... ok
t/type_constraints/duck_type_handles.t ........................... ok
t/type_constraints/duck_types.t .................................. ok
t/type_constraints/enum.t ........................................ ok
t/type_constraints/inlining.t .................................... ok
t/type_constraints/match_type_operator.t ......................... ok
t/type_constraints/maybe_type_constraint.t ....................... ok
t/type_constraints/misc_type_tests.t ............................. ok
t/type_constraints/name_conflicts.t .............................. ok
t/type_constraints/normalize_type_name.t ......................... ok
t/type_constraints/parameterize_from.t ........................... ok
t/type_constraints/role_type_constraint.t ........................ ok
t/type_constraints/subtype_auto_vivify_parent.t .................. ok
t/type_constraints/subtyping_parameterized_types.t ............... ok
t/type_constraints/subtyping_union_types.t ....................... ok
t/type_constraints/throw_error.t ................................. ok
t/type_constraints/type_coersion_on_lazy_attributes.t ............ ok
t/type_constraints/type_names.t .................................. ok
t/type_constraints/type_notation_parser.t ........................ ok
t/type_constraints/types_and_undef.t ............................. ok
t/type_constraints/union_is_a_type_of.t .......................... ok
t/type_constraints/union_types.t ................................. ok
t/type_constraints/union_types_and_coercions.t ................... ok
t/type_constraints/util_find_type_constraint.t ................... ok
t/type_constraints/util_more_type_coercion.t ..................... ok
t/type_constraints/util_std_type_constraints.t ................... ok
t/type_constraints/util_type_coercion.t .......................... ok
t/type_constraints/util_type_constraints.t ....................... ok
t/type_constraints/util_type_constraints_export.t ................ ok
t/type_constraints/util_type_reloading.t ......................... ok
t/type_constraints/with-specio.t ................................. ok
t/type_constraints/with-type-tiny.t .............................. ok
Warning: MooseX::Getopt did not compile at /home/rocky/perl5/lib/perl5/Dist/CheckConflicts.pm line 184.
Warning: MooseX::Params::Validate did not compile at /home/rocky/perl5/lib/perl5/Dist/CheckConflicts.pm line 184.
Warning: Test::CleanNamespaces did not compile at /home/rocky/perl5/lib/perl5/Dist/CheckConflicts.pm line 184.
# Conflicts detected for Module::Runtime:
#   MooseX::Getopt is version unknown, but must be greater than version 0.56
#   MooseX::Params::Validate is version unknown, but must be greater than version 0.05
#   Test::CleanNamespaces is version unknown, but must be greater than version 0.03
Warning: MooseX::Getopt did not compile at /home/rocky/perl5/lib/perl5/Dist/CheckConflicts.pm line 184.
Warning: Test::CleanNamespaces did not compile at /home/rocky/perl5/lib/perl5/Dist/CheckConflicts.pm line 184.
Warning: MooseX::Params::Validate did not compile at /home/rocky/perl5/lib/perl5/Dist/CheckConflicts.pm line 184.
# Conflicts detected for Moose:
#   MooseX::Getopt is version unknown, but must be greater than version 0.56
#   MooseX::Params::Validate is version unknown, but must be greater than version 0.05
#   Test::CleanNamespaces is version unknown, but must be greater than version 0.03
t/zzz-check-breaks.t ............................................. ok

Test Summary Report
-------------------
t/cmop/scala_style_mixin_composition.t                         (Wstat: 512 (exited 2) Tests: 0 Failed: 0)
  Non-zero exit status: 2
  Parse errors: No plan found in TAP output
Files=478, Tests=17561, 189 wallclock secs ( 2.85 usr  0.86 sys + 166.13 cusr 14.76 csys = 184.60 CPU)
Result: FAIL
Failed 1/478 test programs. 0/17561 subtests failed.
make: *** [Makefile:2042: test_dynamic] Error 255

------------------------------
PREREQUISITES
------------------------------

Prerequisite modules loaded:

requires:

    Module                      Need     Have    
    --------------------------- -------- --------
    Carp                        1.22     1.42    
    Class::Load                 0.09     0.25    
    Class::Load::XS             0.01     0.10    
    Data::OptList               0.107    0.114   
    Devel::GlobalDestruction    0        0.14    
    Devel::OverloadInfo         0.005    0.007   
    Devel::StackTrace           2.03     2.05    
    Dist::CheckConflicts        0.02     0.11    
    Eval::Closure               0.04     0.14    
    List::Util                  1.56     1.69    
    Module::Runtime             0.014    0.018   
    Module::Runtime::Conflicts  0.002    0.003   
    MRO::Compat                 0.05     0.15    
    Package::DeprecationManager 0.11     0.18    
    Package::Stash              0.32     0.40    
    Package::Stash::XS          0.24     0.30    
    Params::Util                1.00     1.07    
    parent                      0.223    0.237   
    Scalar::Util                1.19     1.69    
    strict                      1.03     1.11    
    Sub::Exporter               0.980    0.991   
    Sub::Util                   1.40     1.69    
    Try::Tiny                   0.17     0.32    
    warnings                    1.03     1.37    

build_requires:

    Module                      Need     Have    
    --------------------------- -------- --------
    CPAN::Meta::Check           0.011    0.018   
    CPAN::Meta::Requirements    0        2.143   
    ExtUtils::MakeMaker         0        7.74    
    File::Spec                  0        3.74    
    Module::Metadata            0        1.000033
    Test::Fatal                 0.001    0.017   
    Test::More                  0.96     1.302211
    Test::Needs                 0.002010 0.002010

configure_requires:

    Module                      Need     Have    
    --------------------------- -------- --------
    Dist::CheckConflicts        0.02     0.11    
    ExtUtils::MakeMaker         0        7.74    
    perl                        5.008003 5.026003

opt_requires:

    Module                      Need     Have    
    --------------------------- -------- --------
    Data::OptList               0.110    0.114   

opt_build_requires:

    Module                      Need     Have    
    --------------------------- -------- --------
    CPAN::Meta                  2.120900 2.150010


------------------------------
ENVIRONMENT AND OTHER CONTEXT
------------------------------

Environment variables:

    AUTOMATED_TESTING = 1
    LANG = en_US.UTF-8
    PATH = /home/rocky/perl5/perlbrew/bin:/home/rocky/perl5/bin:/home/rocky/.local/bin:/home/rocky/bin:/usr/local/bin:/usr/bin:/usr/local/sbin:/usr/sbin
    PERL5LIB = /home/rocky/perl5/lib/perl5
    PERL5OPT = 
    PERL5_CPANPLUS_IS_RUNNING = 1061569
    PERL5_CPAN_IS_RUNNING = 1061569
    PERL5_CPAN_IS_RUNNING_IN_RECURSION = 541585,1061569
    PERLBREW_HOME = /home/rocky/.perlbrew
    PERLBREW_PATH = /home/rocky/perl5/perlbrew/bin
    PERLBREW_ROOT = /home/rocky/perl5/perlbrew
    PERLBREW_SHELLRC_VERSION = 1.01
    PERLBREW_VERSION = 1.01
    PERL_CR_SMOKER_CURRENT = MsOffice-Word-Surgeon-2.10
    PERL_EXTUTILS_AUTOINSTALL = --defaultdeps
    PERL_LOCAL_LIB_ROOT = /home/rocky/perl5
    PERL_MB_OPT = --install_base "/home/rocky/perl5"
    PERL_MM_OPT = INSTALL_BASE=/home/rocky/perl5
    PERL_MM_USE_DEFAULT = 1
    PERL_USE_UNSAFE_INC = 1
    SHELL = /bin/bash
    TERM = xterm-256color

Perl special variables (and OS-specific diagnostics, for MSWin32):

    $^X = /usr/bin/perl
    $UID/$EUID = 1000 / 1000
    $GID = 1000 4 190 1000
    $EGID = 1000 4 190 1000

Perl module toolchain versions installed:

    Module              Have    
    ------------------- --------
    CPAN                2.18    
    CPAN::Meta          2.150010
    Cwd                 3.74    
    ExtUtils::CBuilder  0.280230
    ExtUtils::Command   7.74    
    ExtUtils::Install   2.14    
    ExtUtils::MakeMaker 7.74    
    ExtUtils::Manifest  1.75    
    ExtUtils::ParseXS   3.57    
    File::Spec          3.74    
    JSON                4.10    
    JSON::PP            2.97001 
    Module::Build       0.4234  
    Module::Signature   n/a     
    Parse::CPAN::Meta   2.150010
    Test2               1.302211
    Test::Harness       3.52    
    Test::More          1.302211
    YAML                1.31    
    YAML::Syck          n/a     
    version             0.9924  


--

Summary of my perl5 (revision 5 version 26 subversion 3) configuration:
   
  Platform:
    osname=linux
    osvers=4.18.0-425.3.1.el8.x86_64
    archname=x86_64-linux-thread-multi
    uname='linux ord1-prod-x86build003.svc.aws.rockylinux.org 4.18.0-425.3.1.el8.x86_64 #1 smp wed nov 9 20:13:27 utc 2022 x86_64 x86_64 x86_64 gnulinux '
    config_args='-des -Doptimize=none -Dccflags=-O2 -g -pipe -Wall -Werror=format-security -Wp,-D_FORTIFY_SOURCE=2 -Wp,-D_GLIBCXX_ASSERTIONS -fexceptions -fstack-protector-strong -grecord-gcc-switches -specs=/usr/lib/rpm/redhat/redhat-hardened-cc1 -specs=/usr/lib/rpm/redhat/redhat-annobin-cc1 -m64 -mtune=generic -fasynchronous-unwind-tables -fstack-clash-protection -fcf-protection -Dldflags=-Wl,-z,relro  -Wl,-z,now -specs=/usr/lib/rpm/redhat/redhat-hardened-ld -Dccdlflags=-Wl,--enable-new-dtags -Wl,-z,relro  -Wl,-z,now -specs=/usr/lib/rpm/redhat/redhat-hardened-ld -Dlddlflags=-shared -Wl,-z,relro  -Wl,-z,now -specs=/usr/lib/rpm/redhat/redhat-hardened-ld -Dshrpdir=/usr/lib64 -DDEBUGGING=-g -Dversion=5.26.3 -Dmyhostname=localhost -Dperladmin=root@localhost -Dcc=gcc -Dcf_by=Red Hat, Inc. -Dprefix=/usr -Dvendorprefix=/usr -Dsiteprefix=/usr/local -Dsitelib=/usr/local/share/perl5 -Dsitearch=/usr/local/lib64/perl5 -Dprivlib=/usr/share/perl5 -Dvendorlib=/usr/share/perl5/vendor_perl -Darchlib=/usr/lib64/perl5 -Dvendorarch=/usr/lib64/perl5/vendor_perl -Darchname=x86_64-linux-thread-multi -Dlibpth=/usr/local/lib64 /lib64 /usr/lib64 -Duseshrplib -Dusethreads -Duseithreads -Dusedtrace=/usr/bin/dtrace -Duselargefiles -Dd_semctl_semun -Di_db -Ui_ndbm -Di_gdbm -Di_shadow -Di_syslog -Dman3ext=3pm -Duseperlio -Dinstallusrbinperl=n -Ubincompat5005 -Uversiononly -Dpager=/usr/bin/less -isr -Dd_gethostent_r_proto -Ud_endhostent_r_proto -Ud_sethostent_r_proto -Ud_endprotoent_r_proto -Ud_setprotoent_r_proto -Ud_endservent_r_proto -Ud_setservent_r_proto -Dscriptdir=/usr/bin -Dusesitecustomize -Duse64bitint'
    hint=recommended
    useposix=true
    d_sigaction=define
    useithreads=define
    usemultiplicity=define
    use64bitint=define
    use64bitall=define
    uselongdouble=undef
    usemymalloc=n
    default_inc_excludes_dot=define
    bincompat5005=undef
  Compiler:
    cc='gcc'
    ccflags ='-D_REENTRANT -D_GNU_SOURCE -O2 -g -pipe -Wall -Werror=format-security -Wp,-D_FORTIFY_SOURCE=2 -Wp,-D_GLIBCXX_ASSERTIONS -fexceptions -fstack-protector-strong -grecord-gcc-switches -specs=/usr/lib/rpm/redhat/redhat-hardened-cc1 -specs=/usr/lib/rpm/redhat/redhat-annobin-cc1 -m64 -mtune=generic -fasynchronous-unwind-tables -fstack-clash-protection -fcf-protection -fwrapv -fno-strict-aliasing -I/usr/local/include -D_LARGEFILE_SOURCE -D_FILE_OFFSET_BITS=64'
    optimize='  -g'
    cppflags='-D_REENTRANT -D_GNU_SOURCE -O2 -g -pipe -Wall -Werror=format-security -Wp,-D_FORTIFY_SOURCE=2 -Wp,-D_GLIBCXX_ASSERTIONS -fexceptions -fstack-protector-strong -grecord-gcc-switches -specs=/usr/lib/rpm/redhat/redhat-hardened-cc1 -specs=/usr/lib/rpm/redhat/redhat-annobin-cc1 -m64 -mtune=generic -fasynchronous-unwind-tables -fstack-clash-protection -fcf-protection -fwrapv -fno-strict-aliasing -I/usr/local/include'
    ccversion=''
    gccversion='8.5.0 20210514 (Red Hat 8.5.0-18)'
    gccosandvers=''
    intsize=4
    longsize=8
    ptrsize=8
    doublesize=8
    byteorder=12345678
    doublekind=3
    d_longlong=define
    longlongsize=8
    d_longdbl=define
    longdblsize=16
    longdblkind=3
    ivtype='long'
    ivsize=8
    nvtype='double'
    nvsize=8
    Off_t='off_t'
    lseeksize=8
    alignbytes=8
    prototype=define
  Linker and Libraries:
    ld='gcc'
    ldflags ='-Wl,-z,relro -Wl,-z,now -specs=/usr/lib/rpm/redhat/redhat-hardened-ld -fstack-protector-strong -L/usr/local/lib'
    libpth=/usr/local/lib64 /lib64 /usr/lib64 /usr/local/lib /usr/lib /lib/../lib64 /usr/lib/../lib64 /lib
    libs=-lpthread -lresolv -lgdbm -ldb -ldl -lm -lcrypt -lutil -lc -lgdbm_compat
    perllibs=-lpthread -lresolv -ldl -lm -lcrypt -lutil -lc
    libc=libc-2.28.so
    so=so
    useshrplib=true
    libperl=libperl.so
    gnulibc_version='2.28'
  Dynamic Linking:
    dlsrc=dl_dlopen.xs
    dlext=so
    d_dlsymun=undef
    ccdlflags='-Wl,--enable-new-dtags -Wl,-z,relro -Wl,-z,now -specs=/usr/lib/rpm/redhat/redhat-hardened-ld'
    cccdlflags='-fPIC'
    lddlflags='-lpthread -shared -Wl,-z,relro -Wl,-z,now -specs=/usr/lib/rpm/redhat/redhat-hardened-ld -L/usr/local/lib -fstack-protector-strong'


Characteristics of this binary (from libperl): 
  Compile-time options:
    HAS_TIMES
    MULTIPLICITY
    PERLIO_LAYERS
    PERL_COPY_ON_WRITE
    PERL_DONT_CREATE_GVSV
    PERL_IMPLICIT_CONTEXT
    PERL_MALLOC_WRAP
    PERL_OP_PARENT
    PERL_PRESERVE_IVUV
    USE_64_BIT_ALL
    USE_64_BIT_INT
    USE_ITHREADS
    USE_LARGE_FILES
    USE_LOCALE
    USE_LOCALE_COLLATE
    USE_LOCALE_CTYPE
    USE_LOCALE_NUMERIC
    USE_LOCALE_TIME
    USE_PERLIO
    USE_PERL_ATOF
    USE_REENTRANT_API
    USE_SITECUSTOMIZE
  Locally applied patches:
    Fedora Patch1: Removes date check, Fedora/RHEL specific
    Fedora Patch3: support for libdir64
    Fedora Patch4: use libresolv instead of libbind
    Fedora Patch5: USE_MM_LD_RUN_PATH
    Fedora Patch6: Provide MM::maybe_command independently (bug #1129443)
    Fedora Patch7: Dont run one io test due to random builder failures
    Fedora Patch15: Define SONAME for libperl.so
    Fedora Patch16: Install libperl.so to -Dshrpdir value
    Fedora Patch22: Document Math::BigInt::CalcEmu requires Math::BigInt (CPAN RT#85015)
    Fedora Patch26: Make *DBM_File desctructors thread-safe (RT#61912)
    Fedora Patch27: Make PadlistNAMES() lvalue again (CPAN RT#101063)
    Fedora Patch30: Replace EU::MakeMaker dependency with EU::MM::Utils in IPC::Cmd (bug #1129443)
    Fedora Patch31: Make File::Glob more resistant against degenerative matching (RT#131211)
    Fedora Patch36: Fix glob UTF-8 flag on a glob reassignment (RT#131263)
    Fedora Patch38: Fix handling backslashes in PATH environment variable when executing "perl -S" (RT#129183)
    Fedora Patch45: Fix File::Glob rt131211.t test random failures
    Fedora Patch46: Fix t/op/hash.t test random failures
    Fedora Patch47: Parse caret variables with subscripts as normal variables inside ${...} escaping (RT#131664)
    Fedora Patch49: Do not display too many bytes when reporting malformed UTF-8 character
    Fedora Patch51: Fix error message for "our sub foo::bar" (RT#131679)
    Fedora Patch52: Fix executing arybase::_tie_it() in Safe compartement (RT#131588)
    Fedora Patch54: Fix splitting non-ASCII strings if unicode_strings feature is enabled (RT#130907)
    Fedora Patch55: Fix compiler warnings in code generated by ExtUtils::Constant (CPAN RT#63832)
    Fedora Patch56: Fix compiler warnings in code generated by ExtUtils::Constant (CPAN RT#101487)
    Fedora Patch58: Fix unreliable Time-HiRes tests (CPAN RT#122819)
    Fedora Patch61: Fix Term::ReadLine not to create spurious &STDERR files (RT#132008)
    Fedora Patch64: Fix an overflow when parsing a character range with no preceding character (RT#132245)
    Fedora Patch65: Fix walking symbol table for ISA in Carp
    Fedora Patch66: Fix handling file names with null bytes in stat and lstat functions (RT#131895)
    Fedora Patch67: Fix a crash when untying an object witout a stash
    Fedora Patch68: Fix deparsing of transliterations with unprintable characters (RT#132405)
    Fedora Patch69: Fix error reporting on do() on a directory (RT#125774)
    Fedora Patch70: Fix stack manipulation when a lexical subroutine is defined in a do block in a member of an iteration list (RT#132442)
    Fedora Patch71: Fix setting $! when statting a closed filehandle (RT#108288)
    Fedora Patch72: Fix tainting of s/// with overloaded replacement (RT#115266)
    Fedora Patch73: Expand system() arguments before a fork (RT#121105)
    Fedora Patch76: Avoid undefined behavior when copying memory in Glob and pp_caller (RT#131746)
    Fedora Patch78: Fix compatibility with libxcrypt (RT#133184)
    Fedora Patch79: Link XS modules to pthread library to fix linking with -z defs
    Fedora Patch80: Fix parsing braced subscript after parentheses (RT#8045)
    Fedora Patch81: Do not clobber file bytes in :encoding layer (RT#132833)
    Fedora Patch82: Fix line numbers in multi-line s/// (RT#131930)
    Fedora Patch83: Fix parsing extended bracketed character classes (RT#132167)
    Fedora Patch84: Fix a possibly unitialized memory read in the Perl parser (RT#133074)
    Fedora Patch85: Fix an infinite loop in the regular expression compiler (RT#133185)
    Fedora Patch86: Adjust tests to gdbm-1.15 (RT#133295)
    Fedora Patch88: Fix printing a warning about a wide character when matching a regular expression while ISO-8859-1 locale is in effect
    Fedora Patch89: Fix invoking a check for wide characters while ISO-8859-1 locale is in effect
    Fedora Patch90: Pass the correct CFLAGS to dtrace
    RHEL Patch91: Fix Time-Local tests to pass after year 2019 (bug #1807120)
    RHEL Patch92: Fix CVE-2020-12723 (GH#16947)
    RHEL Patch93: Fix CVE-2020-10543
    RHEL Patch94: Fix CVE-2020-10878
    RHEL Patch95: Fix Net-Ping _resolv return value on failing DNS name lookup (bug #1973030)
    RHEL Patch97: Fix a memory leak when compiling a regular expression with a non-word class (GH#17218)
    Fedora Patch200: Link XS modules to libperl.so with EU::CBuilder on Linux
    Fedora Patch201: Link XS modules to libperl.so with EU::MM on Linux
    Fedora Patch202: Add definition of OPTIMIZE to .ph files (bug #2152012)
  Built under linux
  Compiled at Jan 19 2023 08:45:10
  %ENV:
    PERL5LIB="/home/rocky/perl5/lib/perl5"
    PERL5OPT=""
    PERL5_CPANPLUS_IS_RUNNING="1061569"
    PERL5_CPAN_IS_RUNNING="1061569"
    PERL5_CPAN_IS_RUNNING_IN_RECURSION="541585,1061569"
    PERLBREW_HOME="/home/rocky/.perlbrew"
    PERLBREW_PATH="/home/rocky/perl5/perlbrew/bin"
    PERLBREW_ROOT="/home/rocky/perl5/perlbrew"
    PERLBREW_SHELLRC_VERSION="1.01"
    PERLBREW_VERSION="1.01"
    PERL_CR_SMOKER_CURRENT="MsOffice-Word-Surgeon-2.10"
    PERL_EXTUTILS_AUTOINSTALL="--defaultdeps"
    PERL_LOCAL_LIB_ROOT="/home/rocky/perl5"
    PERL_MB_OPT="--install_base "/home/rocky/perl5""
    PERL_MM_OPT="INSTALL_BASE=/home/rocky/perl5"
    PERL_MM_USE_DEFAULT="1"
    PERL_USE_UNSAFE_INC="1"
  @INC:
    /home/rocky/perl5/lib/perl5/5.26.3/x86_64-linux-thread-multi
    /home/rocky/perl5/lib/perl5/5.26.3
    /home/rocky/perl5/lib/perl5/x86_64-linux-thread-multi
    /home/rocky/perl5/lib/perl5
    /usr/local/lib64/perl5
    /usr/local/share/perl5
    /usr/lib64/perl5/vendor_perl
    /usr/share/perl5/vendor_perl
    /usr/lib64/perl5
    /usr/share/perl5
    .