Report for Util-XML_YAML_Perl-1.0.0

Back
From: metabase:user:9820532a-708b-1014-9a05-b18a96298da1
Subject: FAIL Util-XML_YAML_Perl-1.0.0 v5.15.7 GNU/Linux
Date: 2012-02-08T19:52:39Z

This distribution has been tested as part of the CPAN Testers
project, supporting the Perl programming language.  See
http://wiki.cpantesters.org/ for more information or email
questions to cpan-testers-discuss@perl.org


--
Dear ravi chandra m,

This is a computer-generated report for Util-XML_YAML_Perl-1.0.0
on perl 5.15.7, created by CPAN-Reporter-1.2003.

Thank you for uploading your work to CPAN.  However, there was a problem
testing your distribution.

If you think this report is invalid, please consult the CPAN Testers Wiki
for suggestions on how to avoid getting FAIL reports for missing library
or binary dependencies, unsupported operating systems, and so on:

http://wiki.cpantesters.org/wiki/CPANAuthorNotes

Sections of this report:

    * Tester comments
    * Program output
    * Prerequisites
    * Environment and other context

------------------------------
TESTER COMMENTS
------------------------------

Additional comments from tester:

this report is from an automated smoke testing program
and was not reviewed by a human for accuracy

------------------------------
PROGRAM OUTPUT
------------------------------

Output from '/usr/bin/make test':

PERL_DL_NONLAZY=1 /home/bri/perl5/perlbrew/perls/perl-5.15.7-ld/bin/perl5.15.7 "-MExtUtils::Command::MM" "-e" "test_harness(0, 'blib/lib', 'blib/arch')" t/*.t
UNIVERSAL->import is deprecated and will be removed in a future perl at /home/bri/perl5/perlbrew/perls/perl-5.15.7-ld/lib/site_perl/5.15.7/YAML/AppConfig.pm line 5
Name "Mo::::DumpModule" used only once: possible typo at /home/bri/perl5/perlbrew/perls/perl-5.15.7-ld/lib/site_perl/5.15.7/Mo/xxx.pm line 3.
# Testing Util::XML_YAML_Perl 1.0.0, Perl 5.015007, /home/bri/perl5/perlbrew/perls/perl-5.15.7-ld/bin/perl5.15.7
t/00-load.t ....... ok
UNIVERSAL->import is deprecated and will be removed in a future perl at /home/bri/perl5/perlbrew/perls/perl-5.15.7-ld/lib/site_perl/5.15.7/YAML/AppConfig.pm line 5
Name "Mo::::DumpModule" used only once: possible typo at /home/bri/perl5/perlbrew/perls/perl-5.15.7-ld/lib/site_perl/5.15.7/Mo/xxx.pm line 3.
t/01.t ............ ok
UNIVERSAL->import is deprecated and will be removed in a future perl at /home/bri/perl5/perlbrew/perls/perl-5.15.7-ld/lib/site_perl/5.15.7/YAML/AppConfig.pm line 5
Name "Mo::::DumpModule" used only once: possible typo at /home/bri/perl5/perlbrew/perls/perl-5.15.7-ld/lib/site_perl/5.15.7/Mo/xxx.pm line 3.

#   Failed test 'perl_to_xml() - XMLout could not write file'
#   at t/02.t line 51.
#                   'Died at /home/bri/.cpan/build/Util-XML_YAML_Perl-1.0.0-GThJnU/blib/lib/Util/XML_YAML_Perl.pm line 254.
# '
#     doesn't match '(?^:No such file or directory at)'
# 1 test of 10 failed.
t/02.t ............ 
Dubious, test returned 1 (wstat 256, 0x100)
Failed 1/10 subtests 
UNIVERSAL->import is deprecated and will be removed in a future perl at /home/bri/perl5/perlbrew/perls/perl-5.15.7-ld/lib/site_perl/5.15.7/YAML/AppConfig.pm line 5
Name "Mo::::DumpModule" used only once: possible typo at /home/bri/perl5/perlbrew/perls/perl-5.15.7-ld/lib/site_perl/5.15.7/Mo/xxx.pm line 3.
t/03.t ............ ok
t/manifest.t ...... skipped: Author tests not required for installation
UNIVERSAL->import is deprecated and will be removed in a future perl at /home/bri/perl5/perlbrew/perls/perl-5.15.7-ld/lib/site_perl/5.15.7/YAML/AppConfig.pm line 5
t/pod-coverage.t .. ok
t/pod.t ........... ok

Test Summary Report
-------------------
t/02.t          (Wstat: 256 Tests: 10 Failed: 1)
  Failed test:  9
  Non-zero exit status: 1
Files=7, Tests=33,  2 wallclock secs ( 0.05 usr  0.02 sys +  1.40 cusr  0.10 csys =  1.57 CPU)
Result: FAIL
Failed 1/7 test programs. 1/33 subtests failed.
make: *** [test_dynamic] Error 255

------------------------------
PREREQUISITES
------------------------------

Prerequisite modules loaded:

requires:

    Module              Need Have        
    ------------------- ---- ------------
    Test::More          0    1.005000_002
    XML::Simple         2.18 2.18        
    YAML                0.68 0.78        
    YAML::AppConfig     0.16 0.16        

build_requires:

    Module              Need Have        
    ------------------- ---- ------------
    ExtUtils::MakeMaker 0    6.62        

configure_requires:

    Module              Need Have        
    ------------------- ---- ------------
    ExtUtils::MakeMaker 0    6.62        


------------------------------
ENVIRONMENT AND OTHER CONTEXT
------------------------------

Environment variables:

    AUTOMATED_TESTING = 1
    LANG = C
    LANGUAGE = en_GB:en
    LC_ALL = C
    MANPATH_WITHOUT_PERLBREW = 
    PATH = /home/bri/bin:/home/bri/perl5/perlbrew/bin:/home/bri/perl5/perlbrew/perls/perl-5.15.7-ld/bin:~/bin:/usr/local/sbin:/usr/local/bin:/usr/sbin:/usr/bin:/sbin:/bin:/usr/games
    PATH_WITHOUT_PERLBREW = ~/bin:/usr/local/sbin:/usr/local/bin:/usr/sbin:/usr/bin:/sbin:/bin:/usr/games
    PERL5LIB = 
    PERL5OPT = 
    PERL5_CPANPLUS_IS_RUNNING = 6108
    PERL5_CPAN_IS_RUNNING = 6108
    PERL5_CPAN_IS_RUNNING_IN_RECURSION = 1808,6108
    PERLBREW_BASHRC_VERSION = 0.41
    PERLBREW_HOME = /home/bri/.perlbrew
    PERLBREW_MANPATH = /home/bri/perl5/perlbrew/perls/perl-5.15.7-ld/man
    PERLBREW_PATH = /home/bri/perl5/perlbrew/bin:/home/bri/perl5/perlbrew/perls/perl-5.15.7-ld/bin
    PERLBREW_PERL = perl-5.15.7-ld
    PERLBREW_ROOT = /home/bri/perl5/perlbrew
    PERLBREW_VERSION = 0.40
    PERL_CPANM_OPT = --prompt --mirror http://172.16.1.3/cpan/
    PERL_CR_SMOKER_CURRENT = Util-XML_YAML_Perl-1.0.0
    PERL_EXTUTILS_AUTOINSTALL = --defaultdeps
    PERL_MM_USE_DEFAULT = 1
    SHELL = /bin/bash
    TERM = linux

Perl special variables (and OS-specific diagnostics, for MSWin32):

    $^X = /home/bri/perl5/perlbrew/perls/perl-5.15.7-ld/bin/perl5.15.7
    $UID/$EUID = 1000 / 1000
    $GID = 1000 4 20 24 46 112 120 122 1000
    $EGID = 1000 4 20 24 46 112 120 122 1000

Perl module toolchain versions installed:

    Module              Have        
    ------------------- ------------
    CPAN                1.9800      
    CPAN::Meta          2.120351    
    Cwd                 3.39_01     
    ExtUtils::CBuilder  0.280205    
    ExtUtils::Command   1.17        
    ExtUtils::Install   1.57        
    ExtUtils::MakeMaker 6.62        
    ExtUtils::Manifest  1.61        
    ExtUtils::ParseXS   3.15        
    File::Spec          3.39_01     
    JSON                2.53        
    JSON::PP            2.27200     
    Module::Build       0.39_01     
    Module::Signature   n/a         
    Parse::CPAN::Meta   1.4402      
    Test::Harness       3.23        
    Test::More          1.005000_002
    YAML                0.78        
    YAML::Syck          1.19        
    version             0.96        


--

Summary of my perl5 (revision 5 version 15 subversion 7) configuration:
   
  Platform:
    osname=linux, osvers=2.6.38-11-generic, archname=i686-linux-ld
    uname='linux lappy 2.6.38-11-generic #48-ubuntu smp fri jul 29 19:05:14 utc 2011 i686 i686 i386 gnulinux '
    config_args='-de -Dprefix=/home/bri/perl5/perlbrew/perls/perl-5.15.7-ld -Duselongdouble -Dusedevel'
    hint=recommended, useposix=true, d_sigaction=define
    useithreads=undef, usemultiplicity=undef
    useperlio=define, d_sfio=undef, uselargefiles=define, usesocks=undef
    use64bitint=undef, use64bitall=undef, uselongdouble=define
    usemymalloc=n, bincompat5005=undef
  Compiler:
    cc='cc', ccflags ='-fno-strict-aliasing -pipe -fstack-protector -I/usr/local/include -D_LARGEFILE_SOURCE -D_FILE_OFFSET_BITS=64',
    optimize='-O2',
    cppflags='-fno-strict-aliasing -pipe -fstack-protector -I/usr/local/include'
    ccversion='', gccversion='4.5.2', gccosandvers=''
    intsize=4, longsize=4, ptrsize=4, doublesize=8, byteorder=1234
    d_longlong=define, longlongsize=8, d_longdbl=define, longdblsize=12
    ivtype='long', ivsize=4, nvtype='long double', nvsize=12, Off_t='off_t', lseeksize=8
    alignbytes=4, prototype=define
  Linker and Libraries:
    ld='cc', ldflags =' -fstack-protector -L/usr/local/lib'
    libpth=/usr/local/lib /lib /usr/lib /usr/lib/i386-linux-gnu /usr/lib64
    libs=-lnsl -ldl -lm -lcrypt -lutil -lc
    perllibs=-lnsl -ldl -lm -lcrypt -lutil -lc
    libc=, so=so, useshrplib=false, libperl=libperl.a
    gnulibc_version='2.13'
  Dynamic Linking:
    dlsrc=dl_dlopen.xs, dlext=so, d_dlsymun=undef, ccdlflags='-Wl,-E'
    cccdlflags='-fPIC', lddlflags='-shared -O2 -L/usr/local/lib -fstack-protector'


Characteristics of this binary (from libperl): 
  Compile-time options: HAS_TIMES PERLIO_LAYERS PERL_DONT_CREATE_GVSV
                        PERL_MALLOC_WRAP PERL_PRESERVE_IVUV PERL_USE_DEVEL
                        USE_LARGE_FILES USE_LOCALE USE_LOCALE_COLLATE
                        USE_LOCALE_CTYPE USE_LOCALE_NUMERIC USE_LONG_DOUBLE
                        USE_PERLIO USE_PERL_ATOF
  Built under linux
  Compiled at Feb  5 2012 13:08:12
  %ENV:
    PERL5LIB=""
    PERL5OPT=""
    PERL5_CPANPLUS_IS_RUNNING="6108"
    PERL5_CPAN_IS_RUNNING="6108"
    PERL5_CPAN_IS_RUNNING_IN_RECURSION="1808,6108"
    PERLBREW_BASHRC_VERSION="0.41"
    PERLBREW_HOME="/home/bri/.perlbrew"
    PERLBREW_MANPATH="/home/bri/perl5/perlbrew/perls/perl-5.15.7-ld/man"
    PERLBREW_PATH="/home/bri/perl5/perlbrew/bin:/home/bri/perl5/perlbrew/perls/perl-5.15.7-ld/bin"
    PERLBREW_PERL="perl-5.15.7-ld"
    PERLBREW_ROOT="/home/bri/perl5/perlbrew"
    PERLBREW_VERSION="0.40"
    PERL_CPANM_OPT="--prompt --mirror http://172.16.1.3/cpan/"
    PERL_CR_SMOKER_CURRENT="Util-XML_YAML_Perl-1.0.0"
    PERL_EXTUTILS_AUTOINSTALL="--defaultdeps"
    PERL_MM_USE_DEFAULT="1"
  @INC:
    /home/bri/perl5/perlbrew/perls/perl-5.15.7-ld/lib/site_perl/5.15.7/i686-linux-ld
    /home/bri/perl5/perlbrew/perls/perl-5.15.7-ld/lib/site_perl/5.15.7
    /home/bri/perl5/perlbrew/perls/perl-5.15.7-ld/lib/5.15.7/i686-linux-ld
    /home/bri/perl5/perlbrew/perls/perl-5.15.7-ld/lib/5.15.7
    .