Report for Plagger-0.5.4

Back
From: metabase:user:9820532a-708b-1014-9a05-b18a96298da1
Subject: PASS Plagger-0.5.4 v5.15.4 GNU/Linux
Date: 2011-11-21T17:01:23Z

This distribution has been tested as part of the CPAN Testers
project, supporting the Perl programming language.  See
http://wiki.cpantesters.org/ for more information or email
questions to cpan-testers-discuss@perl.org


--
Dear Tatsuhiko Miyagawa,

This is a computer-generated report for Plagger-0.5.4
on perl 5.15.4, created by CPAN-Reporter-1.2002.

Thank you for uploading your work to CPAN.  Congratulations!
All tests were successful.

Sections of this report:

    * Tester comments
    * Program output
    * Prerequisites
    * Environment and other context

------------------------------
TESTER COMMENTS
------------------------------

Additional comments from tester:

this report is from an automated smoke testing program
and was not reviewed by a human for accuracy

------------------------------
PROGRAM OUTPUT
------------------------------

Output from '/usr/bin/make test':

/home/test/perl5/perlbrew/perls/perl-5.15.4/bin/perl5.15.4 -Iinc Makefile.PL --config= --installdeps=XML::Feed,0
*** Installing dependencies...
*** Installing XML::Feed...
Running [/home/test/perl5/perlbrew/perls/perl-5.15.4/bin/perl5.15.4 /home/test/perl5/perlbrew/perls/perl-5.15.4/bin/cpanp-run-perl5.15.4 /home/test/.cpanplus/5.15.4/build/XML-Feed-0.46/Makefile.PL ]...
JSON::PP 2.27103 is not available
 at /home/test/perl5/perlbrew/perls/perl-5.15.4/lib/site_perl/5.15.4/CPAN/Meta/Converter.pm line 22
 at /home/test/perl5/perlbrew/perls/perl-5.15.4/lib/5.15.4/ExtUtils/MM_Any.pm line 767
Writing Makefile for XML::Feed
Writing MYMETA.yml and MYMETA.json
Running [/usr/bin/make test]...
make[1]: Entering directory `/home/test/.cpanplus/5.15.4/build/XML-Feed-0.46'
PERL_DL_NONLAZY=1 /home/test/perl5/perlbrew/perls/perl-5.15.4/bin/perl5.15.4 "-MExtUtils::Command::MM" "-e" "test_harness(0, 'blib/lib', 'blib/arch')" t/*.t
t/00-compile.t .................. ok
t/01-parse.t .................... ok
t/02-create.t ................... ok
t/04-splice-atom.t .............. ok
t/04-splice-rss.t ............... ok
t/05-atom10-link.t .............. ok
t/06-atom10.t ................... ok

#   Failed test at t/07-atom10-create.t line 40.
#          got: '2011-11-21T17:01:12Z'
#     expected: '2011-11-21T17:01:12'

#   Failed test at t/07-atom10-create.t line 53.
#          got: '2011-11-21T17:01:12Z'
#     expected: '2011-11-21T17:01:12'
# Looks like you failed 2 tests of 17.
t/07-atom10-create.t ............ 
Dubious, test returned 2 (wstat 512, 0x200)
Failed 2/17 subtests 
t/08-convert-summary-bug.t ...... ok
t/09-missing-content-bug.t ...... ok
t/10-mix-and-match.t ............ ok
t/11-xml-base-atom.t ............ ok
t/11-xml-base-rss.t ............. ok
t/12-multi-categories-atom.t .... ok
t/12-multi-categories-rss.t ..... ok
t/12-multi-subjects-rss.t ....... ok
t/13-category-hash-bug.t ........ ok
t/14-enclosures.t ............... ok
t/14-multi-enclosures.t ......... ok
t/15-odd-date.t ................. ok
t/16-convert-mult-categories.t .. ok
t/17-double.t ................... ok
t/18-double2.t .................. ok
t/19-double3.t .................. ok
t/20-no-enclosures.t ............ ok
t/21-rss2-permalinks.t .......... ok
t/pod-coverage.t ................ ok
t/pod.t ......................... ok

Test Summary Report
-------------------
t/07-atom10-create.t          (Wstat: 512 Tests: 17 Failed: 2)
  Failed tests:  9, 17
  Non-zero exit status: 2
Files=28, Tests=447, 11 wallclock secs ( 0.11 usr  0.09 sys +  8.74 cusr  1.27 csys = 10.21 CPU)
Result: FAIL
Failed 1/28 test programs. 2/447 subtests failed.
make[1]: Leaving directory `/home/test/.cpanplus/5.15.4/build/XML-Feed-0.46'
make[1]: *** [test_dynamic] Error 255
[ERROR] MAKE TEST failed: Inappropriate ioctl for device make[1]: Entering directory `/home/test/.cpanplus/5.15.4/build/XML-Feed-0.46'
PERL_DL_NONLAZY=1 /home/test/perl5/perlbrew/perls/perl-5.15.4/bin/perl5.15.4 "-MExtUtils::Command::MM" "-e" "test_harness(0, 'blib/lib', 'blib/arch')" t/*.t
t/00-compile.t .................. ok
t/01-parse.t .................... ok
t/02-create.t ................... ok
t/04-splice-atom.t .............. ok
t/04-splice-rss.t ............... ok
t/05-atom10-link.t .............. ok
t/06-atom10.t ................... ok

#   Failed test at t/07-atom10-create.t line 40.
#          got: '2011-11-21T17:01:12Z'
#     expected: '2011-11-21T17:01:12'

#   Failed test at t/07-atom10-create.t line 53.
#          got: '2011-11-21T17:01:12Z'
#     expected: '2011-11-21T17:01:12'
# Looks like you failed 2 tests of 17.
t/07-atom10-create.t ............ 
Dubious, test returned 2 (wstat 512, 0x200)
Failed 2/17 subtests 
t/08-convert-summary-bug.t ...... ok
t/09-missing-content-bug.t ...... ok
t/10-mix-and-match.t ............ ok
t/11-xml-base-atom.t ............ ok
t/11-xml-base-rss.t ............. ok
t/12-multi-categories-atom.t .... ok
t/12-multi-categories-rss.t ..... ok
t/12-multi-subjects-rss.t ....... ok
t/13-category-hash-bug.t ........ ok
t/14-enclosures.t ............... ok
t/14-multi-enclosures.t ......... ok
t/15-odd-date.t ................. ok
t/16-convert-mult-categories.t .. ok
t/17-double.t ................... ok
t/18-double2.t .................. ok
t/19-double3.t .................. ok
t/20-no-enclosures.t ............ ok
t/21-rss2-permalinks.t .......... ok
t/pod-coverage.t ................ ok
t/pod.t ......................... ok

Test Summary Report
-------------------
t/07-atom10-create.t          (Wstat: 512 Tests: 17 Failed: 2)
  Failed tests:  9, 17
  Non-zero exit status: 2
Files=28, Tests=447, 11 wallclock secs ( 0.11 usr  0.09 sys +  8.74 cusr  1.27 csys = 10.21 CPU)
Result: FAIL
Failed 1/28 test programs. 2/447 subtests failed.
make[1]: Leaving directory `/home/test/.cpanplus/5.15.4/build/XML-Feed-0.46'
make[1]: *** [test_dynamic] Error 255


[ERROR] Unable to create a new distribution object for 'XML::Feed' -- cannot continue

Key 'ok' () is of invalid type for 'CPANPLUS::Backend::RV::new' provided by CPANPLUS::Backend::__ANON__ at /home/test/perl5/perlbrew/perls/perl-5.15.4/lib/5.15.4/CPANPLUS/Backend.pm line 395
*** XML::Feed installation cancelled.
*** Module::AutoInstall installation finished.
PERL_DL_NONLAZY=1 /home/test/perl5/perlbrew/perls/perl-5.15.4/bin/perl5.15.4 "-MExtUtils::Command::MM" "-e" "test_harness(0, 'inc', 'blib/lib', 'blib/arch')" t/00_compile.t
t/00_compile.t .. ok
All tests successful.
Files=1, Tests=1,  0 wallclock secs ( 0.03 usr  0.00 sys +  0.24 cusr  0.00 csys =  0.27 CPU)
Result: PASS

------------------------------
PREREQUISITES
------------------------------

Prerequisite modules loaded:

requires:

    Module                       Need Have  
    ---------------------------- ---- ------
    Class::Accessor::Fast        0    0.34  
    DateTime                     0.29 0.70  
    DateTime::Format::Mail       0    0.3001
    DateTime::Format::Strptime   0    1.5000
    DateTime::Format::W3CDTF     0    0.06  
    Digest::MD5                  0    2.51  
    File::Find::Rule             0    0.33  
    LWP                          0    6.03  
    Template                     0    2.22  
    Template::Provider::Encoding 0.04 0.10  
    Test::More                   0.42 0.98  
    Text::Tags                   0    0.04  
    UNIVERSAL::require           0    0.13  
    YAML                         0.39 0.73  

build_requires:

    Module                       Need Have  
    ---------------------------- ---- ------
    ExtUtils::MakeMaker          0    6.62  


------------------------------
ENVIRONMENT AND OTHER CONTEXT
------------------------------

Environment variables:

    AUTOMATED_TESTING = 1
    LANG = C
    LC_ALL = C
    PATH = /home/test/bin:/home/test/perl5/perlbrew/bin:/home/test/perl5/perlbrew/perls/perl-5.15.4/bin:~/bin:/usr/bin:/bin
    PATH_WITHOUT_PERLBREW = ~/bin:/usr/bin:/bin
    PERL5LIB = 
    PERL5OPT = 
    PERL5_CPANPLUS_IS_RUNNING = 24336
    PERL5_CPAN_IS_RUNNING = 24336
    PERL5_CPAN_IS_RUNNING_IN_RECURSION = 19960,24336
    PERLBREW_BASHRC_VERSION = 0.33
    PERLBREW_HOME = /home/test/.perlbrew
    PERLBREW_PATH = /home/test/perl5/perlbrew/bin:/home/test/perl5/perlbrew/perls/perl-5.15.4/bin
    PERLBREW_PERL = perl-5.15.4
    PERLBREW_ROOT = /home/test/perl5/perlbrew
    PERLBREW_VERSION = 0.33
    PERL_CPANM_OPT = --prompt --mirror file:///mirrors/cpan/
    PERL_CR_SMOKER_CURRENT = Plagger-0.5.4
    PERL_EXTUTILS_AUTOINSTALL = --defaultdeps
    PERL_MM_USE_DEFAULT = 1
    SHELL = /bin/bash
    TERM = linux

Perl special variables (and OS-specific diagnostics, for MSWin32):

    $^X = /home/test/perl5/perlbrew/perls/perl-5.15.4/bin/perl5.15.4
    $UID/$EUID = 1001 / 1001
    $GID = 1001 1001
    $EGID = 1001 1001

Perl module toolchain versions installed:

    Module              Have    
    ------------------- --------
    CPAN                1.9800  
    CPAN::Meta          2.112621
    Cwd                 3.33    
    ExtUtils::CBuilder  0.280202
    ExtUtils::Command   1.17    
    ExtUtils::Install   1.52    
    ExtUtils::MakeMaker 6.62    
    ExtUtils::Manifest  1.60    
    ExtUtils::ParseXS   3.05    
    File::Spec          3.33    
    JSON                2.27    
    JSON::PP            2.27008 
    Module::Build       0.3800  
    Module::Signature   n/a     
    Parse::CPAN::Meta   1.4401  
    Test::Harness       3.23    
    Test::More          0.98    
    YAML                0.73    
    YAML::Syck          1.19    
    version             0.95    


--

Summary of my perl5 (revision 5 version 15 subversion 4) configuration:
   
  Platform:
    osname=linux, osvers=2.6.35-28-generic, archname=x86_64-linux
    uname='linux zippy 2.6.35-28-generic #50-ubuntu smp fri mar 18 18:42:20 utc 2011 x86_64 gnulinux '
    config_args='-de -Dprefix=/home/test/perl5/perlbrew/perls/perl-5.15.4 -Dusedevel'
    hint=recommended, useposix=true, d_sigaction=define
    useithreads=undef, usemultiplicity=undef
    useperlio=define, d_sfio=undef, uselargefiles=define, usesocks=undef
    use64bitint=define, use64bitall=define, uselongdouble=undef
    usemymalloc=n, bincompat5005=undef
  Compiler:
    cc='cc', ccflags ='-fno-strict-aliasing -pipe -fstack-protector -I/usr/local/include -D_LARGEFILE_SOURCE -D_FILE_OFFSET_BITS=64',
    optimize='-O2',
    cppflags='-fno-strict-aliasing -pipe -fstack-protector -I/usr/local/include'
    ccversion='', gccversion='4.4.5', gccosandvers=''
    intsize=4, longsize=8, ptrsize=8, doublesize=8, byteorder=12345678
    d_longlong=define, longlongsize=8, d_longdbl=define, longdblsize=16
    ivtype='long', ivsize=8, nvtype='double', nvsize=8, Off_t='off_t', lseeksize=8
    alignbytes=8, prototype=define
  Linker and Libraries:
    ld='cc', ldflags =' -fstack-protector -L/usr/local/lib'
    libpth=/usr/local/lib /lib/../lib /usr/lib/../lib /lib /usr/lib /usr/lib/x86_64-linux-gnu /lib64 /usr/lib64
    libs=-lnsl -ldl -lm -lcrypt -lutil -lc
    perllibs=-lnsl -ldl -lm -lcrypt -lutil -lc
    libc=/lib/libc-2.12.1.so, so=so, useshrplib=false, libperl=libperl.a
    gnulibc_version='2.12.1'
  Dynamic Linking:
    dlsrc=dl_dlopen.xs, dlext=so, d_dlsymun=undef, ccdlflags='-Wl,-E'
    cccdlflags='-fPIC', lddlflags='-shared -O2 -L/usr/local/lib -fstack-protector'


Characteristics of this binary (from libperl): 
  Compile-time options: HAS_TIMES PERLIO_LAYERS PERL_DONT_CREATE_GVSV
                        PERL_MALLOC_WRAP PERL_PRESERVE_IVUV PERL_USE_DEVEL
                        USE_64_BIT_ALL USE_64_BIT_INT USE_LARGE_FILES
                        USE_LOCALE USE_LOCALE_COLLATE USE_LOCALE_CTYPE
                        USE_LOCALE_NUMERIC USE_PERLIO USE_PERL_ATOF
  Built under linux
  Compiled at Nov 17 2011 10:59:56
  %ENV:
    PERL5LIB=""
    PERL5OPT=""
    PERL5_CPANPLUS_IS_RUNNING="24336"
    PERL5_CPAN_IS_RUNNING="24336"
    PERL5_CPAN_IS_RUNNING_IN_RECURSION="19960,24336"
    PERLBREW_BASHRC_VERSION="0.33"
    PERLBREW_HOME="/home/test/.perlbrew"
    PERLBREW_PATH="/home/test/perl5/perlbrew/bin:/home/test/perl5/perlbrew/perls/perl-5.15.4/bin"
    PERLBREW_PERL="perl-5.15.4"
    PERLBREW_ROOT="/home/test/perl5/perlbrew"
    PERLBREW_VERSION="0.33"
    PERL_CPANM_OPT="--prompt --mirror file:///mirrors/cpan/"
    PERL_CR_SMOKER_CURRENT="Plagger-0.5.4"
    PERL_EXTUTILS_AUTOINSTALL="--defaultdeps"
    PERL_MM_USE_DEFAULT="1"
  @INC:
    /home/test/perl5/perlbrew/perls/perl-5.15.4/lib/site_perl/5.15.4/x86_64-linux
    /home/test/perl5/perlbrew/perls/perl-5.15.4/lib/site_perl/5.15.4
    /home/test/perl5/perlbrew/perls/perl-5.15.4/lib/5.15.4/x86_64-linux
    /home/test/perl5/perlbrew/perls/perl-5.15.4/lib/5.15.4
    .