Report for Gungho-0.09008

Back
From: metabase:user:3198cbe2-2aae-11df-837a-5e0a49663a4f
Subject: FAIL Gungho-0.09008 v5.14.2 GNU/Linux
Date: 2012-12-02T03:43:31Z

This distribution has been tested as part of the CPAN Testers
project, supporting the Perl programming language.  See
http://wiki.cpantesters.org/ for more information or email
questions to cpan-testers-discuss@perl.org


--
Dear Daisuke Maki,

This is a computer-generated report for Gungho-0.09008
on perl 5.14.2, created by CPAN-Reporter-1.2006.

Thank you for uploading your work to CPAN.  However, there was a problem
testing your distribution.

If you think this report is invalid, please consult the CPAN Testers Wiki
for suggestions on how to avoid getting FAIL reports for missing library
or binary dependencies, unsupported operating systems, and so on:

http://wiki.cpantesters.org/wiki/CPANAuthorNotes

Sections of this report:

    * Tester comments
    * Program output
    * Prerequisites
    * Environment and other context

------------------------------
TESTER COMMENTS
------------------------------

Additional comments from tester:

this report is from an automated smoke testing program
and was not reviewed by a human for accuracy

------------------------------
PROGRAM OUTPUT
------------------------------

Output from '/usr/bin/make test':

/home/graham/perls/perl-5.14.2-thread/bin/perl "-Iinc" Makefile.PL --config= --installdeps=HTML::RobotsMETA,0,WWW::RobotRules::Parser,0
PERL_DL_NONLAZY=1 /home/graham/perls/perl-5.14.2-thread/bin/perl "-MExtUtils::Command::MM" "-e" "test_harness(0, 'inc', 'blib/lib', 'blib/arch')" t/01_load.t t/99_pod-coverage.t t/02_config.t t/request/regression_jkim_20071201.t t/plugin/statistics/01_load.t t/plugin/statistics/02_parts.t t/plugin/request_log/01_basic.t t/component/scraper/01_load.t t/component/cache/01_load.t t/component/throttle/01_load.t t/component/robots_meta/01_load.t t/component/authentication/01_load.t t/component/robot_rules/01_load.t t/component/robot_rules/02_storage.t t/component/robot_rules/regression_jkim_20071201.t t/99_kwalitee.t t/03_live/perl.t t/03_live/perl-proxy.t t/03_live/twitter.t t/response/regression_jkim_20071201.t t/engine/io-async/01_load.t t/engine/io-async/04_dns.t t/engine/io-async/02_live.t t/engine/poe/01_load.t t/engine/poe/06_dns_disable.t t/engine/poe/04_dns.t t/engine/poe/05_dns_params.t t/engine/poe/02_live.t t/engine/danga-socket/01_load.t t/engine/danga-socket/04_dns.t t/engine/danga-socket/02_live.t t/99_pod.t
Use of qw(...) as parentheses is deprecated at /home/graham/perls/caches/perl-5.14.2-thread/build/Gungho-0.09008-BlM0b2/blib/lib/Gungho/Request.pm line 20.
Use of qw(...) as parentheses is deprecated at /home/graham/perls/caches/perl-5.14.2-thread/build/Gungho-0.09008-BlM0b2/blib/lib/Gungho/Inline.pm line 31.
Use of qw(...) as parentheses is deprecated at /home/graham/perls/caches/perl-5.14.2-thread/build/Gungho-0.09008-BlM0b2/blib/lib/Gungho/Inline.pm line 52.
Use of qw(...) as parentheses is deprecated at /home/graham/perls/caches/perl-5.14.2-thread/build/Gungho-0.09008-BlM0b2/blib/lib/Gungho/Log.pm line 14.
Use of qw(...) as parentheses is deprecated at /home/graham/perls/caches/perl-5.14.2-thread/build/Gungho-0.09008-BlM0b2/blib/lib/Gungho/Log/Dispatch.pm line 16.
t/01_load.t ......................................... ok
t/02_config.t ....................................... ok
t/03_live/perl-proxy.t .............................. skipped: Set proxy URI to GUNGHO_TEST_PROXY to run these tests
t/03_live/perl.t .................................... skipped: Enable GUNGHO_TEST_LIVE to run these tests
t/03_live/twitter.t ................................. skipped: Enable GUNGHO_TWITTER_USERNAME and GUNGHO_TWITTER_PASSWORD to run these tests
t/99_kwalitee.t ..................................... skipped: Enable TEST_KWALITEE to enable these tests
t/99_pod-coverage.t ................................. skipped: Enable TEST_POD environment variable to test POD
t/99_pod.t .......................................... skipped: Enable TEST_POD environment variable to test POD
Use of qw(...) as parentheses is deprecated at t/lib/GunghoTest.pm line 37.
Use of qw(...) as parentheses is deprecated at t/component/authentication/01_load.t line 13.
Use of qw(...) as parentheses is deprecated at /home/graham/perls/perl-5.14.2-thread/lib/site_perl/5.14.2/Danga/Socket/Callback.pm line 21.
Use of qw(...) as parentheses is deprecated at /home/graham/perls/caches/perl-5.14.2-thread/build/Gungho-0.09008-BlM0b2/blib/lib/Gungho/Request.pm line 20.
Use of qw(...) as parentheses is deprecated at /home/graham/perls/caches/perl-5.14.2-thread/build/Gungho-0.09008-BlM0b2/blib/lib/Gungho/Log.pm line 14.
Use of qw(...) as parentheses is deprecated at /home/graham/perls/caches/perl-5.14.2-thread/build/Gungho-0.09008-BlM0b2/blib/lib/Gungho/Log/Dispatch.pm line 16.
t/component/authentication/01_load.t ................ ok
Use of qw(...) as parentheses is deprecated at t/lib/GunghoTest.pm line 37.
Use of qw(...) as parentheses is deprecated at /home/graham/perls/perl-5.14.2-thread/lib/site_perl/5.14.2/Danga/Socket/Callback.pm line 21.
Use of qw(...) as parentheses is deprecated at /home/graham/perls/caches/perl-5.14.2-thread/build/Gungho-0.09008-BlM0b2/blib/lib/Gungho/Request.pm line 20.
Use of qw(...) as parentheses is deprecated at /home/graham/perls/caches/perl-5.14.2-thread/build/Gungho-0.09008-BlM0b2/blib/lib/Gungho/Log.pm line 14.
Use of qw(...) as parentheses is deprecated at /home/graham/perls/caches/perl-5.14.2-thread/build/Gungho-0.09008-BlM0b2/blib/lib/Gungho/Log/Dispatch.pm line 16.
t/component/cache/01_load.t ......................... ok
Use of qw(...) as parentheses is deprecated at t/lib/GunghoTest.pm line 37.
Use of qw(...) as parentheses is deprecated at t/component/robot_rules/01_load.t line 12.
Use of qw(...) as parentheses is deprecated at /home/graham/perls/perl-5.14.2-thread/lib/site_perl/5.14.2/Danga/Socket/Callback.pm line 21.
Use of qw(...) as parentheses is deprecated at /home/graham/perls/caches/perl-5.14.2-thread/build/Gungho-0.09008-BlM0b2/blib/lib/Gungho/Request.pm line 20.
Use of qw(...) as parentheses is deprecated at /home/graham/perls/caches/perl-5.14.2-thread/build/Gungho-0.09008-BlM0b2/blib/lib/Gungho/Log.pm line 14.
Use of qw(...) as parentheses is deprecated at /home/graham/perls/caches/perl-5.14.2-thread/build/Gungho-0.09008-BlM0b2/blib/lib/Gungho/Log/Dispatch.pm line 16.
t/component/robot_rules/01_load.t ................... ok
Use of qw(...) as parentheses is deprecated at t/component/robot_rules/02_storage.t line 15.
t/component/robot_rules/02_storage.t ................ ok
t/component/robot_rules/regression_jkim_20071201.t .. skipped: RobotRules is not enabled
Use of qw(...) as parentheses is deprecated at t/lib/GunghoTest.pm line 37.
Use of qw(...) as parentheses is deprecated at /home/graham/perls/perl-5.14.2-thread/lib/site_perl/5.14.2/Danga/Socket/Callback.pm line 21.
Use of qw(...) as parentheses is deprecated at /home/graham/perls/caches/perl-5.14.2-thread/build/Gungho-0.09008-BlM0b2/blib/lib/Gungho/Request.pm line 20.
Use of qw(...) as parentheses is deprecated at /home/graham/perls/caches/perl-5.14.2-thread/build/Gungho-0.09008-BlM0b2/blib/lib/Gungho/Log.pm line 14.
Use of qw(...) as parentheses is deprecated at /home/graham/perls/caches/perl-5.14.2-thread/build/Gungho-0.09008-BlM0b2/blib/lib/Gungho/Log/Dispatch.pm line 16.
t/component/robots_meta/01_load.t ................... ok
Use of qw(...) as parentheses is deprecated at t/lib/GunghoTest.pm line 37.
Use of qw(...) as parentheses is deprecated at /home/graham/perls/perl-5.14.2-thread/lib/site_perl/5.14.2/Danga/Socket/Callback.pm line 21.
t/component/scraper/01_load.t ....................... skipped: Web::Scraper::Config not installed: Can't locate Web/Scraper/Config.pm in @INC (@INC contains: t/lib /home/graham/perls/caches/perl-5.14.2-thread/build/Gungho-0.09008-BlM0b2/inc /home/graham/perls/caches/perl-5.14.2-thread/build/Gungho-0.09008-BlM0b2/blib/lib /home/graham/perls/caches/perl-5.14.2-thread/build/Gungho-0.09008-BlM0b2/blib/arch /home/graham/perls/perl-5.14.2-thread/lib/site_perl/5.14.2/x86_64-linux-thread-multi /home/graham/perls/perl-5.14.2-thread/lib/site_perl/5.14.2 /home/graham/perls/perl-5.14.2-thread/lib/5.14.2/x86_64-linux-thread-multi /home/graham/perls/perl-5.14.2-thread/lib/5.14.2 .) at (eval 146) line 2.
Use of qw(...) as parentheses is deprecated at t/lib/GunghoTest.pm line 37.
Use of qw(...) as parentheses is deprecated at /home/graham/perls/perl-5.14.2-thread/lib/site_perl/5.14.2/Danga/Socket/Callback.pm line 21.
t/component/throttle/01_load.t ...................... skipped: Data::Throttler not installed: Can't locate Data/Throttler.pm in @INC (@INC contains: t/lib /home/graham/perls/caches/perl-5.14.2-thread/build/Gungho-0.09008-BlM0b2/inc /home/graham/perls/caches/perl-5.14.2-thread/build/Gungho-0.09008-BlM0b2/blib/lib /home/graham/perls/caches/perl-5.14.2-thread/build/Gungho-0.09008-BlM0b2/blib/arch /home/graham/perls/perl-5.14.2-thread/lib/site_perl/5.14.2/x86_64-linux-thread-multi /home/graham/perls/perl-5.14.2-thread/lib/site_perl/5.14.2 /home/graham/perls/perl-5.14.2-thread/lib/5.14.2/x86_64-linux-thread-multi /home/graham/perls/perl-5.14.2-thread/lib/5.14.2 .) at (eval 146) line 2.
Use of qw(...) as parentheses is deprecated at t/lib/GunghoTest.pm line 37.
Use of qw(...) as parentheses is deprecated at /home/graham/perls/perl-5.14.2-thread/lib/site_perl/5.14.2/Danga/Socket/Callback.pm line 21.
t/engine/danga-socket/01_load.t ..................... ok
Use of qw(...) as parentheses is deprecated at t/lib/GunghoTest.pm line 37.
Use of qw(...) as parentheses is deprecated at /home/graham/perls/caches/perl-5.14.2-thread/build/Gungho-0.09008-BlM0b2/blib/lib/Gungho/Request.pm line 20.
Use of qw(...) as parentheses is deprecated at /home/graham/perls/caches/perl-5.14.2-thread/build/Gungho-0.09008-BlM0b2/blib/lib/Gungho/Inline.pm line 31.
Use of qw(...) as parentheses is deprecated at /home/graham/perls/caches/perl-5.14.2-thread/build/Gungho-0.09008-BlM0b2/blib/lib/Gungho/Inline.pm line 52.
Use of qw(...) as parentheses is deprecated at t/lib/GunghoTest/Live.pm line 19.
t/engine/danga-socket/02_live.t ..................... skipped: Environment variable GUNGHO_TEST_LIVE is not specified
Use of qw(...) as parentheses is deprecated at t/lib/GunghoTest.pm line 37.
Use of qw(...) as parentheses is deprecated at /home/graham/perls/caches/perl-5.14.2-thread/build/Gungho-0.09008-BlM0b2/blib/lib/Gungho/Request.pm line 20.
Use of qw(...) as parentheses is deprecated at /home/graham/perls/caches/perl-5.14.2-thread/build/Gungho-0.09008-BlM0b2/blib/lib/Gungho/Inline.pm line 31.
Use of qw(...) as parentheses is deprecated at /home/graham/perls/caches/perl-5.14.2-thread/build/Gungho-0.09008-BlM0b2/blib/lib/Gungho/Inline.pm line 52.
t/engine/danga-socket/04_dns.t ...................... skipped: Environment variable GUNGHO_TEST_LIVE is not specified
Use of qw(...) as parentheses is deprecated at t/lib/GunghoTest.pm line 37.
t/engine/io-async/01_load.t ......................... skipped: IO::Async::Buffer not available
Use of qw(...) as parentheses is deprecated at t/lib/GunghoTest.pm line 37.
Use of qw(...) as parentheses is deprecated at /home/graham/perls/caches/perl-5.14.2-thread/build/Gungho-0.09008-BlM0b2/blib/lib/Gungho/Request.pm line 20.
Use of qw(...) as parentheses is deprecated at /home/graham/perls/caches/perl-5.14.2-thread/build/Gungho-0.09008-BlM0b2/blib/lib/Gungho/Inline.pm line 31.
Use of qw(...) as parentheses is deprecated at /home/graham/perls/caches/perl-5.14.2-thread/build/Gungho-0.09008-BlM0b2/blib/lib/Gungho/Inline.pm line 52.
Use of qw(...) as parentheses is deprecated at t/lib/GunghoTest/Live.pm line 19.
t/engine/io-async/02_live.t ......................... skipped: IO::Async::Buffer not available
Use of qw(...) as parentheses is deprecated at t/lib/GunghoTest.pm line 37.
Use of qw(...) as parentheses is deprecated at /home/graham/perls/caches/perl-5.14.2-thread/build/Gungho-0.09008-BlM0b2/blib/lib/Gungho/Request.pm line 20.
Use of qw(...) as parentheses is deprecated at /home/graham/perls/caches/perl-5.14.2-thread/build/Gungho-0.09008-BlM0b2/blib/lib/Gungho/Inline.pm line 31.
Use of qw(...) as parentheses is deprecated at /home/graham/perls/caches/perl-5.14.2-thread/build/Gungho-0.09008-BlM0b2/blib/lib/Gungho/Inline.pm line 52.
t/engine/io-async/04_dns.t .......................... skipped: IO::Async::Buffer not available
Use of qw(...) as parentheses is deprecated at t/lib/GunghoTest.pm line 37.
t/engine/poe/01_load.t .............................. ok
Use of qw(...) as parentheses is deprecated at t/lib/GunghoTest.pm line 37.
Use of qw(...) as parentheses is deprecated at /home/graham/perls/caches/perl-5.14.2-thread/build/Gungho-0.09008-BlM0b2/blib/lib/Gungho/Request.pm line 20.
Use of qw(...) as parentheses is deprecated at /home/graham/perls/caches/perl-5.14.2-thread/build/Gungho-0.09008-BlM0b2/blib/lib/Gungho/Inline.pm line 31.
Use of qw(...) as parentheses is deprecated at /home/graham/perls/caches/perl-5.14.2-thread/build/Gungho-0.09008-BlM0b2/blib/lib/Gungho/Inline.pm line 52.
Use of qw(...) as parentheses is deprecated at t/lib/GunghoTest/Live.pm line 19.
t/engine/poe/02_live.t .............................. skipped: Environment variable GUNGHO_TEST_LIVE is not specified
Use of qw(...) as parentheses is deprecated at t/lib/GunghoTest.pm line 37.
Use of qw(...) as parentheses is deprecated at /home/graham/perls/caches/perl-5.14.2-thread/build/Gungho-0.09008-BlM0b2/blib/lib/Gungho/Request.pm line 20.
Use of qw(...) as parentheses is deprecated at /home/graham/perls/caches/perl-5.14.2-thread/build/Gungho-0.09008-BlM0b2/blib/lib/Gungho/Inline.pm line 31.
Use of qw(...) as parentheses is deprecated at /home/graham/perls/caches/perl-5.14.2-thread/build/Gungho-0.09008-BlM0b2/blib/lib/Gungho/Inline.pm line 52.
t/engine/poe/04_dns.t ............................... skipped: Environment variable GUNGHO_TEST_LIVE is not specified
Use of qw(...) as parentheses is deprecated at /home/graham/perls/caches/perl-5.14.2-thread/build/Gungho-0.09008-BlM0b2/blib/lib/Gungho/Request.pm line 20.
Use of qw(...) as parentheses is deprecated at /home/graham/perls/caches/perl-5.14.2-thread/build/Gungho-0.09008-BlM0b2/blib/lib/Gungho/Inline.pm line 31.
Use of qw(...) as parentheses is deprecated at /home/graham/perls/caches/perl-5.14.2-thread/build/Gungho-0.09008-BlM0b2/blib/lib/Gungho/Inline.pm line 52.
Undefined subroutine &POE::Component::Client::DNS::SF_TIMEOUT called at t/engine/poe/05_dns_params.t line 17.
# Looks like you planned 3 tests but ran 1.
# Looks like your test exited with 255 just after 1.
t/engine/poe/05_dns_params.t ........................ 
Dubious, test returned 255 (wstat 65280, 0xff00)
Failed 2/3 subtests 
Use of qw(...) as parentheses is deprecated at t/lib/GunghoTest.pm line 37.
Use of qw(...) as parentheses is deprecated at /home/graham/perls/caches/perl-5.14.2-thread/build/Gungho-0.09008-BlM0b2/blib/lib/Gungho/Request.pm line 20.
Use of qw(...) as parentheses is deprecated at /home/graham/perls/caches/perl-5.14.2-thread/build/Gungho-0.09008-BlM0b2/blib/lib/Gungho/Inline.pm line 31.
Use of qw(...) as parentheses is deprecated at /home/graham/perls/caches/perl-5.14.2-thread/build/Gungho-0.09008-BlM0b2/blib/lib/Gungho/Inline.pm line 52.
Use of qw(...) as parentheses is deprecated at t/lib/GunghoTest/Live.pm line 19.
t/engine/poe/06_dns_disable.t ....................... skipped: Environment variable GUNGHO_TEST_LIVE is not specified
Use of qw(...) as parentheses is deprecated at t/lib/GunghoTest.pm line 37.
t/plugin/request_log/01_basic.t ..................... skipped: Enable GUNGHO_TEST_LIVE to run these tests
Use of qw(...) as parentheses is deprecated at /home/graham/perls/caches/perl-5.14.2-thread/build/Gungho-0.09008-BlM0b2/blib/lib/Gungho/Plugin/Statistics.pm line 45.
Use of qw(...) as parentheses is deprecated at /home/graham/perls/caches/perl-5.14.2-thread/build/Gungho-0.09008-BlM0b2/blib/lib/Gungho/Plugin/Statistics.pm line 57.
t/plugin/statistics/01_load.t ....................... ok
Use of qw(...) as parentheses is deprecated at /home/graham/perls/caches/perl-5.14.2-thread/build/Gungho-0.09008-BlM0b2/blib/lib/Gungho/Plugin/Statistics/Storage/SQLite.pm line 48.
Use of qw(...) as parentheses is deprecated at /home/graham/perls/caches/perl-5.14.2-thread/build/Gungho-0.09008-BlM0b2/blib/lib/Gungho/Plugin/Statistics/Format/XML.pm line 20.
t/plugin/statistics/02_parts.t ...................... ok
Use of qw(...) as parentheses is deprecated at /home/graham/perls/caches/perl-5.14.2-thread/build/Gungho-0.09008-BlM0b2/blib/lib/Gungho/Request.pm line 20.
t/request/regression_jkim_20071201.t ................ ok
t/response/regression_jkim_20071201.t ............... ok

Test Summary Report
-------------------
t/engine/poe/05_dns_params.t                      (Wstat: 65280 Tests: 1 Failed: 0)
  Non-zero exit status: 255
  Parse errors: Bad plan.  You planned 3 tests but ran 1.
Files=32, Tests=67,  7 wallclock secs ( 0.15 usr  0.05 sys +  5.21 cusr  0.55 csys =  5.96 CPU)
Result: FAIL
Failed 1/32 test programs. 0/67 subtests failed.
make: *** [test_dynamic] Error 255

------------------------------
PREREQUISITES
------------------------------

Prerequisite modules loaded:

requires:

    Module                            Need    Have      
    --------------------------------- ------- ----------
    Best                              0       0.14      
    Class::Accessor::Fast             0       0.34      
    Class::C3                         0       0.24      
    Class::C3::Componentised          0       1.001000  
    Class::C3::XS                     0       0.13      
    Class::Data::Inheritable          0       0.08      
    Class::Inspector                  0       1.28      
    Config::Any                       0       0.23      
    Danga::Socket                     0       1.61      
    Danga::Socket::Callback           0       0.01200   
    Data::Dumper                      0       2.136     
    Data::Valve                       0       0.00008   
    DB_File                           0       1.827     
    DBI                               0       1.622     
    Digest::MD5                       0       2.52      
    DirHandle                         0       1.04      
    Event::Notify                     0.00004 0.00004   
    Exception::Class                  0       1.36      
    ExtUtils::MakeMaker               6.62    6.62      
    File::Spec                        0       3.33      
    File::Temp                        0       0.22      
    FindBin                           0       1.50      
    Getopt::Long                      0       2.3802    
    HTML::RobotsMETA                  0       0.00004   
    HTTP::Headers::Util               0       6.03      
    HTTP::Parser                      0       0.06      
    HTTP::Request                     0       6.00      
    HTTP::Response                    0       6.04      
    HTTP::Status                      0       6.03      
    IO::Socket::INET                  0       1.31      
    Log::Dispatch                     0       2.32      
    MIME::Base64                      0       3.13      
    Net::DNS                          0       0.68_08   
    Path::Class                       0       0.26      
    Path::Class::Dir                  0       0.26      
    Pod::Usage                        0       1.51      
    POE                               0.9999  1.354     
    POE::Component::Client::DNS       0       1.051     
    POE::Component::Client::HTTP      0.81    0.947     
    POE::Component::Client::Keepalive 0       0.271     
    Regexp::Common                    0       2011121001
    Storable                          0       2.39      
    Sys::Hostname                     0       1.16      
    Test::MockObject                  0       1.20110606
    Test::More                        0       0.98      
    Time::HiRes                       0       1.9725    
    UNIVERSAL::isa                    0.06    1.20120726
    UNIVERSAL::require                0       0.13      
    URI                               0       1.60      
    WWW::RobotRules::Parser           0       0.04001   
    XML::LibXML                       0       2.0012    
    YAML                              0       0.73      

build_requires:

    Module                            Need    Have      
    --------------------------------- ------- ----------
    ExtUtils::MakeMaker               0       6.62      


------------------------------
ENVIRONMENT AND OTHER CONTEXT
------------------------------

Environment variables:

    AUTOMATED_TESTING = 1
    LANG = C
    PATH = /home/graham/perls/perl-5.14.2-thread/bin:/usr/local/bin:/usr/bin:/bin:/usr/local/sbin:/usr/sbin:/sbin:/usr/bin/core_perl
    PERL5LIB = 
    PERL5OPT = 
    PERL5_CPANPLUS_IS_RUNNING = 25610
    PERL5_CPAN_IS_RUNNING = 25610
    PERL5_CPAN_IS_RUNNING_IN_RECURSION = 25897,25610
    PERL_CR_SMOKER_CURRENT = Gungho-0.09008
    PERL_EXTUTILS_AUTOINSTALL = --defaultdeps
    PERL_MM_USE_DEFAULT = 1
    SHELL = /bin/bash
    TERM = xterm

Perl special variables (and OS-specific diagnostics, for MSWin32):

    $^X = /home/graham/perls/perl-5.14.2-thread/bin/perl
    $UID/$EUID = 1000 / 1000
    $GID = 100 100
    $EGID = 100 100

Perl module toolchain versions installed:

    Module              Have    
    ------------------- --------
    CPAN                1.9800  
    CPAN::Meta          2.120351
    Cwd                 3.33    
    ExtUtils::CBuilder  0.280205
    ExtUtils::Command   1.17    
    ExtUtils::Install   1.56    
    ExtUtils::MakeMaker 6.62    
    ExtUtils::Manifest  1.61    
    ExtUtils::ParseXS   3.18    
    File::Spec          3.33    
    JSON                2.53    
    JSON::PP            2.27008 
    Module::Build       0.4003  
    Module::Signature   0.70    
    Parse::CPAN::Meta   1.4404  
    Test::Harness       3.23    
    Test::More          0.98    
    YAML                0.73    
    YAML::Syck          1.21    
    version             0.9901  


--

Summary of my perl5 (revision 5 version 14 subversion 2) configuration:
   
  Platform:
    osname=linux, osvers=3.5.6-1-arch, archname=x86_64-linux-thread-multi
    uname='linux grosics 3.5.6-1-arch #1 smp preempt sun oct 7 19:30:49 cest 2012 x86_64 gnulinux '
    config_args='-Dusethreads -Dprefix=/home/graham/perls/perl-5.14.2-thread'
    hint=recommended, useposix=true, d_sigaction=define
    useithreads=define, usemultiplicity=define
    useperlio=define, d_sfio=undef, uselargefiles=define, usesocks=undef
    use64bitint=define, use64bitall=define, uselongdouble=undef
    usemymalloc=n, bincompat5005=undef
  Compiler:
    cc='cc', ccflags ='-D_REENTRANT -D_GNU_SOURCE -fno-strict-aliasing -pipe -fstack-protector -I/usr/local/include -D_LARGEFILE_SOURCE -D_FILE_OFFSET_BITS=64',
    optimize='-O2',
    cppflags='-D_REENTRANT -D_GNU_SOURCE -fno-strict-aliasing -pipe -fstack-protector -I/usr/local/include'
    ccversion='', gccversion='4.7.2', gccosandvers=''
    intsize=4, longsize=8, ptrsize=8, doublesize=8, byteorder=12345678
    d_longlong=define, longlongsize=8, d_longdbl=define, longdblsize=16
    ivtype='long', ivsize=8, nvtype='double', nvsize=8, Off_t='off_t', lseeksize=8
    alignbytes=8, prototype=define
  Linker and Libraries:
    ld='cc', ldflags =' -fstack-protector -L/usr/local/lib'
    libpth=/usr/local/lib /lib/../lib /usr/lib/../lib /lib /usr/lib
    libs=-lnsl -lgdbm -ldb -ldl -lm -lcrypt -lutil -lpthread -lc -lgdbm_compat
    perllibs=-lnsl -ldl -lm -lcrypt -lutil -lpthread -lc
    libc=/lib/libc-2.16.so, so=so, useshrplib=false, libperl=libperl.a
    gnulibc_version='2.16'
  Dynamic Linking:
    dlsrc=dl_dlopen.xs, dlext=so, d_dlsymun=undef, ccdlflags='-Wl,-E'
    cccdlflags='-fPIC', lddlflags='-shared -O2 -L/usr/local/lib -fstack-protector'


Characteristics of this binary (from libperl): 
  Compile-time options: MULTIPLICITY PERL_DONT_CREATE_GVSV
                        PERL_IMPLICIT_CONTEXT PERL_MALLOC_WRAP
                        PERL_PRESERVE_IVUV USE_64_BIT_ALL USE_64_BIT_INT
                        USE_ITHREADS USE_LARGE_FILES USE_PERLIO USE_PERL_ATOF
                        USE_REENTRANT_API
  Built under linux
  Compiled at Oct 13 2012 14:36:03
  %ENV:
    PERL5LIB=""
    PERL5OPT=""
    PERL5_CPANPLUS_IS_RUNNING="25610"
    PERL5_CPAN_IS_RUNNING="25610"
    PERL5_CPAN_IS_RUNNING_IN_RECURSION="25897,25610"
    PERL_CR_SMOKER_CURRENT="Gungho-0.09008"
    PERL_EXTUTILS_AUTOINSTALL="--defaultdeps"
    PERL_MM_USE_DEFAULT="1"
  @INC:
    /home/graham/perls/perl-5.14.2-thread/lib/site_perl/5.14.2/x86_64-linux-thread-multi
    /home/graham/perls/perl-5.14.2-thread/lib/site_perl/5.14.2
    /home/graham/perls/perl-5.14.2-thread/lib/5.14.2/x86_64-linux-thread-multi
    /home/graham/perls/perl-5.14.2-thread/lib/5.14.2
    .