Handel v1.00014 Perl 5 v5.37.9 x86_64-linux-thread-multi-ld
        
            - Status
 
            - Fail
 
            - From
 
            - Andreas J. König (ANDK)
 
            - Dist
 
            - 
                Handel v1.00014
            
 
            - Platform
 
            - Perl 5 v5.37.9 x86_64-linux-thread-multi-ld
 
            - Date
 
            - 2023-03-16 06:40:27
 
            - ID
 
            - 6fd396da-c3c5-11ed-b113-494f83b3ee33
 
        
        This distribution has been tested as part of the CPAN Testers
project, supporting the Perl programming language.  See
http://wiki.cpantesters.org/ for more information or email
questions to cpan-testers-discuss@perl.org
--
Dear Christopher H. Laco,
This is a computer-generated report for Handel-1.00014
on perl 5.37.9, created by CPAN-Reporter-1.2018.
Thank you for uploading your work to CPAN.  However, there was a problem
testing your distribution.
If you think this report is invalid, please consult the CPAN Testers Wiki
for suggestions on how to avoid getting FAIL reports for missing library
or binary dependencies, unsupported operating systems, and so on:
http://wiki.cpantesters.org/wiki/CPANAuthorNotes
Sections of this report:
    * Tester comments
    * Program output
    * Prerequisites
    * Environment and other context
------------------------------
TESTER COMMENTS
------------------------------
Additional comments from tester:
this report is from an automated smoke testing program
and was not reviewed by a human for accuracy
------------------------------
PROGRAM OUTPUT
------------------------------
Output from '/usr/bin/make test':
PERL_DL_NONLAZY=1 "/tmp/basesmoker-reloperl-ABxO/bin/perl" "-MExtUtils::Command::MM" "-MTest::Harness" "-e" "undef *Test::Harness::Switches; test_harness(0, 'inc', 'blib/lib', 'blib/arch')" t/*.t
t/base_cart_class.t ....................... ok
t/base_create_accessors.t ................. ok
t/base_create_instance.t .................. ok
t/base_get_column.t ....................... ok
t/base_item_class.t ....................... ok
t/base_set_column.t ....................... ok
t/base_storage.t .......................... ok
t/base_storage_class.t .................... ok
t/base_update.t ........................... ok
t/basic.t ................................. ok
#   Failed test 'price is 0'
#   at t/cart_add.t line 342.
#          got: '0.00 USD'
#     expected: '0'
#   Failed test 'total is 0'
#   at t/cart_add.t line 344.
#          got: '.,00 ,USD.00 USD'
#     expected: '0'
# Looks like you failed 2 tests of 252.
t/cart_add.t .............................. 
Dubious, test returned 2 (wstat 512, 0x200)
Failed 2/252 subtests 
t/cart_clear.t ............................ ok
#   Failed test 'caught other exception'
#   at t/cart_create.t line 156.
#   Failed test 'has 0 subtotal'
#   at t/cart_create.t line 175.
#          got: '0.00 USD'
#     expected: '0'
#   Failed test 'subtotal is 0'
#   at t/cart_create.t line 206.
#          got: '0.00 USD'
#     expected: '0'
#   Failed test 'subtotal is 0'
#   at t/cart_create.t line 229.
#          got: '0.00 USD'
#     expected: '0'
#   Failed test 'subtotal is 0'
#   at t/cart_create.t line 254.
#          got: '0.00 USD'
#     expected: '0'
#   Failed test 'caught other exception'
#   at t/cart_create.t line 156.
#   Failed test 'has 0 subtotal'
#   at t/cart_create.t line 175.
#          got: '0.00 USD'
#     expected: '0'
#   Failed test 'subtotal is 0'
#   at t/cart_create.t line 206.
#          got: '0.00 USD'
#     expected: '0'
#   Failed test 'subtotal is 0'
#   at t/cart_create.t line 229.
#          got: '0.00 USD'
#     expected: '0'
#   Failed test 'subtotal is 0'
#   at t/cart_create.t line 254.
#          got: '0.00 USD'
#     expected: '0'
#   Failed test 'caught other exception'
#   at t/cart_create.t line 156.
#   Failed test 'has 0 subtotal'
#   at t/cart_create.t line 175.
#          got: '0.00 USD'
#     expected: '0'
#   Failed test 'subtotal is 0'
#   at t/cart_create.t line 206.
#          got: '0.00 USD'
#     expected: '0'
#   Failed test 'subtotal is 0'
#   at t/cart_create.t line 229.
#          got: '0.00 USD'
#     expected: '0'
#   Failed test 'subtotal is 0'
#   at t/cart_create.t line 254.
#          got: '0.00 USD'
#     expected: '0'
#   Failed test 'subtotal is 0'
#   at t/cart_create.t line 282.
#          got: '0.00 USD'
#     expected: '0'
# Looks like you planned 187 tests but ran 184.
# Looks like you failed 16 tests of 184 run.
t/cart_create.t ........................... 
Dubious, test returned 16 (wstat 4096, 0x1000)
Failed 19/187 subtests 
#   Failed test 'subtotal is 0'
#   at t/cart_delete.t line 75.
#          got: '0.00 USD'
#     expected: '0'
#   Failed test 'subtotal is 0'
#   at t/cart_delete.t line 87.
#          got: '0.00 USD'
#     expected: '0'
#   Failed test 'subtotal is 0'
#   at t/cart_delete.t line 114.
#          got: '0.00 USD'
#     expected: '0'
#   Failed test 'subtotal is 0'
#   at t/cart_delete.t line 126.
#          got: '0.00 USD'
#     expected: '0'
#   Failed test 'subtotal is 0'
#   at t/cart_delete.t line 75.
#          got: '0.00 USD'
#     expected: '0'
#   Failed test 'subtotal is 0'
#   at t/cart_delete.t line 87.
#          got: '0.00 USD'
#     expected: '0'
#   Failed test 'subtotal is 0'
#   at t/cart_delete.t line 114.
#          got: '0.00 USD'
#     expected: '0'
#   Failed test 'subtotal is 0'
#   at t/cart_delete.t line 126.
#          got: '0.00 USD'
#     expected: '0'
#   Failed test 'subtotal is 0'
#   at t/cart_delete.t line 75.
#          got: '0.00 USD'
#     expected: '0'
#   Failed test 'subtotal is 0'
#   at t/cart_delete.t line 87.
#          got: '0.00 USD'
#     expected: '0'
#   Failed test 'subtotal is 0'
#   at t/cart_delete.t line 114.
#          got: '0.00 USD'
#     expected: '0'
#   Failed test 'subtotal is 0'
#   at t/cart_delete.t line 126.
#          got: '0.00 USD'
#     expected: '0'
# Looks like you failed 12 tests of 110.
t/cart_delete.t ........................... 
Dubious, test returned 12 (wstat 3072, 0xc00)
Failed 12/110 subtests 
t/cart_destroy.t .......................... ok
#   Failed test 'price is 1.23'
#   at t/cart_item_create.t line 74.
#          got: '1.23 USD'
#     expected: '1.23'
#   Failed test 'total is 2.46'
#   at t/cart_item_create.t line 77.
#          got: '2.,00 ,USD.00 USD'
#     expected: '2.46'
#   Failed test 'total formatted default'
#   at t/cart_item_create.t line 85.
#          got: '2.,00 ,USD.00 USD'
#     expected: '2.46 USD'
#   Failed test 'total formatted using format'
#   at t/cart_item_create.t line 86.
#          got: '2.,00 ,USD.00 US Dollar'
#     expected: '2.46 US Dollar'
#   Failed test 'price formatted default'
#   at t/cart_item_create.t line 92.
#          got: '2.,00 ,CAD.00 CAD'
#     expected: '2.46 CAD'
#   Failed test 'price formatted using format'
#   at t/cart_item_create.t line 93.
#          got: '2.,00 ,CAD.00 Canadian Dollar'
#     expected: '2.46 Canadian Dollar'
#   Failed test 'price is 1.23'
#   at t/cart_item_create.t line 74.
#          got: '1.23 USD'
#     expected: '1.23'
#   Failed test 'total is 2.46'
#   at t/cart_item_create.t line 77.
#          got: '2.,00 ,USD.00 USD'
#     expected: '2.46'
#   Failed test 'total formatted default'
#   at t/cart_item_create.t line 85.
#          got: '2.,00 ,USD.00 USD'
#     expected: '2.46 USD'
#   Failed test 'total formatted using format'
#   at t/cart_item_create.t line 86.
#          got: '2.,00 ,USD.00 US Dollar'
#     expected: '2.46 US Dollar'
#   Failed test 'price formatted default'
#   at t/cart_item_create.t line 92.
#          got: '2.,00 ,CAD.00 CAD'
#     expected: '2.46 CAD'
#   Failed test 'price formatted using format'
#   at t/cart_item_create.t line 93.
#          got: '2.,00 ,CAD.00 Canadian Dollar'
#     expected: '2.46 Canadian Dollar'
#   Failed test 'price is 1.23'
#   at t/cart_item_create.t line 118.
#          got: '1.23 USD'
#     expected: '1.23'
#   Failed test 'total is 2.46'
#   at t/cart_item_create.t line 121.
#          got: '2.,00 ,USD.00 USD'
#     expected: '2.46'
# Looks like you failed 14 tests of 51.
t/cart_item_create.t ...................... 
Dubious, test returned 14 (wstat 3584, 0xe00)
Failed 14/51 subtests 
t/cart_items.t ............................ ok
t/cart_iterator.t ......................... ok
t/cart_restore.t .......................... ok
t/cart_restore_append.t ................... ok
t/cart_restore_append_filter.t ............ ok
t/cart_restore_merge.t .................... ok
t/cart_restore_merge_filter.t ............. ok
t/cart_restore_replace.t .................. ok
t/cart_restore_replace_filter.t ........... ok
t/cart_save.t ............................. ok
#   Failed test 'subtotal is 0'
#   at t/cart_search.t line 410.
#          got: '0.00 USD'
#     expected: '0'
# Looks like you failed 1 test of 510.
t/cart_search.t ........................... 
Dubious, test returned 1 (wstat 256, 0x100)
Failed 1/510 subtests 
Unescaped left brace in regex is passed through in regex; marked by <-- HERE in m/\$c->stash->{ <-- HERE 'template'} = 'cart/default';/ at t/catalyst_helpers_controller_cart.t line 68.
Unescaped left brace in regex is passed through in regex; marked by <-- HERE in m/\$c->stash->{ <-- HERE 'template'} = 'cart/list';/ at t/catalyst_helpers_controller_cart.t line 70.
Unescaped left brace in regex is passed through in regex; marked by <-- HERE in m/\$c->stash->{ <-- HERE 'template'} = 'my/cart/default';/ at t/catalyst_helpers_controller_cart.t line 98.
Unescaped left brace in regex is passed through in regex; marked by <-- HERE in m/\$c->stash->{ <-- HERE 'template'} = 'my/cart/list';/ at t/catalyst_helpers_controller_cart.t line 100.
Unescaped left brace in regex is passed through in regex; marked by <-- HERE in m/\$c->stash->{ <-- HERE 'template'} = 'mycart/default';/ at t/catalyst_helpers_controller_cart.t line 118.
Unescaped left brace in regex is passed through in regex; marked by <-- HERE in m/\$c->stash->{ <-- HERE 'template'} = 'mycart/list';/ at t/catalyst_helpers_controller_cart.t line 120.
Unescaped left brace in regex is passed through in regex; marked by <-- HERE in m/\$c->stash->{ <-- HERE 'template'} = 'myothercart/default';/ at t/catalyst_helpers_controller_cart.t line 138.
Unescaped left brace in regex is passed through in regex; marked by <-- HERE in m/\$c->stash->{ <-- HERE 'template'} = 'myothercart/list';/ at t/catalyst_helpers_controller_cart.t line 140.
Unescaped left brace in regex is passed through in regex; marked by <-- HERE in m/\$c->stash->{ <-- HERE 'template'} = 'mynewcart/default';/ at t/catalyst_helpers_controller_cart.t line 158.
Unescaped left brace in regex is passed through in regex; marked by <-- HERE in m/\$c->stash->{ <-- HERE 'template'} = 'mynewcart/list';/ at t/catalyst_helpers_controller_cart.t line 160.
Unescaped left brace in regex is passed through in regex; marked by <-- HERE in m/\$c->stash->{ <-- HERE 'template'} = 'mythirdcart/default';/ at t/catalyst_helpers_controller_cart.t line 178.
Unescaped left brace in regex is passed through in regex; marked by <-- HERE in m/\$c->stash->{ <-- HERE 'template'} = 'mythirdcart/list';/ at t/catalyst_helpers_controller_cart.t line 180.
Unescaped left brace in regex is passed through in regex; marked by <-- HERE in m/\$c->stash->{ <-- HERE 'template'} = 'mycustomcart/default';/ at t/catalyst_helpers_controller_cart.t line 198.
Unescaped left brace in regex is passed through in regex; marked by <-- HERE in m/\$c->stash->{ <-- HERE 'template'} = 'mycustomcart/list';/ at t/catalyst_helpers_controller_cart.t line 200.
Unescaped left brace in regex is passed through in regex; marked by <-- HERE in m/\$c->stash->{ <-- HERE 'template'} = 'mybestcart/default';/ at t/catalyst_helpers_controller_cart.t line 218.
Unescaped left brace in regex is passed through in regex; marked by <-- HERE in m/\$c->stash->{ <-- HERE 'template'} = 'mybestcart/list';/ at t/catalyst_helpers_controller_cart.t line 220.
Unescaped left brace in regex is passed through in regex; marked by <-- HERE in m/\$c->stash->{ <-- HERE 'template'} = 'myworstcart/default';/ at t/catalyst_helpers_controller_cart.t line 238.
Unescaped left brace in regex is passed through in regex; marked by <-- HERE in m/\$c->stash->{ <-- HERE 'template'} = 'myworstcart/list';/ at t/catalyst_helpers_controller_cart.t line 240.
Unescaped left brace in regex is passed through in regex; marked by <-- HERE in m/\$c->stash->{ <-- HERE 'template'} = 'myfqcart/default';/ at t/catalyst_helpers_controller_cart.t line 258.
Unescaped left brace in regex is passed through in regex; marked by <-- HERE in m/\$c->stash->{ <-- HERE 'template'} = 'myfqcart/list';/ at t/catalyst_helpers_controller_cart.t line 260.
Unescaped left brace in regex is passed through in regex; marked by <-- HERE in m/\$c->stash->{ <-- HERE 'template'} = 'my/cart/default';/ at t/catalyst_helpers_controller_cart.t line 282.
Unescaped left brace in regex is passed through in regex; marked by <-- HERE in m/\$c->stash->{ <-- HERE 'template'} = 'my/cart/list';/ at t/catalyst_helpers_controller_cart.t line 284.
Unescaped left brace in regex is passed through in regex; marked by <-- HERE in m/\$c->stash->{ <-- HERE 'template'} = 'my/cart/default';/ at t/catalyst_helpers_controller_cart.t line 306.
Unescaped left brace in regex is passed through in regex; marked by <-- HERE in m/\$c->stash->{ <-- HERE 'template'} = 'my/cart/list';/ at t/catalyst_helpers_controller_cart.t line 308.
t/catalyst_helpers_controller_cart.t ...... ok
Unescaped left brace in regex is passed through in regex; marked by <-- HERE in m/\$c->stash->{ <-- HERE 'template'} = 'checkout/billing';/ at t/catalyst_helpers_controller_checkout.t line 75.
Unescaped left brace in regex is passed through in regex; marked by <-- HERE in m/\$c->stash->{ <-- HERE 'template'} = 'checkout/payment';/ at t/catalyst_helpers_controller_checkout.t line 76.
Unescaped left brace in regex is passed through in regex; marked by <-- HERE in m/\$c->stash->{ <-- HERE 'template'} = 'checkout/complete';/ at t/catalyst_helpers_controller_checkout.t line 77.
Unescaped left brace in regex is passed through in regex; marked by <-- HERE in m/\$c->stash->{ <-- HERE 'template'} = 'mycheckout/billing';/ at t/catalyst_helpers_controller_checkout.t line 115.
Unescaped left brace in regex is passed through in regex; marked by <-- HERE in m/\$c->stash->{ <-- HERE 'template'} = 'mycheckout/payment';/ at t/catalyst_helpers_controller_checkout.t line 116.
Unescaped left brace in regex is passed through in regex; marked by <-- HERE in m/\$c->stash->{ <-- HERE 'template'} = 'mycheckout/complete';/ at t/catalyst_helpers_controller_checkout.t line 117.
Unescaped left brace in regex is passed through in regex; marked by <-- HERE in m/\$c->stash->{ <-- HERE 'template'} = 'mynewcheckout/billing';/ at t/catalyst_helpers_controller_checkout.t line 142.
Unescaped left brace in regex is passed through in regex; marked by <-- HERE in m/\$c->stash->{ <-- HERE 'template'} = 'mynewcheckout/payment';/ at t/catalyst_helpers_controller_checkout.t line 143.
Unescaped left brace in regex is passed through in regex; marked by <-- HERE in m/\$c->stash->{ <-- HERE 'template'} = 'mynewcheckout/complete';/ at t/catalyst_helpers_controller_checkout.t line 144.
Unescaped left brace in regex is passed through in regex; marked by <-- HERE in m/\$c->stash->{ <-- HERE 'template'} = 'myothercheckout/billing';/ at t/catalyst_helpers_controller_checkout.t line 169.
Unescaped left brace in regex is passed through in regex; marked by <-- HERE in m/\$c->stash->{ <-- HERE 'template'} = 'myothercheckout/payment';/ at t/catalyst_helpers_controller_checkout.t line 170.
Unescaped left brace in regex is passed through in regex; marked by <-- HERE in m/\$c->stash->{ <-- HERE 'template'} = 'myothercheckout/complete';/ at t/catalyst_helpers_controller_checkout.t line 171.
Unescaped left brace in regex is passed through in regex; marked by <-- HERE in m/\$c->stash->{ <-- HERE 'template'} = 'mythirdcheckout/billing';/ at t/catalyst_helpers_controller_checkout.t line 196.
Unescaped left brace in regex is passed through in regex; marked by <-- HERE in m/\$c->stash->{ <-- HERE 'template'} = 'mythirdcheckout/payment';/ at t/catalyst_helpers_controller_checkout.t line 197.
Unescaped left brace in regex is passed through in regex; marked by <-- HERE in m/\$c->stash->{ <-- HERE 'template'} = 'mythirdcheckout/complete';/ at t/catalyst_helpers_controller_checkout.t line 198.
Unescaped left brace in regex is passed through in regex; marked by <-- HERE in m/\$c->stash->{ <-- HERE 'template'} = 'checkout/billing';/ at t/catalyst_helpers_controller_checkout.t line 234.
Unescaped left brace in regex is passed through in regex; marked by <-- HERE in m/\$c->stash->{ <-- HERE 'template'} = 'checkout/payment';/ at t/catalyst_helpers_controller_checkout.t line 235.
Unescaped left brace in regex is passed through in regex; marked by <-- HERE in m/\$c->stash->{ <-- HERE 'template'} = 'checkout/complete';/ at t/catalyst_helpers_controller_checkout.t line 236.
t/catalyst_helpers_controller_checkout.t .. ok
t/catalyst_helpers_controller_order.t ..... ok
Don't forget to add Session, Session::Store::File and Session::State::Cookie to TestApp.pm!
t/catalyst_helpers_handel.t ............... ok
t/catalyst_helpers_model_cart.t ........... ok
t/catalyst_helpers_model_order.t .......... ok
t/catalyst_helpers_scaffold.t ............. ok
t/catalyst_model_cart.t ................... ok
t/catalyst_model_order.t .................. ok
The supplied field(s) failed database constraints: Check Subtotal(subtotal)# Looks like your test exited with 2 just after 18.
t/checkout_cart.t ......................... 
Dubious, test returned 2 (wstat 512, 0x200)
Failed 202/220 subtests 
t/checkout_messages.t ..................... ok
t/checkout_order.t ........................ ok
add_phase is deprecated and will be removed in a future release at t/checkout_phases.t line 21.
add_phase is deprecated and will be removed in a future release at t/checkout_phases.t line 77.
add_phase is deprecated and will be removed in a future release at t/checkout_phases.t line 93.
add_phase is deprecated and will be removed in a future release at t/checkout_phases.t line 110.
add_phase is deprecated and will be removed in a future release at t/checkout_phases.t line 77.
add_phase is deprecated and will be removed in a future release at t/checkout_phases.t line 93.
add_phase is deprecated and will be removed in a future release at t/checkout_phases.t line 110.
add_phase is deprecated and will be removed in a future release at t/checkout_phases.t line 77.
add_phase is deprecated and will be removed in a future release at t/checkout_phases.t line 93.
add_phase is deprecated and will be removed in a future release at t/checkout_phases.t line 110.
t/checkout_phases.t ....................... ok
add_phase is deprecated and will be removed in a future release at t/checkout_plugins.t line 124.
#   Failed test 'second plugin not loaded'
#   at t/checkout_plugins.t line 653.
#   Failed test 'second plugin not loaded'
#   at t/checkout_plugins.t line 688.
#   Failed test 'loaded 1 plugin'
#   at t/checkout_plugins.t line 854.
#          got: '0'
#     expected: '1'
#   Failed test 'second plugin loaded'
#   at t/checkout_plugins.t line 855.
#   Failed test 'undef isa 'Handel::Checkout::Plugin''
#   at t/checkout_plugins.t line 864.
#     undef isn't defined
#   Failed test 'init called'
#   at t/checkout_plugins.t line 865.
#   Failed test 'register called'
#   at t/checkout_plugins.t line 866.
#   Failed test 'loaded 1 plugin'
#   at t/checkout_plugins.t line 889.
#          got: '0'
#     expected: '1'
#   Failed test 'second plugin not loaded'
#   at t/checkout_plugins.t line 890.
#   Failed test 'undef isa 'Handel::Checkout::Plugin''
#   at t/checkout_plugins.t line 899.
#     undef isn't defined
#   Failed test 'init called'
#   at t/checkout_plugins.t line 900.
#   Failed test 'register called'
#   at t/checkout_plugins.t line 901.
add_phase is deprecated and will be removed in a future release at t/checkout_plugins.t line 124.
#   Failed test 'second plugin not loaded'
#   at t/checkout_plugins.t line 653.
#   Failed test 'second plugin not loaded'
#   at t/checkout_plugins.t line 688.
#   Failed test 'loaded 1 plugin'
#   at t/checkout_plugins.t line 854.
#          got: '0'
#     expected: '1'
#   Failed test 'second plugin loaded'
#   at t/checkout_plugins.t line 855.
#   Failed test 'undef isa 'Handel::Checkout::Plugin''
#   at t/checkout_plugins.t line 864.
#     undef isn't defined
#   Failed test 'init called'
#   at t/checkout_plugins.t line 865.
#   Failed test 'register called'
#   at t/checkout_plugins.t line 866.
#   Failed test 'loaded 1 plugin'
#   at t/checkout_plugins.t line 889.
#          got: '0'
#     expected: '1'
#   Failed test 'second plugin not loaded'
#   at t/checkout_plugins.t line 890.
#   Failed test 'undef isa 'Handel::Checkout::Plugin''
#   at t/checkout_plugins.t line 899.
#     undef isn't defined
#   Failed test 'init called'
#   at t/checkout_plugins.t line 900.
#   Failed test 'register called'
#   at t/checkout_plugins.t line 901.
add_phase is deprecated and will be removed in a future release at t/checkout_plugins.t line 124.
#   Failed test 'second plugin not loaded'
#   at t/checkout_plugins.t line 653.
#   Failed test 'second plugin not loaded'
#   at t/checkout_plugins.t line 688.
#   Failed test 'loaded 1 plugin'
#   at t/checkout_plugins.t line 854.
#          got: '0'
#     expected: '1'
#   Failed test 'second plugin loaded'
#   at t/checkout_plugins.t line 855.
#   Failed test 'undef isa 'Handel::Checkout::Plugin''
#   at t/checkout_plugins.t line 864.
#     undef isn't defined
#   Failed test 'init called'
#   at t/checkout_plugins.t line 865.
#   Failed test 'register called'
#   at t/checkout_plugins.t line 866.
#   Failed test 'loaded 1 plugin'
#   at t/checkout_plugins.t line 889.
#          got: '0'
#     expected: '1'
#   Failed test 'second plugin not loaded'
#   at t/checkout_plugins.t line 890.
#   Failed test 'undef isa 'Handel::Checkout::Plugin''
#   at t/checkout_plugins.t line 899.
#     undef isn't defined
#   Failed test 'init called'
#   at t/checkout_plugins.t line 900.
#   Failed test 'register called'
#   at t/checkout_plugins.t line 901.
# Looks like you planned 1308 tests but ran 1290.
# Looks like you failed 36 tests of 1290 run.
t/checkout_plugins.t ...................... 
Dubious, test returned 36 (wstat 9216, 0x2400)
Failed 54/1308 subtests 
#   Failed test 'subtotal is 0'
#   at t/checkout_process.t line 206.
#          got: '0.00 USD'
#     expected: '0'
#   Failed test 'subtotal is 0'
#   at t/checkout_process.t line 206.
#          got: '0.00 USD'
#     expected: '0'
#   Failed test 'subtotal is 0'
#   at t/checkout_process.t line 206.
#          got: '0.00 USD'
#     expected: '0'
# Looks like you failed 3 tests of 211.
t/checkout_process.t ...................... 
Dubious, test returned 3 (wstat 768, 0x300)
Failed 3/211 subtests 
t/checkout_stash.t ........................ ok
t/compat.t ................................ ok
t/compat_cart_item_new.t .................. ok
t/compat_cart_items.t ..................... ok
t/compat_cart_load.t ...................... ok
#   Failed test at t/compat_cart_new.t line 156.
#   Failed test at t/compat_cart_new.t line 156.
#   Failed test at t/compat_cart_new.t line 156.
# Looks like you failed 3 tests of 160.
t/compat_cart_new.t ....................... 
Dubious, test returned 3 (wstat 768, 0x300)
Failed 3/160 subtests 
t/compat_currency.t ....................... ok
t/compat_order_item_new.t ................. ok
t/compat_order_items.t .................... ok
t/compat_order_load.t ..................... ok
#   Failed test at t/compat_order_new.t line 225.
#   Failed test at t/compat_order_new.t line 225.
# Looks like you failed 2 tests of 380.
t/compat_order_new.t ...................... 
Dubious, test returned 2 (wstat 512, 0x200)
Failed 2/380 subtests 
t/config.t ................................ ok
t/config_modperl1.t ....................... ok
t/config_modperl2.t ....................... ok
t/constants.t ............................. ok
t/constraints_cart_name.t ................. ok
t/constraints_cart_type.t ................. ok
add_phase is deprecated and will be removed in a future release at t/constraints_checkout_phase.t line 29.
t/constraints_checkout_phase.t ............ ok
t/constraints_currency_code.t ............. ok
t/constraints_order_type.t ................ ok
t/constraints_price.t ..................... ok
t/constraints_quantity.t .................. ok
t/constraints_uuid.t ...................... ok
t/currency.t .............................. ok
t/exceptions.t ............................ ok
t/exceptions_axkit.t ...................... ok
t/iterator.t .............................. ok
t/iterator_dbic.t ......................... ok
t/iterator_list.t ......................... ok
t/iterator_results.t ...................... ok
t/l10n.t .................................. ok
t/l10n_lexicon_synced.t ................... ok
t/manifest.t .............................. skipped: set TEST_AUTHOR to enable this test
Added to MANIFEST: Changes
Added to MANIFEST: ignore.txt
Added to MANIFEST: lib/MyProject.pm
Added to MANIFEST: lib/MyProject/Cart.pm
Added to MANIFEST: lib/MyProject/Cart/Item.pm
Added to MANIFEST: lib/MyProject/Checkout.pm
Added to MANIFEST: lib/MyProject/Order.pm
Added to MANIFEST: lib/MyProject/Order/Item.pm
Added to MANIFEST: lib/MyProject/Storage/Cart.pm
Added to MANIFEST: lib/MyProject/Storage/Cart/Item.pm
Added to MANIFEST: lib/MyProject/Storage/Order.pm
Added to MANIFEST: lib/MyProject/Storage/Order/Item.pm
Added to MANIFEST: Makefile.PL
Added to MANIFEST: MANIFEST
Added to MANIFEST: README
Added to MANIFEST: t/basic.t
Added to MANIFEST: t/pod_coverage.t
Added to MANIFEST: t/pod_spelling.t
Added to MANIFEST: t/pod_syntax.t
Added to MANIFEST: xt/boilerplate.t
Added to MANIFEST: Changes
Added to MANIFEST: ignore.txt
Added to MANIFEST: lib/TestApp.pm
Added to MANIFEST: lib/TestApp/Cart.pm
Added to MANIFEST: lib/TestApp/Cart/Item.pm
Added to MANIFEST: lib/TestApp/Checkout.pm
Added to MANIFEST: lib/TestApp/Order.pm
Added to MANIFEST: lib/TestApp/Order/Item.pm
Added to MANIFEST: lib/TestApp/Storage/Cart.pm
Added to MANIFEST: lib/TestApp/Storage/Cart/Item.pm
Added to MANIFEST: lib/TestApp/Storage/Order.pm
Added to MANIFEST: lib/TestApp/Storage/Order/Item.pm
Added to MANIFEST: Makefile.PL
Added to MANIFEST: MANIFEST
Added to MANIFEST: README
Added to MANIFEST: t/basic.t
Added to MANIFEST: t/pod_coverage.t
Added to MANIFEST: t/pod_spelling.t
Added to MANIFEST: t/pod_syntax.t
Added to MANIFEST: xt/boilerplate.t
Added to MANIFEST: Changes
Added to MANIFEST: ignore.txt
Added to MANIFEST: lib/DistApp.pm
Added to MANIFEST: lib/DistApp/Cart.pm
Added to MANIFEST: lib/DistApp/Cart/Item.pm
Added to MANIFEST: lib/DistApp/Checkout.pm
Added to MANIFEST: lib/DistApp/Order.pm
Added to MANIFEST: lib/DistApp/Order/Item.pm
Added to MANIFEST: lib/DistApp/Storage/Cart.pm
Added to MANIFEST: lib/DistApp/Storage/Cart/Item.pm
Added to MANIFEST: lib/DistApp/Storage/Order.pm
Added to MANIFEST: lib/DistApp/Storage/Order/Item.pm
Added to MANIFEST: Makefile.PL
Added to MANIFEST: MANIFEST
Added to MANIFEST: README
Added to MANIFEST: t/basic.t
Added to MANIFEST: t/pod_coverage.t
Added to MANIFEST: t/pod_spelling.t
Added to MANIFEST: t/pod_syntax.t
Added to MANIFEST: xt/boilerplate.t
Added to MANIFEST: Changes
Added to MANIFEST: ignore.txt
Added to MANIFEST: lib/MyApp.pm
Added to MANIFEST: lib/MyApp/Cart.pm
Added to MANIFEST: lib/MyApp/Cart/Item.pm
Added to MANIFEST: lib/MyApp/Checkout.pm
Added to MANIFEST: lib/MyApp/Order.pm
Added to MANIFEST: lib/MyApp/Order/Item.pm
Added to MANIFEST: lib/MyApp/Storage/Cart.pm
Added to MANIFEST: lib/MyApp/Storage/Cart/Item.pm
Added to MANIFEST: lib/MyApp/Storage/Order.pm
Added to MANIFEST: lib/MyApp/Storage/Order/Item.pm
Added to MANIFEST: Makefile.PL
Added to MANIFEST: MANIFEST
Added to MANIFEST: README
Added to MANIFEST: t/basic.t
Added to MANIFEST: t/pod_coverage.t
Added to MANIFEST: t/pod_spelling.t
Added to MANIFEST: t/pod_syntax.t
Added to MANIFEST: xt/boilerplate.t
t/module_starter.t ........................ ok
Argument "2.22 USD" isn't numeric in addition (+) at /home/sand/src/perl/repoperls/installed-perls/host/k93jammy/v5.37.9/322f/lib/site_perl/5.37.9/Data/Currency.pm line 222.
Argument "2.22 USD" isn't numeric in addition (+) at /home/sand/src/perl/repoperls/installed-perls/host/k93jammy/v5.37.9/322f/lib/site_perl/5.37.9/Data/Currency.pm line 222.
Argument "2.22 USD" isn't numeric in addition (+) at /home/sand/src/perl/repoperls/installed-perls/host/k93jammy/v5.37.9/322f/lib/site_perl/5.37.9/Data/Currency.pm line 222.
t/order_add.t ............................. ok
t/order_clear.t ........................... ok
#   Failed test at t/order_create.t line 210.
#   Failed test at t/order_create.t line 327.
#          got: '1.23 USD'
#     expected: '1.23'
#   Failed test at t/order_create.t line 335.
#          got: '4.56 USD'
#     expected: '4.56'
#   Failed test at t/order_create.t line 338.
#          got: '7.89 USD'
#     expected: '7.89'
#   Failed test at t/order_create.t line 341.
#          got: '10.11 USD'
#     expected: '10.11'
#   Failed test at t/order_create.t line 344.
#          got: '12.13 USD'
#     expected: '12.13'
The supplied field(s) failed database constraints: Check Subtotal(subtotal)# Looks like your test exited with 2 just after 97.
t/order_create.t .......................... 
Dubious, test returned 2 (wstat 512, 0x200)
Failed 565/656 subtests 
t/order_delete.t .......................... ok
t/order_destroy.t ......................... ok
#   Failed test at t/order_item_create.t line 71.
#          got: '1.23 USD'
#     expected: '1.23'
#   Failed test at t/order_item_create.t line 74.
#          got: '2.46 USD'
#     expected: '2.46'
#   Failed test at t/order_item_create.t line 71.
#          got: '1.23 USD'
#     expected: '1.23'
#   Failed test at t/order_item_create.t line 74.
#          got: '2.46 USD'
#     expected: '2.46'
#   Failed test at t/order_item_create.t line 113.
#          got: '1.23 USD'
#     expected: '1.23'
#   Failed test at t/order_item_create.t line 116.
#          got: '0.00 USD'
#     expected: '0'
# Looks like you failed 6 tests of 48.
t/order_item_create.t ..................... 
Dubious, test returned 6 (wstat 1536, 0x600)
Failed 6/48 subtests 
t/order_items.t ........................... ok
The supplied field(s) failed database constraints: Check Subtotal(subtotal)# Looks like your test exited with 2 just after 16.
t/order_reconcile.t ....................... 
Dubious, test returned 2 (wstat 512, 0x200)
Failed 106/122 subtests 
t/order_save.t ............................ ok
#   Failed test at t/order_search.t line 356.
#          got: '0.00 USD'
#     expected: '0'
# Looks like you failed 1 test of 370.
t/order_search.t .......................... 
Dubious, test returned 1 (wstat 256, 0x100)
Failed 1/370 subtests 
t/pod_coverage.t .......................... skipped: set TEST_AUTHOR to enable this test
t/pod_spelling.t .......................... skipped: set TEST_AUTHOR to enable this test
t/pod_syntax.t ............................ skipped: set TEST_AUTHOR to enable this test
t/schema.t ................................ ok
t/storage_add_columns.t ................... ok
t/storage_add_constraint.t ................ ok
t/storage_check_constraints.t ............. ok
t/storage_clone.t ......................... ok
t/storage_column_accessors.t .............. ok
t/storage_columns.t ....................... ok
t/storage_constraints.t ................... ok
t/storage_copyable_item_columns.t ......... ok
t/storage_currency_class.t ................ ok
t/storage_currency_columns.t .............. ok
t/storage_dbic_add_columns.t .............. ok
t/storage_dbic_add_constraint.t ........... ok
t/storage_dbic_add_item.t ................. ok
t/storage_dbic_clone.t .................... ok
t/storage_dbic_column_accessors.t ......... ok
t/storage_dbic_columns.t .................. ok
t/storage_dbic_connection_info.t .......... ok
t/storage_dbic_constraints.t .............. ok
t/storage_dbic_copyable_item_columns.t .... ok
#   Failed test 'caught other exception'
#   at t/storage_dbic_count_items.t line 61.
# Looks like you planned 9 tests but ran 8.
# Looks like you failed 1 test of 8 run.
t/storage_dbic_count_items.t .............. 
Dubious, test returned 1 (wstat 256, 0x100)
Failed 2/9 subtests 
t/storage_dbic_create.t ................... ok
t/storage_dbic_currency_code.t ............ ok
#   Failed test 'got sku'
#   at t/storage_dbic_currency_columns.t line 105.
#          got: '5.43 USD'
#     expected: '5.43'
#   Failed test 'got price'
#   at t/storage_dbic_currency_columns.t line 140.
#          got: '1.23 CAD'
#     expected: '1.23'
#   Failed test 'got price'
#   at t/storage_dbic_currency_columns.t line 152.
#          got: '1.24 USD'
#     expected: '1.24'
#   Failed test 'got new price object'
#   at t/storage_dbic_currency_columns.t line 157.
#          got: '2.43 USD'
#     expected: '2.43'
# Looks like you failed 4 tests of 34.
t/storage_dbic_currency_columns.t ......... 
Dubious, test returned 4 (wstat 1024, 0x400)
Failed 4/34 subtests 
t/storage_dbic_currency_format.t .......... ok
t/storage_dbic_default_values.t ........... ok
t/storage_dbic_delete.t ................... ok
#   Failed test 'other exception caught'
#   at t/storage_dbic_delete_items.t line 97.
# Looks like you planned 19 tests but ran 18.
# Looks like you failed 1 test of 18 run.
t/storage_dbic_delete_items.t ............. 
Dubious, test returned 1 (wstat 256, 0x100)
Failed 2/19 subtests 
t/storage_dbic_has_column.t ............... ok
t/storage_dbic_primary_columns.t .......... ok
#   Failed test 'other exception caught'
#   at t/storage_dbic_process_error.t line 58.
# Looks like you planned 16 tests but ran 15.
# Looks like you failed 1 test of 15 run.
t/storage_dbic_process_error.t ............ 
Dubious, test returned 1 (wstat 256, 0x100)
Failed 2/16 subtests 
#   Failed test 'other exception caught'
#   at t/storage_dbic_remove_columns.t line 71.
# Looks like you planned 13 tests but ran 12.
# Looks like you failed 1 test of 12 run.
t/storage_dbic_remove_columns.t ........... 
Dubious, test returned 1 (wstat 256, 0x100)
Failed 2/13 subtests 
t/storage_dbic_remove_constraint.t ........ ok
t/storage_dbic_remove_constraints.t ....... ok
t/storage_dbic_schema_class.t ............. ok
t/storage_dbic_schema_instance.t .......... ok
t/storage_dbic_search.t ................... ok
#   Failed test 'other exception caught'
#   at t/storage_dbic_search_items.t line 152.
# Looks like you planned 47 tests but ran 46.
# Looks like you failed 1 test of 46 run.
t/storage_dbic_search_items.t ............. 
Dubious, test returned 1 (wstat 256, 0x100)
Failed 2/47 subtests 
t/storage_dbic_setup.t .................... ok
t/storage_dbic_validation.t ............... ok
t/storage_default_values.t ................ ok
t/storage_has_column.t .................... ok
t/storage_iterator_class.t ................ ok
t/storage_new.t ........................... ok
t/storage_primary_columns.t ............... ok
t/storage_remove_columns.t ................ ok
t/storage_remove_constraint.t ............. ok
t/storage_remove_constraints.t ............ ok
t/storage_set_default_values.t ............ ok
t/storage_setup.t ......................... ok
t/storage_validate_data.t ................. ok
t/storage_validation.t .................... ok
t/strict.t ................................ skipped: Test::Strict not installed
t/style_critic_core.t ..................... skipped: set TEST_AUTHOR to enable this test
t/style_no_tabs.t ......................... skipped: set TEST_AUTHOR to enable this test
The supplied field(s) failed database constraints: Check Subtotal(subtotal)# Looks like your test exited with 2 just after 56.
t/subclassing.t ........................... 
Dubious, test returned 2 (wstat 512, 0x200)
Failed 12/68 subtests 
t/tt2_cart.t .............................. skipped: Skipping tests under uselongdouble
t/tt2_checkout.t .......................... skipped: Skipping tests under uselongdouble
t/tt2_constants.t ......................... ok
t/tt2_order.t ............................. skipped: Skipping tests under uselongdouble
t/warnings.t .............................. skipped: Test::Strict 0.05 not installed
t/xsp_cart.t .............................. skipped: set TEST_HTTP to enable this test
t/xsp_checkout.t .......................... skipped: set TEST_HTTP to enable this test
t/xsp_order.t ............................. skipped: set TEST_HTTP to enable this test
Test Summary Report
-------------------
t/cart_add.t                            (Wstat: 512 (exited 2) Tests: 252 Failed: 2)
  Failed tests:  250, 252
  Non-zero exit status: 2
t/cart_create.t                         (Wstat: 4096 (exited 16) Tests: 184 Failed: 16)
  Failed tests:  17, 26, 40, 49, 59, 70, 79, 94, 104, 115
                127, 136, 151, 161, 172, 181
  Non-zero exit status: 16
  Parse errors: Bad plan.  You planned 187 tests but ran 184.
t/cart_delete.t                         (Wstat: 3072 (exited 12) Tests: 110 Failed: 12)
  Failed tests:  17, 23, 33, 39, 52, 58, 68, 74, 87, 93
                103, 109
  Non-zero exit status: 12
t/cart_item_create.t                    (Wstat: 3584 (exited 14) Tests: 51 Failed: 14)
  Failed tests:  11, 14, 17-18, 21-22, 29, 32, 36-37, 40-41
                45, 48
  Non-zero exit status: 14
t/cart_search.t                         (Wstat: 256 (exited 1) Tests: 510 Failed: 1)
  Failed test:  507
  Non-zero exit status: 1
t/checkout_cart.t                       (Wstat: 512 (exited 2) Tests: 18 Failed: 0)
  Non-zero exit status: 2
  Parse errors: Bad plan.  You planned 220 tests but ran 18.
t/checkout_plugins.t                    (Wstat: 9216 (exited 36) Tests: 1290 Failed: 36)
  Failed tests:  287, 304, 380-381, 385-389, 393-395, 711
                728, 804-805, 809-813, 817-819, 1135, 1152
                1228-1229, 1233-1237, 1241-1243
  Non-zero exit status: 36
  Parse errors: Bad plan.  You planned 1308 tests but ran 1290.
t/checkout_process.t                    (Wstat: 768 (exited 3) Tests: 211 Failed: 3)
  Failed tests:  47, 114, 181
  Non-zero exit status: 3
t/compat_cart_new.t                     (Wstat: 768 (exited 3) Tests: 160 Failed: 3)
  Failed tests:  14, 62, 114
  Non-zero exit status: 3
t/compat_order_new.t                    (Wstat: 512 (exited 2) Tests: 380 Failed: 2)
  Failed tests:  19, 203
  Non-zero exit status: 2
t/order_create.t                        (Wstat: 512 (exited 2) Tests: 97 Failed: 6)
  Failed tests:  18, 48, 51, 54, 57, 60
  Non-zero exit status: 2
  Parse errors: Bad plan.  You planned 656 tests but ran 97.
t/order_item_create.t                   (Wstat: 1536 (exited 6) Tests: 48 Failed: 6)
  Failed tests:  10, 13, 26, 29, 42, 45
  Non-zero exit status: 6
t/order_reconcile.t                     (Wstat: 512 (exited 2) Tests: 16 Failed: 0)
  Non-zero exit status: 2
  Parse errors: Bad plan.  You planned 122 tests but ran 16.
t/order_search.t                        (Wstat: 256 (exited 1) Tests: 370 Failed: 1)
  Failed test:  367
  Non-zero exit status: 1
t/storage_dbic_count_items.t            (Wstat: 256 (exited 1) Tests: 8 Failed: 1)
  Failed test:  6
  Non-zero exit status: 1
  Parse errors: Bad plan.  You planned 9 tests but ran 8.
t/storage_dbic_currency_columns.t       (Wstat: 1024 (exited 4) Tests: 34 Failed: 4)
  Failed tests:  19, 26, 31, 34
  Non-zero exit status: 4
t/storage_dbic_delete_items.t           (Wstat: 256 (exited 1) Tests: 18 Failed: 1)
  Failed test:  16
  Non-zero exit status: 1
  Parse errors: Bad plan.  You planned 19 tests but ran 18.
t/storage_dbic_process_error.t          (Wstat: 256 (exited 1) Tests: 15 Failed: 1)
  Failed test:  6
  Non-zero exit status: 1
  Parse errors: Bad plan.  You planned 16 tests but ran 15.
t/storage_dbic_remove_columns.t         (Wstat: 256 (exited 1) Tests: 12 Failed: 1)
  Failed test:  12
  Non-zero exit status: 1
  Parse errors: Bad plan.  You planned 13 tests but ran 12.
t/storage_dbic_search_items.t           (Wstat: 256 (exited 1) Tests: 46 Failed: 1)
  Failed test:  44
  Non-zero exit status: 1
  Parse errors: Bad plan.  You planned 47 tests but ran 46.
t/subclassing.t                         (Wstat: 512 (exited 2) Tests: 56 Failed: 0)
  Non-zero exit status: 2
  Parse errors: Bad plan.  You planned 68 tests but ran 56.
Files=153, Tests=12105, 99 wallclock secs ( 1.45 usr  0.33 sys + 76.38 cusr  9.41 csys = 87.57 CPU)
Result: FAIL
Failed 21/153 test programs. 111/12105 subtests failed.
make: *** [Makefile:1110: test_dynamic] Error 255
------------------------------
PREREQUISITES
------------------------------
Prerequisite modules loaded:
requires:
    Module                                   Need     Have    
    ---------------------------------------- -------- --------
    Carp                                     0        1.54    
    Catalyst::Devel                          1.28     1.42    
    Catalyst::Plugin::Session                0.3      0.43    
    Catalyst::Plugin::Session::State::Cookie 0.17     0.18    
    Catalyst::Plugin::Session::Store::File   0.18     0.18    
    Catalyst::Runtime                        5.80025  5.90130 
    Catalyst::View::TT                       0.34     0.46    
    Class::Accessor::Grouped                 0.10006  0.10014 
    Class::Inspector                         1.24     1.36    
    Class::ISA                               0.36     0.36    
    Clone                                    0.31     0.46    
    Data::Currency                           0.04002  0.06000 
    DateTime                                 0.61     1.59    
    DateTime::Format::MySQL                  0.04     0.0701  
    DBD::SQLite                              1.29     1.72    
    DBIx::Class                              0.08123  0.082843
    DBIx::Class::UUIDColumns                 0.02005  0.02006 
    DBIx::Class::Validation                  0.02005  0.02005 
    Error                                    0.17016  0.17029 
    File::Path                               2.08     2.18    
    File::Spec::Functions                    3.3      3.88    
    FileHandle                               2.01     2.05    
    Finance::Currency::Convert::WebserviceX  0.07001  0.07001 
    FormValidator::Simple                    0.28     0.29    
    Getopt::Long                             2.38     2.54    
    HTML::FillInForm                         2.00     2.22    
    Locale::Currency                         2.07     3.73    
    Locale::Currency::Format                 1.28     1.35    
    Locale::Maketext                         1.13     1.32    
    Module::Pluggable                        3.9      5.2     
    Module::Starter                          1.54     1.77    
    NEXT                                     0.64     0.69    
    perl                                     5.008001 5.037009
    Pod::Usage                               1.36     2.03    
    Scalar::Util                             1.22     1.63    
    SQL::Translator                          0.11006  1.63    
    Test::More                               0.94     1.302192
    Tie::Hash                                1.03     1.06    
    YAML                                     0.71     1.30    
build_requires:
    Module                                   Need     Have    
    ---------------------------------------- -------- --------
    ExtUtils::MakeMaker                      7.68     7.68    
    Test::More                               0.94     1.302192
configure_requires:
    Module                                   Need     Have    
    ---------------------------------------- -------- --------
    ExtUtils::MakeMaker                      6.62     7.68    
------------------------------
ENVIRONMENT AND OTHER CONTEXT
------------------------------
Environment variables:
    AUTOMATED_TESTING = 1
    LANG = en_US.UTF-8
    LC_ADDRESS = de_DE.UTF-8
    LC_IDENTIFICATION = de_DE.UTF-8
    LC_MEASUREMENT = de_DE.UTF-8
    LC_MONETARY = de_DE.UTF-8
    LC_NAME = de_DE.UTF-8
    LC_NUMERIC = de_DE.UTF-8
    LC_PAPER = de_DE.UTF-8
    LC_TELEPHONE = de_DE.UTF-8
    LC_TIME = de_DE.UTF-8
    PATH = /home/sand/bin:/usr/local/bin:/usr/local/sbin:/usr/sbin:/usr/bin:/sbin:/bin:/usr/games:/usr/local/games:/snap/bin:/usr/local/perl/bin:/usr/X11/bin
    PERL5LIB = 
    PERL5OPT = 
    PERL5_CPANPLUS_IS_RUNNING = 27842
    PERL5_CPAN_IS_RUNNING = 27842
    PERL_CANARY_STABILITY_NOPROMPT = 1
    PERL_MM_USE_DEFAULT = 1
    PERL_USE_UNSAFE_INC = 1
    SHELL = /usr/bin/zsh
    TERM = screen
Perl special variables (and OS-specific diagnostics, for MSWin32):
    $^X = /tmp/basesmoker-reloperl-ABxO/bin/perl
    $UID/$EUID = 1005 / 1005
    $GID = 1005 1005
    $EGID = 1005 1005
Perl module toolchain versions installed:
    Module              Have    
    ------------------- --------
    CPAN                2.34    
    CPAN::Meta          2.150010
    Cwd                 3.88    
    ExtUtils::CBuilder  0.280238
    ExtUtils::Command   7.68    
    ExtUtils::Install   2.22    
    ExtUtils::MakeMaker 7.68    
    ExtUtils::Manifest  1.73    
    ExtUtils::ParseXS   3.49    
    File::Spec          3.88    
    JSON                4.10    
    JSON::PP            4.16    
    Module::Build       0.4232  
    Module::Signature   0.88    
    Parse::CPAN::Meta   2.150010
    Test::Harness       3.44    
    Test::More          1.302192
    YAML                1.30    
    YAML::Syck          1.34    
    version             0.9929  
--
Summary of my perl5 (revision 5 version 37 subversion 9) configuration:
  Commit id: 692cfdb0a41902b1e4fd4d934426ef95c2b4b694
  Platform:
    osname=linux
    osvers=5.19.0-32-generic
    archname=x86_64-linux-thread-multi-ld
    uname='linux k93jammy 5.19.0-32-generic #33~22.04.1-ubuntu smp preempt_dynamic mon jan 30 17:03:34 utc 2 x86_64 x86_64 x86_64 gnulinux '
    config_args='-Dprefix=/home/sand/src/perl/repoperls/installed-perls/host/k93jammy/v5.37.9/322f -Dmyhostname=k93jammy -Dinstallusrbinperl=n -Uversiononly -Dusedevel -des -Ui_db -Dlibswanted=cl pthread socket inet nsl gdbm dbm malloc dl ld sun m crypt sec util c cposix posix ucb BSD gdbm_compat -Duseithreads -Duselongdouble -DEBUGGING=-g'
    hint=recommended
    useposix=true
    d_sigaction=define
    useithreads=define
    usemultiplicity=define
    use64bitint=define
    use64bitall=define
    uselongdouble=define
    usemymalloc=n
    default_inc_excludes_dot=define
  Compiler:
    cc='cc'
    ccflags ='-D_REENTRANT -D_GNU_SOURCE -fwrapv -fno-strict-aliasing -pipe -fstack-protector-strong -I/usr/local/include -D_LARGEFILE_SOURCE -D_FILE_OFFSET_BITS=64'
    optimize='-O2 -g'
    cppflags='-D_REENTRANT -D_GNU_SOURCE -fwrapv -fno-strict-aliasing -pipe -fstack-protector-strong -I/usr/local/include'
    ccversion=''
    gccversion='11.3.0'
    gccosandvers=''
    intsize=4
    longsize=8
    ptrsize=8
    doublesize=8
    byteorder=12345678
    doublekind=3
    d_longlong=define
    longlongsize=8
    d_longdbl=define
    longdblsize=16
    longdblkind=3
    ivtype='long'
    ivsize=8
    nvtype='long double'
    nvsize=16
    Off_t='off_t'
    lseeksize=8
    alignbytes=16
    prototype=define
  Linker and Libraries:
    ld='cc'
    ldflags =' -fstack-protector-strong -L/usr/local/lib'
    libpth=/usr/local/lib /usr/lib/x86_64-linux-gnu /usr/lib /usr/lib64
    libs=-lpthread -lnsl -ldl -lm -lcrypt -lutil -lc
    perllibs=-lpthread -lnsl -ldl -lm -lcrypt -lutil -lc
    libc=/lib/x86_64-linux-gnu/libc.so.6
    so=so
    useshrplib=false
    libperl=libperl.a
    gnulibc_version='2.35'
  Dynamic Linking:
    dlsrc=dl_dlopen.xs
    dlext=so
    d_dlsymun=undef
    ccdlflags='-Wl,-E'
    cccdlflags='-fPIC'
    lddlflags='-shared -O2 -g -L/usr/local/lib -fstack-protector-strong'
Characteristics of this binary (from libperl): 
  Compile-time options:
    HAS_TIMES
    MULTIPLICITY
    PERLIO_LAYERS
    PERL_COPY_ON_WRITE
    PERL_DONT_CREATE_GVSV
    PERL_HASH_FUNC_SIPHASH13
    PERL_HASH_USE_SBOX32
    PERL_MALLOC_WRAP
    PERL_OP_PARENT
    PERL_PRESERVE_IVUV
    PERL_USE_DEVEL
    PERL_USE_SAFE_PUTENV
    USE_64_BIT_ALL
    USE_64_BIT_INT
    USE_ITHREADS
    USE_LARGE_FILES
    USE_LOCALE
    USE_LOCALE_COLLATE
    USE_LOCALE_CTYPE
    USE_LOCALE_NUMERIC
    USE_LOCALE_TIME
    USE_LONG_DOUBLE
    USE_PERLIO
    USE_PERL_ATOF
    USE_REENTRANT_API
    USE_THREAD_SAFE_LOCALE
  Built under linux
  Compiled at Mar  5 2023 17:52:58
  %ENV:
    PERL5LIB=""
    PERL5OPT=""
    PERL5_CPANPLUS_IS_RUNNING="27842"
    PERL5_CPAN_IS_RUNNING="27842"
    PERL_CANARY_STABILITY_NOPROMPT="1"
    PERL_MM_USE_DEFAULT="1"
    PERL_USE_UNSAFE_INC="1"
  @INC:
    /home/sand/src/perl/repoperls/installed-perls/host/k93jammy/v5.37.9/322f/lib/site_perl/5.37.9/x86_64-linux-thread-multi-ld
    /home/sand/src/perl/repoperls/installed-perls/host/k93jammy/v5.37.9/322f/lib/site_perl/5.37.9
    /home/sand/src/perl/repoperls/installed-perls/host/k93jammy/v5.37.9/322f/lib/5.37.9/x86_64-linux-thread-multi-ld
    /home/sand/src/perl/repoperls/installed-perls/host/k93jammy/v5.37.9/322f/lib/5.37.9
    .