SReview v0.5.1 Perl 5 v5.26.3 x86_64-linux-thread-multi
- Status
- Fail
- From
- Andreas J. König (ANDK)
- Dist
-
SReview v0.5.1
- Platform
- Perl 5 v5.26.3 x86_64-linux-thread-multi
- Date
- 2020-01-29 04:04:24
- ID
- 6fbc695e-424c-11ea-8965-a86dc944626d
This distribution has been tested as part of the CPAN Testers
project, supporting the Perl programming language. See
http://wiki.cpantesters.org/ for more information or email
questions to cpan-testers-discuss@perl.org
--
Dear Wouter Verhelst,
This is a computer-generated report for SReview-0.5.1
on perl 5.26.3, created by CPAN-Reporter-1.2018.
Thank you for uploading your work to CPAN. However, there was a problem
testing your distribution.
If you think this report is invalid, please consult the CPAN Testers Wiki
for suggestions on how to avoid getting FAIL reports for missing library
or binary dependencies, unsupported operating systems, and so on:
http://wiki.cpantesters.org/wiki/CPANAuthorNotes
Sections of this report:
* Tester comments
* Program output
* Prerequisites
* Environment and other context
------------------------------
TESTER COMMENTS
------------------------------
Additional comments from tester:
this report is from an automated smoke testing program
and was not reviewed by a human for accuracy
------------------------------
PROGRAM OUTPUT
------------------------------
Output from '/usr/bin/make test':
PERL_DL_NONLAZY=1 "/home/sand/src/perl/repoperls/installed-perls/host/k93msid/v5.26.3/29fb/bin/perl" "-MExtUtils::Command::MM" "-MTest::Harness" "-e" "undef *Test::Harness::Switches; test_harness(0, 'blib/lib', 'blib/arch')" t/*.t
t/010-config.t ...... ok
Can't exec "ffmpeg": No such file or directory at /tmp/loop_over_bdir-867410-SIc_QE/SReview-0.5.1-0/blib/lib/SReview/CodecMap.pm line 19.
readline() on closed filehandle CHECK_FDK at /tmp/loop_over_bdir-867410-SIc_QE/SReview-0.5.1-0/blib/lib/SReview/CodecMap.pm line 20.
Use of uninitialized value in pattern match (m//) at /tmp/loop_over_bdir-867410-SIc_QE/SReview-0.5.1-0/blib/lib/SReview/CodecMap.pm line 20.
Can't exec "ffprobe": No such file or directory at /tmp/loop_over_bdir-867410-SIc_QE/SReview-0.5.1-0/blib/lib/SReview/Video.pm line 694.
readline() on closed filehandle JSON at /tmp/loop_over_bdir-867410-SIc_QE/SReview-0.5.1-0/blib/lib/SReview/Video.pm line 696.
malformed JSON string, neither tag, array, object, number, string or atom, at character offset 0 (before "(end of string)") at /home/sand/src/perl/repoperls/installed-perls/host/k93msid/v5.26.3/29fb/lib/site_perl/5.26.3/Mojo/JSON.pm line 39.
# Looks like your test exited with 9 just after 5.
t/020-convert.t .....
Dubious, test returned 9 (wstat 2304, 0x900)
Failed 5/10 subtests
Can't exec "ffmpeg": No such file or directory at /tmp/loop_over_bdir-867410-SIc_QE/SReview-0.5.1-0/blib/lib/SReview/CodecMap.pm line 19.
readline() on closed filehandle CHECK_FDK at /tmp/loop_over_bdir-867410-SIc_QE/SReview-0.5.1-0/blib/lib/SReview/CodecMap.pm line 20.
Use of uninitialized value in pattern match (m//) at /tmp/loop_over_bdir-867410-SIc_QE/SReview-0.5.1-0/blib/lib/SReview/CodecMap.pm line 20.
Can't exec "ffprobe": No such file or directory at /tmp/loop_over_bdir-867410-SIc_QE/SReview-0.5.1-0/blib/lib/SReview/Video.pm line 694.
readline() on closed filehandle JSON at /tmp/loop_over_bdir-867410-SIc_QE/SReview-0.5.1-0/blib/lib/SReview/Video.pm line 696.
malformed JSON string, neither tag, array, object, number, string or atom, at character offset 0 (before "(end of string)") at /home/sand/src/perl/repoperls/installed-perls/host/k93msid/v5.26.3/29fb/lib/site_perl/5.26.3/Mojo/JSON.pm line 39.
# Looks like your test exited with 9 just after 5.
t/030-copy.t ........
Dubious, test returned 9 (wstat 2304, 0x900)
Failed 5/10 subtests
t/040-db.t .......... ok
Can't exec "ffmpeg": No such file or directory at /tmp/loop_over_bdir-867410-SIc_QE/SReview-0.5.1-0/blib/lib/SReview/CodecMap.pm line 19.
readline() on closed filehandle CHECK_FDK at /tmp/loop_over_bdir-867410-SIc_QE/SReview-0.5.1-0/blib/lib/SReview/CodecMap.pm line 20.
Use of uninitialized value in pattern match (m//) at /tmp/loop_over_bdir-867410-SIc_QE/SReview-0.5.1-0/blib/lib/SReview/CodecMap.pm line 20.
Can't exec "ffprobe": No such file or directory at /tmp/loop_over_bdir-867410-SIc_QE/SReview-0.5.1-0/blib/lib/SReview/Video.pm line 694.
readline() on closed filehandle JSON at /tmp/loop_over_bdir-867410-SIc_QE/SReview-0.5.1-0/blib/lib/SReview/Video.pm line 696.
malformed JSON string, neither tag, array, object, number, string or atom, at character offset 0 (before "(end of string)") at /home/sand/src/perl/repoperls/installed-perls/host/k93msid/v5.26.3/29fb/lib/site_perl/5.26.3/Mojo/JSON.pm line 39.
# Looks like your test exited with 9 just after 3.
t/050-probe.t .......
Dubious, test returned 9 (wstat 2304, 0x900)
Failed 9/12 subtests
Can't exec "ffmpeg": No such file or directory at /tmp/loop_over_bdir-867410-SIc_QE/SReview-0.5.1-0/blib/lib/SReview/CodecMap.pm line 19.
readline() on closed filehandle CHECK_FDK at /tmp/loop_over_bdir-867410-SIc_QE/SReview-0.5.1-0/blib/lib/SReview/CodecMap.pm line 20.
Use of uninitialized value in pattern match (m//) at /tmp/loop_over_bdir-867410-SIc_QE/SReview-0.5.1-0/blib/lib/SReview/CodecMap.pm line 20.
Can't exec "ffprobe": No such file or directory at /tmp/loop_over_bdir-867410-SIc_QE/SReview-0.5.1-0/blib/lib/SReview/Video.pm line 694.
readline() on closed filehandle JSON at /tmp/loop_over_bdir-867410-SIc_QE/SReview-0.5.1-0/blib/lib/SReview/Video.pm line 696.
malformed JSON string, neither tag, array, object, number, string or atom, at character offset 0 (before "(end of string)") at /home/sand/src/perl/repoperls/installed-perls/host/k93msid/v5.26.3/29fb/lib/site_perl/5.26.3/Mojo/JSON.pm line 39.
# Looks like your test exited with 9 just after 4.
t/060-profiles.t ....
Dubious, test returned 9 (wstat 2304, 0x900)
Failed 16/20 subtests
Can't exec "ffmpeg": No such file or directory at /tmp/loop_over_bdir-867410-SIc_QE/SReview-0.5.1-0/blib/lib/SReview/CodecMap.pm line 19.
readline() on closed filehandle CHECK_FDK at /tmp/loop_over_bdir-867410-SIc_QE/SReview-0.5.1-0/blib/lib/SReview/CodecMap.pm line 20.
Use of uninitialized value in pattern match (m//) at /tmp/loop_over_bdir-867410-SIc_QE/SReview-0.5.1-0/blib/lib/SReview/CodecMap.pm line 20.
Can't exec "ffprobe": No such file or directory at /tmp/loop_over_bdir-867410-SIc_QE/SReview-0.5.1-0/blib/lib/SReview/Video.pm line 694.
readline() on closed filehandle JSON at /tmp/loop_over_bdir-867410-SIc_QE/SReview-0.5.1-0/blib/lib/SReview/Video.pm line 696.
malformed JSON string, neither tag, array, object, number, string or atom, at character offset 0 (before "(end of string)") at /home/sand/src/perl/repoperls/installed-perls/host/k93msid/v5.26.3/29fb/lib/site_perl/5.26.3/Mojo/JSON.pm line 39.
# Looks like your test exited with 9 just after 3.
t/070-reporting.t ...
Dubious, test returned 9 (wstat 2304, 0x900)
Failed 4/7 subtests
Can't exec "ffmpeg": No such file or directory at /tmp/loop_over_bdir-867410-SIc_QE/SReview-0.5.1-0/blib/lib/SReview/CodecMap.pm line 19.
readline() on closed filehandle CHECK_FDK at /tmp/loop_over_bdir-867410-SIc_QE/SReview-0.5.1-0/blib/lib/SReview/CodecMap.pm line 20.
Use of uninitialized value in pattern match (m//) at /tmp/loop_over_bdir-867410-SIc_QE/SReview-0.5.1-0/blib/lib/SReview/CodecMap.pm line 20.
t/080-runthrough.t .. ok
Warning: could not find configuration file /etc/sreview/config.pm, falling back to defaults at /tmp/loop_over_bdir-867410-SIc_QE/SReview-0.5.1-0/blib/lib/SReview/Config/Common.pm line 30.
t/090-talk.t ........ ok
Warning: could not find configuration file /etc/sreview/config.pm, falling back to defaults at /tmp/loop_over_bdir-867410-SIc_QE/SReview-0.5.1-0/blib/lib/SReview/Config/Common.pm line 30.
t/095-files.t ....... ok
Warning: could not find configuration file /etc/sreview/config.pm, falling back to defaults at /tmp/loop_over_bdir-867410-SIc_QE/SReview-0.5.1-0/blib/lib/SReview/Config/Common.pm line 30.
Can't exec "ffmpeg": No such file or directory at /tmp/loop_over_bdir-867410-SIc_QE/SReview-0.5.1-0/blib/lib/SReview/CodecMap.pm line 19.
readline() on closed filehandle CHECK_FDK at /tmp/loop_over_bdir-867410-SIc_QE/SReview-0.5.1-0/blib/lib/SReview/CodecMap.pm line 20.
Use of uninitialized value in pattern match (m//) at /tmp/loop_over_bdir-867410-SIc_QE/SReview-0.5.1-0/blib/lib/SReview/CodecMap.pm line 20.
t/100-mojo.t ........ ok
Test Summary Report
-------------------
t/020-convert.t (Wstat: 2304 Tests: 5 Failed: 0)
Non-zero exit status: 9
Parse errors: Bad plan. You planned 10 tests but ran 5.
t/030-copy.t (Wstat: 2304 Tests: 5 Failed: 0)
Non-zero exit status: 9
Parse errors: Bad plan. You planned 10 tests but ran 5.
t/050-probe.t (Wstat: 2304 Tests: 3 Failed: 0)
Non-zero exit status: 9
Parse errors: Bad plan. You planned 12 tests but ran 3.
t/060-profiles.t (Wstat: 2304 Tests: 4 Failed: 0)
Non-zero exit status: 9
Parse errors: Bad plan. You planned 20 tests but ran 4.
t/070-reporting.t (Wstat: 2304 Tests: 3 Failed: 0)
Non-zero exit status: 9
Parse errors: Bad plan. You planned 7 tests but ran 3.
Files=11, Tests=100, 7 wallclock secs ( 0.06 usr 0.03 sys + 4.35 cusr 0.95 csys = 5.39 CPU)
Result: FAIL
Failed 5/11 test programs. 0/100 subtests failed.
make: *** [Makefile:1022: test_dynamic] Error 255
------------------------------
PREREQUISITES
------------------------------
Prerequisite modules loaded:
requires:
Module Need Have
----------------------------------- ---- --------
DateTime 0 1.51
DateTime::Format::ISO8601 0 0.08
Mojo::JSON 0 0
Mojo::Pg 0 4.17
Mojolicious::Plugin::OAuth2::Server 0 0.44
Moose 0 2.2012
Net::Amazon::S3 0 0.87
build_requires:
Module Need Have
----------------------------------- ---- --------
ExtUtils::MakeMaker 0 7.44
Test::More 0 1.302169
configure_requires:
Module Need Have
----------------------------------- ---- --------
ExtUtils::MakeMaker 0 7.44
------------------------------
ENVIRONMENT AND OTHER CONTEXT
------------------------------
Environment variables:
AUTOMATED_TESTING = 1
LANG = en_US.UTF-8
PATH = /home/sand/bin:/usr/local/bin:/usr/bin:/bin:/usr/games:/usr/local/perl/bin:/usr/X11/bin:/sbin:/usr/sbin
PERL5LIB =
PERL5OPT =
PERL5_CPANPLUS_IS_RUNNING = 3531582
PERL5_CPAN_IS_RUNNING = 3531582
PERL_CANARY_STABILITY_NOPROMPT = 1
PERL_MM_USE_DEFAULT = 1
PERL_USE_UNSAFE_INC = 1
SHELL = /usr/bin/zsh
TERM = screen
Perl special variables (and OS-specific diagnostics, for MSWin32):
$^X = /home/sand/src/perl/repoperls/installed-perls/host/k93msid/v5.26.3/29fb/bin/perl
$UID/$EUID = 1005 / 1005
$GID = 1005 1005
$EGID = 1005 1005
Perl module toolchain versions installed:
Module Have
------------------- --------
CPAN 2.27
CPAN::Meta 2.150010
Cwd 3.75
ExtUtils::CBuilder 0.280231
ExtUtils::Command 7.44
ExtUtils::Install 2.06
ExtUtils::MakeMaker 7.44
ExtUtils::Manifest 1.70
ExtUtils::ParseXS 3.35
File::Spec 3.75
JSON 4.02
JSON::PP 4.04
Module::Build 0.4229
Module::Signature 0.83
Parse::CPAN::Meta 2.150010
Test::Harness 3.42
Test::More 1.302169
YAML 1.29
YAML::Syck 1.31
version 0.9924
--
Summary of my perl5 (revision 5 version 26 subversion 3) configuration:
Derived from: 92583df5dc9b9edbcd4a9649f753e180b9729590
Platform:
osname=linux
osvers=5.3.0-2-amd64
archname=x86_64-linux-thread-multi
uname='linux k93msid 5.3.0-2-amd64 #1 smp debian 5.3.9-3 (2019-11-19) x86_64 gnulinux '
config_args='-Dprefix=/home/sand/src/perl/repoperls/installed-perls/host/k93msid/v5.26.3/29fb -Dmyhostname=k93msid -Dinstallusrbinperl=n -Uversiononly -Dusedevel -des -Ui_db -Dlibswanted=cl pthread socket inet nsl gdbm dbm malloc dl ld sun m crypt sec util c cposix posix ucb BSD gdbm_compat -Duseithreads -Uuselongdouble -DEBUGGING=both'
hint=recommended
useposix=true
d_sigaction=define
useithreads=define
usemultiplicity=define
use64bitint=define
use64bitall=define
uselongdouble=undef
usemymalloc=n
default_inc_excludes_dot=define
bincompat5005=undef
Compiler:
cc='cc'
ccflags ='-D_REENTRANT -D_GNU_SOURCE -fwrapv -DDEBUGGING -fno-strict-aliasing -pipe -fstack-protector-strong -I/usr/local/include -D_LARGEFILE_SOURCE -D_FILE_OFFSET_BITS=64'
optimize='-O2 -g'
cppflags='-D_REENTRANT -D_GNU_SOURCE -fwrapv -DDEBUGGING -fno-strict-aliasing -pipe -fstack-protector-strong -I/usr/local/include'
ccversion=''
gccversion='9.2.1 20191109'
gccosandvers=''
intsize=4
longsize=8
ptrsize=8
doublesize=8
byteorder=12345678
doublekind=3
d_longlong=define
longlongsize=8
d_longdbl=define
longdblsize=16
longdblkind=3
ivtype='long'
ivsize=8
nvtype='double'
nvsize=8
Off_t='off_t'
lseeksize=8
alignbytes=8
prototype=define
Linker and Libraries:
ld='cc'
ldflags =' -fstack-protector-strong -L/usr/local/lib'
libpth=/usr/local/lib /usr/lib/gcc/x86_64-linux-gnu/9/include-fixed /usr/include/x86_64-linux-gnu /usr/lib /lib/x86_64-linux-gnu /lib/../lib /usr/lib/x86_64-linux-gnu /usr/lib/../lib /lib
libs=-lpthread -lnsl -ldl -lm -lcrypt -lutil -lc
perllibs=-lpthread -lnsl -ldl -lm -lcrypt -lutil -lc
libc=libc-2.29.so
so=so
useshrplib=false
libperl=libperl.a
gnulibc_version='2.29'
Dynamic Linking:
dlsrc=dl_dlopen.xs
dlext=so
d_dlsymun=undef
ccdlflags='-Wl,-E'
cccdlflags='-fPIC'
lddlflags='-shared -O2 -g -L/usr/local/lib -fstack-protector-strong'
Characteristics of this binary (from libperl):
Compile-time options:
DEBUGGING
HAS_TIMES
MULTIPLICITY
PERLIO_LAYERS
PERL_COPY_ON_WRITE
PERL_DONT_CREATE_GVSV
PERL_IMPLICIT_CONTEXT
PERL_MALLOC_WRAP
PERL_OP_PARENT
PERL_PRESERVE_IVUV
PERL_TRACK_MEMPOOL
PERL_USE_DEVEL
USE_64_BIT_ALL
USE_64_BIT_INT
USE_ITHREADS
USE_LARGE_FILES
USE_LOCALE
USE_LOCALE_COLLATE
USE_LOCALE_CTYPE
USE_LOCALE_NUMERIC
USE_LOCALE_TIME
USE_PERLIO
USE_PERL_ATOF
USE_REENTRANT_API
Locally applied patches:
uncommitted-changes
Built under linux
Compiled at Nov 25 2019 07:13:34
%ENV:
PERL5LIB=""
PERL5OPT=""
PERL5_CPANPLUS_IS_RUNNING="3531582"
PERL5_CPAN_IS_RUNNING="3531582"
PERL_CANARY_STABILITY_NOPROMPT="1"
PERL_MM_USE_DEFAULT="1"
PERL_USE_UNSAFE_INC="1"
@INC:
/home/sand/src/perl/repoperls/installed-perls/host/k93msid/v5.26.3/29fb/lib/site_perl/5.26.3/x86_64-linux-thread-multi
/home/sand/src/perl/repoperls/installed-perls/host/k93msid/v5.26.3/29fb/lib/site_perl/5.26.3
/home/sand/src/perl/repoperls/installed-perls/host/k93msid/v5.26.3/29fb/lib/5.26.3/x86_64-linux-thread-multi
/home/sand/src/perl/repoperls/installed-perls/host/k93msid/v5.26.3/29fb/lib/5.26.3
.