Net-SIP v0.838 Perl 5 v5.24.0 amd64-freebsd

Status
Fail
From
Slaven Rezić
Dist
Net-SIP v0.838
Platform
Perl 5 v5.24.0 amd64-freebsd
Date
2024-08-03 04:47:06
ID
6f5934a4-5153-11ef-85ab-0e176e8775ea
This distribution has been tested as part of the CPAN Testers
project, supporting the Perl programming language.  See
http://wiki.cpantesters.org/ for more information or email
questions to cpan-testers-discuss@perl.org


--
Dear Steffen Ullrich,

This is a computer-generated report for Net-SIP-0.838
on perl 5.24.0, created by CPAN-Reporter-1.2019.

Thank you for uploading your work to CPAN.  However, there was a problem
testing your distribution.

If you think this report is invalid, please consult the CPAN Testers Wiki
for suggestions on how to avoid getting FAIL reports for missing library
or binary dependencies, unsupported operating systems, and so on:

http://wiki.cpantesters.org/wiki/CPANAuthorNotes

Sections of this report:

    * Tester comments
    * Program output
    * Prerequisites
    * Environment and other context

------------------------------
TESTER COMMENTS
------------------------------

Additional comments from tester:

none provided

------------------------------
PROGRAM OUTPUT
------------------------------

Output from '/usr/bin/make test':

PERL_DL_NONLAZY=1 "/usr/perl5.24.0p/bin/perl" "-MExtUtils::Command::MM" "-MTest::Harness" "-e" "undef *Test::Harness::Switches; test_harness(0, 'blib/lib', 'blib/arch')" t/*.t
t/01_load.t ............................. ok
# call created
# got ringing
# call established
# call cleaned up
# call created
# got ringing
# call established
# call cleaned up
# call created
# got ringing
# call established
# call cleaned up
# call created
# got ringing
# call established
# call cleaned up
# call created
# got ringing
# call established
# call cleaned up
# call created
# got ringing
# call established
# call cleaned up
t/02_listen_and_invite.t ................ ok
t/03_forward_stateless.t ................ ok
t/04_call_with_rtp.t .................... ok
t/05_call_with_stateless_proxy.t ........ ok
t/06_call_with_reinvite.t ............... ok
t/07_call_on_hold.t ..................... ok
t/08_register_with_auth.t ............... ok
t/09_fdleak.t ........................... ok
t/10_fdleak.t ........................... ok
t/11_invite_timeout.t ................... ok
# call established
# call cleaned up
# call established
# call cleaned up
# call established
# call cleaned up
# call established
# call cleaned up
# call established
# call cleaned up
# call established
# call cleaned up
t/12_maddr.t ............................ ok
t/13_maddr_proxy.t ...................... ok
# UAS   on 127.0.0.1:5062 
# UAC   on 127.0.0.1:5060 
# PROXY on 127.0.0.1:5063 
t/14_bugfix_0.51.t ...................... ok
t/15_block_invite.t ..................... ok
t/16_drop_invite.t ...................... ok
t/17_call_with_reinvite_and_auth.t ...... ok
t/18_register_with_auth_step_by_step.t .. ok
# UAS on 127.0.0.1:46199
# UAC on 127.0.0.1:18185
# call created
# call established
# call cleaned up
# received=463 lost=0 expect ca. 467.5 packets, events='1 2 D # 3 4 B *'
# UAS on 127.0.0.1:20780
# UAC on 127.0.0.1:11705
# call created
# call established
# call cleaned up
# received=465 lost=0 expect ca. 467.5 packets, events='1 2 D # 3 4 B *'
# UAS on 127.0.0.1:41052
# UAC on 127.0.0.1:54392
# call created
# call established
# call cleaned up
# received=461 lost=0 expect ca. 467.5 packets, events='1 2 D # 3 4 B *'
# UAS on 127.0.0.1:18352
# UAC on 127.0.0.1:42898
# call created
# call established
# call cleaned up
# received=466 lost=0 expect ca. 467.5 packets, events='1 2 D # 3 4 B *'
# UAS on [::1]:50364
# UAC on [::1]:38135
# call created
# call established
# call cleaned up
# received=460 lost=0 expect ca. 467.5 packets, events='1 2 D # 3 4 B *'
# UAS on [::1]:35809
# UAC on [::1]:59622
# call created
# call established
# call cleaned up
# received=463 lost=0 expect ca. 467.5 packets, events='1 2 D # 3 4 B *'
# UAS on [::1]:37411
# UAC on [::1]:63907
# call created
# call established
# out of order 0
# out of order 1
# out of order 2
# out of order 3
# out of order 4
# out of order 5
# out of order 6
# out of order 7
# out of order 8
# out of order 9
# out of order 10
# out of order 11
# out of order 12
# out of order 13
# out of order 14
# out of order 15
# out of order 16
# out of order 17
# out of order 18
# out of order 19
# out of order 20
# out of order 21
# out of order 22
# out of order 23
# out of order 24
# out of order 25
# out of order 26
# out of order 27
# out of order 28
# out of order 29
# out of order 30
# out of order 31
# out of order 32
# out of order 33
# out of order 34
# out of order 35
# out of order 36
# out of order 37
# out of order 38
# out of order 39
# out of order 40
# out of order 41
# out of order 42
# out of order 43
# out of order 44
# out of order 45
# out of order 46
# out of order 47
# out of order 48
# out of order 49
# out of order 50
# out of order 51
# out of order 52
# out of order 53
# out of order 54
# out of order 55
# out of order 56
# out of order 57
# out of order 58
# out of order 59
# out of order 60
# out of order 61
# out of order 62
# out of order 63
# out of order 64
# out of order 65
# out of order 66
# out of order 67
# out of order 68
# out of order 69
# out of order 70
# out of order 71
# out of order 72
# out of order 73
# out of order 74
# out of order 75
# out of order 76
# out of order 77
# out of order 78
# out of order 79
# out of order 80
# out of order 81
# out of order 82
# out of order 83
# out of order 84
# out of order 85
# out of order 86
# out of order 87
# out of order 88
# out of order 89
# out of order 90
# out of order 91
# out of order 92
# out of order 93
# out of order 94
# out of order 95
# out of order 96
# out of order 97
# out of order 98
# out of order 99
# out of order 100
# out of order 101
# out of order 102
# out of order 103
# out of order 104
# out of order 105
# out of order 106
# out of order 107
# out of order 108
# out of order 109
# out of order 110
# out of order 111
# out of order 112
# out of order 113
# out of order 114
# out of order 115
# out of order 116
# out of order 117
# out of order 118
# out of order 119
# out of order 120
# out of order 121
# out of order 122
# out of order 123
# out of order 124
# out of order 125
# out of order 126
# out of order 127
# out of order 128
# out of order 129
# out of order 130
# out of order 131
# out of order 132
# out of order 133
# out of order 134
# out of order 135
# out of order 136
# out of order 137
# out of order 138
# out of order 139
# out of order 140
# out of order 141
# out of order 142
# out of order 143
# out of order 144
# out of order 145
# out of order 146
# out of order 147
# out of order 148
# out of order 149
# out of order 150
# out of order 151
# out of order 152
# out of order 153
# out of order 154
# out of order 155
# out of order 156
# out of order 157
# out of order 158
# out of order 159
# out of order 160
# out of order 161
# out of order 162
# out of order 163
# out of order 164
# out of order 165
# out of order 166
# out of order 167
# out of order 168
# out of order 169
# out of order 170
# out of order 171
# out of order 172
# out of order 173
# out of order 174
# out of order 175
# out of order 176
# out of order 177
# out of order 178
# out of order 179
# out of order 180
# out of order 181
# out of order 182
# out of order 183
# out of order 184
# out of order 185
# out of order 186
# out of order 187
# out of order 188
# out of order 189
# out of order 190
# out of order 191
# out of order 192
# out of order 193
# out of order 194
# out of order 195
# out of order 196
# out of order 197
# out of order 198
# out of order 199
# out of order 200
# out of order 201
# out of order 202
# out of order 203
# out of order 204
# out of order 205
# out of order 206
# out of order 207
# out of order 208
# out of order 209
# out of order 210
# out of order 211
# out of order 212
# out of order 213
# out of order 214
# out of order 215
# out of order 216
# out of order 217
# out of order 218
# out of order 219
# out of order 220
# out of order 221
# out of order 222
# out of order 223
# out of order 224
# out of order 225
# out of order 226
# out of order 227
# out of order 228
# out of order 229
# out of order 230
# out of order 231
# out of order 232
# out of order 233
# out of order 234
# out of order 235
# out of order 236
# out of order 237
# out of order 238
# out of order 239
# out of order 240
# out of order 241
# out of order 242
# out of order 243
# out of order 244
# out of order 245
# out of order 246
# out of order 247
# out of order 248
# out of order 249
# out of order 250
# out of order 251
# out of order 252
# out of order 253
# out of order 254
# out of order 255
# out of order 256
# out of order 257
# out of order 258
# out of order 259
# out of order 260
# out of order 261
# out of order 262
# out of order 263
# out of order 264
# out of order 265
# out of order 266
# out of order 267
# out of order 268
# out of order 269
# out of order 270
# out of order 271
# out of order 272
# out of order 273
# out of order 274
# out of order 275
# call cleaned up
# received=192 lost=0 expect ca. 467.5 packets, events='1 2 D # 3 4 B *'

#   Failed test 'UAS RTP ok'
#   at t/19_call_with_dtmf.t line 151.
#                   'UAS RTP received only 192/467.5 packets, lost 0
# '
#     doesn't match '(?^:UAS RTP ok)'
# UAS on [::1]:48430
# UAC on [::1]:17418
# call created
# call established
# call cleaned up
# received=465 lost=0 expect ca. 467.5 packets, events='1 2 D # 3 4 B *'
# UAS on 127.0.0.1:45107
# UAC on 127.0.0.1:45108
# call created
# call established
# call cleaned up
# received=465 lost=0 expect ca. 467.5 packets, events='1 2 D # 3 4 B *'
# UAS on 127.0.0.1:13648
# UAC on 127.0.0.1:60658
# call created
# call established
# call cleaned up
# received=464 lost=0 expect ca. 467.5 packets, events='1 2 D # 3 4 B *'
# UAS on 127.0.0.1:13953
# UAC on 127.0.0.1:13954
# call created
# call established
# call cleaned up
# received=464 lost=0 expect ca. 467.5 packets, events='1 2 D # 3 4 B *'
# UAS on 127.0.0.1:13956
# UAC on 127.0.0.1:13957
# call created
# call established
# call cleaned up
# received=464 lost=0 expect ca. 467.5 packets, events='1 2 D # 3 4 B *'
# UAS on [::1]:13959
# UAC on [::1]:13960
# call created
# call established
# call cleaned up
# received=465 lost=0 expect ca. 467.5 packets, events='1 2 D # 3 4 B *'
# UAS on [::1]:13962
# UAC on [::1]:13963
# call created
# call established
# call cleaned up
# received=464 lost=0 expect ca. 467.5 packets, events='1 2 D # 3 4 B *'
# UAS on [::1]:13965
# UAC on [::1]:13966
# call created
# call established
# call cleaned up
# received=462 lost=0 expect ca. 467.5 packets, events='1 2 D # 3 4 B *'
# UAS on [::1]:33707
# UAC on [::1]:35617
# call created
# call established
# call cleaned up
# received=465 lost=0 expect ca. 467.5 packets, events='1 2 D # 3 4 B *'
# UAS on 127.0.0.1:61059
# UAC on 127.0.0.1:40615
# call created
# call established
# call cleaned up
# received=463 lost=0 expect ca. 467.5 packets, events='1 2 D # 3 4 B *'
# UAS on 127.0.0.1:47616
# UAC on 127.0.0.1:60695
# call created
# call established
# call cleaned up
# received=466 lost=0 expect ca. 467.5 packets, events='1 2 D # 3 4 B *'
# UAS on 127.0.0.1:23598
# UAC on 127.0.0.1:31003
# call created
# call established
# call cleaned up
# received=465 lost=0 expect ca. 467.5 packets, events='1 2 D # 3 4 B *'
# UAS on 127.0.0.1:52470
# UAC on 127.0.0.1:34088
# call created
# call established
# out of order 0
# out of order 1
# out of order 2
# out of order 3
# out of order 4
# out of order 5
# call cleaned up
# received=459 lost=0 expect ca. 467.5 packets, events='1 2 D # 3 4 B *'
# UAS on [::1]:63532
# UAC on [::1]:42073
# call created
# call established
# call cleaned up
# received=463 lost=0 expect ca. 467.5 packets, events='1 2 D # 3 4 B *'
# UAS on [::1]:60414
# UAC on [::1]:33577
# call created
# call established
# call cleaned up
# received=462 lost=0 expect ca. 467.5 packets, events='1 2 D # 3 4 B *'
# UAS on [::1]:51275
# UAC on [::1]:46178
# call created
# call established
# call cleaned up
# received=464 lost=0 expect ca. 467.5 packets, events='1 2 D # 3 4 B *'
# UAS on [::1]:33297
# UAC on [::1]:33298
# call created
# call established
# call cleaned up
# received=461 lost=0 expect ca. 467.5 packets, events='1 2 D # 3 4 B *'
# Looks like you failed 1 test of 216.
t/19_call_with_dtmf.t ................... 
Dubious, test returned 1 (wstat 256, 0x100)
Failed 1/216 subtests 
t/20_channel_on_hold.t .................. ok
t/21_channel_on_hold_stateless_proxy.t .. ok
t/22_stateless_proxy_ack_on_error.t ..... ok
t/23_valid_message.t .................... ok
t/24_dtmf_audio.t ....................... ok
t/25_register_tcp_timeout.t ............. ok
t/26_request_ack.t ...................... ok

Test Summary Report
-------------------
t/19_call_with_dtmf.t                 (Wstat: 256 (exited 1) Tests: 216 Failed: 1)
  Failed test:  61
  Non-zero exit status: 1
Files=26, Tests=2000, 431 wallclock secs ( 0.50 usr  0.20 sys + 50.89 cusr 14.58 csys = 66.17 CPU)
Result: FAIL
Failed 1/26 test programs. 1/2000 subtests failed.
*** Error code 255

Stop.
make: stopped in /home/cpansand/.cpan/build/2024080210/Net-SIP-0.838-2

------------------------------
PREREQUISITES
------------------------------

Prerequisite modules loaded:

requires:

    Module              Need Have 
    ------------------- ---- -----
    Socket              1.95 2.037

build_requires:

    Module              Need Have 
    ------------------- ---- -----
    ExtUtils::MakeMaker 0    7.70 

configure_requires:

    Module              Need Have 
    ------------------- ---- -----
    ExtUtils::MakeMaker 0    7.70 


------------------------------
ENVIRONMENT AND OTHER CONTEXT
------------------------------

Environment variables:

    LC_ALL = de_DE.ISO8859-1
    PATH = /usr/local/bin:/usr/bin:/bin:/usr/local/sbin:/usr/sbin:/sbin:/home/cpansand/bin/freebsd10.3:/home/cpansand/bin/sh:/home/cpansand/bin:/usr/games:/home/cpansand/devel:/home/eserte/src/srezic-misc/scripts
    PERL5LIB = 
    PERL5OPT = 
    PERL5_CPANPLUS_IS_RUNNING = 198
    PERL5_CPAN_IS_RUNNING = 198
    PERL5_CPAN_IS_RUNNING_IN_RECURSION = 72456,198
    PERLDOC = -MPod::Perldoc::ToTextOverstrike
    PERL_BATCH = yes
    PERL_CANARY_STABILITY_NOPROMPT = 1
    PERL_CPAN_REPORTER_CONFIG = /var/tmp/cpansmoker-1023/2024080209/cpanreporter_000_config.ini
    PERL_EXTUTILS_AUTOINSTALL = --defaultdeps
    PERL_USE_UNSAFE_INC = 1
    SHELL = /usr/local/bin/zsh
    TERM = screen
    TMPDIR = /var/tmp/cpansmoker-1023/2024080209

Perl special variables (and OS-specific diagnostics, for MSWin32):

    $^X = /usr/perl5.24.0p/bin/perl
    $UID/$EUID = 1023 / 1023
    $GID = 1023 1023
    $EGID = 1023 1023

Perl module toolchain versions installed:

    Module              Have    
    ------------------- --------
    CPAN                2.34    
    CPAN::Meta          2.150010
    Cwd                 3.75    
    ExtUtils::CBuilder  0.280236
    ExtUtils::Command   7.70    
    ExtUtils::Install   2.22    
    ExtUtils::MakeMaker 7.70    
    ExtUtils::Manifest  1.75    
    ExtUtils::ParseXS   3.51    
    File::Spec          3.75    
    JSON                4.10    
    JSON::PP            4.16    
    Module::Build       0.4234  
    Module::Signature   0.87    
    Parse::CPAN::Meta   2.150010
    Test2               1.302198
    Test::Harness       3.47    
    Test::More          1.302198
    YAML                1.30    
    YAML::Syck          1.34    
    version             0.9930  


--

Summary of my perl5 (revision 5 version 24 subversion 0) configuration:
   
  Platform:
    osname=freebsd, osvers=10.1-release, archname=amd64-freebsd
    uname='freebsd cvrsnica-freebsd-101.herceg.de 10.1-release freebsd 10.1-release #0 r274401: tue nov 11 21:02:49 utc 2014 root@releng1.nyi.freebsd.org:usrobjusrsrcsysgeneric amd64 '
    config_args='-ds -e -Dprefix=/usr/perl5.24.0p -Dcf_email=srezic@cpan.org -Doptimize=-O2 -pipe'
    hint=recommended, useposix=true, d_sigaction=define
    useithreads=undef, usemultiplicity=undef
    use64bitint=define, use64bitall=define, uselongdouble=undef
    usemymalloc=n, bincompat5005=undef
  Compiler:
    cc='cc', ccflags ='-DHAS_FPSETMASK -DHAS_FLOATINGPOINT_H -fno-strict-aliasing -pipe -fstack-protector -I/usr/local/include -D_FORTIFY_SOURCE=2',
    optimize='-O2 -pipe',
    cppflags='-DHAS_FPSETMASK -DHAS_FLOATINGPOINT_H -fno-strict-aliasing -pipe -fstack-protector -I/usr/local/include'
    ccversion='', gccversion='4.2.1 Compatible FreeBSD Clang 3.4.1 (tags/RELEASE_34/dot1-final 208032)', gccosandvers=''
    intsize=4, longsize=8, ptrsize=8, doublesize=8, byteorder=12345678, doublekind=3
    d_longlong=define, longlongsize=8, d_longdbl=define, longdblsize=16, longdblkind=3
    ivtype='long', ivsize=8, nvtype='double', nvsize=8, Off_t='off_t', lseeksize=8
    alignbytes=8, prototype=define
  Linker and Libraries:
    ld='cc', ldflags ='-pthread -Wl,-E  -fstack-protector -L/usr/local/lib'
    libpth=/usr/lib /usr/local/lib /usr/include/clang/3.4.1 /usr/lib
    libs=-lpthread -lgdbm -lm -lcrypt -lutil -lc
    perllibs=-lpthread -lm -lcrypt -lutil -lc
    libc=, so=so, useshrplib=false, libperl=libperl.a
    gnulibc_version=''
  Dynamic Linking:
    dlsrc=dl_dlopen.xs, dlext=so, d_dlsymun=undef, ccdlflags=' '
    cccdlflags='-DPIC -fPIC', lddlflags='-shared  -L/usr/local/lib -fstack-protector'


Characteristics of this binary (from libperl): 
  Compile-time options: HAS_TIMES PERLIO_LAYERS PERL_COPY_ON_WRITE
                        PERL_DONT_CREATE_GVSV
                        PERL_HASH_FUNC_ONE_AT_A_TIME_HARD PERL_MALLOC_WRAP
                        PERL_PRESERVE_IVUV USE_64_BIT_ALL USE_64_BIT_INT
                        USE_LARGE_FILES USE_LOCALE USE_LOCALE_COLLATE
                        USE_LOCALE_CTYPE USE_LOCALE_NUMERIC USE_LOCALE_TIME
                        USE_PERLIO USE_PERL_ATOF
  Built under freebsd
  Compiled at May 10 2016 08:49:38
  %ENV:
    PERL5LIB=""
    PERL5OPT=""
    PERL5_CPANPLUS_IS_RUNNING="198"
    PERL5_CPAN_IS_RUNNING="198"
    PERL5_CPAN_IS_RUNNING_IN_RECURSION="72456,198"
    PERLDOC="-MPod::Perldoc::ToTextOverstrike"
    PERL_BATCH="yes"
    PERL_CANARY_STABILITY_NOPROMPT="1"
    PERL_CPAN_REPORTER_CONFIG="/var/tmp/cpansmoker-1023/2024080209/cpanreporter_000_config.ini"
    PERL_EXTUTILS_AUTOINSTALL="--defaultdeps"
    PERL_USE_UNSAFE_INC="1"
  @INC:
    /usr/perl5.24.0p/lib/site_perl/5.24.0/amd64-freebsd
    /usr/perl5.24.0p/lib/site_perl/5.24.0
    /usr/perl5.24.0p/lib/5.24.0/amd64-freebsd
    /usr/perl5.24.0p/lib/5.24.0
    .