Report for Date-Piece-v0.0.3

Back
From: metabase:user:31dd1d2e-2aae-11df-837a-5e0a49663a4f
Subject: FAIL Date-Piece-v0.0.3 v5.16.3 
Date: 2013-10-20T21:39:57Z

This distribution has been tested as part of the CPAN Testers
project, supporting the Perl programming language.  See
http://wiki.cpantesters.org/ for more information or email
questions to cpan-testers-discuss@perl.org


--
Dear Eric Wilhelm,

This is a computer-generated report for Date-Piece-v0.0.3
on perl 5.16.3, created by CPAN-Reporter-1.2010.

Thank you for uploading your work to CPAN.  However, there was a problem
testing your distribution.

If you think this report is invalid, please consult the CPAN Testers Wiki
for suggestions on how to avoid getting FAIL reports for missing library
or binary dependencies, unsupported operating systems, and so on:

http://wiki.cpantesters.org/wiki/CPANAuthorNotes

Sections of this report:

    * Tester comments
    * Program output
    * Prerequisites
    * Environment and other context

------------------------------
TESTER COMMENTS
------------------------------

Additional comments from tester:

this report is from an automated smoke testing program
and was not reviewed by a human for accuracy

------------------------------
PROGRAM OUTPUT
------------------------------

Output from 'c:\Perl1664\bin\perl.exe ./Build test':

# Testing Date::Piece v0.0.3
t\00-load.t ... ok
t\basic.t ..... ok

#   Failed test at t\overload.t line 11.
# An error occurred while using eq:
# ------------------------------------
# Operation "eq": no method found,
# 	left argument in overloaded package Date::Piece::week_unit,
# 	right argument has no overloaded magic at (eval in cmp_ok) t\overload.t line 11.
# 
# ------------------------------------
#          got: '7weeks'
#     expected: '7weeks'

#   Failed test at t\overload.t line 14.
# An error occurred while using eq:
# ------------------------------------
# Operation "eq": no method found,
# 	left argument in overloaded package Date::Piece::week_unit,
# 	right argument has no overloaded magic at (eval in cmp_ok) t\overload.t line 14.
# 
# ------------------------------------
#          got: '8weeks'
#     expected: '8weeks'

#   Failed test at t\overload.t line 16.
# An error occurred while using eq:
# ------------------------------------
# Operation "eq": no method found,
# 	left argument in overloaded package Date::Piece::week_unit,
# 	right argument has no overloaded magic at (eval in cmp_ok) t\overload.t line 16.
# 
# ------------------------------------
#          got: '16weeks'
#     expected: '16weeks'

#   Failed test at t\overload.t line 17.
# An error occurred while using eq:
# ------------------------------------
# Operation "eq": no method found,
# 	left argument in overloaded package Date::Piece::week_unit,
# 	right argument has no overloaded magic at (eval in cmp_ok) t\overload.t line 17.
# 
# ------------------------------------
#          got: '7weeks'
#     expected: '7weeks'

#   Failed test at t\overload.t line 30.
# An error occurred while using eq:
# ------------------------------------
# Operation "eq": no method found,
# 	left argument in overloaded package Date::Piece::month_unit,
# 	right argument has no overloaded magic at (eval in cmp_ok) t\overload.t line 30.
# 
# ------------------------------------
#          got: '7months'
#     expected: '7months'

#   Failed test at t\overload.t line 33.
# An error occurred while using eq:
# ------------------------------------
# Operation "eq": no method found,
# 	left argument in overloaded package Date::Piece::month_unit,
# 	right argument has no overloaded magic at (eval in cmp_ok) t\overload.t line 33.
# 
# ------------------------------------
#          got: '8months'
#     expected: '8months'

#   Failed test at t\overload.t line 35.
# An error occurred while using eq:
# ------------------------------------
# Operation "eq": no method found,
# 	left argument in overloaded package Date::Piece::month_unit,
# 	right argument has no overloaded magic at (eval in cmp_ok) t\overload.t line 35.
# 
# ------------------------------------
#          got: '16months'
#     expected: '16months'

#   Failed test at t\overload.t line 37.
# An error occurred while using eq:
# ------------------------------------
# Operation "eq": no method found,
# 	left argument in overloaded package Date::Piece::month_unit,
# 	right argument has no overloaded magic at (eval in cmp_ok) t\overload.t line 37.
# 
# ------------------------------------
#          got: '8months'
#     expected: '8months'

#   Failed test 'untouched'
#   at t\overload.t line 38.
# An error occurred while using eq:
# ------------------------------------
# Operation "eq": no method found,
# 	left argument in overloaded package Date::Piece::month_unit,
# 	right argument has no overloaded magic at (eval in cmp_ok) t\overload.t line 38.
# 
# ------------------------------------
#          got: '7months'
#     expected: '7months'

#   Failed test at t\overload.t line 46.
# An error occurred while using eq:
# ------------------------------------
# Operation "eq": no method found,
# 	left argument in overloaded package Date::Piece::year_unit,
# 	right argument has no overloaded magic at (eval in cmp_ok) t\overload.t line 46.
# 
# ------------------------------------
#          got: '7years'
#     expected: '7years'

#   Failed test at t\overload.t line 49.
# An error occurred while using eq:
# ------------------------------------
# Operation "eq": no method found,
# 	left argument in overloaded package Date::Piece::year_unit,
# 	right argument has no overloaded magic at (eval in cmp_ok) t\overload.t line 49.
# 
# ------------------------------------
#          got: '8years'
#     expected: '8years'

#   Failed test at t\overload.t line 51.
# An error occurred while using eq:
# ------------------------------------
# Operation "eq": no method found,
# 	left argument in overloaded package Date::Piece::year_unit,
# 	right argument has no overloaded magic at (eval in cmp_ok) t\overload.t line 51.
# 
# ------------------------------------
#          got: '16years'
#     expected: '16years'

#   Failed test at t\overload.t line 53.
# An error occurred while using eq:
# ------------------------------------
# Operation "eq": no method found,
# 	left argument in overloaded package Date::Piece::year_unit,
# 	right argument has no overloaded magic at (eval in cmp_ok) t\overload.t line 53.
# 
# ------------------------------------
#          got: '8years'
#     expected: '8years'

#   Failed test 'untouched'
#   at t\overload.t line 54.
# An error occurred while using eq:
# ------------------------------------
# Operation "eq": no method found,
# 	left argument in overloaded package Date::Piece::year_unit,
# 	right argument has no overloaded magic at (eval in cmp_ok) t\overload.t line 54.
# 
# ------------------------------------
#          got: '7years'
#     expected: '7years'

#   Failed test at t\overload.t line 59.
# An error occurred while using eq:
# ------------------------------------
# Operation "eq": no method found,
# 	left argument in overloaded package Date::Piece::year_unit,
# 	right argument has no overloaded magic at (eval in cmp_ok) t\overload.t line 59.
# 
# ------------------------------------
#          got: '8years'
#     expected: '8years'
# Looks like you failed 15 tests of 34.
t\overload.t .. 
Dubious, test returned 15 (wstat 3840, 0xf00)
Failed 15/34 subtests 

Test Summary Report
-------------------
t\overload.t (Wstat: 3840 Tests: 34 Failed: 15)
  Failed tests:  1-4, 7-11, 13-17, 19
  Non-zero exit status: 15
Files=3, Tests=112,  2 wallclock secs ( 0.08 usr +  0.11 sys =  0.19 CPU)
Result: FAIL
Failed 1/3 test programs. 15/112 subtests failed.

------------------------------
PREREQUISITES
------------------------------

Prerequisite modules loaded:

requires:

    Module        Need   Have    
    ------------- ------ --------
    Date::Simple  0      3.03    
    perl          v5.8.2 5.016003
    Time::Local   0      1.2300  
    Time::Piece   0      1.20_01 

build_requires:

    Module        Need   Have    
    ------------- ------ --------
    Module::Build 0.26   0.4003  
    Test::More    0      0.98    

configure_requires:

    Module        Need   Have    
    ------------- ------ --------
    Module::Build 0.3303 0.4003  


------------------------------
ENVIRONMENT AND OTHER CONTEXT
------------------------------

Environment variables:

    ACTIVEPERL_CONFIG_SILENT = 1
    AUTOMATED_TESTING = 1
    COMSPEC = C:\Windows\system32\cmd.exe
    NUMBER_OF_PROCESSORS = 2
    PATH = c:\Perl1664\site\bin;c:\Perl1664\bin;C:\Program Files (x86)\NVIDIA Corporation\PhysX\Common;%CommonProgramFiles%\Microsoft Shared\Windows Live;C:\Program Files (x86)\ActiveState Komodo IDE 6\;C:\Program Files (x86)\PC Connectivity Solution\;C:\Windows\system32;C:\Windows;C:\Windows\System32\Wbem;C:\Windows\System32\WindowsPowerShell\v1.0\;C:\Program Files\TortoiseSVN\bin;C:\Program Files (x86)\Git\cmd;C:\Program Files\TortoiseGit\bin;C:\Program Files (x86)\OpenVPN\bin
    PERL5LIB = C:\perl1664\cpan\build\Date-Simple-3.03-pR2uqI/blib/arch;C:\perl1664\cpan\build\Date-Simple-3.03-pR2uqI/blib/lib;C:\perl1664\cpan\build\MooseX-Types-0.38-yVcDoj/blib/arch;C:\perl1664\cpan\build\MooseX-Types-0.38-yVcDoj/blib/lib;C:\perl1664\cpan\build\namespace-autoclean-0.14-Zx0Ezq/blib/arch;C:\perl1664\cpan\build\namespace-autoclean-0.14-Zx0Ezq/blib/lib;C:\perl1664\cpan\build\namespace-clean-0.24-_xDoDk/blib/arch;C:\perl1664\cpan\build\namespace-clean-0.24-_xDoDk/blib/lib;C:\perl1664\cpan\build\B-Hooks-EndOfScope-0.12-VNxYoP/blib/arch;C:\perl1664\cpan\build\B-Hooks-EndOfScope-0.12-VNxYoP/blib/lib;C:\perl1664\cpan\build\Variable-Magic-0.53-foRXwF/blib/arch;C:\perl1664\cpan\build\Variable-Magic-0.53-foRXwF/blib/lib;C:\perl1664\cpan\build\Sub-Exporter-Progressive-0.001010-TwqbQa/blib/arch;C:\perl1664\cpan\build\Sub-Exporter-Progressive-0.001010-TwqbQa/blib/lib;C:\perl1664\cpan\build\Devel-Hide-0.0009-Jb6owa/blib/arch;C:\perl1664\cpan\build\Devel-Hide-0.0009-Jb6owa/blib/lib;C:\perl1664\cpan\build\Test-CheckDeps-0.010-bjkzNE/blib/arch;C:\perl1664\cpan\build\Test-CheckDeps-0.010-bjkzNE/blib/lib;C:\perl1664\cpan\build\Test-Fatal-0.013-eoK9tm/blib/arch;C:\perl1664\cpan\build\Test-Fatal-0.013-eoK9tm/blib/lib;C:\perl1664\cpan\build\CPAN-Meta-2.132830-PrAdgY/blib/arch;C:\perl1664\cpan\build\CPAN-Meta-2.132830-PrAdgY/blib/lib;C:\perl1664\cpan\build\Test-Deep-0.110-P75Zff/blib/arch;C:\perl1664\cpan\build\Test-Deep-0.110-P75Zff/blib/lib;C:\perl1664\cpan\build\Test-Requires-0.07-1cO_V5/blib/arch;C:\perl1664\cpan\build\Test-Requires-0.07-1cO_V5/blib/lib;C:\perl1664\cpan\build\CPAN-Meta-Check-0.008-FJP4XZ/blib/arch;C:\perl1664\cpan\build\CPAN-Meta-Check-0.008-FJP4XZ/blib/lib
    PERL5OPT = 
    PERL5_CPANPLUS_IS_RUNNING = 7648
    PERL5_CPAN_IS_RUNNING = 7648
    PERL5_CPAN_IS_RUNNING_IN_RECURSION = 20744,7648
    PERL_CR_SMOKER_CURRENT = MooseX-Types-Date-Piece-0.03
    PERL_EXTUTILS_AUTOINSTALL = --defaultdeps
    PERL_JSON_BACKEND = JSON::XS
    PERL_MM_USE_DEFAULT = 1
    PERL_YAML_BACKEND = YAML::XS
    PROCESSOR_IDENTIFIER = AMD64 Family 16 Model 4 Stepping 2, AuthenticAMD
    TEMP = C:\Users\Mithaldu\AppData\Local\Temp
    TERM = dumb

Perl special variables (and OS-specific diagnostics, for MSWin32):

    $^X = c:\Perl1664\bin\perl.exe
    $UID/$EUID = 0 / 0
    $GID = 0
    $EGID = 0
    Win32::GetOSName = Win7
    Win32::GetOSVersion = Service Pack 1, 6, 1, 7601, 2, 1, 0, 256, 1
    Win32::FsType = NTFS
    Win32::IsAdminUser = 0

Perl module toolchain versions installed:

    Module              Have    
    ------------------- --------
    CPAN                1.9800  
    CPAN::Meta          2.132830
    Cwd                 3.40    
    ExtUtils::CBuilder  0.280206
    ExtUtils::Command   1.17    
    ExtUtils::Install   1.54    
    ExtUtils::MakeMaker 6.63_02 
    ExtUtils::Manifest  1.61    
    ExtUtils::ParseXS   3.18    
    File::Spec          3.40    
    JSON                2.53    
    JSON::PP            2.27200 
    Module::Build       0.4003  
    Module::Signature   n/a     
    Parse::CPAN::Meta   1.4405  
    Test::Harness       3.26    
    Test::More          0.98    
    YAML                0.84    
    YAML::Syck          n/a     
    version             0.9902  


--

Summary of my perl5 (revision 5 version 16 subversion 3) configuration:
   
  Platform:
    osname=MSWin32, osvers=5.2, archname=MSWin32-x64-multi-thread
    uname=''
    config_args='undef'
    hint=recommended, useposix=true, d_sigaction=undef
    useithreads=define, usemultiplicity=define
    useperlio=define, d_sfio=undef, uselargefiles=define, usesocks=undef
    use64bitint=define, use64bitall=undef, uselongdouble=undef
    usemymalloc=n, bincompat5005=undef
  Compiler:
    cc='c:\Perl1664\site\bin\gcc.exe', ccflags ='-DNDEBUG -DWIN32 -D_CONSOLE -DNO_STRICT -DWIN64 -DCONSERVATIVE -DPERL_TEXTMODE_SCRIPTS -DUSE_SITECUSTOMIZE -DPERL_IMPLICIT_CONTEXT -DPERL_IMPLICIT_SYS -DUSE_PERLIO -DHASATTRIBUTE -fno-strict-aliasing -mms-bitfields',
    optimize='-O2',
    cppflags='-DWIN32'
    ccversion='', gccversion='gcc.exe (rubenvb-4.5.4) 4.5.4', gccosandvers=''
    intsize=4, longsize=4, ptrsize=8, doublesize=8, byteorder=12345678
    d_longlong=undef, longlongsize=8, d_longdbl=define, longdblsize=8
    ivtype='__int64', ivsize=8, nvtype='double', nvsize=8, Off_t='__int64', lseeksize=8
    alignbytes=8, prototype=define
  Linker and Libraries:
    ld='c:\Perl1664\site\bin\g++.exe', ldflags ='-L"c:\perl1664\lib\CORE"'
    libpth=\lib
    libs=-lkernel32 -luser32 -lgdi32 -lwinspool -lcomdlg32 -ladvapi32 -lshell32 -lole32 -loleaut32 -lnetapi32 -luuid -lws2_32 -lmpr -lwinmm -lversion -lodbc32 -lodbccp32 -lcomctl32 -lmsvcrt
    perllibs=-lkernel32 -luser32 -lgdi32 -lwinspool -lcomdlg32 -ladvapi32 -lshell32 -lole32 -loleaut32 -lnetapi32 -luuid -lws2_32 -lmpr -lwinmm -lversion -lodbc32 -lodbccp32 -lcomctl32 -lmsvcrt
    libc=msvcrt.lib, so=dll, useshrplib=true, libperl=perl516.lib
    gnulibc_version=''
  Dynamic Linking:
    dlsrc=dl_win32.xs, dlext=dll, d_dlsymun=undef, ccdlflags=' '
    cccdlflags=' ', lddlflags='-mdll -L"c:\perl1664\lib\CORE"'


Characteristics of this binary (from libperl): 
  Compile-time options: HAS_TIMES HAVE_INTERP_INTERN MULTIPLICITY
                        PERLIO_LAYERS PERL_DONT_CREATE_GVSV
                        PERL_IMPLICIT_CONTEXT PERL_IMPLICIT_SYS
                        PERL_MALLOC_WRAP PERL_PRESERVE_IVUV PL_OP_SLAB_ALLOC
                        USE_64_BIT_INT USE_ITHREADS USE_LARGE_FILES
                        USE_LOCALE USE_LOCALE_COLLATE USE_LOCALE_CTYPE
                        USE_LOCALE_NUMERIC USE_PERLIO USE_PERL_ATOF
                        USE_SITECUSTOMIZE
  Locally applied patches:
	ActivePerl Build 1603 [296746]
  Built under MSWin32
  Compiled at Mar 13 2013 13:31:10
  %ENV:
    PERL5LIB="C:\perl1664\cpan\build\Date-Simple-3.03-pR2uqI/blib/arch;C:\perl1664\cpan\build\Date-Simple-3.03-pR2uqI/blib/lib;C:\perl1664\cpan\build\MooseX-Types-0.38-yVcDoj/blib/arch;C:\perl1664\cpan\build\MooseX-Types-0.38-yVcDoj/blib/lib;C:\perl1664\cpan\build\namespace-autoclean-0.14-Zx0Ezq/blib/arch;C:\perl1664\cpan\build\namespace-autoclean-0.14-Zx0Ezq/blib/lib;C:\perl1664\cpan\build\namespace-clean-0.24-_xDoDk/blib/arch;C:\perl1664\cpan\build\namespace-clean-0.24-_xDoDk/blib/lib;C:\perl1664\cpan\build\B-Hooks-EndOfScope-0.12-VNxYoP/blib/arch;C:\perl1664\cpan\build\B-Hooks-EndOfScope-0.12-VNxYoP/blib/lib;C:\perl1664\cpan\build\Variable-Magic-0.53-foRXwF/blib/arch;C:\perl1664\cpan\build\Variable-Magic-0.53-foRXwF/blib/lib;C:\perl1664\cpan\build\Sub-Exporter-Progressive-0.001010-TwqbQa/blib/arch;C:\perl1664\cpan\build\Sub-Exporter-Progressive-0.001010-TwqbQa/blib/lib;C:\perl1664\cpan\build\Devel-Hide-0.0009-Jb6owa/blib/arch;C:\perl1664\cpan\build\Devel-Hide-0.0009-Jb6owa/blib/lib;C:\perl1664\cpan\build\Test-CheckDeps-0.010-bjkzNE/blib/arch;C:\perl1664\cpan\build\Test-CheckDeps-0.010-bjkzNE/blib/lib;C:\perl1664\cpan\build\Test-Fatal-0.013-eoK9tm/blib/arch;C:\perl1664\cpan\build\Test-Fatal-0.013-eoK9tm/blib/lib;C:\perl1664\cpan\build\CPAN-Meta-2.132830-PrAdgY/blib/arch;C:\perl1664\cpan\build\CPAN-Meta-2.132830-PrAdgY/blib/lib;C:\perl1664\cpan\build\Test-Deep-0.110-P75Zff/blib/arch;C:\perl1664\cpan\build\Test-Deep-0.110-P75Zff/blib/lib;C:\perl1664\cpan\build\Test-Requires-0.07-1cO_V5/blib/arch;C:\perl1664\cpan\build\Test-Requires-0.07-1cO_V5/blib/lib;C:\perl1664\cpan\build\CPAN-Meta-Check-0.008-FJP4XZ/blib/arch;C:\perl1664\cpan\build\CPAN-Meta-Check-0.008-FJP4XZ/blib/lib"
    PERL5_CPANPLUS_IS_RUNNING="7648"
    PERL5_CPAN_IS_RUNNING="7648"
    PERL5_CPAN_IS_RUNNING_IN_RECURSION="20744,7648"
    PERL_CR_SMOKER_CURRENT="MooseX-Types-Date-Piece-0.03"
    PERL_EXTUTILS_AUTOINSTALL="--defaultdeps"
    PERL_JSON_BACKEND="JSON::XS"
    PERL_MM_USE_DEFAULT="1"
    PERL_YAML_BACKEND="YAML::XS"
  @INC:
    C:\perl1664\cpan\build\Date-Simple-3.03-pR2uqI/blib/arch
    C:\perl1664\cpan\build\Date-Simple-3.03-pR2uqI/blib/lib
    C:\perl1664\cpan\build\MooseX-Types-0.38-yVcDoj/blib/arch
    C:\perl1664\cpan\build\MooseX-Types-0.38-yVcDoj/blib/lib
    C:\perl1664\cpan\build\namespace-autoclean-0.14-Zx0Ezq/blib/arch
    C:\perl1664\cpan\build\namespace-autoclean-0.14-Zx0Ezq/blib/lib
    C:\perl1664\cpan\build\namespace-clean-0.24-_xDoDk/blib/arch
    C:\perl1664\cpan\build\namespace-clean-0.24-_xDoDk/blib/lib
    C:\perl1664\cpan\build\B-Hooks-EndOfScope-0.12-VNxYoP/blib/arch
    C:\perl1664\cpan\build\B-Hooks-EndOfScope-0.12-VNxYoP/blib/lib
    C:\perl1664\cpan\build\Variable-Magic-0.53-foRXwF/blib/arch
    C:\perl1664\cpan\build\Variable-Magic-0.53-foRXwF/blib/lib
    C:\perl1664\cpan\build\Sub-Exporter-Progressive-0.001010-TwqbQa/blib/arch
    C:\perl1664\cpan\build\Sub-Exporter-Progressive-0.001010-TwqbQa/blib/lib
    C:\perl1664\cpan\build\Devel-Hide-0.0009-Jb6owa/blib/arch
    C:\perl1664\cpan\build\Devel-Hide-0.0009-Jb6owa/blib/lib
    C:\perl1664\cpan\build\Test-CheckDeps-0.010-bjkzNE/blib/arch
    C:\perl1664\cpan\build\Test-CheckDeps-0.010-bjkzNE/blib/lib
    C:\perl1664\cpan\build\Test-Fatal-0.013-eoK9tm/blib/arch
    C:\perl1664\cpan\build\Test-Fatal-0.013-eoK9tm/blib/lib
    C:\perl1664\cpan\build\CPAN-Meta-2.132830-PrAdgY/blib/arch
    C:\perl1664\cpan\build\CPAN-Meta-2.132830-PrAdgY/blib/lib
    C:\perl1664\cpan\build\Test-Deep-0.110-P75Zff/blib/arch
    C:\perl1664\cpan\build\Test-Deep-0.110-P75Zff/blib/lib
    C:\perl1664\cpan\build\Test-Requires-0.07-1cO_V5/blib/arch
    C:\perl1664\cpan\build\Test-Requires-0.07-1cO_V5/blib/lib
    C:\perl1664\cpan\build\CPAN-Meta-Check-0.008-FJP4XZ/blib/arch
    C:\perl1664\cpan\build\CPAN-Meta-Check-0.008-FJP4XZ/blib/lib
    c:/Perl1664/site/lib
    c:/Perl1664/lib
    .