Back
From: metabase:user:322078bc-2aae-11df-837a-5e0a49663a4f
Subject: FAIL PlotCalendar-1.4 v5.12.1 FreeBSD
Date: 2011-01-08T15:31:57Z
This distribution has been tested as part of the CPAN Testers
project, supporting the Perl programming language. See
http://wiki.cpantesters.org/ for more information or email
questions to cpan-testers-discuss@perl.org
--
Dear AJACKSON,
This is a computer-generated error report created automatically by
CPANPLUS, version 0.9010. Testers personal comments may appear
at the end of this report.
Thank you for uploading your work to CPAN. However, it appears that
there were some problems testing your distribution.
TEST RESULTS:
Below is the error stack from stage 'make test':
[MSG] [Sat Jan 8 15:31:50 2011] Trying to get 'http://cpan.hexten.net/authors/id/A/AJ/AJACKSON/PlotCalendar-1.4.tar.gz'
[MSG] [Sat Jan 8 15:31:52 2011] Trying to get 'http://cpan.hexten.net/authors/id/A/AJ/AJACKSON/CHECKSUMS'
[MSG] [Sat Jan 8 15:31:52 2011] Checksum matches for 'PlotCalendar-1.4.tar.gz'
[MSG] [Sat Jan 8 15:31:53 2011] Extracted 'PlotCalendar' to '/usr/home/cpan/pit/rel/conf/perl-5.12.1/.cpanplus/5.12.1/build/PlotCalendar-1.4'
[MSG] [Sat Jan 8 15:31:53 2011] CPANPLUS is prefering Build.PL
[MSG] [Sat Jan 8 15:31:53 2011] Loading YACSmoke database "/usr/home/cpan/pit/rel/conf/perl-5.12.1/.cpanplus/cpansmoke.dat"
[MSG] [Sat Jan 8 15:31:53 2011] Checking if your kit is complete...
Looks good
Warning: prerequisite Time::DaysInMonth 1 not found.
Warning: prerequisite Time::JulianDay 1 not found.
Writing Makefile for PlotCalendar
[MSG] [Sat Jan 8 15:31:53 2011] DEFAULT 'filter_prereqs' HANDLER RETURNING 'sub return value'
[MSG] [Sat Jan 8 15:31:53 2011] Checking for previous PASS result for "PlotCalendar-1.4"
[MSG] [Sat Jan 8 15:31:53 2011] Module 'PlotCalendar' requires 'Time::DaysInMonth' version '1' to be installed
[MSG] [Sat Jan 8 15:31:53 2011] Module 'PlotCalendar' requires 'Time::JulianDay' version '1' to be installed
[MSG] [Sat Jan 8 15:31:53 2011] Trying to get 'http://cpan.hexten.net/authors/id/M/MU/MUIR/modules/Time-modules-2006.0814.tar.gz'
[MSG] [Sat Jan 8 15:31:53 2011] Using cached file '/usr/home/cpan/pit/rel/conf/perl-5.12.1/.cpanplus/authors/id/M/MU/MUIR/modules/CHECKSUMS' on disk; ttl (3600s) is not exceeded
[MSG] [Sat Jan 8 15:31:53 2011] Checksum matches for 'Time-modules-2006.0814.tar.gz'
[MSG] [Sat Jan 8 15:31:54 2011] Extracted 'Time::DaysInMonth' to '/usr/home/cpan/pit/rel/conf/perl-5.12.1/.cpanplus/5.12.1/build/Time-modules-2006.0814'
[MSG] [Sat Jan 8 15:31:54 2011] CPANPLUS is prefering Build.PL
[MSG] [Sat Jan 8 15:31:54 2011] Checking if your kit is complete...
Looks good
Writing Makefile for Time-modules
[MSG] [Sat Jan 8 15:31:54 2011] DEFAULT 'filter_prereqs' HANDLER RETURNING 'sub return value'
[MSG] [Sat Jan 8 15:31:54 2011] Checking for previous PASS result for "Time-modules-2006.0814"
[MSG] [Sat Jan 8 15:31:54 2011] Found previous PASS result for "Time-modules-2006.0814" skipping tests.
[MSG] [Sat Jan 8 15:31:55 2011] cp lib/Time/JulianDay.pm blib/lib/Time/JulianDay.pm
cp lib/Time/ParseDate.pm blib/lib/Time/ParseDate.pm
cp lib/Time/CTime.pm blib/lib/Time/CTime.pm
cp lib/Time/DaysInMonth.pm blib/lib/Time/DaysInMonth.pm
cp lib/Time/Timezone.pm blib/lib/Time/Timezone.pm
Manifying blib/man3/Time::JulianDay.3
Manifying blib/man3/Time::CTime.3
Manifying blib/man3/Time::ParseDate.3
Manifying blib/man3/Time::DaysInMonth.3
Manifying blib/man3/Time::Timezone.3
[MSG] [Sat Jan 8 15:31:56 2011] Sending test report for 'Time-modules-2006.0814'
[MSG] [Sat Jan 8 15:31:56 2011] Ok, not sending test report
[MSG] [Sat Jan 8 15:31:57 2011] cp PlotCalendar/DateTools.pm blib/lib/PlotCalendar/DateTools.pm
cp PlotCalendar/DateDesc.pm blib/lib/PlotCalendar/DateDesc.pm
cp PlotCalendar/Month.pm blib/lib/PlotCalendar/Month.pm
cp PlotCalendar/Day.pm blib/lib/PlotCalendar/Day.pm
Manifying blib/man3/PlotCalendar::Month.3
Manifying blib/man3/PlotCalendar::DateDesc.3
Manifying blib/man3/PlotCalendar::DateTools.3
Manifying blib/man3/PlotCalendar::Day.3
[ERROR] [Sat Jan 8 15:31:57 2011] MAKE TEST failed: No such file or directory PERL_DL_NONLAZY=1 /usr/home/cpan/pit/rel/perl-5.12.1/bin/perl "-MExtUtils::Command::MM" "-e" "test_harness(0, 'blib/lib', 'blib/arch')" t/*.t
Undefined subroutine &PlotCalendar::DateTools::julian_day called at /usr/home/cpan/pit/rel/conf/perl-5.12.1/.cpanplus/5.12.1/build/PlotCalendar-1.4/blib/lib/PlotCalendar/DateTools.pm line 102, <DATA> line 17.
t/datedesc.t ...
Dubious, test returned 255 (wstat 65280, 0xff00)
Failed 17/17 subtests
Undefined subroutine &PlotCalendar::DateTools::julian_day called at /usr/home/cpan/pit/rel/conf/perl-5.12.1/.cpanplus/5.12.1/build/PlotCalendar-1.4/blib/lib/PlotCalendar/DateTools.pm line 72.
t/datetools.t ..
Dubious, test returned 255 (wstat 65280, 0xff00)
Failed 8/8 subtests
t/day.t ........ ok
Undefined subroutine &PlotCalendar::DateTools::days_in called at /usr/home/cpan/pit/rel/conf/perl-5.12.1/.cpanplus/5.12.1/build/PlotCalendar-1.4/blib/lib/PlotCalendar/DateTools.pm line 82.
t/month.t ......
Dubious, test returned 255 (wstat 65280, 0xff00)
Failed 2/2 subtests
t/require.t .... ok
Test Summary Report
-------------------
t/datedesc.t (Wstat: 65280 Tests: 0 Failed: 0)
Non-zero exit status: 255
Parse errors: Bad plan. You planned 17 tests but ran 0.
t/datetools.t (Wstat: 65280 Tests: 0 Failed: 0)
Non-zero exit status: 255
Parse errors: Bad plan. You planned 8 tests but ran 0.
t/month.t (Wstat: 65280 Tests: 0 Failed: 0)
Non-zero exit status: 255
Parse errors: Bad plan. You planned 2 tests but ran 0.
Files=5, Tests=7, 0 wallclock secs ( 0.07 usr 0.05 sys + 0.14 cusr 0.06 csys = 0.33 CPU)
Result: FAIL
Failed 3/5 test programs. 0/7 subtests failed.
*** Error code 255
Stop in /usr/home/cpan/pit/rel/conf/perl-5.12.1/.cpanplus/5.12.1/build/PlotCalendar-1.4.
[MSG] [Sat Jan 8 15:31:57 2011] DEFAULT 'proceed_on_test_failure' HANDLER RETURNING 'sub return value'
PREREQUISITES:
Here is a list of prerequisites you specified and versions we
managed to load:
Module Name Have Want
Time::DaysInMonth 99.1117 1
Time::JulianDay 2003.1125 1
Perl module toolchain versions installed:
Module Name Have
CPANPLUS 0.9010
CPANPLUS::Dist::Build 0.50
Cwd 3.33
ExtUtils::CBuilder 0.2802
ExtUtils::Command 1.16
ExtUtils::Install 1.55
ExtUtils::MakeMaker 6.56
ExtUtils::Manifest 1.58
ExtUtils::ParseXS 2.2206
File::Spec 3.33
Module::Build 0.3607
Test::Harness 3.22
Test::More 0.96
version 0.88
******************************** NOTE ********************************
The comments above are created mechanically, possibly without manual
checking by the sender. As there are many people performing automatic
tests on each upload to CPAN, it is likely that you will receive
identical messages about the same problem.
If you believe that the message is mistaken, please reply to the first
one with correction and/or additional informations, and do not take
it personally. We appreciate your patience. :)
**********************************************************************
Additional comments:
This report was machine-generated by CPANPLUS::Dist::YACSmoke 0.62.
Powered by minismokebox version 0.40
------------------------------
ENVIRONMENT AND OTHER CONTEXT
------------------------------
Environment variables:
AUTOMATED_TESTING = 1
PATH = /sbin:/bin:/usr/sbin:/usr/bin:/usr/games:/usr/local/sbin:/usr/local/bin:/home/cpan/bin
PERL5LIB = :/usr/home/cpan/pit/rel/conf/perl-5.12.1/.cpanplus/5.12.1/build/Time-modules-2006.0814/blib/lib:/usr/home/cpan/pit/rel/conf/perl-5.12.1/.cpanplus/5.12.1/build/Time-modules-2006.0814/blib/arch:/usr/home/cpan/pit/rel/conf/perl-5.12.1/.cpanplus/5.12.1/build/PlotCalendar-1.4/blib/lib:/usr/home/cpan/pit/rel/conf/perl-5.12.1/.cpanplus/5.12.1/build/PlotCalendar-1.4/blib/arch
PERL5_CPANPLUS_IS_RUNNING = 92964
PERL5_CPANPLUS_IS_VERSION = 0.9010
PERL5_MINISMOKEBOX = 0.40
PERL5_YACSMOKE_BASE = /usr/home/cpan/pit/rel/conf/perl-5.12.1
PERL_EXTUTILS_AUTOINSTALL = --defaultdeps
PERL_MM_USE_DEFAULT = 1
SHELL = /usr/local/bin/bash
TERM = screen
Perl special variables (and OS-specific diagnostics, for MSWin32):
Perl: $^X = /usr/home/cpan/pit/rel/perl-5.12.1/bin/perl
UID: $< = 1003
EUID: $> = 1003
GID: $( = 1003 1003 1003
EGID: $) = 1003 1003 1003
-------------------------------
--
Summary of my perl5 (revision 5 version 12 subversion 1) configuration:
Platform:
osname=freebsd, osvers=7.2-release, archname=i386-freebsd-thread-multi-64int
uname='freebsd wintermute.staffordshire.gov.uk 7.2-release freebsd 7.2-release #0: fri may 1 08:49:13 utc 2009 root@walker.cse.buffalo.edu:usrobjusrsrcsysgeneric i386 '
config_args='-des -Dprefix=/usr/home/cpan/pit/rel/perl-5.12.1 -Dusethreads -Duse64bitint'
hint=recommended, useposix=true, d_sigaction=define
useithreads=define, usemultiplicity=define
useperlio=define, d_sfio=undef, uselargefiles=define, usesocks=undef
use64bitint=define, use64bitall=undef, uselongdouble=undef
usemymalloc=n, bincompat5005=undef
Compiler:
cc='cc', ccflags ='-DHAS_FPSETMASK -DHAS_FLOATINGPOINT_H -fno-strict-aliasing -pipe -fstack-protector -I/usr/local/include',
optimize='-O',
cppflags='-DHAS_FPSETMASK -DHAS_FLOATINGPOINT_H -fno-strict-aliasing -pipe -fstack-protector -I/usr/local/include'
ccversion='', gccversion='4.2.1 20070719 [FreeBSD]', gccosandvers=''
intsize=4, longsize=4, ptrsize=4, doublesize=8, byteorder=12345678
d_longlong=define, longlongsize=8, d_longdbl=define, longdblsize=12
ivtype='long long', ivsize=8, nvtype='double', nvsize=8, Off_t='off_t', lseeksize=8
alignbytes=4, prototype=define
Linker and Libraries:
ld='cc', ldflags ='-pthread -Wl,-E -fstack-protector -L/usr/local/lib'
libpth=/usr/lib /usr/local/lib
libs=-lgdbm -lm -lcrypt
perllibs=-lm -lcrypt
libc=, so=so, useshrplib=false, libperl=libperl.a
gnulibc_version=''
Dynamic Linking:
dlsrc=dl_dlopen.xs, dlext=so, d_dlsymun=undef, ccdlflags=' '
cccdlflags='-DPIC -fPIC', lddlflags='-shared -L/usr/local/lib -fstack-protector'
Characteristics of this binary (from libperl):
Compile-time options: MULTIPLICITY PERL_DONT_CREATE_GVSV
PERL_IMPLICIT_CONTEXT PERL_MALLOC_WRAP USE_64_BIT_INT
USE_ITHREADS USE_LARGE_FILES USE_PERLIO USE_PERL_ATOF
USE_REENTRANT_API
Built under freebsd
Compiled at May 21 2010 12:29:02
%ENV:
PERL5LIB=":/usr/home/cpan/pit/rel/conf/perl-5.12.1/.cpanplus/5.12.1/build/Time-modules-2006.0814/blib/lib:/usr/home/cpan/pit/rel/conf/perl-5.12.1/.cpanplus/5.12.1/build/Time-modules-2006.0814/blib/arch:/usr/home/cpan/pit/rel/conf/perl-5.12.1/.cpanplus/5.12.1/build/PlotCalendar-1.4/blib/lib:/usr/home/cpan/pit/rel/conf/perl-5.12.1/.cpanplus/5.12.1/build/PlotCalendar-1.4/blib/arch"
PERL5_CPANPLUS_IS_RUNNING="92964"
PERL5_CPANPLUS_IS_VERSION="0.9010"
PERL5_MINISMOKEBOX="0.40"
PERL5_YACSMOKE_BASE="/usr/home/cpan/pit/rel/conf/perl-5.12.1"
PERL_EXTUTILS_AUTOINSTALL="--defaultdeps"
PERL_MM_USE_DEFAULT="1"
@INC:
/usr/home/cpan/pit/rel/conf/perl-5.12.1/.cpanplus/5.12.1/build/Time-modules-2006.0814/blib/lib
/usr/home/cpan/pit/rel/conf/perl-5.12.1/.cpanplus/5.12.1/build/Time-modules-2006.0814/blib/arch
/usr/home/cpan/pit/rel/conf/perl-5.12.1/.cpanplus/5.12.1/build/PlotCalendar-1.4/blib/lib
/usr/home/cpan/pit/rel/conf/perl-5.12.1/.cpanplus/5.12.1/build/PlotCalendar-1.4/blib/arch
/usr/home/cpan/pit/rel/perl-5.12.1/lib/site_perl/5.12.1/i386-freebsd-thread-multi-64int
/usr/home/cpan/pit/rel/perl-5.12.1/lib/site_perl/5.12.1
/usr/home/cpan/pit/rel/perl-5.12.1/lib/5.12.1/i386-freebsd-thread-multi-64int
/usr/home/cpan/pit/rel/perl-5.12.1/lib/5.12.1
.