Report for NG-0.001_05

Back
From: metabase:user:30ae4450-2aae-11df-837a-5e0a49663a4f
Subject: FAIL NG-0.001_05 v5.16.3 
Date: 2014-07-20T17:32:21Z

This distribution has been tested as part of the CPAN Testers
project, supporting the Perl programming language.  See
http://wiki.cpantesters.org/ for more information or email
questions to cpan-testers-discuss@perl.org


--
Dear Jeff Rao,

This is a computer-generated report for NG-0.001_05
on perl 5.16.3, created by CPAN-Reporter-1.2010_01.

Thank you for uploading your work to CPAN.  However, there was a problem
testing your distribution.

If you think this report is invalid, please consult the CPAN Testers Wiki
for suggestions on how to avoid getting FAIL reports for missing library
or binary dependencies, unsupported operating systems, and so on:

http://wiki.cpantesters.org/wiki/CPANAuthorNotes

Sections of this report:

    * Tester comments
    * Program output
    * Prerequisites
    * Environment and other context

------------------------------
TESTER COMMENTS
------------------------------

Additional comments from tester:

this report is from an automated smoke testing program
and was not reviewed by a human for accuracy

------------------------------
PROGRAM OUTPUT
------------------------------

Output from 'C:\strawberry163\c\bin\dmake.exe test':

C:\strawberry163\perl\bin\perl.exe "-MExtUtils::Command::MM" "-e" "test_harness(0, 'blib\lib', 'blib\arch')" t/*.t
# Testing NG 0.001_05, Perl 5.016003, C:\strawberry163\perl\bin\perl.exe
t/00-load.t ......... ok
t/01-array.t ........ ok
t/02-hashtable.t .... ok
t/03-shashtable.t ... ok
t/04-time.t ......... ok

#   Failed test at t/05-file-stat.t line 13.
#          got: '0666'
#     expected: '0644'

#   Failed test at t/05-file-stat.t line 14.
#          got: '0'
#     expected: '1000'
# Looks like you failed 2 tests of 6.
t/05-file-stat.t .... 
Dubious, test returned 2 (wstat 512, 0x200)
Failed 2/6 subtests 
t/06-file-read.t .... ok
Use of uninitialized value in subroutine entry at C:/strawberry163/perl/vendor/lib/HTML/TreeBuilder.pm line 151.
t/07-http-dom.t ..... ok
Parsing of undecoded UTF-8 will give garbage when decoding entities at C:/strawberry163/perl/vendor/lib/HTML/TreeBuilder.pm line 151.
Parsing of undecoded UTF-8 will give garbage when decoding entities at C:/strawberry163/perl/vendor/lib/HTML/TreeBuilder.pm line 151.
Use of uninitialized value in subroutine entry at C:/strawberry163/perl/vendor/lib/HTML/TreeBuilder.pm line 151.

#   Failed test 'HTTP code ok'
#   at t/08-http-client.t line 18.
#          got: '597'
#     expected: '200'
# Looks like you failed 1 test of 6.
t/08-http-client.t .. 
Dubious, test returned 1 (wstat 256, 0x100)
Failed 1/6 subtests 
Use of uninitialized value within @_ in list assignment at C:/strawberry163/perl/lib/Test/Builder.pm line 985, <GEN2> line 2.

#   Failed test at t/09-system.t line 11.
#          got: ''
#     expected: 'USER'
# Looks like you failed 1 test of 3.
t/09-system.t ....... 
Dubious, test returned 1 (wstat 256, 0x100)
Failed 1/3 subtests 
	(less 1 skipped subtest: 1 okay)
t/10-log.t .......... ok
Useless use of hash element in void context at t/11-email.t line 15.
t/11-email.t ........ ok
t/12-parse-excel.t .. ok
t/13-autobox.t ...... ok
t/14-def_class.t .... ok
t/15-dir-read.t ..... ok

Test Summary Report
-------------------
t/05-file-stat.t  (Wstat: 512 Tests: 6 Failed: 2)
  Failed tests:  3-4
  Non-zero exit status: 2
t/08-http-client.t (Wstat: 256 Tests: 6 Failed: 1)
  Failed test:  5
  Non-zero exit status: 1
t/09-system.t     (Wstat: 256 Tests: 3 Failed: 1)
  Failed test:  2
  Non-zero exit status: 1
Files=16, Tests=81, 551 wallclock secs ( 0.03 usr +  0.14 sys =  0.17 CPU)
Result: FAIL
Failed 3/16 test programs. 4/81 subtests failed.
dmake.exe:  Error code 255, while making 'test_dynamic'

------------------------------
PREREQUISITES
------------------------------

Prerequisite modules loaded:

requires:

    Module                   Need Have    
    ------------------------ ---- --------
    AnyEvent::HTTP           0    2.15    
    autobox                  0    2.82    
    autodie                  0    2.23    
    Child                    0    0.009   
    DBI                      0    1.631   
    Digest::MD5              0    2.53    
    Email::MIME              0    1.926   
    File::Copy::Recursive    0    0.38    
    HTML::Element            5.00 5.03    
    HTML::Selector::XPath    0    0.16    
    HTML::TreeBuilder::XPath 0    0.14    
    JSON::XS                 0    2.33    
    Net::SSH::Any            0    0.04    
    perl                     5.01 5.016003
    Spreadsheet::ParseExcel  0    0.63    
    Spreadsheet::WriteExcel  0    2.40    
    SQL::Abstract            0    1.77    
    Sys::CpuAffinity         0    1.06    
    Time::HiRes              0    1.9725  
    Try::Tiny                0    0.19    
    XML::Simple              0    2.20    
    YAML::XS                 0    0.41    

build_requires:

    Module                   Need Have    
    ------------------------ ---- --------
    Test::Deep               0    0.110   
    Test::More               0    1.001002

configure_requires:

    Module                   Need Have    
    ------------------------ ---- --------
    ExtUtils::MakeMaker      0    6.64    


------------------------------
ENVIRONMENT AND OTHER CONTEXT
------------------------------

Environment variables:

    AUTOMATED_TESTING = 1
    COMSPEC = C:\WINDOWS\system32\cmd.exe
    NUMBER_OF_PROCESSORS = 1
    PATH = C:\Program Files\Far Manager\;C:\WINDOWS\system32;C:\WINDOWS;C:\WINDOWS\System32\Wbem;C:\strawberry163\c\bin;C:\strawberry163\perl\site\bin;C:\strawberry163\perl\bin
    PERL5LIB = C:\strawberry163\cpan\build\Net-SSH-Any-0.04-0BP9pZ/blib/arch;C:\strawberry163\cpan\build\Net-SSH-Any-0.04-0BP9pZ/blib/lib
    PERL5OPT = 
    PERL5_CPANPLUS_IS_RUNNING = 352
    PERL5_CPAN_IS_RUNNING = 352
    PERL5_CPAN_IS_RUNNING_IN_RECURSION = 1692,352
    PERL_CR_SMOKER_CURRENT = NG-0.001_05
    PERL_EXTUTILS_AUTOINSTALL = --defaultdeps
    PERL_MM_USE_DEFAULT = 1
    PROCESSOR_IDENTIFIER = x86 Family 16 Model 5 Stepping 3, AuthenticAMD
    TEMP = C:\DOCUME~1\c\LOCALS~1\Temp
    TERM = dumb

Perl special variables (and OS-specific diagnostics, for MSWin32):

    $^X = C:\strawberry163\perl\bin\perl.exe
    $UID/$EUID = 0 / 0
    $GID = 0
    $EGID = 0
    Win32::GetOSName = WinXP/.Net
    Win32::GetOSVersion = Service Pack 3, 5, 1, 2600, 2, 3, 0, 256, 1
    Win32::FsType = NTFS
    Win32::IsAdminUser = 1

Perl module toolchain versions installed:

    Module              Have    
    ------------------- --------
    CPAN                2.00    
    CPAN::Meta          2.140640
    Cwd                 3.40    
    ExtUtils::CBuilder  0.280206
    ExtUtils::Command   1.17    
    ExtUtils::Install   1.58    
    ExtUtils::MakeMaker 6.64    
    ExtUtils::Manifest  1.61    
    ExtUtils::ParseXS   3.24    
    File::Spec          3.40    
    JSON                2.90    
    JSON::PP            2.27203 
    Module::Build       0.4205  
    Module::Signature   0.70    
    Parse::CPAN::Meta   1.4414  
    Test::Harness       3.30    
    Test::More          1.001002
    YAML                0.90    
    YAML::Syck          1.24    
    version             0.9902  


--

Summary of my perl5 (revision 5 version 16 subversion 3) configuration:
   
  Platform:
    osname=MSWin32, osvers=4.0, archname=MSWin32-x86-multi-thread
    uname='Win32 strawberry-perl 5.16.3.1 #1 Tue Mar 12 13:55:20 2013 i386'
    config_args='undef'
    hint=recommended, useposix=true, d_sigaction=undef
    useithreads=define, usemultiplicity=define
    useperlio=define, d_sfio=undef, uselargefiles=define, usesocks=undef
    use64bitint=undef, use64bitall=undef, uselongdouble=undef
    usemymalloc=n, bincompat5005=undef
  Compiler:
    cc='gcc', ccflags =' -s -O2 -DWIN32  -DPERL_TEXTMODE_SCRIPTS -DPERL_IMPLICIT_CONTEXT -DPERL_IMPLICIT_SYS -fno-strict-aliasing -mms-bitfields',
    optimize='-s -O2',
    cppflags='-DWIN32'
    ccversion='', gccversion='4.6.3', gccosandvers=''
    intsize=4, longsize=4, ptrsize=4, doublesize=8, byteorder=1234
    d_longlong=undef, longlongsize=8, d_longdbl=define, longdblsize=12
    ivtype='long', ivsize=4, nvtype='double', nvsize=8, Off_t='long long', lseeksize=8
    alignbytes=8, prototype=define
  Linker and Libraries:
    ld='g++', ldflags ='-s -L"C:\strawberry163\perl\lib\CORE" -L"C:\strawberry163\c\lib"'
    libpth=C:\strawberry163\c\lib C:\strawberry163\c\i686-w64-mingw32\lib
    libs=-lmoldname -lkernel32 -luser32 -lgdi32 -lwinspool -lcomdlg32 -ladvapi32 -lshell32 -lole32 -loleaut32 -lnetapi32 -luuid -lws2_32 -lmpr -lwinmm -lversion -lodbc32 -lodbccp32 -lcomctl32
    perllibs=-lmoldname -lkernel32 -luser32 -lgdi32 -lwinspool -lcomdlg32 -ladvapi32 -lshell32 -lole32 -loleaut32 -lnetapi32 -luuid -lws2_32 -lmpr -lwinmm -lversion -lodbc32 -lodbccp32 -lcomctl32
    libc=, so=dll, useshrplib=true, libperl=libperl516.a
    gnulibc_version=''
  Dynamic Linking:
    dlsrc=dl_win32.xs, dlext=dll, d_dlsymun=undef, ccdlflags=' '
    cccdlflags=' ', lddlflags='-mdll -s -L"C:\strawberry163\perl\lib\CORE" -L"C:\strawberry163\c\lib"'


Characteristics of this binary (from libperl): 
  Compile-time options: HAS_TIMES HAVE_INTERP_INTERN MULTIPLICITY
                        PERLIO_LAYERS PERL_DONT_CREATE_GVSV
                        PERL_IMPLICIT_CONTEXT PERL_IMPLICIT_SYS
                        PERL_MALLOC_WRAP PERL_PRESERVE_IVUV PL_OP_SLAB_ALLOC
                        USE_ITHREADS USE_LARGE_FILES USE_LOCALE
                        USE_LOCALE_COLLATE USE_LOCALE_CTYPE
                        USE_LOCALE_NUMERIC USE_PERLIO USE_PERL_ATOF
  Built under MSWin32
  Compiled at Mar 12 2013 14:01:07
  %ENV:
    PERL5LIB="C:\strawberry163\cpan\build\Net-SSH-Any-0.04-0BP9pZ/blib/arch;C:\strawberry163\cpan\build\Net-SSH-Any-0.04-0BP9pZ/blib/lib"
    PERL5_CPANPLUS_IS_RUNNING="352"
    PERL5_CPAN_IS_RUNNING="352"
    PERL5_CPAN_IS_RUNNING_IN_RECURSION="1692,352"
    PERL_CR_SMOKER_CURRENT="NG-0.001_05"
    PERL_EXTUTILS_AUTOINSTALL="--defaultdeps"
    PERL_MM_USE_DEFAULT="1"
  @INC:
    C:\strawberry163\cpan\build\Net-SSH-Any-0.04-0BP9pZ/blib/arch
    C:\strawberry163\cpan\build\Net-SSH-Any-0.04-0BP9pZ/blib/lib
    C:/strawberry163/perl/site/lib
    C:/strawberry163/perl/vendor/lib
    C:/strawberry163/perl/lib
    .