CXC-Form-Tiny-OptArgs2 v0.01 Perl 5 v5.36.0 x86_64-linux

Status
Fail
From
Slaven Rezić
Dist
CXC-Form-Tiny-OptArgs2 v0.01
Platform
Perl 5 v5.36.0 x86_64-linux
Date
2023-09-16T13:17:46
ID
6d4b6528-5493-11ee-8201-2e2a6e8775ea
This distribution has been tested as part of the CPAN Testers
project, supporting the Perl programming language.  See
http://wiki.cpantesters.org/ for more information or email
questions to cpan-testers-discuss@perl.org


--
Dear Diab Jerius,

This is a computer-generated report for CXC-Form-Tiny-OptArgs2-0.01
on perl 5.36.0, created by CPAN-Reporter-1.2019.

Thank you for uploading your work to CPAN.  However, there was a problem
testing your distribution.

If you think this report is invalid, please consult the CPAN Testers Wiki
for suggestions on how to avoid getting FAIL reports for missing library
or binary dependencies, unsupported operating systems, and so on:

http://wiki.cpantesters.org/wiki/CPANAuthorNotes

Sections of this report:

    * Tester comments
    * Program output
    * Prerequisites
    * Environment and other context

------------------------------
TESTER COMMENTS
------------------------------

Additional comments from tester:

none provided

------------------------------
PROGRAM OUTPUT
------------------------------

Output from './Build test':

t/00-compile.t ......... ok
# 
# Versions for all modules listed in MYMETA.json (including optional ones):
# 
# === Configure Requires ===
# 
#     Module               Want  Have
#     ------------------- ----- -----
#     Module::Build::Tiny 0.034 0.046
# 
# === Test Requires ===
# 
#     Module              Want     Have
#     ------------------- ---- --------
#     ExtUtils::MakeMaker  any     7.70
#     File::Spec           any     3.84
#     Form::Tiny           any     2.21
#     IO::Handle           any     1.51
#     IPC::Open3           any     1.22
#     Package::Variant     any 1.003002
#     Test2::V0            any 0.000155
#     Test::Lib            any    0.003
#     Test::More           any 1.302195
#     Types::Standard      any 2.004000
#     aliased              any     0.34
#     base                 any     2.27
# 
# === Test Recommends ===
# 
#     Module         Want     Have
#     ---------- -------- --------
#     CPAN::Meta 2.120900 2.150010
# 
# === Runtime Requires ===
# 
#     Module              Want     Have
#     ---------------- ------- --------
#     Carp                 any     1.52
#     Class::Load          any     0.25
#     Data::Dump           any     1.25
#     Hash::Fold           any   v1.0.0
#     Hash::Merge          any    0.302
#     List::Util           any     1.63
#     Log::Any             any    1.713
#     OptArgs2             any    2.0.0
#     Ref::Util            any    0.204
#     Scalar::Util         any     1.63
#     experimental         any    0.031
#     namespace::clean     any     0.27
#     perl             v5.26.0 5.036000
#     strict               any     1.12
#     warnings             any     1.58
# 
t/00-report-prereqs.t .. ok
Wrong number of parameters; got 4 at /opt/perl-5.36.0/lib/site_perl/5.36.0/CXC/Form/Tiny/Plugin/OptArgs2.pm line 22.
t/config.t ............. 
Dubious, test returned 255 (wstat 65280, 0xff00)
No subtests run 
Wrong number of parameters; got 4 at /opt/perl-5.36.0/lib/site_perl/5.36.0/CXC/Form/Tiny/Plugin/OptArgs2.pm line 22.
t/nested.t ............. 
Dubious, test returned 255 (wstat 65280, 0xff00)
No subtests run 
Wrong number of parameters; got 4 at /opt/perl-5.36.0/lib/site_perl/5.36.0/CXC/Form/Tiny/Plugin/OptArgs2.pm line 22.
t/simple.t ............. 
Dubious, test returned 255 (wstat 65280, 0xff00)
No subtests run 

Test Summary Report
-------------------
t/config.t           (Wstat: 65280 (exited 255) Tests: 0 Failed: 0)
  Non-zero exit status: 255
  Parse errors: No plan found in TAP output
t/nested.t           (Wstat: 65280 (exited 255) Tests: 0 Failed: 0)
  Non-zero exit status: 255
  Parse errors: No plan found in TAP output
t/simple.t           (Wstat: 65280 (exited 255) Tests: 0 Failed: 0)
  Non-zero exit status: 255
  Parse errors: No plan found in TAP output
Files=5, Tests=2,  1 wallclock secs ( 0.01 usr  0.01 sys +  0.93 cusr  0.09 csys =  1.04 CPU)
Result: FAIL

------------------------------
PREREQUISITES
------------------------------

Prerequisite modules loaded:

requires:

    Module              Need    Have    
    ------------------- ------- --------
    Carp                0       1.52    
    Class::Load         0       0.25    
    Data::Dump          0       1.25    
    experimental        0       0.031   
    Hash::Fold          0       v1.0.0  
    Hash::Merge         0       0.302   
    List::Util          0       1.63    
    Log::Any            0       1.713   
    namespace::clean    0       0.27    
    OptArgs2            0       2.0.0   
    perl                v5.26.0 5.036000
    Ref::Util           0       0.204   
    Scalar::Util        0       1.63    
    strict              0       1.12    
    warnings            0       1.58    

build_requires:

    Module              Need    Have    
    ------------------- ------- --------
    aliased             0       0.34    
    base                0       2.27    
    ExtUtils::MakeMaker 0       7.70    
    File::Spec          0       3.84    
    Form::Tiny          0       2.21    
    IO::Handle          0       1.51    
    IPC::Open3          0       1.22    
    Package::Variant    0       1.003002
    Test2::V0           0       0.000155
    Test::Lib           0       0.003   
    Test::More          0       1.302195
    Types::Standard     0       2.004000

configure_requires:

    Module              Need    Have    
    ------------------- ------- --------
    Module::Build::Tiny 0.034   0.046   


------------------------------
ENVIRONMENT AND OTHER CONTEXT
------------------------------

Environment variables:

    LANG = en_US.UTF-8
    PATH = /usr/local/bin:/usr/bin:/bin:/usr/local/sbin:/usr/sbin:/sbin:/home/cpansand/bin/linux-gnu:/home/cpansand/bin/sh:/home/cpansand/bin:/usr/games:/home/cpansand/devel:/home/eserte/src/srezic-misc/scripts
    PERL5LIB = 
    PERL5OPT = 
    PERL5_CPANPLUS_IS_RUNNING = 1508540
    PERL5_CPAN_IS_RUNNING = 1508540
    PERL5_CPAN_IS_RUNNING_IN_RECURSION = 1507908,1508540
    PERLDOC = -MPod::Perldoc::ToTextOverstrike
    PERL_BATCH = yes
    PERL_CANARY_STABILITY_NOPROMPT = 1
    PERL_CPAN_REPORTER_CONFIG = /var/tmp/cpansmoker-1023/2023091519/cpanreporter_000_config.ini
    PERL_EXTUTILS_AUTOINSTALL = --defaultdeps
    PERL_USE_UNSAFE_INC = 1
    SHELL = /usr/bin/zsh
    TERM = screen
    TMPDIR = /var/tmp/cpansmoker-1023/2023091519

Perl special variables (and OS-specific diagnostics, for MSWin32):

    $^X = /opt/perl-5.36.0/bin/perl
    $UID/$EUID = 1023 / 1023
    $GID = 1023 1023
    $EGID = 1023 1023

Perl module toolchain versions installed:

    Module              Have    
    ------------------- --------
    CPAN                2.33    
    CPAN::Meta          2.150010
    Cwd                 3.84    
    ExtUtils::CBuilder  0.280236
    ExtUtils::Command   7.70    
    ExtUtils::Install   2.22    
    ExtUtils::MakeMaker 7.70    
    ExtUtils::Manifest  1.75    
    ExtUtils::ParseXS   3.51    
    File::Spec          3.84    
    JSON                4.10    
    JSON::PP            4.16    
    Module::Build       0.4234  
    Module::Signature   n/a     
    Parse::CPAN::Meta   2.150010
    Test2               1.302195
    Test::Harness       3.47    
    Test::More          1.302195
    YAML                1.30    
    YAML::Syck          1.34    
    version             0.9929  


--

Summary of my perl5 (revision 5 version 36 subversion 0) configuration:
   
  Platform:
    osname=linux
    osvers=5.15.0-56-generic
    archname=x86_64-linux
    uname='linux cloud14.bbbike.org 5.15.0-56-generic #62-ubuntu smp tue nov 22 19:54:14 utc 2022 x86_64 x86_64 x86_64 gnulinux '
    config_args='-ds -e -Dprefix=/opt/perl-5.36.0 -Dcf_email=srezic@cpan.org'
    hint=recommended
    useposix=true
    d_sigaction=define
    useithreads=undef
    usemultiplicity=undef
    use64bitint=define
    use64bitall=define
    uselongdouble=undef
    usemymalloc=n
    default_inc_excludes_dot=define
  Compiler:
    cc='cc'
    ccflags ='-fwrapv -fno-strict-aliasing -pipe -fstack-protector-strong -I/usr/local/include -D_LARGEFILE_SOURCE -D_FILE_OFFSET_BITS=64'
    optimize='-O2'
    cppflags='-fwrapv -fno-strict-aliasing -pipe -fstack-protector-strong -I/usr/local/include'
    ccversion=''
    gccversion='11.3.0'
    gccosandvers=''
    intsize=4
    longsize=8
    ptrsize=8
    doublesize=8
    byteorder=12345678
    doublekind=3
    d_longlong=define
    longlongsize=8
    d_longdbl=define
    longdblsize=16
    longdblkind=3
    ivtype='long'
    ivsize=8
    nvtype='double'
    nvsize=8
    Off_t='off_t'
    lseeksize=8
    alignbytes=8
    prototype=define
  Linker and Libraries:
    ld='cc'
    ldflags =' -fstack-protector-strong -L/usr/local/lib'
    libpth=/usr/local/lib /usr/lib/x86_64-linux-gnu /usr/lib /usr/lib64
    libs=-lpthread -lnsl -lgdbm -ldb -ldl -lm -lcrypt -lutil -lc
    perllibs=-lpthread -lnsl -ldl -lm -lcrypt -lutil -lc
    libc=/lib/x86_64-linux-gnu/libc.so.6
    so=so
    useshrplib=false
    libperl=libperl.a
    gnulibc_version='2.35'
  Dynamic Linking:
    dlsrc=dl_dlopen.xs
    dlext=so
    d_dlsymun=undef
    ccdlflags='-Wl,-E'
    cccdlflags='-fPIC'
    lddlflags='-shared -O2 -L/usr/local/lib -fstack-protector-strong'


Characteristics of this binary (from libperl): 
  Compile-time options:
    HAS_TIMES
    PERLIO_LAYERS
    PERL_COPY_ON_WRITE
    PERL_DONT_CREATE_GVSV
    PERL_MALLOC_WRAP
    PERL_OP_PARENT
    PERL_PRESERVE_IVUV
    USE_64_BIT_ALL
    USE_64_BIT_INT
    USE_LARGE_FILES
    USE_LOCALE
    USE_LOCALE_COLLATE
    USE_LOCALE_CTYPE
    USE_LOCALE_NUMERIC
    USE_LOCALE_TIME
    USE_PERLIO
    USE_PERL_ATOF
  Built under linux
  Compiled at Dec 18 2022 14:30:04
  %ENV:
    PERL5LIB=""
    PERL5OPT=""
    PERL5_CPANPLUS_IS_RUNNING="1508540"
    PERL5_CPAN_IS_RUNNING="1508540"
    PERL5_CPAN_IS_RUNNING_IN_RECURSION="1507908,1508540"
    PERLDOC="-MPod::Perldoc::ToTextOverstrike"
    PERL_BATCH="yes"
    PERL_CANARY_STABILITY_NOPROMPT="1"
    PERL_CPAN_REPORTER_CONFIG="/var/tmp/cpansmoker-1023/2023091519/cpanreporter_000_config.ini"
    PERL_EXTUTILS_AUTOINSTALL="--defaultdeps"
    PERL_USE_UNSAFE_INC="1"
  @INC:
    /opt/perl-5.36.0/lib/site_perl/5.36.0/x86_64-linux
    /opt/perl-5.36.0/lib/site_perl/5.36.0
    /opt/perl-5.36.0/lib/5.36.0/x86_64-linux
    /opt/perl-5.36.0/lib/5.36.0
    .