Back
From: metabase:user:30f0bd62-2aae-11df-837a-5e0a49663a4f
Subject: FAIL Bundle-PBib-2.08 v5.17.1 OpenBSD
Date: 2012-07-15T14:36:12Z
This distribution has been tested as part of the CPAN Testers
project, supporting the Perl programming language. See
http://wiki.cpantesters.org/ for more information or email
questions to cpan-testers-discuss@perl.org
--
Dear Peter Tandler,
This is a computer-generated report for Bundle-PBib-2.08
on perl 5.17.1, created by CPAN-Reporter-1.2006.
Thank you for uploading your work to CPAN. However, there was a problem
testing your distribution.
If you think this report is invalid, please consult the CPAN Testers Wiki
for suggestions on how to avoid getting FAIL reports for missing library
or binary dependencies, unsupported operating systems, and so on:
http://wiki.cpantesters.org/wiki/CPANAuthorNotes
Sections of this report:
* Tester comments
* Program output
* Prerequisites
* Environment and other context
------------------------------
TESTER COMMENTS
------------------------------
Additional comments from tester:
this report is from an automated smoke testing program
and was not reviewed by a human for accuracy
------------------------------
PROGRAM OUTPUT
------------------------------
Output from './Build test':
t/00-signature.t .... ok
t/10-pbib-config.t .. ok
defined(%hash) is deprecated at /home/sts/cpansmoke/perl-5.17.1/cpan/build/Bundle-PBib-2.08-Gdo2gl/blib/lib/Biblio/bp/lib/bp-p-cs.pl line 115.
(Maybe you should just omit the defined()?)
defined(%hash) is deprecated at /home/sts/cpansmoke/perl-5.17.1/cpan/build/Bundle-PBib-2.08-Gdo2gl/blib/lib/Biblio/bp/lib/bp-p-cs.pl line 129.
(Maybe you should just omit the defined()?)
Using bp, version 0.2.97 (19 Dec 96).
Reading: auto:auto Writing: canon:8859-1
Use of uninitialized value $pattern in lc at /home/sts/cpansmoke/perl-5.17.1/cpan/build/Bundle-PBib-2.08-Gdo2gl/blib/lib/Biblio/File.pm line 66.
Unescaped left brace in regex is deprecated, passed through in regex; marked by <-- HERE in m/^\@string{ <-- HERE (\S+)\s*=\s*"([^"]*)"}$/ at /home/sts/cpansmoke/perl-5.17.1/cpan/build/Bundle-PBib-2.08-Gdo2gl/blib/lib/Biblio/bp/lib/bp-bibtex.pl line 195.
Unescaped left brace in regex is deprecated, passed through in regex; marked by <-- HERE in m/\\\^{ <-- HERE }/ at /home/sts/cpansmoke/perl-5.17.1/cpan/build/Bundle-PBib-2.08-Gdo2gl/blib/lib/Biblio/bp/lib/bp-cs-tex.pl line 401.
Unescaped left brace in regex is deprecated, passed through in regex; marked by <-- HERE in m/\\~{ <-- HERE \s?}/ at /home/sts/cpansmoke/perl-5.17.1/cpan/build/Bundle-PBib-2.08-Gdo2gl/blib/lib/Biblio/bp/lib/bp-cs-tex.pl line 402.
bp warning (record 16): Could not find bibtex crossref: CSCW96
bp warning (record 30): Could not find bibtex crossref: HUC00
bp warning (record 33): Could not find bibtex crossref: Carroll-HCIMillennium
bp warning (record 35): Could not find bibtex crossref: CHI92
bp warning (record 40): Could not find bibtex crossref: UIST02
bp warning (record 43): Could not find bibtex crossref: CSCW02
bp warning (record 57): Could not find bibtex crossref: CHI99
bp warning (record 63): Could not find bibtex crossref: UIST01
storePaper not yet supported ...
t/20-biblio.t ....... ok
t/21-odbc.t ......... skipped: Cannot assume that there is a ODBC data source available
defined(%hash) is deprecated at /home/sts/cpansmoke/perl-5.17.1/cpan/build/Bundle-PBib-2.08-Gdo2gl/blib/lib/Biblio/bp/lib/bp-p-cs.pl line 115.
(Maybe you should just omit the defined()?)
defined(%hash) is deprecated at /home/sts/cpansmoke/perl-5.17.1/cpan/build/Bundle-PBib-2.08-Gdo2gl/blib/lib/Biblio/bp/lib/bp-p-cs.pl line 129.
(Maybe you should just omit the defined()?)
Using bp, version 0.2.97 (19 Dec 96).
Reading: auto:auto Writing: canon:8859-1
"\c " is more clearly written simply as "\@" at /home/sts/cpansmoke/perl-5.17.1/cpan/build/Bundle-PBib-2.08-Gdo2gl/blib/lib/PBib/ReferenceConverter.pm line 453.
Using bp, version 0.2.97 (19 Dec 96).
Reading: auto:auto Writing: canon:8859-1
Use of uninitialized value $pattern in lc at /home/sts/cpansmoke/perl-5.17.1/cpan/build/Bundle-PBib-2.08-Gdo2gl/blib/lib/Biblio/File.pm line 66.
Unescaped left brace in regex is deprecated, passed through in regex; marked by <-- HERE in m/^\@string{ <-- HERE (\S+)\s*=\s*"([^"]*)"}$/ at /home/sts/cpansmoke/perl-5.17.1/cpan/build/Bundle-PBib-2.08-Gdo2gl/blib/lib/Biblio/bp/lib/bp-bibtex.pl line 195.
Unescaped left brace in regex is deprecated, passed through in regex; marked by <-- HERE in m/\\\^{ <-- HERE }/ at /home/sts/cpansmoke/perl-5.17.1/cpan/build/Bundle-PBib-2.08-Gdo2gl/blib/lib/Biblio/bp/lib/bp-cs-tex.pl line 401.
Unescaped left brace in regex is deprecated, passed through in regex; marked by <-- HERE in m/\\~{ <-- HERE \s?}/ at /home/sts/cpansmoke/perl-5.17.1/cpan/build/Bundle-PBib-2.08-Gdo2gl/blib/lib/Biblio/bp/lib/bp-cs-tex.pl line 402.
bp warning (record 16): Could not find bibtex crossref: CSCW96
bp warning (record 30): Could not find bibtex crossref: HUC00
bp warning (record 33): Could not find bibtex crossref: Carroll-HCIMillennium
bp warning (record 35): Could not find bibtex crossref: CHI92
bp warning (record 40): Could not find bibtex crossref: UIST02
bp warning (record 43): Could not find bibtex crossref: CSCW02
bp warning (record 57): Could not find bibtex crossref: CHI99
bp warning (record 63): Could not find bibtex crossref: UIST01
# Converting t/sample.rtf ...
Failed to open module PBib::Document::RTF
at /home/sts/cpansmoke/perl-5.17.1/cpan/build/Bundle-PBib-2.08-Gdo2gl/blib/lib/PBib/PBib.pm line 442.
# Looks like you planned 15 tests but ran 10.
# Looks like your test exited with 2 just after 10.
t/30-pbib-module.t ..
Dubious, test returned 2 (wstat 512, 0x200)
Failed 5/15 subtests
# Converting t/sample.rtf ...
defined(%hash) is deprecated at /home/sts/cpansmoke/perl-5.17.1/cpan/build/Bundle-PBib-2.08-Gdo2gl/bin/../lib/Biblio/bp/lib/bp-p-cs.pl line 115.
(Maybe you should just omit the defined()?)
defined(%hash) is deprecated at /home/sts/cpansmoke/perl-5.17.1/cpan/build/Bundle-PBib-2.08-Gdo2gl/bin/../lib/Biblio/bp/lib/bp-p-cs.pl line 129.
(Maybe you should just omit the defined()?)
Using bp, version 0.2.97 (19 Dec 96).
Reading: auto:auto Writing: canon:8859-1
"\c " is more clearly written simply as "\@" at /home/sts/cpansmoke/perl-5.17.1/cpan/build/Bundle-PBib-2.08-Gdo2gl/bin/../lib/PBib/ReferenceConverter.pm line 453.
PBib version 2.08.
Using bp, version 0.2.97 (19 Dec 96).
Reading: auto:auto Writing: canon:8859-1
Use of uninitialized value $pattern in lc at /home/sts/cpansmoke/perl-5.17.1/cpan/build/Bundle-PBib-2.08-Gdo2gl/bin/../lib/Biblio/File.pm line 66.
Read t/sample.bib ...
Unescaped left brace in regex is deprecated, passed through in regex; marked by <-- HERE in m/^\@string{ <-- HERE (\S+)\s*=\s*"([^"]*)"}$/ at /home/sts/cpansmoke/perl-5.17.1/cpan/build/Bundle-PBib-2.08-Gdo2gl/bin/../lib/Biblio/bp/lib/bp-bibtex.pl line 195.
Unescaped left brace in regex is deprecated, passed through in regex; marked by <-- HERE in m/\\\^{ <-- HERE }/ at /home/sts/cpansmoke/perl-5.17.1/cpan/build/Bundle-PBib-2.08-Gdo2gl/bin/../lib/Biblio/bp/lib/bp-cs-tex.pl line 401.
Unescaped left brace in regex is deprecated, passed through in regex; marked by <-- HERE in m/\\~{ <-- HERE \s?}/ at /home/sts/cpansmoke/perl-5.17.1/cpan/build/Bundle-PBib-2.08-Gdo2gl/bin/../lib/Biblio/bp/lib/bp-cs-tex.pl line 402.
bp warning (record 16): Could not find bibtex crossref: CSCW96
bp warning (record 30): Could not find bibtex crossref: HUC00
bp warning (record 33): Could not find bibtex crossref: Carroll-HCIMillennium
bp warning (record 35): Could not find bibtex crossref: CHI92
bp warning (record 40): Could not find bibtex crossref: UIST02
bp warning (record 43): Could not find bibtex crossref: CSCW02
bp warning (record 57): Could not find bibtex crossref: CHI99
bp warning (record 63): Could not find bibtex crossref: UIST01
66 records read from t/sample.bib (8 warnings).
Failed to open module PBib::Document::RTF
at /home/sts/cpansmoke/perl-5.17.1/cpan/build/Bundle-PBib-2.08-Gdo2gl/bin/../lib/PBib/PBib.pm line 442.
# Failed test 'system(/home/sts/cpansmoke/perl-5.17.1/bin/perl5.17.1, /home/sts/cpansmoke/perl-5.17.1/cpan/build/Bundle-PBib-2.08-Gdo2gl/t/../bin/pbib.pl, t/sample.rtf)'
# at t/31-pbib-script.t line 50.
# got: '512'
# expected: '0'
# Converting t/sample.sxw ...
defined(%hash) is deprecated at /home/sts/cpansmoke/perl-5.17.1/cpan/build/Bundle-PBib-2.08-Gdo2gl/bin/../lib/Biblio/bp/lib/bp-p-cs.pl line 115.
(Maybe you should just omit the defined()?)
defined(%hash) is deprecated at /home/sts/cpansmoke/perl-5.17.1/cpan/build/Bundle-PBib-2.08-Gdo2gl/bin/../lib/Biblio/bp/lib/bp-p-cs.pl line 129.
(Maybe you should just omit the defined()?)
Using bp, version 0.2.97 (19 Dec 96).
Reading: auto:auto Writing: canon:8859-1
"\c " is more clearly written simply as "\@" at /home/sts/cpansmoke/perl-5.17.1/cpan/build/Bundle-PBib-2.08-Gdo2gl/bin/../lib/PBib/ReferenceConverter.pm line 453.
PBib version 2.08.
Using bp, version 0.2.97 (19 Dec 96).
Reading: auto:auto Writing: canon:8859-1
Use of uninitialized value $pattern in lc at /home/sts/cpansmoke/perl-5.17.1/cpan/build/Bundle-PBib-2.08-Gdo2gl/bin/../lib/Biblio/File.pm line 66.
Read t/sample.bib ...
Unescaped left brace in regex is deprecated, passed through in regex; marked by <-- HERE in m/^\@string{ <-- HERE (\S+)\s*=\s*"([^"]*)"}$/ at /home/sts/cpansmoke/perl-5.17.1/cpan/build/Bundle-PBib-2.08-Gdo2gl/bin/../lib/Biblio/bp/lib/bp-bibtex.pl line 195.
Unescaped left brace in regex is deprecated, passed through in regex; marked by <-- HERE in m/\\\^{ <-- HERE }/ at /home/sts/cpansmoke/perl-5.17.1/cpan/build/Bundle-PBib-2.08-Gdo2gl/bin/../lib/Biblio/bp/lib/bp-cs-tex.pl line 401.
Unescaped left brace in regex is deprecated, passed through in regex; marked by <-- HERE in m/\\~{ <-- HERE \s?}/ at /home/sts/cpansmoke/perl-5.17.1/cpan/build/Bundle-PBib-2.08-Gdo2gl/bin/../lib/Biblio/bp/lib/bp-cs-tex.pl line 402.
bp warning (record 16): Could not find bibtex crossref: CSCW96
bp warning (record 30): Could not find bibtex crossref: HUC00
bp warning (record 33): Could not find bibtex crossref: Carroll-HCIMillennium
bp warning (record 35): Could not find bibtex crossref: CHI92
bp warning (record 40): Could not find bibtex crossref: UIST02
bp warning (record 43): Could not find bibtex crossref: CSCW02
bp warning (record 57): Could not find bibtex crossref: CHI99
bp warning (record 63): Could not find bibtex crossref: UIST01
66 records read from t/sample.bib (8 warnings).
Failed to open module PBib::Document::OpenOfficeSXW
at /home/sts/cpansmoke/perl-5.17.1/cpan/build/Bundle-PBib-2.08-Gdo2gl/bin/../lib/PBib/PBib.pm line 442.
# Failed test 'system(/home/sts/cpansmoke/perl-5.17.1/bin/perl5.17.1, /home/sts/cpansmoke/perl-5.17.1/cpan/build/Bundle-PBib-2.08-Gdo2gl/t/../bin/pbib.pl, t/sample.sxw)'
# at t/31-pbib-script.t line 50.
# got: '512'
# expected: '0'
# Converting t/sample.txt ...
defined(%hash) is deprecated at /home/sts/cpansmoke/perl-5.17.1/cpan/build/Bundle-PBib-2.08-Gdo2gl/bin/../lib/Biblio/bp/lib/bp-p-cs.pl line 115.
(Maybe you should just omit the defined()?)
defined(%hash) is deprecated at /home/sts/cpansmoke/perl-5.17.1/cpan/build/Bundle-PBib-2.08-Gdo2gl/bin/../lib/Biblio/bp/lib/bp-p-cs.pl line 129.
(Maybe you should just omit the defined()?)
Using bp, version 0.2.97 (19 Dec 96).
Reading: auto:auto Writing: canon:8859-1
"\c " is more clearly written simply as "\@" at /home/sts/cpansmoke/perl-5.17.1/cpan/build/Bundle-PBib-2.08-Gdo2gl/bin/../lib/PBib/ReferenceConverter.pm line 453.
PBib version 2.08.
Using bp, version 0.2.97 (19 Dec 96).
Reading: auto:auto Writing: canon:8859-1
Use of uninitialized value $pattern in lc at /home/sts/cpansmoke/perl-5.17.1/cpan/build/Bundle-PBib-2.08-Gdo2gl/bin/../lib/Biblio/File.pm line 66.
Read t/sample.bib ...
Unescaped left brace in regex is deprecated, passed through in regex; marked by <-- HERE in m/^\@string{ <-- HERE (\S+)\s*=\s*"([^"]*)"}$/ at /home/sts/cpansmoke/perl-5.17.1/cpan/build/Bundle-PBib-2.08-Gdo2gl/bin/../lib/Biblio/bp/lib/bp-bibtex.pl line 195.
Unescaped left brace in regex is deprecated, passed through in regex; marked by <-- HERE in m/\\\^{ <-- HERE }/ at /home/sts/cpansmoke/perl-5.17.1/cpan/build/Bundle-PBib-2.08-Gdo2gl/bin/../lib/Biblio/bp/lib/bp-cs-tex.pl line 401.
Unescaped left brace in regex is deprecated, passed through in regex; marked by <-- HERE in m/\\~{ <-- HERE \s?}/ at /home/sts/cpansmoke/perl-5.17.1/cpan/build/Bundle-PBib-2.08-Gdo2gl/bin/../lib/Biblio/bp/lib/bp-cs-tex.pl line 402.
bp warning (record 16): Could not find bibtex crossref: CSCW96
bp warning (record 30): Could not find bibtex crossref: HUC00
bp warning (record 33): Could not find bibtex crossref: Carroll-HCIMillennium
bp warning (record 35): Could not find bibtex crossref: CHI92
bp warning (record 40): Could not find bibtex crossref: UIST02
bp warning (record 43): Could not find bibtex crossref: CSCW02
bp warning (record 57): Could not find bibtex crossref: CHI99
bp warning (record 63): Could not find bibtex crossref: UIST01
66 records read from t/sample.bib (8 warnings).
# Failed test 'PBib::convertFile(t/sample.txt) produces expected output file'
# at t/31-pbib-script.t line 53.
# Looks like you failed 3 tests of 11.
t/31-pbib-script.t ..
Dubious, test returned 3 (wstat 768, 0x300)
Failed 3/11 subtests
(less 2 skipped subtests: 6 okay)
Test Summary Report
-------------------
t/30-pbib-module.t (Wstat: 512 Tests: 10 Failed: 0)
Non-zero exit status: 2
Parse errors: Bad plan. You planned 15 tests but ran 10.
t/31-pbib-script.t (Wstat: 768 Tests: 11 Failed: 3)
Failed tests: 4, 7, 11
Non-zero exit status: 3
Files=6, Tests=34, 3 wallclock secs ( 0.05 usr 0.05 sys + 1.76 cusr 0.22 csys = 2.08 CPU)
Result: FAIL
Failed 2/6 test programs. 3/34 subtests failed.
------------------------------
PREREQUISITES
------------------------------
Prerequisite modules loaded:
requires:
Module Need Have
--------------- ------ ---------
Bundle::DBI 11.02 12.008695
Config::General 2.18 2.50
Cwd 2.06 3.39_02
Data::Dumper 2.12 2.135_06
perl v5.6.1 5.017001
------------------------------
ENVIRONMENT AND OTHER CONTEXT
------------------------------
Environment variables:
AUTOMATED_TESTING = 1
PATH = /home/sts/bin:/bin:/sbin:/usr/bin:/usr/sbin:/usr/X11R6/bin:/usr/local/bin:/usr/local/sbin:/usr/games:.
PERL5LIB = /home/sts/cpansmoke/perl-5.17.1/cpan/build/IO-Tee-0.64-HCFUJQ/blib/arch:/home/sts/cpansmoke/perl-5.17.1/cpan/build/IO-Tee-0.64-HCFUJQ/blib/lib:/home/sts/cpansmoke/perl-5.17.1/cpan/build/Text-Reform-1.20-DWtlaj/blib/arch:/home/sts/cpansmoke/perl-5.17.1/cpan/build/Text-Reform-1.20-DWtlaj/blib/lib:/home/sts/cpansmoke/perl-5.17.1/cpan/build/PlRPC-vy9Vzu/blib/arch:/home/sts/cpansmoke/perl-5.17.1/cpan/build/PlRPC-vy9Vzu/blib/lib:/home/sts/cpansmoke/perl-5.17.1/cpan/build/DBD-Multiplex-4MzM2m/blib/arch:/home/sts/cpansmoke/perl-5.17.1/cpan/build/DBD-Multiplex-4MzM2m/blib/lib:/home/sts/cpansmoke/perl-5.17.1/cpan/build/Net-Daemon-0.48-25Oyb_/blib/arch:/home/sts/cpansmoke/perl-5.17.1/cpan/build/Net-Daemon-0.48-25Oyb_/blib/lib:/home/sts/cpansmoke/perl-5.17.1/cpan/build/Storable-2.35-u__Dbx/blib/arch:/home/sts/cpansmoke/perl-5.17.1/cpan/build/Storable-2.35-u__Dbx/blib/lib:/home/sts/cpansmoke/perl-5.17.1/cpan/build/DBI-1.622-UM7CeN/blib/arch:/home/sts/cpansmoke/perl-5.17.1/cpan/build/DBI-1.622-UM7CeN/blib/lib:/home/sts/cpansmoke/perl-5.17.1/cpan/build/Config-General-2.50-52yOHF/blib/arch:/home/sts/cpansmoke/perl-5.17.1/cpan/build/Config-General-2.50-52yOHF/blib/lib
PERL5OPT =
PERL5_CPANPLUS_IS_RUNNING = 886
PERL5_CPAN_IS_RUNNING = 886
PERL5_CPAN_IS_RUNNING_IN_RECURSION = 25251,886
PERL_CR_SMOKER_CURRENT = Bundle-PBib-2.08
PERL_EXTUTILS_AUTOINSTALL = --defaultdeps
PERL_MM_USE_DEFAULT = 1
SHELL = /usr/local/bin/bash
TERM = screen
TMPDIR = /home/sts/cpansmoke/tmp
Perl special variables (and OS-specific diagnostics, for MSWin32):
$^X = /home/sts/cpansmoke/perl-5.17.1/bin/perl5.17.1
$UID/$EUID = 1000 / 1000
$GID = 10 10 0
$EGID = 10 10 0
Perl module toolchain versions installed:
Module Have
------------------- --------
CPAN 1.9800
CPAN::Meta 2.120921
Cwd 3.39_02
ExtUtils::CBuilder 0.280208
ExtUtils::Command 1.17
ExtUtils::Install 1.58
ExtUtils::MakeMaker 6.63_02
ExtUtils::Manifest 1.61
ExtUtils::ParseXS 3.17
File::Spec 3.39_02
JSON n/a
JSON::PP 2.27200
Module::Build 0.40
Module::Signature n/a
Parse::CPAN::Meta 1.4404
Test::Harness 3.25
Test::More 0.98
YAML n/a
YAML::Syck n/a
version 0.99
--
Summary of my perl5 (revision 5 version 17 subversion 1) configuration:
Platform:
osname=openbsd, osvers=5.1, archname=OpenBSD.i386-openbsd-thread-multi
uname='openbsd cpansmoke3 5.1 generic.mp#188 i386 '
config_args='-des -Dusedevel -Dusethreads -Dprefix=/home/sts/cpansmoke/perl-5.17.1'
hint=recommended, useposix=true, d_sigaction=define
useithreads=define, usemultiplicity=define
useperlio=define, d_sfio=undef, uselargefiles=define, usesocks=undef
use64bitint=undef, use64bitall=undef, uselongdouble=undef
usemymalloc=y, bincompat5005=undef
Compiler:
cc='cc', ccflags ='-pthread -fno-strict-aliasing -pipe -fstack-protector -I/usr/local/include',
optimize='-O2',
cppflags='-pthread -fno-strict-aliasing -pipe -fstack-protector -I/usr/local/include'
ccversion='', gccversion='4.2.1 20070719 ', gccosandvers='openbsd5.1'
intsize=4, longsize=4, ptrsize=4, doublesize=8, byteorder=1234
d_longlong=define, longlongsize=8, d_longdbl=define, longdblsize=12
ivtype='long', ivsize=4, nvtype='double', nvsize=8, Off_t='off_t', lseeksize=8
alignbytes=4, prototype=define
Linker and Libraries:
ld='cc', ldflags ='-pthread -Wl,-E -fstack-protector -L/usr/local/lib'
libpth=/usr/local/lib /usr/lib
libs=-lgdbm -lm -lutil -lc
perllibs=-lm -lutil -lc
libc=/usr/lib/libc.so.62.0, so=so, useshrplib=false, libperl=libperl.a
gnulibc_version=''
Dynamic Linking:
dlsrc=dl_dlopen.xs, dlext=so, d_dlsymun=undef, ccdlflags=' '
cccdlflags='-DPIC -fPIC ', lddlflags='-shared -fPIC -L/usr/local/lib -fstack-protector'
Characteristics of this binary (from libperl):
Compile-time options: HAS_TIMES MULTIPLICITY MYMALLOC PERLIO_LAYERS
PERL_DONT_CREATE_GVSV PERL_IMPLICIT_CONTEXT
PERL_MALLOC_WRAP PERL_PRESERVE_IVUV PERL_USE_DEVEL
USE_ITHREADS USE_LARGE_FILES USE_LOCALE
USE_LOCALE_COLLATE USE_LOCALE_CTYPE
USE_LOCALE_NUMERIC USE_PERLIO USE_PERL_ATOF
USE_REENTRANT_API
Built under openbsd
Compiled at Jun 25 2012 07:59:35
%ENV:
PERL5LIB="/home/sts/cpansmoke/perl-5.17.1/cpan/build/IO-Tee-0.64-HCFUJQ/blib/arch:/home/sts/cpansmoke/perl-5.17.1/cpan/build/IO-Tee-0.64-HCFUJQ/blib/lib:/home/sts/cpansmoke/perl-5.17.1/cpan/build/Text-Reform-1.20-DWtlaj/blib/arch:/home/sts/cpansmoke/perl-5.17.1/cpan/build/Text-Reform-1.20-DWtlaj/blib/lib:/home/sts/cpansmoke/perl-5.17.1/cpan/build/PlRPC-vy9Vzu/blib/arch:/home/sts/cpansmoke/perl-5.17.1/cpan/build/PlRPC-vy9Vzu/blib/lib:/home/sts/cpansmoke/perl-5.17.1/cpan/build/DBD-Multiplex-4MzM2m/blib/arch:/home/sts/cpansmoke/perl-5.17.1/cpan/build/DBD-Multiplex-4MzM2m/blib/lib:/home/sts/cpansmoke/perl-5.17.1/cpan/build/Net-Daemon-0.48-25Oyb_/blib/arch:/home/sts/cpansmoke/perl-5.17.1/cpan/build/Net-Daemon-0.48-25Oyb_/blib/lib:/home/sts/cpansmoke/perl-5.17.1/cpan/build/Storable-2.35-u__Dbx/blib/arch:/home/sts/cpansmoke/perl-5.17.1/cpan/build/Storable-2.35-u__Dbx/blib/lib:/home/sts/cpansmoke/perl-5.17.1/cpan/build/DBI-1.622-UM7CeN/blib/arch:/home/sts/cpansmoke/perl-5.17.1/cpan/build/DBI-1.622-UM7CeN/blib/lib:/home/sts/cpansmoke/perl-5.17.1/cpan/build/Config-General-2.50-52yOHF/blib/arch:/home/sts/cpansmoke/perl-5.17.1/cpan/build/Config-General-2.50-52yOHF/blib/lib"
PERL5OPT=""
PERL5_CPANPLUS_IS_RUNNING="886"
PERL5_CPAN_IS_RUNNING="886"
PERL5_CPAN_IS_RUNNING_IN_RECURSION="25251,886"
PERL_CR_SMOKER_CURRENT="Bundle-PBib-2.08"
PERL_EXTUTILS_AUTOINSTALL="--defaultdeps"
PERL_MM_USE_DEFAULT="1"
@INC:
/home/sts/cpansmoke/perl-5.17.1/cpan/build/IO-Tee-0.64-HCFUJQ/blib/arch
/home/sts/cpansmoke/perl-5.17.1/cpan/build/IO-Tee-0.64-HCFUJQ/blib/lib
/home/sts/cpansmoke/perl-5.17.1/cpan/build/Text-Reform-1.20-DWtlaj/blib/arch
/home/sts/cpansmoke/perl-5.17.1/cpan/build/Text-Reform-1.20-DWtlaj/blib/lib
/home/sts/cpansmoke/perl-5.17.1/cpan/build/PlRPC-vy9Vzu/blib/arch
/home/sts/cpansmoke/perl-5.17.1/cpan/build/PlRPC-vy9Vzu/blib/lib
/home/sts/cpansmoke/perl-5.17.1/cpan/build/DBD-Multiplex-4MzM2m/blib/arch
/home/sts/cpansmoke/perl-5.17.1/cpan/build/DBD-Multiplex-4MzM2m/blib/lib
/home/sts/cpansmoke/perl-5.17.1/cpan/build/Net-Daemon-0.48-25Oyb_/blib/arch
/home/sts/cpansmoke/perl-5.17.1/cpan/build/Net-Daemon-0.48-25Oyb_/blib/lib
/home/sts/cpansmoke/perl-5.17.1/cpan/build/Storable-2.35-u__Dbx/blib/arch
/home/sts/cpansmoke/perl-5.17.1/cpan/build/Storable-2.35-u__Dbx/blib/lib
/home/sts/cpansmoke/perl-5.17.1/cpan/build/DBI-1.622-UM7CeN/blib/arch
/home/sts/cpansmoke/perl-5.17.1/cpan/build/DBI-1.622-UM7CeN/blib/lib
/home/sts/cpansmoke/perl-5.17.1/cpan/build/Config-General-2.50-52yOHF/blib/arch
/home/sts/cpansmoke/perl-5.17.1/cpan/build/Config-General-2.50-52yOHF/blib/lib
/home/sts/cpansmoke/perl-5.17.1/lib/site_perl/5.17.1/OpenBSD.i386-openbsd-thread-multi
/home/sts/cpansmoke/perl-5.17.1/lib/site_perl/5.17.1
/home/sts/cpansmoke/perl-5.17.1/lib/5.17.1/OpenBSD.i386-openbsd-thread-multi
/home/sts/cpansmoke/perl-5.17.1/lib/5.17.1
.