Report for Attribute-Persistent-1.1

Back
From: metabase:user:322078bc-2aae-11df-837a-5e0a49663a4f
Subject: FAIL Attribute-Persistent-1.1 v5.8.9 FreeBSD
Date: 2011-05-06T18:55:34Z

This distribution has been tested as part of the CPAN Testers
project, supporting the Perl programming language.  See
http://wiki.cpantesters.org/ for more information or email
questions to cpan-testers-discuss@perl.org


--

Dear SCOTT,

This is a computer-generated error report created automatically by
CPANPLUS, version 0.9104. Testers personal comments may appear
at the end of this report.


Thank you for uploading your work to CPAN.  However, it appears that
there were some problems testing your distribution.

TEST RESULTS:

Below is the error stack from stage 'make test':

[MSG] [Fri May  6 19:47:10 2011] Building MLDBM

[MSG] [Fri May  6 19:47:11 2011] MAKE TEST passed:
t/compare.t .......... ok
Argument "2.121_17" isn't numeric in subroutine entry at /usr/home/cpan/pit/bare/conf/perl-5.8.9/.cpanplus/5.8.9/build/MLDBM-2.04/blib/lib/MLDBM/Serializer/Data/Dumper.pm line 5
t/dumper.t ........... ok
t/freezethaw.t ....... skipped: (no reason given)
t/storable.t ......... ok
t/storable_dbfile.t .. ok
All tests successful.
Files=5, Tests=28,  1 wallclock secs ( 0.02 usr  0.03 sys +  0.14 cusr  0.09 csys =  0.29 CPU)
Result: PASS

[MSG] [Fri May  6 19:47:11 2011] Sending test report for 'MLDBM-2.04'
[MSG] [Fri May  6 19:47:11 2011] Successfully sent 'pass' report for 'MLDBM-2.04'
[MSG] [Fri May  6 19:47:12 2011] cp Persistent.pm blib/lib/Attribute/Persistent.pm
Manifying blib/man3/Attribute::Persistent.3

[ERROR] [Fri May  6 19:55:20 2011] MAKE TEST failed: PERL_DL_NONLAZY=1 /usr/home/cpan/pit/bare/perl-5.8.9/bin/perl "-MExtUtils::Command::MM" "-e" "test_harness(0, 'blib/lib', 'blib/arch')" t/*.t
Use of uninitialized value in concatenation (.) or string at /usr/home/cpan/pit/bare/conf/perl-5.8.9/.cpanplus/5.8.9/build/Attribute-Handlers-Prospective-0.01/blib/lib/Attribute/Handlers/Prospective.pm line 204.
Deep recursion on subroutine "DB_File::AUTOLOAD" at /usr/home/cpan/pit/bare/perl-5.8.9/lib/5.8.9/amd64-freebsd/DB_File.pm line 235.
t/01_setup.t .... 
No subtests run 
Use of uninitialized value in concatenation (.) or string at /usr/home/cpan/pit/bare/conf/perl-5.8.9/.cpanplus/5.8.9/build/Attribute-Handlers-Prospective-0.01/blib/lib/Attribute/Handlers/Prospective.pm line 204.
Deep recursion on subroutine "DB_File::AUTOLOAD" at /usr/home/cpan/pit/bare/perl-5.8.9/lib/5.8.9/amd64-freebsd/DB_File.pm line 235.
t/02_execute.t .. 
No subtests run 

Test Summary Report
-------------------
t/01_setup.t  (Wstat: 9 Tests: 0 Failed: 0)
  Non-zero wait status: 9
  Parse errors: No plan found in TAP output
t/02_execute.t (Wstat: 9 Tests: 0 Failed: 0)
  Non-zero wait status: 9
  Parse errors: No plan found in TAP output
Files=2, Tests=0, 485 wallclock secs ( 0.04 usr  0.02 sys + 12.56 cusr  7.91 csys = 20.54 CPU)
Result: FAIL
Failed 2/2 test programs. 0/0 subtests failed.
*** Error code 255

Stop in /usr/home/cpan/pit/bare/conf/perl-5.8.9/.cpanplus/5.8.9/build/Attribute-Persistent-1.1.

[MSG] [Fri May  6 19:55:21 2011] DEFAULT 'proceed_on_test_failure' HANDLER RETURNING 'sub return value'

PREREQUISITES:

Here is a list of prerequisites you specified and versions we
managed to load:

	  Module Name                        Have     Want
	  AnyDBM_File                        1.00        0
	  Attribute::Handlers::Prospective     0.01        0
	  Digest::MD5                        2.37        0
	  MLDBM                              2.04        0

Perl module toolchain versions installed:
	Module Name                        Have
	CPANPLUS                         0.9104
	CPANPLUS::Dist::Build              0.56
	Cwd                                3.33
	ExtUtils::CBuilder             0.280202
	ExtUtils::Command                  1.16
	ExtUtils::Install                  1.54
	ExtUtils::MakeMaker                6.56
	ExtUtils::Manifest                 1.58
	ExtUtils::ParseXS                2.2206
	File::Spec                         3.33
	Module::Build                    0.3800
	Test::Harness                      3.23
	Test::More                         0.98
	version                            0.88

******************************** NOTE ********************************
The comments above are created mechanically, possibly without manual
checking by the sender.  As there are many people performing automatic
tests on each upload to CPAN, it is likely that you will receive
identical messages about the same problem.

If you believe that the message is mistaken, please reply to the first
one with correction and/or additional informations, and do not take
it personally.  We appreciate your patience. :)
**********************************************************************

Additional comments:


This report was machine-generated by CPANPLUS::Dist::YACSmoke 0.62.
Powered by minismokebox version 0.44

------------------------------
ENVIRONMENT AND OTHER CONTEXT
------------------------------

Environment variables:

    AUTOMATED_TESTING = 1
    PATH = /sbin:/bin:/usr/sbin:/usr/bin:/usr/games:/usr/local/sbin:/usr/local/bin:/home/cpan/bin
    PERL5LIB = :/usr/home/cpan/pit/bare/conf/perl-5.8.9/.cpanplus/5.8.9/build/Attribute-Handlers-Prospective-0.01/blib/lib:/usr/home/cpan/pit/bare/conf/perl-5.8.9/.cpanplus/5.8.9/build/Attribute-Handlers-Prospective-0.01/blib/arch:/usr/home/cpan/pit/bare/conf/perl-5.8.9/.cpanplus/5.8.9/build/MLDBM-2.04/blib/lib:/usr/home/cpan/pit/bare/conf/perl-5.8.9/.cpanplus/5.8.9/build/MLDBM-2.04/blib/arch:/usr/home/cpan/pit/bare/conf/perl-5.8.9/.cpanplus/5.8.9/build/Attribute-Persistent-1.1/blib/lib:/usr/home/cpan/pit/bare/conf/perl-5.8.9/.cpanplus/5.8.9/build/Attribute-Persistent-1.1/blib/arch
    PERL5_CPANPLUS_IS_RUNNING = 89214
    PERL5_CPANPLUS_IS_VERSION = 0.9104
    PERL5_MINISMOKEBOX = 0.44
    PERL5_YACSMOKE_BASE = /usr/home/cpan/pit/bare/conf/perl-5.8.9
    PERL_EXTUTILS_AUTOINSTALL = --defaultdeps
    PERL_MM_USE_DEFAULT = 1
    SHELL = /usr/local/bin/bash
    TERM = screen

Perl special variables (and OS-specific diagnostics, for MSWin32):

    Perl: $^X = /usr/home/cpan/pit/bare/perl-5.8.9/bin/perl
    UID:  $<  = 1002
    EUID: $>  = 1002
    GID:  $(  = 1002 1002
    EGID: $)  = 1002 1002


-------------------------------


--

Summary of my perl5 (revision 5 version 8 subversion 9) configuration:
  Platform:
    osname=freebsd, osvers=9.0-current-201101, archname=amd64-freebsd
    uname='freebsd flooble.bingosnet.co.uk 9.0-current-201101 freebsd 9.0-current-201101 #0: mon jan 3 22:15:39 utc 2011 root@farrell.cse.buffalo.edu:usrobjusrsrcsysgeneric amd64 '
    config_args='-des -Dprefix=/usr/home/cpan/pit/bare/perl-5.8.9'
    hint=recommended, useposix=true, d_sigaction=define
    usethreads=undef use5005threads=undef useithreads=undef usemultiplicity=undef
    useperlio=define d_sfio=undef uselargefiles=define usesocks=undef
    use64bitint=define use64bitall=define uselongdouble=undef
    usemymalloc=n, bincompat5005=undef
  Compiler:
    cc='cc', ccflags ='-DHAS_FPSETMASK -DHAS_FLOATINGPOINT_H -fno-strict-aliasing -pipe -I/usr/local/include',
    optimize='-O',
    cppflags='-DHAS_FPSETMASK -DHAS_FLOATINGPOINT_H -fno-strict-aliasing -pipe -I/usr/local/include'
    ccversion='', gccversion='4.2.1 20070719  [FreeBSD]', gccosandvers=''
    intsize=4, longsize=8, ptrsize=8, doublesize=8, byteorder=12345678
    d_longlong=define, longlongsize=8, d_longdbl=define, longdblsize=16
    ivtype='long', ivsize=8, nvtype='double', nvsize=8, Off_t='off_t', lseeksize=8
    alignbytes=8, prototype=define
  Linker and Libraries:
    ld='cc', ldflags ='-Wl,-E  -L/usr/local/lib'
    libpth=/usr/lib /usr/local/lib
    libs=-lgdbm -lm -lcrypt -lutil -lc
    perllibs=-lm -lcrypt -lutil -lc
    libc=, so=so, useshrplib=false, libperl=libperl.a
    gnulibc_version=''
  Dynamic Linking:
    dlsrc=dl_dlopen.xs, dlext=so, d_dlsymun=undef, ccdlflags=' '
    cccdlflags='-DPIC -fPIC', lddlflags='-shared  -L/usr/local/lib'


Characteristics of this binary (from libperl): 
  Compile-time options: PERL_MALLOC_WRAP USE_64_BIT_ALL USE_64_BIT_INT
                        USE_FAST_STDIO USE_LARGE_FILES USE_PERLIO
  Built under freebsd
  Compiled at Apr 28 2011 23:17:46
  %ENV:
    PERL5LIB=":/usr/home/cpan/pit/bare/conf/perl-5.8.9/.cpanplus/5.8.9/build/Attribute-Handlers-Prospective-0.01/blib/lib:/usr/home/cpan/pit/bare/conf/perl-5.8.9/.cpanplus/5.8.9/build/Attribute-Handlers-Prospective-0.01/blib/arch:/usr/home/cpan/pit/bare/conf/perl-5.8.9/.cpanplus/5.8.9/build/MLDBM-2.04/blib/lib:/usr/home/cpan/pit/bare/conf/perl-5.8.9/.cpanplus/5.8.9/build/MLDBM-2.04/blib/arch:/usr/home/cpan/pit/bare/conf/perl-5.8.9/.cpanplus/5.8.9/build/Attribute-Persistent-1.1/blib/lib:/usr/home/cpan/pit/bare/conf/perl-5.8.9/.cpanplus/5.8.9/build/Attribute-Persistent-1.1/blib/arch"
    PERL5_CPANPLUS_IS_RUNNING="89214"
    PERL5_CPANPLUS_IS_VERSION="0.9104"
    PERL5_MINISMOKEBOX="0.44"
    PERL5_YACSMOKE_BASE="/usr/home/cpan/pit/bare/conf/perl-5.8.9"
    PERL_EXTUTILS_AUTOINSTALL="--defaultdeps"
    PERL_MM_USE_DEFAULT="1"
  @INC:
    /usr/home/cpan/pit/bare/conf/perl-5.8.9/.cpanplus/5.8.9/build/Attribute-Handlers-Prospective-0.01/blib/lib
    /usr/home/cpan/pit/bare/conf/perl-5.8.9/.cpanplus/5.8.9/build/Attribute-Handlers-Prospective-0.01/blib/arch
    /usr/home/cpan/pit/bare/conf/perl-5.8.9/.cpanplus/5.8.9/build/MLDBM-2.04/blib/lib
    /usr/home/cpan/pit/bare/conf/perl-5.8.9/.cpanplus/5.8.9/build/MLDBM-2.04/blib/arch
    /usr/home/cpan/pit/bare/conf/perl-5.8.9/.cpanplus/5.8.9/build/Attribute-Persistent-1.1/blib/lib
    /usr/home/cpan/pit/bare/conf/perl-5.8.9/.cpanplus/5.8.9/build/Attribute-Persistent-1.1/blib/arch
    /usr/home/cpan/pit/bare/perl-5.8.9/lib/5.8.9/amd64-freebsd
    /usr/home/cpan/pit/bare/perl-5.8.9/lib/5.8.9
    /usr/home/cpan/pit/bare/perl-5.8.9/lib/site_perl/5.8.9/amd64-freebsd
    /usr/home/cpan/pit/bare/perl-5.8.9/lib/site_perl/5.8.9
    .