Back
From: metabase:user:20a45eae-6c1a-1014-abaf-4bc2b30e56df
Subject: FAIL rpm-build-perl-0.82 v5.18.2 Windows (Cygwin)
Date: 2015-10-23T18:16:58Z
This distribution has been tested as part of the CPAN Testers
project, supporting the Perl programming language. See
http://wiki.cpantesters.org/ for more information or email
questions to cpan-testers-discuss@perl.org
--
Dear Alexey Tourbin,
This is a computer-generated report for rpm-build-perl-0.82
on perl 5.18.2, created by CPAN-Reporter-1.2015.
Thank you for uploading your work to CPAN. However, there was a problem
testing your distribution.
If you think this report is invalid, please consult the CPAN Testers Wiki
for suggestions on how to avoid getting FAIL reports for missing library
or binary dependencies, unsupported operating systems, and so on:
http://wiki.cpantesters.org/wiki/CPANAuthorNotes
Sections of this report:
* Tester comments
* Program output
* Prerequisites
* Environment and other context
------------------------------
TESTER COMMENTS
------------------------------
Additional comments from tester:
this report is from an automated smoke testing program
and was not reviewed by a human for accuracy
------------------------------
PROGRAM OUTPUT
------------------------------
Output from '/usr/bin/make test':
make[1]: Entering directory '/cygdrive/c/opt/perl5/cygwin_nt-6.1-wow/2.0.4/i686/cpan/5.18.2/cygwin-multi/build/rpm-build-perl-0.82-DxBpoW/ConstOptree'
make[1]: Leaving directory '/cygdrive/c/opt/perl5/cygwin_nt-6.1-wow/2.0.4/i686/cpan/5.18.2/cygwin-multi/build/rpm-build-perl-0.82-DxBpoW/ConstOptree'
PERL_DL_NONLAZY=1 /cygdrive/c/opt/perl5/cygwin_nt-6.1-wow/2.0.4/i686/perl/5.18.2/cygwin-multi/bin/perl.exe "-MExtUtils::Command::MM" "-e" "test_harness(0, 'blib/lib', 'blib/arch')" t/*.t
dying at -e line 1
at /cygdrive/c/opt/perl5/cygwin_nt-6.1-wow/2.0.4/i686/cpan/5.18.2/cygwin-multi/build/rpm-build-perl-0.82-DxBpoW/blib/lib/B/PerlReq.pm line 388.
B::PerlReq::__ANON__('Can\'t locate object method "padix" via package "B::SVOP" at ...') called at /cygdrive/c/opt/perl5/cygwin_nt-6.1-wow/2.0.4/i686/cpan/5.18.2/cygwin-multi/build/rpm-build-perl-0.82-DxBpoW/blib/lib/B/PerlReq.pm line 319
B::PerlReq::grok_entersub('B::UNOP=SCALAR(0x801deba8)') called at /cygdrive/c/opt/perl5/cygwin_nt-6.1-wow/2.0.4/i686/cpan/5.18.2/cygwin-multi/build/rpm-build-perl-0.82-DxBpoW/blib/lib/B/Walker.pm line 56
B::Walker::walk_root('B::UNOP=SCALAR(0x801deba8)') called at /cygdrive/c/opt/perl5/cygwin_nt-6.1-wow/2.0.4/i686/cpan/5.18.2/cygwin-multi/build/rpm-build-perl-0.82-DxBpoW/blib/lib/B/Walker.pm line 64
B::Walker::walk_root('B::LISTOP=SCALAR(0x801deb88)') called at /cygdrive/c/opt/perl5/cygwin_nt-6.1-wow/2.0.4/i686/cpan/5.18.2/cygwin-multi/build/rpm-build-perl-0.82-DxBpoW/blib/lib/B/Walker.pm line 105
B::Walker::walk_main() called at /cygdrive/c/opt/perl5/cygwin_nt-6.1-wow/2.0.4/i686/cpan/5.18.2/cygwin-multi/build/rpm-build-perl-0.82-DxBpoW/blib/lib/B/PerlReq.pm line 391
B::PerlReq::__ANON__() called at (eval 1) line 31
O::CHECK() called at -e line 0
eval {...} called at -e line 0
Can't locate object method "padix" via package "B::SVOP" at /cygdrive/c/opt/perl5/cygwin_nt-6.1-wow/2.0.4/i686/cpan/5.18.2/cygwin-multi/build/rpm-build-perl-0.82-DxBpoW/blib/lib/B/PerlReq.pm line 319.
CHECK failed--call queue aborted.
# Failed test at t/01-B-PerlReq.t line 93.
# got: 'perl(Try/Tiny.pm)
# perl(Bar.pm)'
# expected: ''
Use of each() on hash after insertion without resetting hash iterator results in undefined behavior at /cygdrive/c/opt/perl5/cygwin_nt-6.1-wow/2.0.4/i686/cpan/5.18.2/cygwin-multi/build/rpm-build-perl-0.82-DxBpoW/blib/lib/B/Walker.pm line 122.
-e syntax OK
# Failed test at t/01-B-PerlReq.t line 94.
# got: 'perl(Try/Tiny.pm)
# perl(Bar.pm)'
# expected: ''
dying at -e line 1
at /cygdrive/c/opt/perl5/cygwin_nt-6.1-wow/2.0.4/i686/cpan/5.18.2/cygwin-multi/build/rpm-build-perl-0.82-DxBpoW/blib/lib/B/PerlReq.pm line 388.
B::PerlReq::__ANON__('Can\'t locate object method "padix" via package "B::SVOP" at ...') called at /cygdrive/c/opt/perl5/cygwin_nt-6.1-wow/2.0.4/i686/cpan/5.18.2/cygwin-multi/build/rpm-build-perl-0.82-DxBpoW/blib/lib/B/PerlReq.pm line 319
B::PerlReq::grok_entersub('B::UNOP=SCALAR(0x8015e068)') called at /cygdrive/c/opt/perl5/cygwin_nt-6.1-wow/2.0.4/i686/cpan/5.18.2/cygwin-multi/build/rpm-build-perl-0.82-DxBpoW/blib/lib/B/Walker.pm line 56
B::Walker::walk_root('B::UNOP=SCALAR(0x8015e068)') called at /cygdrive/c/opt/perl5/cygwin_nt-6.1-wow/2.0.4/i686/cpan/5.18.2/cygwin-multi/build/rpm-build-perl-0.82-DxBpoW/blib/lib/B/Walker.pm line 64
B::Walker::walk_root('B::LISTOP=SCALAR(0x801d24b8)') called at /cygdrive/c/opt/perl5/cygwin_nt-6.1-wow/2.0.4/i686/cpan/5.18.2/cygwin-multi/build/rpm-build-perl-0.82-DxBpoW/blib/lib/B/Walker.pm line 105
B::Walker::walk_main() called at /cygdrive/c/opt/perl5/cygwin_nt-6.1-wow/2.0.4/i686/cpan/5.18.2/cygwin-multi/build/rpm-build-perl-0.82-DxBpoW/blib/lib/B/PerlReq.pm line 391
B::PerlReq::__ANON__() called at (eval 1) line 31
O::CHECK() called at -e line 0
eval {...} called at -e line 0
Can't locate object method "padix" via package "B::SVOP" at /cygdrive/c/opt/perl5/cygwin_nt-6.1-wow/2.0.4/i686/cpan/5.18.2/cygwin-multi/build/rpm-build-perl-0.82-DxBpoW/blib/lib/B/PerlReq.pm line 319.
CHECK failed--call queue aborted.
# Failed test at t/01-B-PerlReq.t line 95.
# got: 'perl(Try/Tiny.pm)
# perl(Baz.pm)'
# expected: ''
# Looks like you failed 3 tests of 78.
t/01-B-PerlReq.t ..
Dubious, test returned 3 (wstat 768, 0x300)
Failed 3/78 subtests
Use of each() on hash after insertion without resetting hash iterator results in undefined behavior at /cygdrive/c/opt/perl5/cygwin_nt-6.1-wow/2.0.4/i686/cpan/5.18.2/cygwin-multi/build/rpm-build-perl-0.82-DxBpoW/blib/lib/B/Walker.pm line 122.
dying at /opt/perl5/cygwin_nt-6.1-wow/2.0.4/i686/perl/5.18.2/cygwin-multi/lib/5.18.2/AutoLoader.pm line 186
at /cygdrive/c/opt/perl5/cygwin_nt-6.1-wow/2.0.4/i686/cpan/5.18.2/cygwin-multi/build/rpm-build-perl-0.82-DxBpoW/blib/lib/B/PerlReq.pm line 388.
B::PerlReq::__ANON__('Can\'t locate object method "padix" via package "B::SVOP" at ...') called at /cygdrive/c/opt/perl5/cygwin_nt-6.1-wow/2.0.4/i686/cpan/5.18.2/cygwin-multi/build/rpm-build-perl-0.82-DxBpoW/blib/lib/B/PerlReq.pm line 319
B::PerlReq::grok_entersub('B::UNOP=SCALAR(0x8022f3d8)') called at /cygdrive/c/opt/perl5/cygwin_nt-6.1-wow/2.0.4/i686/cpan/5.18.2/cygwin-multi/build/rpm-build-perl-0.82-DxBpoW/blib/lib/B/Walker.pm line 56
B::Walker::walk_root('B::UNOP=SCALAR(0x8022f3d8)') called at /cygdrive/c/opt/perl5/cygwin_nt-6.1-wow/2.0.4/i686/cpan/5.18.2/cygwin-multi/build/rpm-build-perl-0.82-DxBpoW/blib/lib/B/Walker.pm line 64
B::Walker::walk_root('B::LISTOP=SCALAR(0x80197c38)') called at /cygdrive/c/opt/perl5/cygwin_nt-6.1-wow/2.0.4/i686/cpan/5.18.2/cygwin-multi/build/rpm-build-perl-0.82-DxBpoW/blib/lib/B/Walker.pm line 64
B::Walker::walk_root('B::LOGOP=SCALAR(0x8022ece8)') called at /cygdrive/c/opt/perl5/cygwin_nt-6.1-wow/2.0.4/i686/cpan/5.18.2/cygwin-multi/build/rpm-build-perl-0.82-DxBpoW/blib/lib/B/Walker.pm line 64
B::Walker::walk_root('B::UNOP=SCALAR(0x80197bb8)') called at /cygdrive/c/opt/perl5/cygwin_nt-6.1-wow/2.0.4/i686/cpan/5.18.2/cygwin-multi/build/rpm-build-perl-0.82-DxBpoW/blib/lib/B/Walker.pm line 64
B::Walker::walk_root('B::LISTOP=SCALAR(0x80197bd8)') called at /cygdrive/c/opt/perl5/cygwin_nt-6.1-wow/2.0.4/i686/cpan/5.18.2/cygwin-multi/build/rpm-build-perl-0.82-DxBpoW/blib/lib/B/Walker.pm line 64
B::Walker::walk_root('B::LOGOP=SCALAR(0x80197ba8)') called at /cygdrive/c/opt/perl5/cygwin_nt-6.1-wow/2.0.4/i686/cpan/5.18.2/cygwin-multi/build/rpm-build-perl-0.82-DxBpoW/blib/lib/B/Walker.pm line 64
B::Walker::walk_root('B::UNOP=SCALAR(0x80197b58)') called at /cygdrive/c/opt/perl5/cygwin_nt-6.1-wow/2.0.4/i686/cpan/5.18.2/cygwin-multi/build/rpm-build-perl-0.82-DxBpoW/blib/lib/B/Walker.pm line 64
B::Walker::walk_root('B::LISTOP=SCALAR(0x80197b48)') called at /cygdrive/c/opt/perl5/cygwin_nt-6.1-wow/2.0.4/i686/cpan/5.18.2/cygwin-multi/build/rpm-build-perl-0.82-DxBpoW/blib/lib/B/Walker.pm line 64
B::Walker::walk_root('B::UNOP=SCALAR(0x80197ae8)') called at /cygdrive/c/opt/perl5/cygwin_nt-6.1-wow/2.0.4/i686/cpan/5.18.2/cygwin-multi/build/rpm-build-perl-0.82-DxBpoW/blib/lib/B/Walker.pm line 91
B::Walker::walk_cv('B::CV=SCALAR(0x80197a98)') called at /cygdrive/c/opt/perl5/cygwin_nt-6.1-wow/2.0.4/i686/cpan/5.18.2/cygwin-multi/build/rpm-build-perl-0.82-DxBpoW/blib/lib/B/Walker.pm line 116
B::Walker::walk_gv('B::GV=SCALAR(0x80197a78)') called at /cygdrive/c/opt/perl5/cygwin_nt-6.1-wow/2.0.4/i686/cpan/5.18.2/cygwin-multi/build/rpm-build-perl-0.82-DxBpoW/blib/lib/B/Walker.pm line 132
B::Walker::walk_stash('HASH(0x80180818)', 'AutoLoader::') called at /cygdrive/c/opt/perl5/cygwin_nt-6.1-wow/2.0.4/i686/cpan/5.18.2/cygwin-multi/build/rpm-build-perl-0.82-DxBpoW/blib/lib/B/Walker.pm line 127
B::Walker::walk_stash('HASH(0x800320c8)', '') called at /cygdrive/c/opt/perl5/cygwin_nt-6.1-wow/2.0.4/i686/cpan/5.18.2/cygwin-multi/build/rpm-build-perl-0.82-DxBpoW/blib/lib/B/Walker.pm line 139
B::Walker::walk_subs() called at /cygdrive/c/opt/perl5/cygwin_nt-6.1-wow/2.0.4/i686/cpan/5.18.2/cygwin-multi/build/rpm-build-perl-0.82-DxBpoW/blib/lib/B/PerlReq.pm line 392
B::PerlReq::__ANON__() called at (eval 2) line 31
O::CHECK() called at /opt/perl5/cygwin_nt-6.1-wow/2.0.4/i686/perl/5.18.2/cygwin-multi/lib/5.18.2/AutoLoader.pm line 0
eval {...} called at /opt/perl5/cygwin_nt-6.1-wow/2.0.4/i686/perl/5.18.2/cygwin-multi/lib/5.18.2/AutoLoader.pm line 0
Can't locate object method "padix" via package "B::SVOP" at /cygdrive/c/opt/perl5/cygwin_nt-6.1-wow/2.0.4/i686/cpan/5.18.2/cygwin-multi/build/rpm-build-perl-0.82-DxBpoW/blib/lib/B/PerlReq.pm line 319.
CHECK failed--call queue aborted.
# /opt/perl5/cygwin_nt-6.1-wow/2.0.4/i686/perl/5.18.2/cygwin-multi/lib/5.18.2/AutoLoader.pm: deparse failed. prefix=/opt/perl5/cygwin_nt-6.1-wow/2.0.4/i686/perl/5.18.2/cygwin-multi/lib/5.18.2
# Failed test 'AutoLoader.pm zero exit status'
# at t/02-perlreq.t line 33.
dying at /opt/perl5/cygwin_nt-6.1-wow/2.0.4/i686/perl/5.18.2/cygwin-multi/lib/5.18.2/Exporter.pm line 85
at /cygdrive/c/opt/perl5/cygwin_nt-6.1-wow/2.0.4/i686/cpan/5.18.2/cygwin-multi/build/rpm-build-perl-0.82-DxBpoW/blib/lib/B/PerlReq.pm line 388.
B::PerlReq::__ANON__('Can\'t locate object method "padix" via package "B::SVOP" at ...') called at /cygdrive/c/opt/perl5/cygwin_nt-6.1-wow/2.0.4/i686/cpan/5.18.2/cygwin-multi/build/rpm-build-perl-0.82-DxBpoW/blib/lib/B/PerlReq.pm line 319
B::PerlReq::grok_entersub('B::UNOP=SCALAR(0x801fe2d8)') called at /cygdrive/c/opt/perl5/cygwin_nt-6.1-wow/2.0.4/i686/cpan/5.18.2/cygwin-multi/build/rpm-build-perl-0.82-DxBpoW/blib/lib/B/Walker.pm line 56
B::Walker::walk_root('B::UNOP=SCALAR(0x801fe2d8)') called at /cygdrive/c/opt/perl5/cygwin_nt-6.1-wow/2.0.4/i686/cpan/5.18.2/cygwin-multi/build/rpm-build-perl-0.82-DxBpoW/blib/lib/B/Walker.pm line 64
B::Walker::walk_root('B::LISTOP=SCALAR(0x801ec758)') called at /cygdrive/c/opt/perl5/cygwin_nt-6.1-wow/2.0.4/i686/cpan/5.18.2/cygwin-multi/build/rpm-build-perl-0.82-DxBpoW/blib/lib/B/Walker.pm line 64
B::Walker::walk_root('B::UNOP=SCALAR(0x801ec748)') called at /cygdrive/c/opt/perl5/cygwin_nt-6.1-wow/2.0.4/i686/cpan/5.18.2/cygwin-multi/build/rpm-build-perl-0.82-DxBpoW/blib/lib/B/Walker.pm line 64
B::Walker::walk_root('B::UNOP=SCALAR(0x801ec3f8)') called at /cygdrive/c/opt/perl5/cygwin_nt-6.1-wow/2.0.4/i686/cpan/5.18.2/cygwin-multi/build/rpm-build-perl-0.82-DxBpoW/blib/lib/B/Walker.pm line 64
B::Walker::walk_root('B::UNOP=SCALAR(0x801ec3e8)') called at /cygdrive/c/opt/perl5/cygwin_nt-6.1-wow/2.0.4/i686/cpan/5.18.2/cygwin-multi/build/rpm-build-perl-0.82-DxBpoW/blib/lib/B/Walker.pm line 64
B::Walker::walk_root('B::UNOP=SCALAR(0x801ec3b8)') called at /cygdrive/c/opt/perl5/cygwin_nt-6.1-wow/2.0.4/i686/cpan/5.18.2/cygwin-multi/build/rpm-build-perl-0.82-DxBpoW/blib/lib/B/Walker.pm line 64
B::Walker::walk_root('B::UNOP=SCALAR(0x801ec2c8)') called at /cygdrive/c/opt/perl5/cygwin_nt-6.1-wow/2.0.4/i686/cpan/5.18.2/cygwin-multi/build/rpm-build-perl-0.82-DxBpoW/blib/lib/B/Walker.pm line 64
B::Walker::walk_root('B::UNOP=SCALAR(0x801ec258)') called at /cygdrive/c/opt/perl5/cygwin_nt-6.1-wow/2.0.4/i686/cpan/5.18.2/cygwin-multi/build/rpm-build-perl-0.82-DxBpoW/blib/lib/B/Walker.pm line 64
B::Walker::walk_root('B::LISTOP=SCALAR(0x801ec2f8)') called at /cygdrive/c/opt/perl5/cygwin_nt-6.1-wow/2.0.4/i686/cpan/5.18.2/cygwin-multi/build/rpm-build-perl-0.82-DxBpoW/blib/lib/B/Walker.pm line 64
B::Walker::walk_root('B::UNOP=SCALAR(0x801ec2d8)') called at /cygdrive/c/opt/perl5/cygwin_nt-6.1-wow/2.0.4/i686/cpan/5.18.2/cygwin-multi/build/rpm-build-perl-0.82-DxBpoW/blib/lib/B/Walker.pm line 91
B::Walker::walk_cv('B::CV=SCALAR(0x801ec288)') called at /cygdrive/c/opt/perl5/cygwin_nt-6.1-wow/2.0.4/i686/cpan/5.18.2/cygwin-multi/build/rpm-build-perl-0.82-DxBpoW/blib/lib/B/Walker.pm line 116
B::Walker::walk_gv('B::GV=SCALAR(0x801ec238)') called at /cygdrive/c/opt/perl5/cygwin_nt-6.1-wow/2.0.4/i686/cpan/5.18.2/cygwin-multi/build/rpm-build-perl-0.82-DxBpoW/blib/lib/B/Walker.pm line 132
B::Walker::walk_stash('HASH(0x80087748)', 'Exporter::') called at /cygdrive/c/opt/perl5/cygwin_nt-6.1-wow/2.0.4/i686/cpan/5.18.2/cygwin-multi/build/rpm-build-perl-0.82-DxBpoW/blib/lib/B/Walker.pm line 127
B::Walker::walk_stash('HASH(0x800320c8)', '') called at /cygdrive/c/opt/perl5/cygwin_nt-6.1-wow/2.0.4/i686/cpan/5.18.2/cygwin-multi/build/rpm-build-perl-0.82-DxBpoW/blib/lib/B/Walker.pm line 139
B::Walker::walk_subs() called at /cygdrive/c/opt/perl5/cygwin_nt-6.1-wow/2.0.4/i686/cpan/5.18.2/cygwin-multi/build/rpm-build-perl-0.82-DxBpoW/blib/lib/B/PerlReq.pm line 392
B::PerlReq::__ANON__() called at (eval 2) line 31
O::CHECK() called at /opt/perl5/cygwin_nt-6.1-wow/2.0.4/i686/perl/5.18.2/cygwin-multi/lib/5.18.2/Exporter.pm line 0
eval {...} called at /opt/perl5/cygwin_nt-6.1-wow/2.0.4/i686/perl/5.18.2/cygwin-multi/lib/5.18.2/Exporter.pm line 0
Can't locate object method "padix" via package "B::SVOP" at /cygdrive/c/opt/perl5/cygwin_nt-6.1-wow/2.0.4/i686/cpan/5.18.2/cygwin-multi/build/rpm-build-perl-0.82-DxBpoW/blib/lib/B/PerlReq.pm line 319.
CHECK failed--call queue aborted.
# /opt/perl5/cygwin_nt-6.1-wow/2.0.4/i686/perl/5.18.2/cygwin-multi/lib/5.18.2/Exporter.pm: deparse failed. prefix=/opt/perl5/cygwin_nt-6.1-wow/2.0.4/i686/perl/5.18.2/cygwin-multi/lib/5.18.2
# Failed test 'Exporter.pm dependencies'
# at t/02-perlreq.t line 32.
# got: ''
# expected: 'perl(Exporter/Heavy.pm)'
# Failed test 'Exporter.pm zero exit status'
# at t/02-perlreq.t line 33.
# Looks like you failed 3 tests of 4.
t/02-perlreq.t ....
Dubious, test returned 3 (wstat 768, 0x300)
Failed 3/4 subtests
t/03-perlprov.t ... ok
Test Summary Report
-------------------
t/01-B-PerlReq.t (Wstat: 768 Tests: 78 Failed: 3)
Failed tests: 46-48
Non-zero exit status: 3
t/02-perlreq.t (Wstat: 768 Tests: 4 Failed: 3)
Failed tests: 2-4
Non-zero exit status: 3
Files=3, Tests=112, 42 wallclock secs ( 0.08 usr 0.25 sys + 10.83 cusr 29.07 csys = 40.23 CPU)
Result: FAIL
Failed 2/3 test programs. 6/112 subtests failed.
Makefile:968: recipe for target 'test_dynamic' failed
make: *** [test_dynamic] Error 255
------------------------------
PREREQUISITES
------------------------------
Prerequisite modules loaded:
requires:
Module Need Have
------------------- ---- --------
B 0 1.42_02
Encode 0 2.49
O 0 1.01
Safe 0 2.35
Test::More 0 1.001014
build_requires:
Module Need Have
------------------- ---- --------
ExtUtils::MakeMaker 0 6.66
configure_requires:
Module Need Have
------------------- ---- --------
ExtUtils::MakeMaker 0 6.66
------------------------------
ENVIRONMENT AND OTHER CONTEXT
------------------------------
Environment variables:
AUTOMATED_TESTING = 1
COMSPEC = C:\WINDOWS\system32\cmd.exe
LD_LIBRARY_PATH =
NUMBER_OF_PROCESSORS = 8
PATH = /opt/perl5/cygwin_nt-6.1-wow/2.0.4/i686/bin/5.18.2/cygwin-multi:/opt/perl5/cygwin_nt-6.1-wow/2.0.4/i686/perl/5.18.2/cygwin-multi/local/bin:/opt/perl5/cygwin_nt-6.1-wow/2.0.4/i686/perl/5.18.2/cygwin-multi/bin:/usr/local/bin:/usr/bin
PERL5LIB = /opt/perl5/cygwin_nt-6.1-wow/2.0.4/i686/perl/5.18.2/cygwin-multi/local/lib/site_perl/5.18.2:/opt/perl5/cygwin_nt-6.1-wow/2.0.4/i686/perl/5.18.2/cygwin-multi/local/lib/5.18.2:/opt/perl5/cygwin_nt-6.1-wow/2.0.4/i686/perl/5.18.2/cygwin-multi/local/lib/perl5
PERL5OPT =
PERL5_CPANPLUS_IS_RUNNING = 77644
PERL5_CPAN_IS_RUNNING = 77644
PERL_CPAN_REPORTER_CONFIG = /opt/perl5/cygwin_nt-6.1-wow/2.0.4/i686/cpan/5.18.2/cygwin-multi/reporter/config.ini
PERL_CPAN_REPORTER_DIR = /opt/perl5/cygwin_nt-6.1-wow/2.0.4/i686/cpan/5.18.2/cygwin-multi/reporter
PERL_EXTUTILS_AUTOINSTALL = 1
PERL_MM_USE_DEFAULT = 1
PERL_MY_PREFIX = /opt/perl5
PERL_MY_SOURCE_DIR = /cygdrive/c/src/perl
PERL_TEST_CRITIC = 1
PERL_TEST_CRITIC = 1
PERL_TEST_POD = 1
PERL_TEST_POD = 1
POD_TESTING = 1
POD_TESTS = 1
PROCESSOR_IDENTIFIER = Intel64 Family 6 Model 60 Stepping 3, GenuineIntel
SHELL = /usr/bin/bash
TEMP = /tmp
TERM = xterm
Perl special variables (and OS-specific diagnostics, for MSWin32):
$^X = /cygdrive/c/opt/perl5/cygwin_nt-6.1-wow/2.0.4/i686/perl/5.18.2/cygwin-multi/bin/perl
$UID/$EUID = 1061331 / 1061331
$GID = 1049089 1049089 197608 545 4 66049 11 15 4095 66048 1104222 1098011 1051245 1113266 1090502 1081310 1090413 1061909 1058653 1081942 1122108 1125494 1083675 1088201 1093944 1090357 1122107 1083781 1051228 1057394 1090221 1056539 1057337 1089132 1100278 1051354 1104220 1059243 1089865 1087957 1105777 1049649 1125495 1069945 1095107 1059531 1090104 1090492 1068897 1081637 1095782 1111057 1119491 1069144 1081620 70145 1049147 1083352 401408
$EGID = 1049089 1049089 197608 545 4 66049 11 15 4095 66048 1104222 1098011 1051245 1113266 1090502 1081310 1090413 1061909 1058653 1081942 1122108 1125494 1083675 1088201 1093944 1090357 1122107 1083781 1051228 1057394 1090221 1056539 1057337 1089132 1100278 1051354 1104220 1059243 1089865 1087957 1105777 1049649 1125495 1069945 1095107 1059531 1090104 1090492 1068897 1081637 1095782 1111057 1119491 1069144 1081620 70145 1049147 1083352 401408
Perl module toolchain versions installed:
Module Have
------------------- --------
CPAN 2.10
CPAN::Meta 2.120921
Cwd 3.40
ExtUtils::CBuilder 0.280210
ExtUtils::Command 1.17
ExtUtils::Install 1.59
ExtUtils::MakeMaker 6.66
ExtUtils::Manifest 1.63
ExtUtils::ParseXS 3.18
File::Spec 3.40
JSON n/a
JSON::PP 2.27202
Module::Build 0.4003
Module::Signature 0.79
Parse::CPAN::Meta 1.4404
Test::Harness 3.26
Test::More 1.001014
YAML n/a
YAML::Syck n/a
version 0.9902
--
Summary of my perl5 (revision 5 version 18 subversion 2) configuration:
Platform:
osname=cygwin, osvers=2.0.4(0.28753), archname=cygwin-multi
uname='cygwin_nt-6.1-wow rigel 2.0.4(0.28753) 2015-06-09 12:20 i686 cygwin '
config_args='-de -Dmksymlinks -Dcc=gcc -Dld=g++ -Uinc_version_list -Uinstallusrbinperl -Uusethreads -Dusemultiplicity -Uuse64bitint -Uuselongdouble -Dprefix=/opt/perl5/cygwin_nt-6.1-wow/2.0.4/i686/perl/5.18.2/cygwin-multi'
hint=recommended, useposix=true, d_sigaction=define
useithreads=undef, usemultiplicity=define
useperlio=define, d_sfio=undef, uselargefiles=define, usesocks=undef
use64bitint=undef, use64bitall=undef, uselongdouble=undef
usemymalloc=y, bincompat5005=undef
Compiler:
cc='gcc', ccflags ='-DPERL_USE_SAFE_PUTENV -U__STRICT_ANSI__ -fno-strict-aliasing -pipe -fstack-protector',
optimize='-O3',
cppflags='-DPERL_USE_SAFE_PUTENV -U__STRICT_ANSI__ -fno-strict-aliasing -pipe -fstack-protector'
ccversion='', gccversion='4.9.2', gccosandvers=''
intsize=4, longsize=4, ptrsize=4, doublesize=8, byteorder=1234
d_longlong=define, longlongsize=8, d_longdbl=define, longdblsize=12
ivtype='long', ivsize=4, nvtype='double', nvsize=8, Off_t='off_t', lseeksize=8
alignbytes=8, prototype=define
Linker and Libraries:
ld='g++', ldflags =' -Wl,--enable-auto-import -Wl,--export-all-symbols -Wl,--enable-auto-image-base -fstack-protector -L/usr/local/lib'
libpth=/usr/local/lib /usr/lib /lib
libs=-lgdbm -ldb -ldl -lcrypt -lgdbm_compat
perllibs=-ldl -lcrypt
libc=/usr/lib/libc.a, so=dll, useshrplib=true, libperl=cygperl5_18_2.dll
gnulibc_version=''
Dynamic Linking:
dlsrc=dl_dlopen.xs, dlext=dll, d_dlsymun=undef, ccdlflags=' '
cccdlflags=' ', lddlflags=' --shared -Wl,--enable-auto-import -Wl,--export-all-symbols -Wl,--enable-auto-image-base -L/usr/local/lib -fstack-protector'
Characteristics of this binary (from libperl):
Compile-time options: HAS_TIMES MULTIPLICITY MYMALLOC PERLIO_LAYERS
PERL_DONT_CREATE_GVSV
PERL_HASH_FUNC_ONE_AT_A_TIME_HARD
PERL_IMPLICIT_CONTEXT PERL_PRESERVE_IVUV
PERL_SAWAMPERSAND PERL_USE_SAFE_PUTENV
USE_LARGE_FILES USE_LOCALE USE_LOCALE_COLLATE
USE_LOCALE_CTYPE USE_LOCALE_NUMERIC USE_PERLIO
USE_PERL_ATOF
Built under cygwin
Compiled at Jun 20 2015 20:49:08
%ENV:
PERL5LIB="/opt/perl5/cygwin_nt-6.1-wow/2.0.4/i686/perl/5.18.2/cygwin-multi/local/lib/site_perl/5.18.2:/opt/perl5/cygwin_nt-6.1-wow/2.0.4/i686/perl/5.18.2/cygwin-multi/local/lib/5.18.2:/opt/perl5/cygwin_nt-6.1-wow/2.0.4/i686/perl/5.18.2/cygwin-multi/local/lib/perl5"
PERL5OPT=""
PERL5_CPANPLUS_IS_RUNNING="77644"
PERL5_CPAN_IS_RUNNING="77644"
PERL_CPAN_REPORTER_CONFIG="/opt/perl5/cygwin_nt-6.1-wow/2.0.4/i686/cpan/5.18.2/cygwin-multi/reporter/config.ini"
PERL_CPAN_REPORTER_DIR="/opt/perl5/cygwin_nt-6.1-wow/2.0.4/i686/cpan/5.18.2/cygwin-multi/reporter"
PERL_EXTUTILS_AUTOINSTALL="1"
PERL_MM_USE_DEFAULT="1"
PERL_MY_PREFIX="/opt/perl5"
PERL_MY_SOURCE_DIR="/cygdrive/c/src/perl"
PERL_TEST_CRITIC="1"
PERL_TEST_POD="1"
CYGWIN="codepage:utf8 nodosfilewarning"
@INC:
/opt/perl5/cygwin_nt-6.1-wow/2.0.4/i686/perl/5.18.2/cygwin-multi/local/lib/site_perl/5.18.2/cygwin-multi
/opt/perl5/cygwin_nt-6.1-wow/2.0.4/i686/perl/5.18.2/cygwin-multi/local/lib/site_perl/5.18.2
/opt/perl5/cygwin_nt-6.1-wow/2.0.4/i686/perl/5.18.2/cygwin-multi/local/lib/5.18.2/cygwin-multi
/opt/perl5/cygwin_nt-6.1-wow/2.0.4/i686/perl/5.18.2/cygwin-multi/local/lib/5.18.2
/opt/perl5/cygwin_nt-6.1-wow/2.0.4/i686/perl/5.18.2/cygwin-multi/local/lib/perl5/cygwin-multi
/opt/perl5/cygwin_nt-6.1-wow/2.0.4/i686/perl/5.18.2/cygwin-multi/local/lib/perl5
/opt/perl5/cygwin_nt-6.1-wow/2.0.4/i686/perl/5.18.2/cygwin-multi/lib/site_perl/5.18.2/cygwin-multi
/opt/perl5/cygwin_nt-6.1-wow/2.0.4/i686/perl/5.18.2/cygwin-multi/lib/site_perl/5.18.2
/opt/perl5/cygwin_nt-6.1-wow/2.0.4/i686/perl/5.18.2/cygwin-multi/lib/5.18.2/cygwin-multi
/opt/perl5/cygwin_nt-6.1-wow/2.0.4/i686/perl/5.18.2/cygwin-multi/lib/5.18.2
.