Back
From: metabase:user:30ae4450-2aae-11df-837a-5e0a49663a4f
Subject: FAIL Win32-Mock-0.05 v5.10.0
Date: 2013-12-11T11:46:38Z
This distribution has been tested as part of the CPAN Testers
project, supporting the Perl programming language. See
http://wiki.cpantesters.org/ for more information or email
questions to cpan-testers-discuss@perl.org
--
Dear Sebastien Aperghis-Tramoni,
This is a computer-generated report for Win32-Mock-0.05
on perl 5.10.0, created by CPAN-Reporter-1.2010_01.
Thank you for uploading your work to CPAN. However, there was a problem
testing your distribution.
If you think this report is invalid, please consult the CPAN Testers Wiki
for suggestions on how to avoid getting FAIL reports for missing library
or binary dependencies, unsupported operating systems, and so on:
http://wiki.cpantesters.org/wiki/CPANAuthorNotes
Sections of this report:
* Tester comments
* Program output
* Prerequisites
* Environment and other context
------------------------------
TESTER COMMENTS
------------------------------
Additional comments from tester:
this report is from an automated smoke testing program
and was not reviewed by a human for accuracy
------------------------------
PROGRAM OUTPUT
------------------------------
Output from 'C:\strawberry\perl\bin\perl.exe ./Build test':
Undefined value assigned to typeglob at C:\strawberry\cpan\build\Devel-FakeOSName-0.01-qthxGA/blib/lib/Devel/FakeOSName.pm line 21.
Subroutine CopyFile redefined at C:\strawberry\cpan\build\Win32-Mock-0.05-DYZlGp\blib\lib/Win32/Mock/Win32.pm line 177.
Subroutine DomainName redefined at C:\strawberry\cpan\build\Win32-Mock-0.05-DYZlGp\blib\lib/Win32/Mock/Win32.pm line 210.
Subroutine FormatMessage redefined at C:\strawberry\cpan\build\Win32-Mock-0.05-DYZlGp\blib\lib/Win32/Mock/Win32.pm line 229.
Subroutine FsType redefined at C:\strawberry\cpan\build\Win32-Mock-0.05-DYZlGp\blib\lib/Win32/Mock/Win32.pm line 238.
Subroutine GetCwd redefined at C:\strawberry\cpan\build\Win32-Mock-0.05-DYZlGp\blib\lib/Win32/Mock/Win32.pm line 297.
Subroutine GetFullPathName redefined at C:\strawberry\cpan\build\Win32-Mock-0.05-DYZlGp\blib\lib/Win32/Mock/Win32.pm line 402.
Subroutine GetLastError redefined at C:\strawberry\cpan\build\Win32-Mock-0.05-DYZlGp\blib\lib/Win32/Mock/Win32.pm line 420.
Subroutine GetLongPathName redefined at C:\strawberry\cpan\build\Win32-Mock-0.05-DYZlGp\blib\lib/Win32/Mock/Win32.pm line 428.
Subroutine GetNextAvailDrive redefined at C:\strawberry\cpan\build\Win32-Mock-0.05-DYZlGp\blib\lib/Win32/Mock/Win32.pm line 443.
Subroutine GetOSVersion redefined at C:\strawberry\cpan\build\Win32-Mock-0.05-DYZlGp\blib\lib/Win32/Mock/Win32.pm line 462.
Subroutine GetShortPathName redefined at C:\strawberry\cpan\build\Win32-Mock-0.05-DYZlGp\blib\lib/Win32/Mock/Win32.pm line 478.
Subroutine GetTickCount redefined at C:\strawberry\cpan\build\Win32-Mock-0.05-DYZlGp\blib\lib/Win32/Mock/Win32.pm line 502.
Subroutine IsWinNT redefined at C:\strawberry\cpan\build\Win32-Mock-0.05-DYZlGp\blib\lib/Win32/Mock/Win32.pm line 547.
Subroutine IsWin95 redefined at C:\strawberry\cpan\build\Win32-Mock-0.05-DYZlGp\blib\lib/Win32/Mock/Win32.pm line 555.
Subroutine LoginName redefined at C:\strawberry\cpan\build\Win32-Mock-0.05-DYZlGp\blib\lib/Win32/Mock/Win32.pm line 571.
Subroutine NodeName redefined at C:\strawberry\cpan\build\Win32-Mock-0.05-DYZlGp\blib\lib/Win32/Mock/Win32.pm line 610.
Subroutine SetChildShowWindow redefined at C:\strawberry\cpan\build\Win32-Mock-0.05-DYZlGp\blib\lib/Win32/Mock/Win32.pm line 636.
Subroutine SetCwd redefined at C:\strawberry\cpan\build\Win32-Mock-0.05-DYZlGp\blib\lib/Win32/Mock/Win32.pm line 645.
Subroutine SetLastError redefined at C:\strawberry\cpan\build\Win32-Mock-0.05-DYZlGp\blib\lib/Win32/Mock/Win32.pm line 653.
Subroutine Sleep redefined at C:\strawberry\cpan\build\Win32-Mock-0.05-DYZlGp\blib\lib/Win32/Mock/Win32.pm line 661.
Subroutine Spawn redefined at C:\strawberry\cpan\build\Win32-Mock-0.05-DYZlGp\blib\lib/Win32/Mock/Win32.pm line 674.
# Testing Win32::Mock 0.05, Perl 5.010000, C:\strawberry\perl\bin\perl.exe
t\00-load.t .............................. ok
t\pod-coverage.t ......................... skipped: *** disabled for now ***
t\pod.t .................................. skipped: *** disabled for now ***
Undefined value assigned to typeglob at C:\strawberry\cpan\build\Devel-FakeOSName-0.01-qthxGA/blib/lib/Devel/FakeOSName.pm line 21.
Subroutine CopyFile redefined at C:\strawberry\cpan\build\Win32-Mock-0.05-DYZlGp\blib\lib/Win32/Mock/Win32.pm line 177.
Subroutine DomainName redefined at C:\strawberry\cpan\build\Win32-Mock-0.05-DYZlGp\blib\lib/Win32/Mock/Win32.pm line 210.
Subroutine FormatMessage redefined at C:\strawberry\cpan\build\Win32-Mock-0.05-DYZlGp\blib\lib/Win32/Mock/Win32.pm line 229.
Subroutine FsType redefined at C:\strawberry\cpan\build\Win32-Mock-0.05-DYZlGp\blib\lib/Win32/Mock/Win32.pm line 238.
Subroutine GetCwd redefined at C:\strawberry\cpan\build\Win32-Mock-0.05-DYZlGp\blib\lib/Win32/Mock/Win32.pm line 297.
Subroutine GetFullPathName redefined at C:\strawberry\cpan\build\Win32-Mock-0.05-DYZlGp\blib\lib/Win32/Mock/Win32.pm line 402.
Subroutine GetLastError redefined at C:\strawberry\cpan\build\Win32-Mock-0.05-DYZlGp\blib\lib/Win32/Mock/Win32.pm line 420.
Subroutine GetLongPathName redefined at C:\strawberry\cpan\build\Win32-Mock-0.05-DYZlGp\blib\lib/Win32/Mock/Win32.pm line 428.
Subroutine GetNextAvailDrive redefined at C:\strawberry\cpan\build\Win32-Mock-0.05-DYZlGp\blib\lib/Win32/Mock/Win32.pm line 443.
Subroutine GetOSVersion redefined at C:\strawberry\cpan\build\Win32-Mock-0.05-DYZlGp\blib\lib/Win32/Mock/Win32.pm line 462.
Subroutine GetShortPathName redefined at C:\strawberry\cpan\build\Win32-Mock-0.05-DYZlGp\blib\lib/Win32/Mock/Win32.pm line 478.
Subroutine GetTickCount redefined at C:\strawberry\cpan\build\Win32-Mock-0.05-DYZlGp\blib\lib/Win32/Mock/Win32.pm line 502.
Subroutine IsWinNT redefined at C:\strawberry\cpan\build\Win32-Mock-0.05-DYZlGp\blib\lib/Win32/Mock/Win32.pm line 547.
Subroutine IsWin95 redefined at C:\strawberry\cpan\build\Win32-Mock-0.05-DYZlGp\blib\lib/Win32/Mock/Win32.pm line 555.
Subroutine LoginName redefined at C:\strawberry\cpan\build\Win32-Mock-0.05-DYZlGp\blib\lib/Win32/Mock/Win32.pm line 571.
Subroutine NodeName redefined at C:\strawberry\cpan\build\Win32-Mock-0.05-DYZlGp\blib\lib/Win32/Mock/Win32.pm line 610.
Subroutine SetChildShowWindow redefined at C:\strawberry\cpan\build\Win32-Mock-0.05-DYZlGp\blib\lib/Win32/Mock/Win32.pm line 636.
Subroutine SetCwd redefined at C:\strawberry\cpan\build\Win32-Mock-0.05-DYZlGp\blib\lib/Win32/Mock/Win32.pm line 645.
Subroutine SetLastError redefined at C:\strawberry\cpan\build\Win32-Mock-0.05-DYZlGp\blib\lib/Win32/Mock/Win32.pm line 653.
Subroutine Sleep redefined at C:\strawberry\cpan\build\Win32-Mock-0.05-DYZlGp\blib\lib/Win32/Mock/Win32.pm line 661.
Subroutine Spawn redefined at C:\strawberry\cpan\build\Win32-Mock-0.05-DYZlGp\blib\lib/Win32/Mock/Win32.pm line 674.
t\core\Win32\CopyFile.t .................. ok
Undefined value assigned to typeglob at C:\strawberry\cpan\build\Devel-FakeOSName-0.01-qthxGA/blib/lib/Devel/FakeOSName.pm line 21.
Subroutine CopyFile redefined at C:\strawberry\cpan\build\Win32-Mock-0.05-DYZlGp\blib\lib/Win32/Mock/Win32.pm line 177.
Subroutine DomainName redefined at C:\strawberry\cpan\build\Win32-Mock-0.05-DYZlGp\blib\lib/Win32/Mock/Win32.pm line 210.
Subroutine FormatMessage redefined at C:\strawberry\cpan\build\Win32-Mock-0.05-DYZlGp\blib\lib/Win32/Mock/Win32.pm line 229.
Subroutine FsType redefined at C:\strawberry\cpan\build\Win32-Mock-0.05-DYZlGp\blib\lib/Win32/Mock/Win32.pm line 238.
Subroutine GetCwd redefined at C:\strawberry\cpan\build\Win32-Mock-0.05-DYZlGp\blib\lib/Win32/Mock/Win32.pm line 297.
Subroutine GetFullPathName redefined at C:\strawberry\cpan\build\Win32-Mock-0.05-DYZlGp\blib\lib/Win32/Mock/Win32.pm line 402.
Subroutine GetLastError redefined at C:\strawberry\cpan\build\Win32-Mock-0.05-DYZlGp\blib\lib/Win32/Mock/Win32.pm line 420.
Subroutine GetLongPathName redefined at C:\strawberry\cpan\build\Win32-Mock-0.05-DYZlGp\blib\lib/Win32/Mock/Win32.pm line 428.
Subroutine GetNextAvailDrive redefined at C:\strawberry\cpan\build\Win32-Mock-0.05-DYZlGp\blib\lib/Win32/Mock/Win32.pm line 443.
Subroutine GetOSVersion redefined at C:\strawberry\cpan\build\Win32-Mock-0.05-DYZlGp\blib\lib/Win32/Mock/Win32.pm line 462.
Subroutine GetShortPathName redefined at C:\strawberry\cpan\build\Win32-Mock-0.05-DYZlGp\blib\lib/Win32/Mock/Win32.pm line 478.
Subroutine GetTickCount redefined at C:\strawberry\cpan\build\Win32-Mock-0.05-DYZlGp\blib\lib/Win32/Mock/Win32.pm line 502.
Subroutine IsWinNT redefined at C:\strawberry\cpan\build\Win32-Mock-0.05-DYZlGp\blib\lib/Win32/Mock/Win32.pm line 547.
Subroutine IsWin95 redefined at C:\strawberry\cpan\build\Win32-Mock-0.05-DYZlGp\blib\lib/Win32/Mock/Win32.pm line 555.
Subroutine LoginName redefined at C:\strawberry\cpan\build\Win32-Mock-0.05-DYZlGp\blib\lib/Win32/Mock/Win32.pm line 571.
Subroutine NodeName redefined at C:\strawberry\cpan\build\Win32-Mock-0.05-DYZlGp\blib\lib/Win32/Mock/Win32.pm line 610.
Subroutine SetChildShowWindow redefined at C:\strawberry\cpan\build\Win32-Mock-0.05-DYZlGp\blib\lib/Win32/Mock/Win32.pm line 636.
Subroutine SetCwd redefined at C:\strawberry\cpan\build\Win32-Mock-0.05-DYZlGp\blib\lib/Win32/Mock/Win32.pm line 645.
Subroutine SetLastError redefined at C:\strawberry\cpan\build\Win32-Mock-0.05-DYZlGp\blib\lib/Win32/Mock/Win32.pm line 653.
Subroutine Sleep redefined at C:\strawberry\cpan\build\Win32-Mock-0.05-DYZlGp\blib\lib/Win32/Mock/Win32.pm line 661.
Subroutine Spawn redefined at C:\strawberry\cpan\build\Win32-Mock-0.05-DYZlGp\blib\lib/Win32/Mock/Win32.pm line 674.
t\core\Win32\CreateFile.t ................ ok
Undefined value assigned to typeglob at C:\strawberry\cpan\build\Devel-FakeOSName-0.01-qthxGA/blib/lib/Devel/FakeOSName.pm line 21.
Subroutine CopyFile redefined at C:\strawberry\cpan\build\Win32-Mock-0.05-DYZlGp\blib\lib/Win32/Mock/Win32.pm line 177.
Subroutine DomainName redefined at C:\strawberry\cpan\build\Win32-Mock-0.05-DYZlGp\blib\lib/Win32/Mock/Win32.pm line 210.
Subroutine FormatMessage redefined at C:\strawberry\cpan\build\Win32-Mock-0.05-DYZlGp\blib\lib/Win32/Mock/Win32.pm line 229.
Subroutine FsType redefined at C:\strawberry\cpan\build\Win32-Mock-0.05-DYZlGp\blib\lib/Win32/Mock/Win32.pm line 238.
Subroutine GetCwd redefined at C:\strawberry\cpan\build\Win32-Mock-0.05-DYZlGp\blib\lib/Win32/Mock/Win32.pm line 297.
Subroutine GetFullPathName redefined at C:\strawberry\cpan\build\Win32-Mock-0.05-DYZlGp\blib\lib/Win32/Mock/Win32.pm line 402.
Subroutine GetLastError redefined at C:\strawberry\cpan\build\Win32-Mock-0.05-DYZlGp\blib\lib/Win32/Mock/Win32.pm line 420.
Subroutine GetLongPathName redefined at C:\strawberry\cpan\build\Win32-Mock-0.05-DYZlGp\blib\lib/Win32/Mock/Win32.pm line 428.
Subroutine GetNextAvailDrive redefined at C:\strawberry\cpan\build\Win32-Mock-0.05-DYZlGp\blib\lib/Win32/Mock/Win32.pm line 443.
Subroutine GetOSVersion redefined at C:\strawberry\cpan\build\Win32-Mock-0.05-DYZlGp\blib\lib/Win32/Mock/Win32.pm line 462.
Subroutine GetShortPathName redefined at C:\strawberry\cpan\build\Win32-Mock-0.05-DYZlGp\blib\lib/Win32/Mock/Win32.pm line 478.
Subroutine GetTickCount redefined at C:\strawberry\cpan\build\Win32-Mock-0.05-DYZlGp\blib\lib/Win32/Mock/Win32.pm line 502.
Subroutine IsWinNT redefined at C:\strawberry\cpan\build\Win32-Mock-0.05-DYZlGp\blib\lib/Win32/Mock/Win32.pm line 547.
Subroutine IsWin95 redefined at C:\strawberry\cpan\build\Win32-Mock-0.05-DYZlGp\blib\lib/Win32/Mock/Win32.pm line 555.
Subroutine LoginName redefined at C:\strawberry\cpan\build\Win32-Mock-0.05-DYZlGp\blib\lib/Win32/Mock/Win32.pm line 571.
Subroutine NodeName redefined at C:\strawberry\cpan\build\Win32-Mock-0.05-DYZlGp\blib\lib/Win32/Mock/Win32.pm line 610.
Subroutine SetChildShowWindow redefined at C:\strawberry\cpan\build\Win32-Mock-0.05-DYZlGp\blib\lib/Win32/Mock/Win32.pm line 636.
Subroutine SetCwd redefined at C:\strawberry\cpan\build\Win32-Mock-0.05-DYZlGp\blib\lib/Win32/Mock/Win32.pm line 645.
Subroutine SetLastError redefined at C:\strawberry\cpan\build\Win32-Mock-0.05-DYZlGp\blib\lib/Win32/Mock/Win32.pm line 653.
Subroutine Sleep redefined at C:\strawberry\cpan\build\Win32-Mock-0.05-DYZlGp\blib\lib/Win32/Mock/Win32.pm line 661.
Subroutine Spawn redefined at C:\strawberry\cpan\build\Win32-Mock-0.05-DYZlGp\blib\lib/Win32/Mock/Win32.pm line 674.
t\core\Win32\ExpandEnvironmentStrings.t .. ok
Undefined value assigned to typeglob at C:\strawberry\cpan\build\Devel-FakeOSName-0.01-qthxGA/blib/lib/Devel/FakeOSName.pm line 21.
Subroutine CopyFile redefined at C:\strawberry\cpan\build\Win32-Mock-0.05-DYZlGp\blib\lib/Win32/Mock/Win32.pm line 177.
Subroutine DomainName redefined at C:\strawberry\cpan\build\Win32-Mock-0.05-DYZlGp\blib\lib/Win32/Mock/Win32.pm line 210.
Subroutine FormatMessage redefined at C:\strawberry\cpan\build\Win32-Mock-0.05-DYZlGp\blib\lib/Win32/Mock/Win32.pm line 229.
Subroutine FsType redefined at C:\strawberry\cpan\build\Win32-Mock-0.05-DYZlGp\blib\lib/Win32/Mock/Win32.pm line 238.
Subroutine GetCwd redefined at C:\strawberry\cpan\build\Win32-Mock-0.05-DYZlGp\blib\lib/Win32/Mock/Win32.pm line 297.
Subroutine GetFullPathName redefined at C:\strawberry\cpan\build\Win32-Mock-0.05-DYZlGp\blib\lib/Win32/Mock/Win32.pm line 402.
Subroutine GetLastError redefined at C:\strawberry\cpan\build\Win32-Mock-0.05-DYZlGp\blib\lib/Win32/Mock/Win32.pm line 420.
Subroutine GetLongPathName redefined at C:\strawberry\cpan\build\Win32-Mock-0.05-DYZlGp\blib\lib/Win32/Mock/Win32.pm line 428.
Subroutine GetNextAvailDrive redefined at C:\strawberry\cpan\build\Win32-Mock-0.05-DYZlGp\blib\lib/Win32/Mock/Win32.pm line 443.
Subroutine GetOSVersion redefined at C:\strawberry\cpan\build\Win32-Mock-0.05-DYZlGp\blib\lib/Win32/Mock/Win32.pm line 462.
Subroutine GetShortPathName redefined at C:\strawberry\cpan\build\Win32-Mock-0.05-DYZlGp\blib\lib/Win32/Mock/Win32.pm line 478.
Subroutine GetTickCount redefined at C:\strawberry\cpan\build\Win32-Mock-0.05-DYZlGp\blib\lib/Win32/Mock/Win32.pm line 502.
Subroutine IsWinNT redefined at C:\strawberry\cpan\build\Win32-Mock-0.05-DYZlGp\blib\lib/Win32/Mock/Win32.pm line 547.
Subroutine IsWin95 redefined at C:\strawberry\cpan\build\Win32-Mock-0.05-DYZlGp\blib\lib/Win32/Mock/Win32.pm line 555.
Subroutine LoginName redefined at C:\strawberry\cpan\build\Win32-Mock-0.05-DYZlGp\blib\lib/Win32/Mock/Win32.pm line 571.
Subroutine NodeName redefined at C:\strawberry\cpan\build\Win32-Mock-0.05-DYZlGp\blib\lib/Win32/Mock/Win32.pm line 610.
Subroutine SetChildShowWindow redefined at C:\strawberry\cpan\build\Win32-Mock-0.05-DYZlGp\blib\lib/Win32/Mock/Win32.pm line 636.
Subroutine SetCwd redefined at C:\strawberry\cpan\build\Win32-Mock-0.05-DYZlGp\blib\lib/Win32/Mock/Win32.pm line 645.
Subroutine SetLastError redefined at C:\strawberry\cpan\build\Win32-Mock-0.05-DYZlGp\blib\lib/Win32/Mock/Win32.pm line 653.
Subroutine Sleep redefined at C:\strawberry\cpan\build\Win32-Mock-0.05-DYZlGp\blib\lib/Win32/Mock/Win32.pm line 661.
Subroutine Spawn redefined at C:\strawberry\cpan\build\Win32-Mock-0.05-DYZlGp\blib\lib/Win32/Mock/Win32.pm line 674.
t\core\Win32\GetCurrentThreadId.t ........ ok
Undefined value assigned to typeglob at C:\strawberry\cpan\build\Devel-FakeOSName-0.01-qthxGA/blib/lib/Devel/FakeOSName.pm line 21.
Subroutine CopyFile redefined at C:\strawberry\cpan\build\Win32-Mock-0.05-DYZlGp\blib\lib/Win32/Mock/Win32.pm line 177.
Subroutine DomainName redefined at C:\strawberry\cpan\build\Win32-Mock-0.05-DYZlGp\blib\lib/Win32/Mock/Win32.pm line 210.
Subroutine FormatMessage redefined at C:\strawberry\cpan\build\Win32-Mock-0.05-DYZlGp\blib\lib/Win32/Mock/Win32.pm line 229.
Subroutine FsType redefined at C:\strawberry\cpan\build\Win32-Mock-0.05-DYZlGp\blib\lib/Win32/Mock/Win32.pm line 238.
Subroutine GetCwd redefined at C:\strawberry\cpan\build\Win32-Mock-0.05-DYZlGp\blib\lib/Win32/Mock/Win32.pm line 297.
Subroutine GetFullPathName redefined at C:\strawberry\cpan\build\Win32-Mock-0.05-DYZlGp\blib\lib/Win32/Mock/Win32.pm line 402.
Subroutine GetLastError redefined at C:\strawberry\cpan\build\Win32-Mock-0.05-DYZlGp\blib\lib/Win32/Mock/Win32.pm line 420.
Subroutine GetLongPathName redefined at C:\strawberry\cpan\build\Win32-Mock-0.05-DYZlGp\blib\lib/Win32/Mock/Win32.pm line 428.
Subroutine GetNextAvailDrive redefined at C:\strawberry\cpan\build\Win32-Mock-0.05-DYZlGp\blib\lib/Win32/Mock/Win32.pm line 443.
Subroutine GetOSVersion redefined at C:\strawberry\cpan\build\Win32-Mock-0.05-DYZlGp\blib\lib/Win32/Mock/Win32.pm line 462.
Subroutine GetShortPathName redefined at C:\strawberry\cpan\build\Win32-Mock-0.05-DYZlGp\blib\lib/Win32/Mock/Win32.pm line 478.
Subroutine GetTickCount redefined at C:\strawberry\cpan\build\Win32-Mock-0.05-DYZlGp\blib\lib/Win32/Mock/Win32.pm line 502.
Subroutine IsWinNT redefined at C:\strawberry\cpan\build\Win32-Mock-0.05-DYZlGp\blib\lib/Win32/Mock/Win32.pm line 547.
Subroutine IsWin95 redefined at C:\strawberry\cpan\build\Win32-Mock-0.05-DYZlGp\blib\lib/Win32/Mock/Win32.pm line 555.
Subroutine LoginName redefined at C:\strawberry\cpan\build\Win32-Mock-0.05-DYZlGp\blib\lib/Win32/Mock/Win32.pm line 571.
Subroutine NodeName redefined at C:\strawberry\cpan\build\Win32-Mock-0.05-DYZlGp\blib\lib/Win32/Mock/Win32.pm line 610.
Subroutine SetChildShowWindow redefined at C:\strawberry\cpan\build\Win32-Mock-0.05-DYZlGp\blib\lib/Win32/Mock/Win32.pm line 636.
Subroutine SetCwd redefined at C:\strawberry\cpan\build\Win32-Mock-0.05-DYZlGp\blib\lib/Win32/Mock/Win32.pm line 645.
Subroutine SetLastError redefined at C:\strawberry\cpan\build\Win32-Mock-0.05-DYZlGp\blib\lib/Win32/Mock/Win32.pm line 653.
Subroutine Sleep redefined at C:\strawberry\cpan\build\Win32-Mock-0.05-DYZlGp\blib\lib/Win32/Mock/Win32.pm line 661.
Subroutine Spawn redefined at C:\strawberry\cpan\build\Win32-Mock-0.05-DYZlGp\blib\lib/Win32/Mock/Win32.pm line 674.
t\core\Win32\GetFileVersion.t ............ ok
Undefined value assigned to typeglob at C:\strawberry\cpan\build\Devel-FakeOSName-0.01-qthxGA/blib/lib/Devel/FakeOSName.pm line 21.
Subroutine CopyFile redefined at C:\strawberry\cpan\build\Win32-Mock-0.05-DYZlGp\blib\lib/Win32/Mock/Win32.pm line 177.
Subroutine DomainName redefined at C:\strawberry\cpan\build\Win32-Mock-0.05-DYZlGp\blib\lib/Win32/Mock/Win32.pm line 210.
Subroutine FormatMessage redefined at C:\strawberry\cpan\build\Win32-Mock-0.05-DYZlGp\blib\lib/Win32/Mock/Win32.pm line 229.
Subroutine FsType redefined at C:\strawberry\cpan\build\Win32-Mock-0.05-DYZlGp\blib\lib/Win32/Mock/Win32.pm line 238.
Subroutine GetCwd redefined at C:\strawberry\cpan\build\Win32-Mock-0.05-DYZlGp\blib\lib/Win32/Mock/Win32.pm line 297.
Subroutine GetFullPathName redefined at C:\strawberry\cpan\build\Win32-Mock-0.05-DYZlGp\blib\lib/Win32/Mock/Win32.pm line 402.
Subroutine GetLastError redefined at C:\strawberry\cpan\build\Win32-Mock-0.05-DYZlGp\blib\lib/Win32/Mock/Win32.pm line 420.
Subroutine GetLongPathName redefined at C:\strawberry\cpan\build\Win32-Mock-0.05-DYZlGp\blib\lib/Win32/Mock/Win32.pm line 428.
Subroutine GetNextAvailDrive redefined at C:\strawberry\cpan\build\Win32-Mock-0.05-DYZlGp\blib\lib/Win32/Mock/Win32.pm line 443.
Subroutine GetOSVersion redefined at C:\strawberry\cpan\build\Win32-Mock-0.05-DYZlGp\blib\lib/Win32/Mock/Win32.pm line 462.
Subroutine GetShortPathName redefined at C:\strawberry\cpan\build\Win32-Mock-0.05-DYZlGp\blib\lib/Win32/Mock/Win32.pm line 478.
Subroutine GetTickCount redefined at C:\strawberry\cpan\build\Win32-Mock-0.05-DYZlGp\blib\lib/Win32/Mock/Win32.pm line 502.
Subroutine IsWinNT redefined at C:\strawberry\cpan\build\Win32-Mock-0.05-DYZlGp\blib\lib/Win32/Mock/Win32.pm line 547.
Subroutine IsWin95 redefined at C:\strawberry\cpan\build\Win32-Mock-0.05-DYZlGp\blib\lib/Win32/Mock/Win32.pm line 555.
Subroutine LoginName redefined at C:\strawberry\cpan\build\Win32-Mock-0.05-DYZlGp\blib\lib/Win32/Mock/Win32.pm line 571.
Subroutine NodeName redefined at C:\strawberry\cpan\build\Win32-Mock-0.05-DYZlGp\blib\lib/Win32/Mock/Win32.pm line 610.
Subroutine SetChildShowWindow redefined at C:\strawberry\cpan\build\Win32-Mock-0.05-DYZlGp\blib\lib/Win32/Mock/Win32.pm line 636.
Subroutine SetCwd redefined at C:\strawberry\cpan\build\Win32-Mock-0.05-DYZlGp\blib\lib/Win32/Mock/Win32.pm line 645.
Subroutine SetLastError redefined at C:\strawberry\cpan\build\Win32-Mock-0.05-DYZlGp\blib\lib/Win32/Mock/Win32.pm line 653.
Subroutine Sleep redefined at C:\strawberry\cpan\build\Win32-Mock-0.05-DYZlGp\blib\lib/Win32/Mock/Win32.pm line 661.
Subroutine Spawn redefined at C:\strawberry\cpan\build\Win32-Mock-0.05-DYZlGp\blib\lib/Win32/Mock/Win32.pm line 674.
The getpwuid function is unimplemented at C:\strawberry\cpan\build\Win32-Mock-0.05-DYZlGp\blib\lib/Win32/Mock/Win32.pm line 332.
t\core\Win32\GetFolderPath.t .............
Dubious, test returned 255 (wstat 65280, 0xff00)
Failed 1/1 subtests
t\core\Win32\GetFullPathName.t ........... skipped: because these tests are too hard to mock
t\core\Win32\GetLongPathName.t ........... skipped: because these tests are too hard to mock
Undefined value assigned to typeglob at C:\strawberry\cpan\build\Devel-FakeOSName-0.01-qthxGA/blib/lib/Devel/FakeOSName.pm line 21.
Subroutine CopyFile redefined at C:\strawberry\cpan\build\Win32-Mock-0.05-DYZlGp\blib\lib/Win32/Mock/Win32.pm line 177.
Subroutine DomainName redefined at C:\strawberry\cpan\build\Win32-Mock-0.05-DYZlGp\blib\lib/Win32/Mock/Win32.pm line 210.
Subroutine FormatMessage redefined at C:\strawberry\cpan\build\Win32-Mock-0.05-DYZlGp\blib\lib/Win32/Mock/Win32.pm line 229.
Subroutine FsType redefined at C:\strawberry\cpan\build\Win32-Mock-0.05-DYZlGp\blib\lib/Win32/Mock/Win32.pm line 238.
Subroutine GetCwd redefined at C:\strawberry\cpan\build\Win32-Mock-0.05-DYZlGp\blib\lib/Win32/Mock/Win32.pm line 297.
Subroutine GetFullPathName redefined at C:\strawberry\cpan\build\Win32-Mock-0.05-DYZlGp\blib\lib/Win32/Mock/Win32.pm line 402.
Subroutine GetLastError redefined at C:\strawberry\cpan\build\Win32-Mock-0.05-DYZlGp\blib\lib/Win32/Mock/Win32.pm line 420.
Subroutine GetLongPathName redefined at C:\strawberry\cpan\build\Win32-Mock-0.05-DYZlGp\blib\lib/Win32/Mock/Win32.pm line 428.
Subroutine GetNextAvailDrive redefined at C:\strawberry\cpan\build\Win32-Mock-0.05-DYZlGp\blib\lib/Win32/Mock/Win32.pm line 443.
Subroutine GetOSVersion redefined at C:\strawberry\cpan\build\Win32-Mock-0.05-DYZlGp\blib\lib/Win32/Mock/Win32.pm line 462.
Subroutine GetShortPathName redefined at C:\strawberry\cpan\build\Win32-Mock-0.05-DYZlGp\blib\lib/Win32/Mock/Win32.pm line 478.
Subroutine GetTickCount redefined at C:\strawberry\cpan\build\Win32-Mock-0.05-DYZlGp\blib\lib/Win32/Mock/Win32.pm line 502.
Subroutine IsWinNT redefined at C:\strawberry\cpan\build\Win32-Mock-0.05-DYZlGp\blib\lib/Win32/Mock/Win32.pm line 547.
Subroutine IsWin95 redefined at C:\strawberry\cpan\build\Win32-Mock-0.05-DYZlGp\blib\lib/Win32/Mock/Win32.pm line 555.
Subroutine LoginName redefined at C:\strawberry\cpan\build\Win32-Mock-0.05-DYZlGp\blib\lib/Win32/Mock/Win32.pm line 571.
Subroutine NodeName redefined at C:\strawberry\cpan\build\Win32-Mock-0.05-DYZlGp\blib\lib/Win32/Mock/Win32.pm line 610.
Subroutine SetChildShowWindow redefined at C:\strawberry\cpan\build\Win32-Mock-0.05-DYZlGp\blib\lib/Win32/Mock/Win32.pm line 636.
Subroutine SetCwd redefined at C:\strawberry\cpan\build\Win32-Mock-0.05-DYZlGp\blib\lib/Win32/Mock/Win32.pm line 645.
Subroutine SetLastError redefined at C:\strawberry\cpan\build\Win32-Mock-0.05-DYZlGp\blib\lib/Win32/Mock/Win32.pm line 653.
Subroutine Sleep redefined at C:\strawberry\cpan\build\Win32-Mock-0.05-DYZlGp\blib\lib/Win32/Mock/Win32.pm line 661.
Subroutine Spawn redefined at C:\strawberry\cpan\build\Win32-Mock-0.05-DYZlGp\blib\lib/Win32/Mock/Win32.pm line 674.
t\core\Win32\GetOSVersion.t .............. ok
t\core\Win32\GetShortPathName.t .......... skipped: because these tests are too hard to mock
Undefined value assigned to typeglob at C:\strawberry\cpan\build\Devel-FakeOSName-0.01-qthxGA/blib/lib/Devel/FakeOSName.pm line 21.
Subroutine CopyFile redefined at C:\strawberry\cpan\build\Win32-Mock-0.05-DYZlGp\blib\lib/Win32/Mock/Win32.pm line 177.
Subroutine DomainName redefined at C:\strawberry\cpan\build\Win32-Mock-0.05-DYZlGp\blib\lib/Win32/Mock/Win32.pm line 210.
Subroutine FormatMessage redefined at C:\strawberry\cpan\build\Win32-Mock-0.05-DYZlGp\blib\lib/Win32/Mock/Win32.pm line 229.
Subroutine FsType redefined at C:\strawberry\cpan\build\Win32-Mock-0.05-DYZlGp\blib\lib/Win32/Mock/Win32.pm line 238.
Subroutine GetCwd redefined at C:\strawberry\cpan\build\Win32-Mock-0.05-DYZlGp\blib\lib/Win32/Mock/Win32.pm line 297.
Subroutine GetFullPathName redefined at C:\strawberry\cpan\build\Win32-Mock-0.05-DYZlGp\blib\lib/Win32/Mock/Win32.pm line 402.
Subroutine GetLastError redefined at C:\strawberry\cpan\build\Win32-Mock-0.05-DYZlGp\blib\lib/Win32/Mock/Win32.pm line 420.
Subroutine GetLongPathName redefined at C:\strawberry\cpan\build\Win32-Mock-0.05-DYZlGp\blib\lib/Win32/Mock/Win32.pm line 428.
Subroutine GetNextAvailDrive redefined at C:\strawberry\cpan\build\Win32-Mock-0.05-DYZlGp\blib\lib/Win32/Mock/Win32.pm line 443.
Subroutine GetOSVersion redefined at C:\strawberry\cpan\build\Win32-Mock-0.05-DYZlGp\blib\lib/Win32/Mock/Win32.pm line 462.
Subroutine GetShortPathName redefined at C:\strawberry\cpan\build\Win32-Mock-0.05-DYZlGp\blib\lib/Win32/Mock/Win32.pm line 478.
Subroutine GetTickCount redefined at C:\strawberry\cpan\build\Win32-Mock-0.05-DYZlGp\blib\lib/Win32/Mock/Win32.pm line 502.
Subroutine IsWinNT redefined at C:\strawberry\cpan\build\Win32-Mock-0.05-DYZlGp\blib\lib/Win32/Mock/Win32.pm line 547.
Subroutine IsWin95 redefined at C:\strawberry\cpan\build\Win32-Mock-0.05-DYZlGp\blib\lib/Win32/Mock/Win32.pm line 555.
Subroutine LoginName redefined at C:\strawberry\cpan\build\Win32-Mock-0.05-DYZlGp\blib\lib/Win32/Mock/Win32.pm line 571.
Subroutine NodeName redefined at C:\strawberry\cpan\build\Win32-Mock-0.05-DYZlGp\blib\lib/Win32/Mock/Win32.pm line 610.
Subroutine SetChildShowWindow redefined at C:\strawberry\cpan\build\Win32-Mock-0.05-DYZlGp\blib\lib/Win32/Mock/Win32.pm line 636.
Subroutine SetCwd redefined at C:\strawberry\cpan\build\Win32-Mock-0.05-DYZlGp\blib\lib/Win32/Mock/Win32.pm line 645.
Subroutine SetLastError redefined at C:\strawberry\cpan\build\Win32-Mock-0.05-DYZlGp\blib\lib/Win32/Mock/Win32.pm line 653.
Subroutine Sleep redefined at C:\strawberry\cpan\build\Win32-Mock-0.05-DYZlGp\blib\lib/Win32/Mock/Win32.pm line 661.
Subroutine Spawn redefined at C:\strawberry\cpan\build\Win32-Mock-0.05-DYZlGp\blib\lib/Win32/Mock/Win32.pm line 674.
t\core\Win32\GuidGen.t ................... ok
Undefined value assigned to typeglob at C:\strawberry\cpan\build\Devel-FakeOSName-0.01-qthxGA/blib/lib/Devel/FakeOSName.pm line 21.
Subroutine CopyFile redefined at C:\strawberry\cpan\build\Win32-Mock-0.05-DYZlGp\blib\lib/Win32/Mock/Win32.pm line 177.
Subroutine DomainName redefined at C:\strawberry\cpan\build\Win32-Mock-0.05-DYZlGp\blib\lib/Win32/Mock/Win32.pm line 210.
Subroutine FormatMessage redefined at C:\strawberry\cpan\build\Win32-Mock-0.05-DYZlGp\blib\lib/Win32/Mock/Win32.pm line 229.
Subroutine FsType redefined at C:\strawberry\cpan\build\Win32-Mock-0.05-DYZlGp\blib\lib/Win32/Mock/Win32.pm line 238.
Subroutine GetCwd redefined at C:\strawberry\cpan\build\Win32-Mock-0.05-DYZlGp\blib\lib/Win32/Mock/Win32.pm line 297.
Subroutine GetFullPathName redefined at C:\strawberry\cpan\build\Win32-Mock-0.05-DYZlGp\blib\lib/Win32/Mock/Win32.pm line 402.
Subroutine GetLastError redefined at C:\strawberry\cpan\build\Win32-Mock-0.05-DYZlGp\blib\lib/Win32/Mock/Win32.pm line 420.
Subroutine GetLongPathName redefined at C:\strawberry\cpan\build\Win32-Mock-0.05-DYZlGp\blib\lib/Win32/Mock/Win32.pm line 428.
Subroutine GetNextAvailDrive redefined at C:\strawberry\cpan\build\Win32-Mock-0.05-DYZlGp\blib\lib/Win32/Mock/Win32.pm line 443.
Subroutine GetOSVersion redefined at C:\strawberry\cpan\build\Win32-Mock-0.05-DYZlGp\blib\lib/Win32/Mock/Win32.pm line 462.
Subroutine GetShortPathName redefined at C:\strawberry\cpan\build\Win32-Mock-0.05-DYZlGp\blib\lib/Win32/Mock/Win32.pm line 478.
Subroutine GetTickCount redefined at C:\strawberry\cpan\build\Win32-Mock-0.05-DYZlGp\blib\lib/Win32/Mock/Win32.pm line 502.
Subroutine IsWinNT redefined at C:\strawberry\cpan\build\Win32-Mock-0.05-DYZlGp\blib\lib/Win32/Mock/Win32.pm line 547.
Subroutine IsWin95 redefined at C:\strawberry\cpan\build\Win32-Mock-0.05-DYZlGp\blib\lib/Win32/Mock/Win32.pm line 555.
Subroutine LoginName redefined at C:\strawberry\cpan\build\Win32-Mock-0.05-DYZlGp\blib\lib/Win32/Mock/Win32.pm line 571.
Subroutine NodeName redefined at C:\strawberry\cpan\build\Win32-Mock-0.05-DYZlGp\blib\lib/Win32/Mock/Win32.pm line 610.
Subroutine SetChildShowWindow redefined at C:\strawberry\cpan\build\Win32-Mock-0.05-DYZlGp\blib\lib/Win32/Mock/Win32.pm line 636.
Subroutine SetCwd redefined at C:\strawberry\cpan\build\Win32-Mock-0.05-DYZlGp\blib\lib/Win32/Mock/Win32.pm line 645.
Subroutine SetLastError redefined at C:\strawberry\cpan\build\Win32-Mock-0.05-DYZlGp\blib\lib/Win32/Mock/Win32.pm line 653.
Subroutine Sleep redefined at C:\strawberry\cpan\build\Win32-Mock-0.05-DYZlGp\blib\lib/Win32/Mock/Win32.pm line 661.
Subroutine Spawn redefined at C:\strawberry\cpan\build\Win32-Mock-0.05-DYZlGp\blib\lib/Win32/Mock/Win32.pm line 674.
# Failed test 'Win32::LoginName()'
# at t\core\Win32\Names.t line 51.
# got: 'The getpwuid function is unimplemented at C:\strawberry\cpan\build\Win32-Mock-0.05-DYZlGp\blib\lib/Win32/Mock/Win32.pm line 572.
# '
# expected: ''
# Failed test ' - checking returned login name'
# at t\core\Win32\Names.t line 52.
# '0'
# >
# '0'
# Looks like you failed 2 tests of 16.
t\core\Win32\Names.t .....................
Dubious, test returned 2 (wstat 512, 0x200)
Failed 2/16 subtests
Undefined value assigned to typeglob at C:\strawberry\cpan\build\Devel-FakeOSName-0.01-qthxGA/blib/lib/Devel/FakeOSName.pm line 21.
Subroutine CopyFile redefined at C:\strawberry\cpan\build\Win32-Mock-0.05-DYZlGp\blib\lib/Win32/Mock/Win32.pm line 177.
Subroutine DomainName redefined at C:\strawberry\cpan\build\Win32-Mock-0.05-DYZlGp\blib\lib/Win32/Mock/Win32.pm line 210.
Subroutine FormatMessage redefined at C:\strawberry\cpan\build\Win32-Mock-0.05-DYZlGp\blib\lib/Win32/Mock/Win32.pm line 229.
Subroutine FsType redefined at C:\strawberry\cpan\build\Win32-Mock-0.05-DYZlGp\blib\lib/Win32/Mock/Win32.pm line 238.
Subroutine GetCwd redefined at C:\strawberry\cpan\build\Win32-Mock-0.05-DYZlGp\blib\lib/Win32/Mock/Win32.pm line 297.
Subroutine GetFullPathName redefined at C:\strawberry\cpan\build\Win32-Mock-0.05-DYZlGp\blib\lib/Win32/Mock/Win32.pm line 402.
Subroutine GetLastError redefined at C:\strawberry\cpan\build\Win32-Mock-0.05-DYZlGp\blib\lib/Win32/Mock/Win32.pm line 420.
Subroutine GetLongPathName redefined at C:\strawberry\cpan\build\Win32-Mock-0.05-DYZlGp\blib\lib/Win32/Mock/Win32.pm line 428.
Subroutine GetNextAvailDrive redefined at C:\strawberry\cpan\build\Win32-Mock-0.05-DYZlGp\blib\lib/Win32/Mock/Win32.pm line 443.
Subroutine GetOSVersion redefined at C:\strawberry\cpan\build\Win32-Mock-0.05-DYZlGp\blib\lib/Win32/Mock/Win32.pm line 462.
Subroutine GetShortPathName redefined at C:\strawberry\cpan\build\Win32-Mock-0.05-DYZlGp\blib\lib/Win32/Mock/Win32.pm line 478.
Subroutine GetTickCount redefined at C:\strawberry\cpan\build\Win32-Mock-0.05-DYZlGp\blib\lib/Win32/Mock/Win32.pm line 502.
Subroutine IsWinNT redefined at C:\strawberry\cpan\build\Win32-Mock-0.05-DYZlGp\blib\lib/Win32/Mock/Win32.pm line 547.
Subroutine IsWin95 redefined at C:\strawberry\cpan\build\Win32-Mock-0.05-DYZlGp\blib\lib/Win32/Mock/Win32.pm line 555.
Subroutine LoginName redefined at C:\strawberry\cpan\build\Win32-Mock-0.05-DYZlGp\blib\lib/Win32/Mock/Win32.pm line 571.
Subroutine NodeName redefined at C:\strawberry\cpan\build\Win32-Mock-0.05-DYZlGp\blib\lib/Win32/Mock/Win32.pm line 610.
Subroutine SetChildShowWindow redefined at C:\strawberry\cpan\build\Win32-Mock-0.05-DYZlGp\blib\lib/Win32/Mock/Win32.pm line 636.
Subroutine SetCwd redefined at C:\strawberry\cpan\build\Win32-Mock-0.05-DYZlGp\blib\lib/Win32/Mock/Win32.pm line 645.
Subroutine SetLastError redefined at C:\strawberry\cpan\build\Win32-Mock-0.05-DYZlGp\blib\lib/Win32/Mock/Win32.pm line 653.
Subroutine Sleep redefined at C:\strawberry\cpan\build\Win32-Mock-0.05-DYZlGp\blib\lib/Win32/Mock/Win32.pm line 661.
Subroutine Spawn redefined at C:\strawberry\cpan\build\Win32-Mock-0.05-DYZlGp\blib\lib/Win32/Mock/Win32.pm line 674.
Deep recursion on subroutine "Cwd::_win32_cwd" at C:\strawberry\cpan\build\Win32-Mock-0.05-DYZlGp\blib\lib/Win32/Mock/Win32.pm line 299.
Out of memory!
Callback called exit at t\core\Win32\Unicode.t line 20.
BEGIN failed--compilation aborted at t\core\Win32\Unicode.t line 20.
t\core\Win32\Unicode.t ...................
Dubious, test returned 2 (wstat 512, 0x200)
No subtests run
Undefined value assigned to typeglob at C:\strawberry\cpan\build\Devel-FakeOSName-0.01-qthxGA/blib/lib/Devel/FakeOSName.pm line 21.
Subroutine CopyFile redefined at C:\strawberry\cpan\build\Win32-Mock-0.05-DYZlGp\blib\lib/Win32/Mock/Win32.pm line 177.
Subroutine DomainName redefined at C:\strawberry\cpan\build\Win32-Mock-0.05-DYZlGp\blib\lib/Win32/Mock/Win32.pm line 210.
Subroutine FormatMessage redefined at C:\strawberry\cpan\build\Win32-Mock-0.05-DYZlGp\blib\lib/Win32/Mock/Win32.pm line 229.
Subroutine FsType redefined at C:\strawberry\cpan\build\Win32-Mock-0.05-DYZlGp\blib\lib/Win32/Mock/Win32.pm line 238.
Subroutine GetCwd redefined at C:\strawberry\cpan\build\Win32-Mock-0.05-DYZlGp\blib\lib/Win32/Mock/Win32.pm line 297.
Subroutine GetFullPathName redefined at C:\strawberry\cpan\build\Win32-Mock-0.05-DYZlGp\blib\lib/Win32/Mock/Win32.pm line 402.
Subroutine GetLastError redefined at C:\strawberry\cpan\build\Win32-Mock-0.05-DYZlGp\blib\lib/Win32/Mock/Win32.pm line 420.
Subroutine GetLongPathName redefined at C:\strawberry\cpan\build\Win32-Mock-0.05-DYZlGp\blib\lib/Win32/Mock/Win32.pm line 428.
Subroutine GetNextAvailDrive redefined at C:\strawberry\cpan\build\Win32-Mock-0.05-DYZlGp\blib\lib/Win32/Mock/Win32.pm line 443.
Subroutine GetOSVersion redefined at C:\strawberry\cpan\build\Win32-Mock-0.05-DYZlGp\blib\lib/Win32/Mock/Win32.pm line 462.
Subroutine GetShortPathName redefined at C:\strawberry\cpan\build\Win32-Mock-0.05-DYZlGp\blib\lib/Win32/Mock/Win32.pm line 478.
Subroutine GetTickCount redefined at C:\strawberry\cpan\build\Win32-Mock-0.05-DYZlGp\blib\lib/Win32/Mock/Win32.pm line 502.
Subroutine IsWinNT redefined at C:\strawberry\cpan\build\Win32-Mock-0.05-DYZlGp\blib\lib/Win32/Mock/Win32.pm line 547.
Subroutine IsWin95 redefined at C:\strawberry\cpan\build\Win32-Mock-0.05-DYZlGp\blib\lib/Win32/Mock/Win32.pm line 555.
Subroutine LoginName redefined at C:\strawberry\cpan\build\Win32-Mock-0.05-DYZlGp\blib\lib/Win32/Mock/Win32.pm line 571.
Subroutine NodeName redefined at C:\strawberry\cpan\build\Win32-Mock-0.05-DYZlGp\blib\lib/Win32/Mock/Win32.pm line 610.
Subroutine SetChildShowWindow redefined at C:\strawberry\cpan\build\Win32-Mock-0.05-DYZlGp\blib\lib/Win32/Mock/Win32.pm line 636.
Subroutine SetCwd redefined at C:\strawberry\cpan\build\Win32-Mock-0.05-DYZlGp\blib\lib/Win32/Mock/Win32.pm line 645.
Subroutine SetLastError redefined at C:\strawberry\cpan\build\Win32-Mock-0.05-DYZlGp\blib\lib/Win32/Mock/Win32.pm line 653.
Subroutine Sleep redefined at C:\strawberry\cpan\build\Win32-Mock-0.05-DYZlGp\blib\lib/Win32/Mock/Win32.pm line 661.
Subroutine Spawn redefined at C:\strawberry\cpan\build\Win32-Mock-0.05-DYZlGp\blib\lib/Win32/Mock/Win32.pm line 674.
Win32 version 0.27 required--this is only version 0.01 at t\core\Win32CORE\win32core.t line 27.
BEGIN failed--compilation aborted.
# Looks like you planned 4 tests but ran 2.
# Looks like your test exited with 9 just after 2.
t\core\Win32CORE\win32core.t .............
Dubious, test returned 9 (wstat 2304, 0x900)
Failed 2/4 subtests
t\libwin32\APINet\test.t ................. skipped: *** NOT IMPLEMENTED
t\libwin32\Clipboard\test.t .............. skipped: *** NOT IMPLEMENTED
t\libwin32\EventLog\eventlog.t ........... skipped: *** NOT IMPLEMENTED
Undefined value assigned to typeglob at C:\strawberry\cpan\build\Devel-FakeOSName-0.01-qthxGA/blib/lib/Devel/FakeOSName.pm line 21.
t\libwin32\File\file.t ................... ok
t\libwin32\NetAdmin\netadmin.t ........... skipped: *** NOT IMPLEMENTED
t\libwin32\NetResource\netresource.t ..... skipped: *** NOT IMPLEMENTED
t\libwin32\OLE\1_nls.t ................... skipped: *** NOT IMPLEMENTED
t\libwin32\OLE\2_variant.t ............... skipped: *** NOT IMPLEMENTED
t\libwin32\OLE\3_ole.t ................... skipped: *** NOT IMPLEMENTED
t\libwin32\OLE\4_compat.t ................ skipped: *** NOT IMPLEMENTED
t\libwin32\OLE\5_unicode.t ............... skipped: *** NOT IMPLEMENTED
t\libwin32\OLE\6_event.t ................. skipped: *** NOT IMPLEMENTED
t\libwin32\OLE\7_overload.t .............. skipped: *** NOT IMPLEMENTED
t\libwin32\Registry\registry.t ........... skipped: *** NOT IMPLEMENTED
Undefined value assigned to typeglob at C:\strawberry\cpan\build\Devel-FakeOSName-0.01-qthxGA/blib/lib/Devel/FakeOSName.pm line 21.
dummy|dummy
ServiceSpecificExitCode 0
ServiceType 16
CurrentState 7
CheckPoint 0
ControlsAccepted 2
Win32ExitCode 0
WaitHint 0
t\libwin32\Service\service.t ............. ok
Test Summary Report
-------------------
t\core\Win32\GetFolderPath.t (Wstat: 65280 Tests: 0 Failed: 0)
Non-zero exit status: 255
Parse errors: Bad plan. You planned 1 tests but ran 0.
t\core\Win32\Names.t (Wstat: 512 Tests: 16 Failed: 2)
Failed tests: 13-14
Non-zero exit status: 2
t\core\Win32\Unicode.t (Wstat: 512 Tests: 0 Failed: 0)
Non-zero exit status: 2
Parse errors: No plan found in TAP output
t\core\Win32CORE\win32core.t (Wstat: 2304 Tests: 2 Failed: 0)
Non-zero exit status: 9
Parse errors: Bad plan. You planned 4 tests but ran 2.
Files=32, Tests=57, 149 wallclock secs ( 0.08 usr + 0.16 sys = 0.24 CPU)
Result: FAIL
Failed 4/32 test programs. 2/57 subtests failed.
------------------------------
PREREQUISITES
------------------------------
Prerequisite modules loaded:
requires:
Module Need Have
----------------- ---- --------
constant 1.12 1.17
Devel::FakeOSName 0 0.01
ExtUtils::Command 0 1.16
File::Basename 0 2.76
File::Spec 0.7 3.40
build_requires:
Module Need Have
----------------- ---- --------
Test::More 0 1.001002
------------------------------
ENVIRONMENT AND OTHER CONTEXT
------------------------------
Environment variables:
AUTOMATED_TESTING = 1
COMSPEC = C:\WINDOWS\system32\cmd.exe
NUMBER_OF_PROCESSORS = 1
PATH = C:\Program Files\Far Manager\;C:\WINDOWS\system32;C:\WINDOWS;C:\WINDOWS\System32\Wbem;C:\strawberry\c\bin;C:\strawberry\perl\bin
PERL5LIB = C:\strawberry\cpan\build\Devel-FakeOSName-0.01-qthxGA/blib/arch;C:\strawberry\cpan\build\Devel-FakeOSName-0.01-qthxGA/blib/lib
PERL5OPT =
PERL5_CPANPLUS_IS_RUNNING = 38084
PERL5_CPAN_IS_RUNNING = 38084
PERL5_CPAN_IS_RUNNING_IN_RECURSION = 2100,38084
PERL_CR_SMOKER_CURRENT = Win32-Mock-0.05
PERL_EXTUTILS_AUTOINSTALL = --defaultdeps
PERL_MM_USE_DEFAULT = 1
PROCESSOR_IDENTIFIER = x86 Family 16 Model 5 Stepping 3, AuthenticAMD
TEMP = C:\DOCUME~1\c\LOCALS~1\Temp
TERM = dumb
Perl special variables (and OS-specific diagnostics, for MSWin32):
$^X = C:\strawberry\perl\bin\perl.exe
$UID/$EUID = 0 / 0
$GID = 0
$EGID = 0
Win32::GetOSName = WinXP/.Net
Win32::GetOSVersion = Service Pack 3, 5, 1, 2600, 2, 3, 0, 256, 1
Win32::FsType = NTFS
Win32::IsAdminUser = 1
Perl module toolchain versions installed:
Module Have
------------------- --------
CPAN 2.00
CPAN::Meta 2.132830
Cwd 3.40
ExtUtils::CBuilder 0.280212
ExtUtils::Command 1.16
ExtUtils::Install 1.54
ExtUtils::MakeMaker 6.82
ExtUtils::Manifest 1.60
ExtUtils::ParseXS 3.22
File::Spec 3.40
JSON 2.90
JSON::PP 2.27203
Module::Build 0.4202
Module::Signature 0.73
Parse::CPAN::Meta 1.4409
Test::Harness 3.30
Test::More 1.001002
YAML 0.84
YAML::Syck 1.27
version 0.9904
--
Summary of my perl5 (revision 5 version 10 subversion 0) configuration:
Platform:
osname=MSWin32, osvers=5.1, archname=MSWin32-x86-multi-thread
uname='Win32 strawberryperl 5.10.0.6 #1 Wed Jul 29 22:19:01 2009 i386'
config_args='undef'
hint=recommended, useposix=true, d_sigaction=undef
useithreads=define, usemultiplicity=define
useperlio=define, d_sfio=undef, uselargefiles=define, usesocks=undef
use64bitint=undef, use64bitall=undef, uselongdouble=undef
usemymalloc=n, bincompat5005=undef
Compiler:
cc='gcc', ccflags =' -s -O2 -DWIN32 -DHAVE_DES_FCRYPT -DPERL_IMPLICIT_CONTEXT -DPERL_IMPLICIT_SYS -fno-strict-aliasing -DPERL_MSVCRT_READFIX',
optimize='-s -O2',
cppflags='-DWIN32'
ccversion='', gccversion='3.4.5', gccosandvers=''
intsize=4, longsize=4, ptrsize=4, doublesize=8, byteorder=1234
d_longlong=undef, longlongsize=8, d_longdbl=define, longdblsize=12
ivtype='long', ivsize=4, nvtype='double', nvsize=8, Off_t='long long', lseeksize=8
alignbytes=8, prototype=define
Linker and Libraries:
ld='g++', ldflags ='-s -L"C:\strawberry\perl\lib\CORE" -L"C:\strawberry\c\lib"'
libpth=C:\strawberry\c\lib
libs= -lmsvcrt -lmoldname -lkernel32 -luser32 -lgdi32 -lwinspool -lcomdlg32 -ladvapi32 -lshell32 -lole32 -loleaut32 -lnetapi32 -luuid -lws2_32 -lmpr -lwinmm -lversion -lodbc32 -lodbccp32
perllibs= -lmsvcrt -lmoldname -lkernel32 -luser32 -lgdi32 -lwinspool -lcomdlg32 -ladvapi32 -lshell32 -lole32 -loleaut32 -lnetapi32 -luuid -lws2_32 -lmpr -lwinmm -lversion -lodbc32 -lodbccp32
libc=-lmsvcrt, so=dll, useshrplib=true, libperl=libperl510.a
gnulibc_version=''
Dynamic Linking:
dlsrc=dl_win32.xs, dlext=dll, d_dlsymun=undef, ccdlflags=' '
cccdlflags=' ', lddlflags='-mdll -s -L"C:\strawberry\perl\lib\CORE" -L"C:\strawberry\c\lib"'
Characteristics of this binary (from libperl):
Compile-time options: MULTIPLICITY PERL_DONT_CREATE_GVSV
PERL_IMPLICIT_CONTEXT PERL_IMPLICIT_SYS
PERL_MALLOC_WRAP PL_OP_SLAB_ALLOC USE_ITHREADS
USE_LARGE_FILES USE_PERLIO
Built under MSWin32
Compiled at Jul 29 2009 22:37:03
%ENV:
PERL5LIB="C:\strawberry\cpan\build\Devel-FakeOSName-0.01-qthxGA/blib/arch;C:\strawberry\cpan\build\Devel-FakeOSName-0.01-qthxGA/blib/lib"
PERL5_CPANPLUS_IS_RUNNING="38084"
PERL5_CPAN_IS_RUNNING="38084"
PERL5_CPAN_IS_RUNNING_IN_RECURSION="2100,38084"
PERL_CR_SMOKER_CURRENT="Win32-Mock-0.05"
PERL_EXTUTILS_AUTOINSTALL="--defaultdeps"
PERL_MM_USE_DEFAULT="1"
@INC:
C:\strawberry\cpan\build\Devel-FakeOSName-0.01-qthxGA/blib/arch
C:\strawberry\cpan\build\Devel-FakeOSName-0.01-qthxGA/blib/lib
C:/strawberry/perl/lib
C:/strawberry/perl/site/lib
.