Test-Unit v0.25 Perl 5 v5.16.0 darwin-thread-multi-2level
- Status
- Fail
- From
- Nigel Horne
- Dist
-
Test-Unit v0.25
- Platform
- Perl 5 v5.16.0 darwin-thread-multi-2level
- Date
- 2018-07-06 16:41:23
- ID
- 6b599f40-813b-11e8-b2ea-9854d07491a7
This distribution has been tested as part of the CPAN Testers
project, supporting the Perl programming language. See
http://wiki.cpantesters.org/ for more information or email
questions to cpan-testers-discuss@perl.org
--
Dear Matthew Astley,
This is a computer-generated report for Test-Unit-0.25
on perl 5.16.0, created by CPAN-Reporter-1.2018.
Thank you for uploading your work to CPAN. However, there was a problem
testing your distribution.
If you think this report is invalid, please consult the CPAN Testers Wiki
for suggestions on how to avoid getting FAIL reports for missing library
or binary dependencies, unsupported operating systems, and so on:
http://wiki.cpantesters.org/wiki/CPANAuthorNotes
Sections of this report:
* Tester comments
* Program output
* Prerequisites
* Environment and other context
------------------------------
TESTER COMMENTS
------------------------------
Additional comments from tester:
this report is from an automated smoke testing program
and was not reviewed by a human for accuracy
------------------------------
PROGRAM OUTPUT
------------------------------
Output from '/sw/bin/make test':
PERL_DL_NONLAZY=1 "/Users/hornenj/perl5/perlbrew/perls/perl-5.16.0/bin/perl" "-MExtUtils::Command::MM" "-MTest::Harness" "-e" "undef *Test::Harness::Switches; test_harness(0, 'blib/lib', 'blib/arch')" t/*.t
> The STDERR redirection may not work or may behave differently under
> your OS 'darwin'. That will probably cause this test to fail.
defined(@array) is deprecated at /Users/hornenj/.cpan/build/Test-Unit-0.25-0/blib/lib/Test/Unit/TestCase.pm line 106.
(Maybe you should just omit the defined()?)
defined(@array) is deprecated at /Users/hornenj/.cpan/build/Test-Unit-0.25-0/blib/lib/Test/Unit/TestCase.pm line 106.
(Maybe you should just omit the defined()?)
# Test 1 got: "defined(@array) is deprecated at /Users/hornenj/.cpan/build/Test-Unit-0.25-0/blib/lib/Test/Unit/TestCase.pm line 106.\n# \t(Maybe you should just omit the defined()?)\n# Suite setup\n# TEST-RUN-SUMMARY\n# \n# TIME-SUMMARY\n# \n# !!!FAILURES!!!\n# Test Results:\n# Run: 2, Failures: 1, Errors: 0\n# \n# There was 1 failure:\n# 1) examples/fail_example.pm:19 - test_fail(fail_example)\n# Born to lose ...\n# \n# Test was not successful.\n# " (t/try_examples.t at line 106)
# Expected: "Suite setup\n# TEST-RUN-SUMMARY\n# \n# TIME-SUMMARY\n# \n# !!!FAILURES!!!\n# Test Results:\n# Run: 2, Failures: 1, Errors: 0\n# \n# There was 1 failure:\n# 1) examples/fail_example.pm:19 - test_fail(fail_example)\n# Born to lose ...\n# \n# Test was not successful.\n# "
# Line 1 is changed:
# - "Suite setup\n"
# + "defined(@array) is deprecated at /Users/hornenj/.cpan/build/Test-Unit-0.25-0/blib/lib/Test/Unit/TestCase.pm line 106.\n"
# Got 2 extra lines at line 2:
# + "# \t(Maybe you should just omit the defined()?)\n"
# + "# Suite setup\n"
# t/try_examples.t line 106 is: ok($out, $guru_checked{$e});
# Test 2 got: "defined(@array) is deprecated at /Users/hornenj/.cpan/build/Test-Unit-0.25-0/blib/lib/Test/Unit/TestCase.pm line 106.\n# \t(Maybe you should just omit the defined()?)\n# ...\n# TIME-SUMMARY\n# \n# OK (3 tests)\n# " (t/try_examples.t at line 106 fail #2)
# Expected: "...\n# TIME-SUMMARY\n# \n# OK (3 tests)\n# "
# Line 1 is changed:
# - "...\n"
# + "defined(@array) is deprecated at /Users/hornenj/.cpan/build/Test-Unit-0.25-0/blib/lib/Test/Unit/TestCase.pm line 106.\n"
# Got 2 extra lines at line 2:
# + "# \t(Maybe you should just omit the defined()?)\n"
# + "# ...\n"
# Test 3 got: "defined(@array) is deprecated at /Users/hornenj/.cpan/build/Test-Unit-0.25-0/blib/lib/Test/Unit/TestCase.pm line 106.\n# \t(Maybe you should just omit the defined()?)\n# ...\n# TIME-SUMMARY\n# \n# OK (3 tests)\n# " (t/try_examples.t at line 106 fail #3)
# Expected: "...\n# TIME-SUMMARY\n# \n# OK (3 tests)\n# "
# Line 1 is changed:
# - "...\n"
# + "defined(@array) is deprecated at /Users/hornenj/.cpan/build/Test-Unit-0.25-0/blib/lib/Test/Unit/TestCase.pm line 106.\n"
# Got 2 extra lines at line 2:
# + "# \t(Maybe you should just omit the defined()?)\n"
# + "# ...\n"
# Test 4 got: "defined(@array) is deprecated at /Users/hornenj/.cpan/build/Test-Unit-0.25-0/blib/lib/Test/Unit/TestCase.pm line 106.\n# \t(Maybe you should just omit the defined()?)\n# ...\n# TIME-SUMMARY\n# \n# OK (3 tests)\n# " (t/try_examples.t at line 106 fail #4)
# Expected: "...\n# TIME-SUMMARY\n# \n# OK (3 tests)\n# "
# Line 1 is changed:
# - "...\n"
# + "defined(@array) is deprecated at /Users/hornenj/.cpan/build/Test-Unit-0.25-0/blib/lib/Test/Unit/TestCase.pm line 106.\n"
# Got 2 extra lines at line 2:
# + "# \t(Maybe you should just omit the defined()?)\n"
# + "# ...\n"
t/try_examples.t ..
Failed 4/4 subtests
t/all_tests.t ..... ok
t/assert.t ........
Failed 2/40 subtests
Test Summary Report
-------------------
t/try_examples.t (Wstat: 0 Tests: 4 Failed: 4)
Failed tests: 1-4
t/assert.t (Wstat: 0 Tests: 40 Failed: 2)
Failed tests: 26, 39
Files=3, Tests=89, 0 wallclock secs ( 0.02 usr 0.01 sys + 0.61 cusr 0.10 csys = 0.74 CPU)
Result: FAIL
Failed 2/3 test programs. 6/89 subtests failed.
make: *** [Makefile:955: test_dynamic] Error 255
------------------------------
PREREQUISITES
------------------------------
Prerequisite modules loaded:
requires:
Module Need Have
------------------- ---- --------
base 1 2.18
Class::Inner 0 0.200001
Devel::Symdump 0 2.15
Error 0 0.17024
build_requires:
Module Need Have
------------------- ---- --------
ExtUtils::MakeMaker 0 7.30
------------------------------
ENVIRONMENT AND OTHER CONTEXT
------------------------------
Environment variables:
AUTOMATED_TESTING = 1
HARNESS_OPTIONS = c:j3
LANG = en_US.UTF-8
LC_ALL = POSIX
PATH = /Users/hornenj/perl5/perlbrew/bin:/Users/hornenj/perl5/perlbrew/perls/perl-5.16.0/bin:/Users/hornenj/homebrew/bin:/Users/hornenj/bin:/usr/bin:/bin:/usr/X11R6/bin:/sw/bin:/Users/hornenj/src/njh/smoker/bin
PERL5LIB = /Users/hornenj/.cpan/build/Class-Inner-0.200001-0/blib/arch:/Users/hornenj/.cpan/build/Class-Inner-0.200001-0/blib/lib:/Users/hornenj/.cpan/build/Spreadsheet-WriteExcel-2.40-0/blib/arch:/Users/hornenj/.cpan/build/Spreadsheet-WriteExcel-2.40-0/blib/lib:/Users/hornenj/.cpan/build/OLE-Storage_Lite-0.19-0/blib/arch:/Users/hornenj/.cpan/build/OLE-Storage_Lite-0.19-0/blib/lib
PERL5OPT =
PERL5_CPANPLUS_IS_RUNNING = 98046
PERL5_CPAN_IS_RUNNING = 98046
PERLBREW_HOME = /Users/hornenj/.perlbrew
PERLBREW_MANPATH = /Users/hornenj/perl5/perlbrew/perls/perl-5.16.0/man
PERLBREW_PATH = /Users/hornenj/perl5/perlbrew/bin:/Users/hornenj/perl5/perlbrew/perls/perl-5.16.0/bin
PERLBREW_PERL = perl-5.16.0
PERLBREW_ROOT = /Users/hornenj/perl5/perlbrew
PERLBREW_SHELLRC_VERSION = 0.84
PERLBREW_VERSION = 0.84
SHELL = /bin/bash
TERM = xterm-256color
TMPDIR = /var/folders/pz/pd7y1qjs6s3cbk170cw50fjc000c61/T//testwrapper.98034
VERSIONER_PERL_PREFER_32_BIT = no
VERSIONER_PERL_VERSION = 5.18
Perl special variables (and OS-specific diagnostics, for MSWin32):
$^X = /Users/hornenj/perl5/perlbrew/perls/perl-5.16.0/bin/perl
$UID/$EUID = 12481 / 12481
$GID = 14 14 5344 37191 527 12 62 98 204 399 206 37223 241 223 100
$EGID = 14 14 5344 37191 527 12 62 98 204 399 206 37223 241 223 100
Perl module toolchain versions installed:
Module Have
------------------- --------
CPAN 2.16
CPAN::Meta 2.150005
Cwd 3.47
ExtUtils::CBuilder 0.280224
ExtUtils::Command 7.30
ExtUtils::Install 2.06
ExtUtils::MakeMaker 7.30
ExtUtils::Manifest 1.70
ExtUtils::ParseXS 3.30
File::Spec 3.47
JSON 2.93
JSON::PP 2.27400
Module::Build 0.4214
Module::Signature n/a
Parse::CPAN::Meta 1.4422
Test::Harness 3.36
Test::More 1.302106
YAML 1.26
YAML::Syck 1.30
version 0.9912
--
Summary of my perl5 (revision 5 version 16 subversion 0) configuration:
Platform:
osname=darwin, osvers=13.4.0, archname=darwin-thread-multi-2level
uname='darwin ncbimac2008.ncbi.nlm.nih.gov 13.4.0 darwin kernel version 13.4.0: sun aug 17 19:50:11 pdt 2014; root:xnu-2422.115.4~1release_x86_64 x86_64 '
config_args='-de -Dprefix=/Users/hornenj/perl5/perlbrew/perls/perl-5.16.0 -Duseithreads -Dusemultiplicity -Dusedevel -Accflags=-O2 -W -Wformat=2 -Wswitch -Wshadow -Wwrite-strings -Wuninitialized -Wall -pipe -mtune=native -march=native -fomit-frame-pointer -msse2 -msse -mmmx -pedantic -D_FORTIFY_SOURCE=2 -Wpointer-arith -Wstrict-prototypes -fstack-protector -Wstack-protector -Wextra -Wbad-function-cast -Wcast-align -Wcast-qual -Wdisabled-optimization -Wendif-labels -Wfloat-equal -Wformat-nonliteral -Winline -Wmissing-declarations -Wmissing-prototypes -Wnested-externs -Wpointer-arith -Wundef -Wformat-security -fassociative-math -Acc=cc -Aeval:scriptdir=/Users/hornenj/perl5/perlbrew/perls/perl-5.16.0/bin'
hint=recommended, useposix=true, d_sigaction=define
useithreads=define, usemultiplicity=define
useperlio=define, d_sfio=undef, uselargefiles=define, usesocks=undef
use64bitint=define, use64bitall=define, uselongdouble=undef
usemymalloc=n, bincompat5005=undef
Compiler:
cc=' cc', ccflags ='-fno-common -DPERL_DARWIN -O2 -W -Wformat=2 -Wswitch -Wshadow -Wwrite-strings -Wuninitialized -Wall -pipe -mtune=native -march=native -fomit-frame-pointer -msse2 -msse -mmmx -pedantic -D_FORTIFY_SOURCE=2 -Wpointer-arith -Wstrict-prototypes -fstack-protector -Wstack-protector -Wextra -Wbad-function-cast -Wcast-align -Wcast-qual -Wdisabled-optimization -Wendif-labels -Wfloat-equal -Wformat-nonliteral -Winline -Wmissing-declarations -Wmissing-prototypes -Wnested-externs -Wpointer-arith -Wundef -Wformat-security -fassociative-math -fno-strict-aliasing -I/usr/local/include',
optimize='-O3',
cppflags='-fno-common -DPERL_DARWIN -O2 -W -Wformat=2 -Wswitch -Wshadow -Wwrite-strings -Wuninitialized -Wall -pipe -mtune=native -march=native -fomit-frame-pointer -msse2 -msse -mmmx -pedantic -D_FORTIFY_SOURCE=2 -Wpointer-arith -Wstrict-prototypes -fstack-protector -Wstack-protector -Wextra -Wbad-function-cast -Wcast-align -Wcast-qual -Wdisabled-optimization -Wendif-labels -Wfloat-equal -Wformat-nonliteral -Winline -Wmissing-declarations -Wmissing-prototypes -Wnested-externs -Wpointer-arith -Wundef -Wformat-security -fassociative-math -fno-strict-aliasing -I/usr/local/include'
ccversion='', gccversion='4.2.1 Compatible Apple LLVM 6.0 (clang-600.0.51)', gccosandvers=''
intsize=4, longsize=8, ptrsize=8, doublesize=8, byteorder=12345678
d_longlong=define, longlongsize=8, d_longdbl=define, longdblsize=16
ivtype='long', ivsize=8, nvtype='double', nvsize=8, Off_t='off_t', lseeksize=8
alignbytes=8, prototype=define
Linker and Libraries:
ld='env MACOSX_DEPLOYMENT_TARGET=10.3 cc', ldflags =' -fstack-protector -L/usr/local/lib'
libpth=/usr/local/lib /usr/lib
libs=-ldbm -ldl -lm -lutil -lc
perllibs=-ldl -lm -lutil -lc
libc=, so=dylib, useshrplib=false, libperl=libperl.a
gnulibc_version=''
Dynamic Linking:
dlsrc=dl_dlopen.xs, dlext=bundle, d_dlsymun=undef, ccdlflags=' '
cccdlflags=' ', lddlflags=' -bundle -undefined dynamic_lookup -L/usr/local/lib -fstack-protector'
Characteristics of this binary (from libperl):
Compile-time options: HAS_TIMES MULTIPLICITY PERLIO_LAYERS
PERL_DONT_CREATE_GVSV PERL_IMPLICIT_CONTEXT
PERL_MALLOC_WRAP PERL_PRESERVE_IVUV PERL_USE_DEVEL
USE_64_BIT_ALL USE_64_BIT_INT USE_ITHREADS
USE_LARGE_FILES USE_LOCALE USE_LOCALE_COLLATE
USE_LOCALE_CTYPE USE_LOCALE_NUMERIC USE_PERLIO
USE_PERL_ATOF USE_REENTRANT_API
Built under darwin
Compiled at Oct 7 2014 11:59:54
%ENV:
PERL5LIB="/Users/hornenj/.cpan/build/Class-Inner-0.200001-0/blib/arch:/Users/hornenj/.cpan/build/Class-Inner-0.200001-0/blib/lib:/Users/hornenj/.cpan/build/Spreadsheet-WriteExcel-2.40-0/blib/arch:/Users/hornenj/.cpan/build/Spreadsheet-WriteExcel-2.40-0/blib/lib:/Users/hornenj/.cpan/build/OLE-Storage_Lite-0.19-0/blib/arch:/Users/hornenj/.cpan/build/OLE-Storage_Lite-0.19-0/blib/lib"
PERL5OPT=""
PERL5_CPANPLUS_IS_RUNNING="98046"
PERL5_CPAN_IS_RUNNING="98046"
PERLBREW_HOME="/Users/hornenj/.perlbrew"
PERLBREW_MANPATH="/Users/hornenj/perl5/perlbrew/perls/perl-5.16.0/man"
PERLBREW_PATH="/Users/hornenj/perl5/perlbrew/bin:/Users/hornenj/perl5/perlbrew/perls/perl-5.16.0/bin"
PERLBREW_PERL="perl-5.16.0"
PERLBREW_ROOT="/Users/hornenj/perl5/perlbrew"
PERLBREW_SHELLRC_VERSION="0.84"
PERLBREW_VERSION="0.84"
@INC:
/Users/hornenj/.cpan/build/Class-Inner-0.200001-0/blib/arch
/Users/hornenj/.cpan/build/Class-Inner-0.200001-0/blib/lib
/Users/hornenj/.cpan/build/Spreadsheet-WriteExcel-2.40-0/blib/arch
/Users/hornenj/.cpan/build/Spreadsheet-WriteExcel-2.40-0/blib/lib
/Users/hornenj/.cpan/build/OLE-Storage_Lite-0.19-0/blib/arch
/Users/hornenj/.cpan/build/OLE-Storage_Lite-0.19-0/blib/lib
/Users/hornenj/perl5/perlbrew/perls/perl-5.16.0/lib/site_perl/5.16.0/darwin-thread-multi-2level
/Users/hornenj/perl5/perlbrew/perls/perl-5.16.0/lib/site_perl/5.16.0
/Users/hornenj/perl5/perlbrew/perls/perl-5.16.0/lib/5.16.0/darwin-thread-multi-2level
/Users/hornenj/perl5/perlbrew/perls/perl-5.16.0/lib/5.16.0
.