Report for rpm-build-perl-0.82

Back
From: metabase:user:20a45eae-6c1a-1014-abaf-4bc2b30e56df
Subject: FAIL rpm-build-perl-0.82 v5.21.11 Windows (Cygwin)
Date: 2015-05-12T05:58:14Z

This distribution has been tested as part of the CPAN Testers
project, supporting the Perl programming language.  See
http://wiki.cpantesters.org/ for more information or email
questions to cpan-testers-discuss@perl.org


--
Dear Alexey Tourbin,

This is a computer-generated report for rpm-build-perl-0.82
on perl 5.21.11, created by CPAN-Reporter-1.2014.

Thank you for uploading your work to CPAN.  However, there was a problem
testing your distribution.

If you think this report is invalid, please consult the CPAN Testers Wiki
for suggestions on how to avoid getting FAIL reports for missing library
or binary dependencies, unsupported operating systems, and so on:

http://wiki.cpantesters.org/wiki/CPANAuthorNotes

Sections of this report:

    * Tester comments
    * Program output
    * Prerequisites
    * Environment and other context

------------------------------
TESTER COMMENTS
------------------------------

Additional comments from tester:

this report is from an automated smoke testing program
and was not reviewed by a human for accuracy

------------------------------
PROGRAM OUTPUT
------------------------------

Output from '/usr/bin/make test':

make[1]: Entering directory '/opt/perl5/cygwin_nt-6.1-wow/1.7.35/i686/cpan/5.21.11/cygwin-thread-64int/build/rpm-build-perl-0.82-mgz5zk/ConstOptree'
Running Mkbootstrap for B::ConstOptree ()
chmod 644 "ConstOptree.bs"
Manifying 1 pod document
make[1]: Leaving directory '/opt/perl5/cygwin_nt-6.1-wow/1.7.35/i686/cpan/5.21.11/cygwin-thread-64int/build/rpm-build-perl-0.82-mgz5zk/ConstOptree'
PERL_DL_NONLAZY=1 "/opt/perl5/cygwin_nt-6.1-wow/1.7.35/i686/perl/5.21.11/cygwin-thread-64int/bin/perl.exe" "-MExtUtils::Command::MM" "-MTest::Harness" "-e" "undef *Test::Harness::Switches; test_harness(0, 'blib/lib', 'blib/arch')" t/*.t
dying at -e line 1
 at /opt/perl5/cygwin_nt-6.1-wow/1.7.35/i686/cpan/5.21.11/cygwin-thread-64int/build/rpm-build-perl-0.82-mgz5zk/blib/lib/B/PerlReq.pm line 388.
	B::PerlReq::__ANON__("Can't locate object method \"sv\" via package \"B::METHOP\" at /o"...) called at /opt/perl5/cygwin_nt-6.1-wow/1.7.35/i686/cpan/5.21.11/cygwin-thread-64int/build/rpm-build-perl-0.82-mgz5zk/blib/lib/B/Walker.pm line 25
	B::Walker::const_sv(B::METHOP=SCALAR(0x8029fab0)) called at /opt/perl5/cygwin_nt-6.1-wow/1.7.35/i686/cpan/5.21.11/cygwin-thread-64int/build/rpm-build-perl-0.82-mgz5zk/blib/lib/B/PerlReq.pm line 307
	B::PerlReq::grok_entersub(B::UNOP=SCALAR(0x8029fa80)) called at /opt/perl5/cygwin_nt-6.1-wow/1.7.35/i686/cpan/5.21.11/cygwin-thread-64int/build/rpm-build-perl-0.82-mgz5zk/blib/lib/B/Walker.pm line 56
	B::Walker::walk_root(B::UNOP=SCALAR(0x8029fa80)) called at /opt/perl5/cygwin_nt-6.1-wow/1.7.35/i686/cpan/5.21.11/cygwin-thread-64int/build/rpm-build-perl-0.82-mgz5zk/blib/lib/B/Walker.pm line 65
	B::Walker::walk_root(B::LISTOP=SCALAR(0x8029f9f0)) called at /opt/perl5/cygwin_nt-6.1-wow/1.7.35/i686/cpan/5.21.11/cygwin-thread-64int/build/rpm-build-perl-0.82-mgz5zk/blib/lib/B/Walker.pm line 65
	B::Walker::walk_root(B::LISTOP=SCALAR(0x8024af38)) called at /opt/perl5/cygwin_nt-6.1-wow/1.7.35/i686/cpan/5.21.11/cygwin-thread-64int/build/rpm-build-perl-0.82-mgz5zk/blib/lib/B/Walker.pm line 65
	B::Walker::walk_root(B::UNOP=SCALAR(0x801d1af0)) called at /opt/perl5/cygwin_nt-6.1-wow/1.7.35/i686/cpan/5.21.11/cygwin-thread-64int/build/rpm-build-perl-0.82-mgz5zk/blib/lib/B/Walker.pm line 91
	B::Walker::walk_cv(B::CV=SCALAR(0x80273d18)) called at /opt/perl5/cygwin_nt-6.1-wow/1.7.35/i686/cpan/5.21.11/cygwin-thread-64int/build/rpm-build-perl-0.82-mgz5zk/blib/lib/B/Walker.pm line 77
	B::Walker::walk_av("BEGIN", B::AV=SCALAR(0x80070390)) called at /opt/perl5/cygwin_nt-6.1-wow/1.7.35/i686/cpan/5.21.11/cygwin-thread-64int/build/rpm-build-perl-0.82-mgz5zk/blib/lib/B/Walker.pm line 97
	B::Walker::walk_blocks() called at /opt/perl5/cygwin_nt-6.1-wow/1.7.35/i686/cpan/5.21.11/cygwin-thread-64int/build/rpm-build-perl-0.82-mgz5zk/blib/lib/B/PerlReq.pm line 390
	B::PerlReq::__ANON__() called at (eval 2) line 31
	O::CHECK() called at -e line 0
	eval {...} called at -e line 0
Can't locate object method "sv" via package "B::METHOP" at /opt/perl5/cygwin_nt-6.1-wow/1.7.35/i686/cpan/5.21.11/cygwin-thread-64int/build/rpm-build-perl-0.82-mgz5zk/blib/lib/B/Walker.pm line 25.
CHECK failed--call queue aborted.

#   Failed test at t/01-B-PerlReq.t line 40.
#          got: 'perl(Data/Dumper.pm)'
#     expected: ''
dying at -e line 1
 at /opt/perl5/cygwin_nt-6.1-wow/1.7.35/i686/cpan/5.21.11/cygwin-thread-64int/build/rpm-build-perl-0.82-mgz5zk/blib/lib/B/PerlReq.pm line 388.
	B::PerlReq::__ANON__("Can't locate object method \"sv\" via package \"B::METHOP\" at /o"...) called at /opt/perl5/cygwin_nt-6.1-wow/1.7.35/i686/cpan/5.21.11/cygwin-thread-64int/build/rpm-build-perl-0.82-mgz5zk/blib/lib/B/Walker.pm line 25
	B::Walker::const_sv(B::METHOP=SCALAR(0x8029fdc0)) called at /opt/perl5/cygwin_nt-6.1-wow/1.7.35/i686/cpan/5.21.11/cygwin-thread-64int/build/rpm-build-perl-0.82-mgz5zk/blib/lib/B/PerlReq.pm line 307
	B::PerlReq::grok_entersub(B::UNOP=SCALAR(0x8029fd90)) called at /opt/perl5/cygwin_nt-6.1-wow/1.7.35/i686/cpan/5.21.11/cygwin-thread-64int/build/rpm-build-perl-0.82-mgz5zk/blib/lib/B/Walker.pm line 56
	B::Walker::walk_root(B::UNOP=SCALAR(0x8029fd90)) called at /opt/perl5/cygwin_nt-6.1-wow/1.7.35/i686/cpan/5.21.11/cygwin-thread-64int/build/rpm-build-perl-0.82-mgz5zk/blib/lib/B/Walker.pm line 65
	B::Walker::walk_root(B::LISTOP=SCALAR(0x8029fd00)) called at /opt/perl5/cygwin_nt-6.1-wow/1.7.35/i686/cpan/5.21.11/cygwin-thread-64int/build/rpm-build-perl-0.82-mgz5zk/blib/lib/B/Walker.pm line 65
	B::Walker::walk_root(B::LISTOP=SCALAR(0x8024b048)) called at /opt/perl5/cygwin_nt-6.1-wow/1.7.35/i686/cpan/5.21.11/cygwin-thread-64int/build/rpm-build-perl-0.82-mgz5zk/blib/lib/B/Walker.pm line 65
	B::Walker::walk_root(B::UNOP=SCALAR(0x80234358)) called at /opt/perl5/cygwin_nt-6.1-wow/1.7.35/i686/cpan/5.21.11/cygwin-thread-64int/build/rpm-build-perl-0.82-mgz5zk/blib/lib/B/Walker.pm line 91
	B::Walker::walk_cv(B::CV=SCALAR(0x80273cd8)) called at /opt/perl5/cygwin_nt-6.1-wow/1.7.35/i686/cpan/5.21.11/cygwin-thread-64int/build/rpm-build-perl-0.82-mgz5zk/blib/lib/B/Walker.pm line 77
	B::Walker::walk_av("BEGIN", B::AV=SCALAR(0x800703a0)) called at /opt/perl5/cygwin_nt-6.1-wow/1.7.35/i686/cpan/5.21.11/cygwin-thread-64int/build/rpm-build-perl-0.82-mgz5zk/blib/lib/B/Walker.pm line 97
	B::Walker::walk_blocks() called at /opt/perl5/cygwin_nt-6.1-wow/1.7.35/i686/cpan/5.21.11/cygwin-thread-64int/build/rpm-build-perl-0.82-mgz5zk/blib/lib/B/PerlReq.pm line 390
	B::PerlReq::__ANON__() called at (eval 2) line 31
	O::CHECK() called at -e line 0
	eval {...} called at -e line 0
Can't locate object method "sv" via package "B::METHOP" at /opt/perl5/cygwin_nt-6.1-wow/1.7.35/i686/cpan/5.21.11/cygwin-thread-64int/build/rpm-build-perl-0.82-mgz5zk/blib/lib/B/Walker.pm line 25.
CHECK failed--call queue aborted.

#   Failed test at t/01-B-PerlReq.t line 44.
#          got: 'perl(Data/Dumper.pm)'
#     expected: ''
dying at -e line 1
 at /opt/perl5/cygwin_nt-6.1-wow/1.7.35/i686/cpan/5.21.11/cygwin-thread-64int/build/rpm-build-perl-0.82-mgz5zk/blib/lib/B/PerlReq.pm line 388.
	B::PerlReq::__ANON__("Can't locate object method \"sv\" via package \"B::METHOP\" at /o"...) called at /opt/perl5/cygwin_nt-6.1-wow/1.7.35/i686/cpan/5.21.11/cygwin-thread-64int/build/rpm-build-perl-0.82-mgz5zk/blib/lib/B/Walker.pm line 25
	B::Walker::const_sv(B::METHOP=SCALAR(0x80211f10)) called at /opt/perl5/cygwin_nt-6.1-wow/1.7.35/i686/cpan/5.21.11/cygwin-thread-64int/build/rpm-build-perl-0.82-mgz5zk/blib/lib/B/PerlReq.pm line 307
	B::PerlReq::grok_entersub(B::UNOP=SCALAR(0x80201f00)) called at /opt/perl5/cygwin_nt-6.1-wow/1.7.35/i686/cpan/5.21.11/cygwin-thread-64int/build/rpm-build-perl-0.82-mgz5zk/blib/lib/B/Walker.pm line 56
	B::Walker::walk_root(B::UNOP=SCALAR(0x80201f00)) called at /opt/perl5/cygwin_nt-6.1-wow/1.7.35/i686/cpan/5.21.11/cygwin-thread-64int/build/rpm-build-perl-0.82-mgz5zk/blib/lib/B/Walker.pm line 65
	B::Walker::walk_root(B::LISTOP=SCALAR(0x80201c00)) called at /opt/perl5/cygwin_nt-6.1-wow/1.7.35/i686/cpan/5.21.11/cygwin-thread-64int/build/rpm-build-perl-0.82-mgz5zk/blib/lib/B/Walker.pm line 65
	B::Walker::walk_root(B::LISTOP=SCALAR(0x80221838)) called at /opt/perl5/cygwin_nt-6.1-wow/1.7.35/i686/cpan/5.21.11/cygwin-thread-64int/build/rpm-build-perl-0.82-mgz5zk/blib/lib/B/Walker.pm line 105
	B::Walker::walk_main() called at /opt/perl5/cygwin_nt-6.1-wow/1.7.35/i686/cpan/5.21.11/cygwin-thread-64int/build/rpm-build-perl-0.82-mgz5zk/blib/lib/B/PerlReq.pm line 391
	B::PerlReq::__ANON__() called at (eval 2) line 31
	O::CHECK() called at -e line 0
	eval {...} called at -e line 0
Can't locate object method "sv" via package "B::METHOP" at /opt/perl5/cygwin_nt-6.1-wow/1.7.35/i686/cpan/5.21.11/cygwin-thread-64int/build/rpm-build-perl-0.82-mgz5zk/blib/lib/B/Walker.pm line 25.
CHECK failed--call queue aborted.

#   Failed test at t/01-B-PerlReq.t line 63.
#          got: 'perl(File/Basename.pm)'
#     expected: ''
dying at -e line 1
 at /opt/perl5/cygwin_nt-6.1-wow/1.7.35/i686/cpan/5.21.11/cygwin-thread-64int/build/rpm-build-perl-0.82-mgz5zk/blib/lib/B/PerlReq.pm line 388.
	B::PerlReq::__ANON__("Can't locate object method \"sv\" via package \"B::METHOP\" at /o"...) called at /opt/perl5/cygwin_nt-6.1-wow/1.7.35/i686/cpan/5.21.11/cygwin-thread-64int/build/rpm-build-perl-0.82-mgz5zk/blib/lib/B/Walker.pm line 25
	B::Walker::const_sv(B::METHOP=SCALAR(0x8029fc38)) called at /opt/perl5/cygwin_nt-6.1-wow/1.7.35/i686/cpan/5.21.11/cygwin-thread-64int/build/rpm-build-perl-0.82-mgz5zk/blib/lib/B/PerlReq.pm line 307
	B::PerlReq::grok_entersub(B::UNOP=SCALAR(0x8029fba8)) called at /opt/perl5/cygwin_nt-6.1-wow/1.7.35/i686/cpan/5.21.11/cygwin-thread-64int/build/rpm-build-perl-0.82-mgz5zk/blib/lib/B/Walker.pm line 56
	B::Walker::walk_root(B::UNOP=SCALAR(0x8029fba8)) called at /opt/perl5/cygwin_nt-6.1-wow/1.7.35/i686/cpan/5.21.11/cygwin-thread-64int/build/rpm-build-perl-0.82-mgz5zk/blib/lib/B/Walker.pm line 65
	B::Walker::walk_root(B::LISTOP=SCALAR(0x8029fb30)) called at /opt/perl5/cygwin_nt-6.1-wow/1.7.35/i686/cpan/5.21.11/cygwin-thread-64int/build/rpm-build-perl-0.82-mgz5zk/blib/lib/B/Walker.pm line 65
	B::Walker::walk_root(B::LISTOP=SCALAR(0x8024b048)) called at /opt/perl5/cygwin_nt-6.1-wow/1.7.35/i686/cpan/5.21.11/cygwin-thread-64int/build/rpm-build-perl-0.82-mgz5zk/blib/lib/B/Walker.pm line 65
	B::Walker::walk_root(B::UNOP=SCALAR(0x801d1638)) called at /opt/perl5/cygwin_nt-6.1-wow/1.7.35/i686/cpan/5.21.11/cygwin-thread-64int/build/rpm-build-perl-0.82-mgz5zk/blib/lib/B/Walker.pm line 91
	B::Walker::walk_cv(B::CV=SCALAR(0x80273b58)) called at /opt/perl5/cygwin_nt-6.1-wow/1.7.35/i686/cpan/5.21.11/cygwin-thread-64int/build/rpm-build-perl-0.82-mgz5zk/blib/lib/B/Walker.pm line 77
	B::Walker::walk_av("BEGIN", B::AV=SCALAR(0x80070398)) called at /opt/perl5/cygwin_nt-6.1-wow/1.7.35/i686/cpan/5.21.11/cygwin-thread-64int/build/rpm-build-perl-0.82-mgz5zk/blib/lib/B/Walker.pm line 97
	B::Walker::walk_blocks() called at /opt/perl5/cygwin_nt-6.1-wow/1.7.35/i686/cpan/5.21.11/cygwin-thread-64int/build/rpm-build-perl-0.82-mgz5zk/blib/lib/B/PerlReq.pm line 390
	B::PerlReq::__ANON__() called at (eval 2) line 31
	O::CHECK() called at -e line 0
	eval {...} called at -e line 0
Can't locate object method "sv" via package "B::METHOP" at /opt/perl5/cygwin_nt-6.1-wow/1.7.35/i686/cpan/5.21.11/cygwin-thread-64int/build/rpm-build-perl-0.82-mgz5zk/blib/lib/B/Walker.pm line 25.
CHECK failed--call queue aborted.

#   Failed test at t/01-B-PerlReq.t line 65.
#          got: 'perl(Data/Dumper.pm) >= 2.0'
#     expected: ''
dying at -e line 1
 at /opt/perl5/cygwin_nt-6.1-wow/1.7.35/i686/cpan/5.21.11/cygwin-thread-64int/build/rpm-build-perl-0.82-mgz5zk/blib/lib/B/PerlReq.pm line 388.
	B::PerlReq::__ANON__("Can't locate object method \"sv\" via package \"B::METHOP\" at /o"...) called at /opt/perl5/cygwin_nt-6.1-wow/1.7.35/i686/cpan/5.21.11/cygwin-thread-64int/build/rpm-build-perl-0.82-mgz5zk/blib/lib/B/Walker.pm line 25
	B::Walker::const_sv(B::METHOP=SCALAR(0x8029fbb8)) called at /opt/perl5/cygwin_nt-6.1-wow/1.7.35/i686/cpan/5.21.11/cygwin-thread-64int/build/rpm-build-perl-0.82-mgz5zk/blib/lib/B/PerlReq.pm line 307
	B::PerlReq::grok_entersub(B::UNOP=SCALAR(0x8029fb28)) called at /opt/perl5/cygwin_nt-6.1-wow/1.7.35/i686/cpan/5.21.11/cygwin-thread-64int/build/rpm-build-perl-0.82-mgz5zk/blib/lib/B/Walker.pm line 56
	B::Walker::walk_root(B::UNOP=SCALAR(0x8029fb28)) called at /opt/perl5/cygwin_nt-6.1-wow/1.7.35/i686/cpan/5.21.11/cygwin-thread-64int/build/rpm-build-perl-0.82-mgz5zk/blib/lib/B/Walker.pm line 65
	B::Walker::walk_root(B::LISTOP=SCALAR(0x8029fab0)) called at /opt/perl5/cygwin_nt-6.1-wow/1.7.35/i686/cpan/5.21.11/cygwin-thread-64int/build/rpm-build-perl-0.82-mgz5zk/blib/lib/B/Walker.pm line 65
	B::Walker::walk_root(B::LISTOP=SCALAR(0x8024afc8)) called at /opt/perl5/cygwin_nt-6.1-wow/1.7.35/i686/cpan/5.21.11/cygwin-thread-64int/build/rpm-build-perl-0.82-mgz5zk/blib/lib/B/Walker.pm line 65
	B::Walker::walk_root(B::UNOP=SCALAR(0x801d1ba0)) called at /opt/perl5/cygwin_nt-6.1-wow/1.7.35/i686/cpan/5.21.11/cygwin-thread-64int/build/rpm-build-perl-0.82-mgz5zk/blib/lib/B/Walker.pm line 91
	B::Walker::walk_cv(B::CV=SCALAR(0x80273ad8)) called at /opt/perl5/cygwin_nt-6.1-wow/1.7.35/i686/cpan/5.21.11/cygwin-thread-64int/build/rpm-build-perl-0.82-mgz5zk/blib/lib/B/Walker.pm line 77
	B::Walker::walk_av("BEGIN", B::AV=SCALAR(0x80070398)) called at /opt/perl5/cygwin_nt-6.1-wow/1.7.35/i686/cpan/5.21.11/cygwin-thread-64int/build/rpm-build-perl-0.82-mgz5zk/blib/lib/B/Walker.pm line 97
	B::Walker::walk_blocks() called at /opt/perl5/cygwin_nt-6.1-wow/1.7.35/i686/cpan/5.21.11/cygwin-thread-64int/build/rpm-build-perl-0.82-mgz5zk/blib/lib/B/PerlReq.pm line 390
	B::PerlReq::__ANON__() called at (eval 2) line 31
	O::CHECK() called at -e line 0
	eval {...} called at -e line 0
Can't locate object method "sv" via package "B::METHOP" at /opt/perl5/cygwin_nt-6.1-wow/1.7.35/i686/cpan/5.21.11/cygwin-thread-64int/build/rpm-build-perl-0.82-mgz5zk/blib/lib/B/Walker.pm line 25.
CHECK failed--call queue aborted.

#   Failed test at t/01-B-PerlReq.t line 66.
#          got: 'perl(Data/Dumper.pm) >= 2.0'
#     expected: ''
dying at -e line 1
 at /opt/perl5/cygwin_nt-6.1-wow/1.7.35/i686/cpan/5.21.11/cygwin-thread-64int/build/rpm-build-perl-0.82-mgz5zk/blib/lib/B/PerlReq.pm line 388.
	B::PerlReq::__ANON__("Can't locate object method \"sv\" via package \"B::METHOP\" at /o"...) called at /opt/perl5/cygwin_nt-6.1-wow/1.7.35/i686/cpan/5.21.11/cygwin-thread-64int/build/rpm-build-perl-0.82-mgz5zk/blib/lib/B/Walker.pm line 25
	B::Walker::const_sv(B::METHOP=SCALAR(0x8029fbb8)) called at /opt/perl5/cygwin_nt-6.1-wow/1.7.35/i686/cpan/5.21.11/cygwin-thread-64int/build/rpm-build-perl-0.82-mgz5zk/blib/lib/B/PerlReq.pm line 307
	B::PerlReq::grok_entersub(B::UNOP=SCALAR(0x8029fb28)) called at /opt/perl5/cygwin_nt-6.1-wow/1.7.35/i686/cpan/5.21.11/cygwin-thread-64int/build/rpm-build-perl-0.82-mgz5zk/blib/lib/B/Walker.pm line 56
	B::Walker::walk_root(B::UNOP=SCALAR(0x8029fb28)) called at /opt/perl5/cygwin_nt-6.1-wow/1.7.35/i686/cpan/5.21.11/cygwin-thread-64int/build/rpm-build-perl-0.82-mgz5zk/blib/lib/B/Walker.pm line 65
	B::Walker::walk_root(B::LISTOP=SCALAR(0x8029fab0)) called at /opt/perl5/cygwin_nt-6.1-wow/1.7.35/i686/cpan/5.21.11/cygwin-thread-64int/build/rpm-build-perl-0.82-mgz5zk/blib/lib/B/Walker.pm line 65
	B::Walker::walk_root(B::LISTOP=SCALAR(0x8024afc8)) called at /opt/perl5/cygwin_nt-6.1-wow/1.7.35/i686/cpan/5.21.11/cygwin-thread-64int/build/rpm-build-perl-0.82-mgz5zk/blib/lib/B/Walker.pm line 65
	B::Walker::walk_root(B::UNOP=SCALAR(0x801d1b88)) called at /opt/perl5/cygwin_nt-6.1-wow/1.7.35/i686/cpan/5.21.11/cygwin-thread-64int/build/rpm-build-perl-0.82-mgz5zk/blib/lib/B/Walker.pm line 91
	B::Walker::walk_cv(B::CV=SCALAR(0x80273ad8)) called at /opt/perl5/cygwin_nt-6.1-wow/1.7.35/i686/cpan/5.21.11/cygwin-thread-64int/build/rpm-build-perl-0.82-mgz5zk/blib/lib/B/Walker.pm line 77
	B::Walker::walk_av("BEGIN", B::AV=SCALAR(0x80070398)) called at /opt/perl5/cygwin_nt-6.1-wow/1.7.35/i686/cpan/5.21.11/cygwin-thread-64int/build/rpm-build-perl-0.82-mgz5zk/blib/lib/B/Walker.pm line 97
	B::Walker::walk_blocks() called at /opt/perl5/cygwin_nt-6.1-wow/1.7.35/i686/cpan/5.21.11/cygwin-thread-64int/build/rpm-build-perl-0.82-mgz5zk/blib/lib/B/PerlReq.pm line 390
	B::PerlReq::__ANON__() called at (eval 2) line 31
	O::CHECK() called at -e line 0
	eval {...} called at -e line 0
Can't locate object method "sv" via package "B::METHOP" at /opt/perl5/cygwin_nt-6.1-wow/1.7.35/i686/cpan/5.21.11/cygwin-thread-64int/build/rpm-build-perl-0.82-mgz5zk/blib/lib/B/Walker.pm line 25.
CHECK failed--call queue aborted.

#   Failed test at t/01-B-PerlReq.t line 67.
#          got: 'perl(Data/Dumper.pm) >= 2.0'
#     expected: ''
dying at -e line 1
 at /opt/perl5/cygwin_nt-6.1-wow/1.7.35/i686/cpan/5.21.11/cygwin-thread-64int/build/rpm-build-perl-0.82-mgz5zk/blib/lib/B/PerlReq.pm line 388.
	B::PerlReq::__ANON__("Can't locate object method \"sv\" via package \"B::METHOP\" at /o"...) called at /opt/perl5/cygwin_nt-6.1-wow/1.7.35/i686/cpan/5.21.11/cygwin-thread-64int/build/rpm-build-perl-0.82-mgz5zk/blib/lib/B/Walker.pm line 25
	B::Walker::const_sv(B::METHOP=SCALAR(0x8029fc38)) called at /opt/perl5/cygwin_nt-6.1-wow/1.7.35/i686/cpan/5.21.11/cygwin-thread-64int/build/rpm-build-perl-0.82-mgz5zk/blib/lib/B/PerlReq.pm line 307
	B::PerlReq::grok_entersub(B::UNOP=SCALAR(0x8029fba8)) called at /opt/perl5/cygwin_nt-6.1-wow/1.7.35/i686/cpan/5.21.11/cygwin-thread-64int/build/rpm-build-perl-0.82-mgz5zk/blib/lib/B/Walker.pm line 56
	B::Walker::walk_root(B::UNOP=SCALAR(0x8029fba8)) called at /opt/perl5/cygwin_nt-6.1-wow/1.7.35/i686/cpan/5.21.11/cygwin-thread-64int/build/rpm-build-perl-0.82-mgz5zk/blib/lib/B/Walker.pm line 65
	B::Walker::walk_root(B::LISTOP=SCALAR(0x8029fb30)) called at /opt/perl5/cygwin_nt-6.1-wow/1.7.35/i686/cpan/5.21.11/cygwin-thread-64int/build/rpm-build-perl-0.82-mgz5zk/blib/lib/B/Walker.pm line 65
	B::Walker::walk_root(B::LISTOP=SCALAR(0x8024b048)) called at /opt/perl5/cygwin_nt-6.1-wow/1.7.35/i686/cpan/5.21.11/cygwin-thread-64int/build/rpm-build-perl-0.82-mgz5zk/blib/lib/B/Walker.pm line 65
	B::Walker::walk_root(B::UNOP=SCALAR(0x801d1650)) called at /opt/perl5/cygwin_nt-6.1-wow/1.7.35/i686/cpan/5.21.11/cygwin-thread-64int/build/rpm-build-perl-0.82-mgz5zk/blib/lib/B/Walker.pm line 91
	B::Walker::walk_cv(B::CV=SCALAR(0x80273b58)) called at /opt/perl5/cygwin_nt-6.1-wow/1.7.35/i686/cpan/5.21.11/cygwin-thread-64int/build/rpm-build-perl-0.82-mgz5zk/blib/lib/B/Walker.pm line 77
	B::Walker::walk_av("BEGIN", B::AV=SCALAR(0x80070398)) called at /opt/perl5/cygwin_nt-6.1-wow/1.7.35/i686/cpan/5.21.11/cygwin-thread-64int/build/rpm-build-perl-0.82-mgz5zk/blib/lib/B/Walker.pm line 97
	B::Walker::walk_blocks() called at /opt/perl5/cygwin_nt-6.1-wow/1.7.35/i686/cpan/5.21.11/cygwin-thread-64int/build/rpm-build-perl-0.82-mgz5zk/blib/lib/B/PerlReq.pm line 390
	B::PerlReq::__ANON__() called at (eval 2) line 31
	O::CHECK() called at -e line 0
	eval {...} called at -e line 0
Can't locate object method "sv" via package "B::METHOP" at /opt/perl5/cygwin_nt-6.1-wow/1.7.35/i686/cpan/5.21.11/cygwin-thread-64int/build/rpm-build-perl-0.82-mgz5zk/blib/lib/B/Walker.pm line 25.
CHECK failed--call queue aborted.

#   Failed test at t/01-B-PerlReq.t line 68.
#          got: 'perl(Data/Dumper.pm) >= 2.0.998'
#     expected: ''
dying at -e line 1
 at /opt/perl5/cygwin_nt-6.1-wow/1.7.35/i686/cpan/5.21.11/cygwin-thread-64int/build/rpm-build-perl-0.82-mgz5zk/blib/lib/B/PerlReq.pm line 388.
	B::PerlReq::__ANON__("Can't locate object method \"sv\" via package \"B::METHOP\" at /o"...) called at /opt/perl5/cygwin_nt-6.1-wow/1.7.35/i686/cpan/5.21.11/cygwin-thread-64int/build/rpm-build-perl-0.82-mgz5zk/blib/lib/B/Walker.pm line 25
	B::Walker::const_sv(B::METHOP=SCALAR(0x8029fbc0)) called at /opt/perl5/cygwin_nt-6.1-wow/1.7.35/i686/cpan/5.21.11/cygwin-thread-64int/build/rpm-build-perl-0.82-mgz5zk/blib/lib/B/PerlReq.pm line 307
	B::PerlReq::grok_entersub(B::UNOP=SCALAR(0x8029fb30)) called at /opt/perl5/cygwin_nt-6.1-wow/1.7.35/i686/cpan/5.21.11/cygwin-thread-64int/build/rpm-build-perl-0.82-mgz5zk/blib/lib/B/Walker.pm line 56
	B::Walker::walk_root(B::UNOP=SCALAR(0x8029fb30)) called at /opt/perl5/cygwin_nt-6.1-wow/1.7.35/i686/cpan/5.21.11/cygwin-thread-64int/build/rpm-build-perl-0.82-mgz5zk/blib/lib/B/Walker.pm line 65
	B::Walker::walk_root(B::LISTOP=SCALAR(0x8029fab8)) called at /opt/perl5/cygwin_nt-6.1-wow/1.7.35/i686/cpan/5.21.11/cygwin-thread-64int/build/rpm-build-perl-0.82-mgz5zk/blib/lib/B/Walker.pm line 65
	B::Walker::walk_root(B::LISTOP=SCALAR(0x8024afd0)) called at /opt/perl5/cygwin_nt-6.1-wow/1.7.35/i686/cpan/5.21.11/cygwin-thread-64int/build/rpm-build-perl-0.82-mgz5zk/blib/lib/B/Walker.pm line 65
	B::Walker::walk_root(B::UNOP=SCALAR(0x801d1b90)) called at /opt/perl5/cygwin_nt-6.1-wow/1.7.35/i686/cpan/5.21.11/cygwin-thread-64int/build/rpm-build-perl-0.82-mgz5zk/blib/lib/B/Walker.pm line 91
	B::Walker::walk_cv(B::CV=SCALAR(0x80273ae0)) called at /opt/perl5/cygwin_nt-6.1-wow/1.7.35/i686/cpan/5.21.11/cygwin-thread-64int/build/rpm-build-perl-0.82-mgz5zk/blib/lib/B/Walker.pm line 77
	B::Walker::walk_av("BEGIN", B::AV=SCALAR(0x800703a0)) called at /opt/perl5/cygwin_nt-6.1-wow/1.7.35/i686/cpan/5.21.11/cygwin-thread-64int/build/rpm-build-perl-0.82-mgz5zk/blib/lib/B/Walker.pm line 97
	B::Walker::walk_blocks() called at /opt/perl5/cygwin_nt-6.1-wow/1.7.35/i686/cpan/5.21.11/cygwin-thread-64int/build/rpm-build-perl-0.82-mgz5zk/blib/lib/B/PerlReq.pm line 390
	B::PerlReq::__ANON__() called at (eval 2) line 31
	O::CHECK() called at -e line 0
	eval {...} called at -e line 0
Can't locate object method "sv" via package "B::METHOP" at /opt/perl5/cygwin_nt-6.1-wow/1.7.35/i686/cpan/5.21.11/cygwin-thread-64int/build/rpm-build-perl-0.82-mgz5zk/blib/lib/B/Walker.pm line 25.
CHECK failed--call queue aborted.

#   Failed test at t/01-B-PerlReq.t line 69.
#          got: 'perl(Data/Dumper.pm) >= 2.001'
#     expected: ''
dying at -e line 1
 at /opt/perl5/cygwin_nt-6.1-wow/1.7.35/i686/cpan/5.21.11/cygwin-thread-64int/build/rpm-build-perl-0.82-mgz5zk/blib/lib/B/PerlReq.pm line 388.
	B::PerlReq::__ANON__("Can't locate object method \"sv\" via package \"B::METHOP\" at /o"...) called at /opt/perl5/cygwin_nt-6.1-wow/1.7.35/i686/cpan/5.21.11/cygwin-thread-64int/build/rpm-build-perl-0.82-mgz5zk/blib/lib/B/Walker.pm line 25
	B::Walker::const_sv(B::METHOP=SCALAR(0x8029fbb8)) called at /opt/perl5/cygwin_nt-6.1-wow/1.7.35/i686/cpan/5.21.11/cygwin-thread-64int/build/rpm-build-perl-0.82-mgz5zk/blib/lib/B/PerlReq.pm line 307
	B::PerlReq::grok_entersub(B::UNOP=SCALAR(0x8029fb28)) called at /opt/perl5/cygwin_nt-6.1-wow/1.7.35/i686/cpan/5.21.11/cygwin-thread-64int/build/rpm-build-perl-0.82-mgz5zk/blib/lib/B/Walker.pm line 56
	B::Walker::walk_root(B::UNOP=SCALAR(0x8029fb28)) called at /opt/perl5/cygwin_nt-6.1-wow/1.7.35/i686/cpan/5.21.11/cygwin-thread-64int/build/rpm-build-perl-0.82-mgz5zk/blib/lib/B/Walker.pm line 65
	B::Walker::walk_root(B::LISTOP=SCALAR(0x8029fab0)) called at /opt/perl5/cygwin_nt-6.1-wow/1.7.35/i686/cpan/5.21.11/cygwin-thread-64int/build/rpm-build-perl-0.82-mgz5zk/blib/lib/B/Walker.pm line 65
	B::Walker::walk_root(B::LISTOP=SCALAR(0x8024afc8)) called at /opt/perl5/cygwin_nt-6.1-wow/1.7.35/i686/cpan/5.21.11/cygwin-thread-64int/build/rpm-build-perl-0.82-mgz5zk/blib/lib/B/Walker.pm line 65
	B::Walker::walk_root(B::UNOP=SCALAR(0x801d1ba0)) called at /opt/perl5/cygwin_nt-6.1-wow/1.7.35/i686/cpan/5.21.11/cygwin-thread-64int/build/rpm-build-perl-0.82-mgz5zk/blib/lib/B/Walker.pm line 91
	B::Walker::walk_cv(B::CV=SCALAR(0x80273ad8)) called at /opt/perl5/cygwin_nt-6.1-wow/1.7.35/i686/cpan/5.21.11/cygwin-thread-64int/build/rpm-build-perl-0.82-mgz5zk/blib/lib/B/Walker.pm line 77
	B::Walker::walk_av("BEGIN", B::AV=SCALAR(0x80070398)) called at /opt/perl5/cygwin_nt-6.1-wow/1.7.35/i686/cpan/5.21.11/cygwin-thread-64int/build/rpm-build-perl-0.82-mgz5zk/blib/lib/B/Walker.pm line 97
	B::Walker::walk_blocks() called at /opt/perl5/cygwin_nt-6.1-wow/1.7.35/i686/cpan/5.21.11/cygwin-thread-64int/build/rpm-build-perl-0.82-mgz5zk/blib/lib/B/PerlReq.pm line 390
	B::PerlReq::__ANON__() called at (eval 2) line 31
	O::CHECK() called at -e line 0
	eval {...} called at -e line 0
Can't locate object method "sv" via package "B::METHOP" at /opt/perl5/cygwin_nt-6.1-wow/1.7.35/i686/cpan/5.21.11/cygwin-thread-64int/build/rpm-build-perl-0.82-mgz5zk/blib/lib/B/Walker.pm line 25.
CHECK failed--call queue aborted.

#   Failed test at t/01-B-PerlReq.t line 70.
#          got: 'perl(Data/Dumper.pm) >= 2.010'
#     expected: ''
dying at -e line 1
 at /opt/perl5/cygwin_nt-6.1-wow/1.7.35/i686/cpan/5.21.11/cygwin-thread-64int/build/rpm-build-perl-0.82-mgz5zk/blib/lib/B/PerlReq.pm line 388.
	B::PerlReq::__ANON__("Can't locate object method \"sv\" via package \"B::METHOP\" at /o"...) called at /opt/perl5/cygwin_nt-6.1-wow/1.7.35/i686/cpan/5.21.11/cygwin-thread-64int/build/rpm-build-perl-0.82-mgz5zk/blib/lib/B/Walker.pm line 25
	B::Walker::const_sv(B::METHOP=SCALAR(0x8028a1f8)) called at /opt/perl5/cygwin_nt-6.1-wow/1.7.35/i686/cpan/5.21.11/cygwin-thread-64int/build/rpm-build-perl-0.82-mgz5zk/blib/lib/B/PerlReq.pm line 307
	B::PerlReq::grok_entersub(B::UNOP=SCALAR(0x8029fb78)) called at /opt/perl5/cygwin_nt-6.1-wow/1.7.35/i686/cpan/5.21.11/cygwin-thread-64int/build/rpm-build-perl-0.82-mgz5zk/blib/lib/B/Walker.pm line 56
	B::Walker::walk_root(B::UNOP=SCALAR(0x8029fb78)) called at /opt/perl5/cygwin_nt-6.1-wow/1.7.35/i686/cpan/5.21.11/cygwin-thread-64int/build/rpm-build-perl-0.82-mgz5zk/blib/lib/B/Walker.pm line 65
	B::Walker::walk_root(B::LISTOP=SCALAR(0x8029fb00)) called at /opt/perl5/cygwin_nt-6.1-wow/1.7.35/i686/cpan/5.21.11/cygwin-thread-64int/build/rpm-build-perl-0.82-mgz5zk/blib/lib/B/Walker.pm line 65
	B::Walker::walk_root(B::LISTOP=SCALAR(0x8024afb8)) called at /opt/perl5/cygwin_nt-6.1-wow/1.7.35/i686/cpan/5.21.11/cygwin-thread-64int/build/rpm-build-perl-0.82-mgz5zk/blib/lib/B/Walker.pm line 65
	B::Walker::walk_root(B::UNOP=SCALAR(0x801d1ce0)) called at /opt/perl5/cygwin_nt-6.1-wow/1.7.35/i686/cpan/5.21.11/cygwin-thread-64int/build/rpm-build-perl-0.82-mgz5zk/blib/lib/B/Walker.pm line 91
	B::Walker::walk_cv(B::CV=SCALAR(0x80273ab8)) called at /opt/perl5/cygwin_nt-6.1-wow/1.7.35/i686/cpan/5.21.11/cygwin-thread-64int/build/rpm-build-perl-0.82-mgz5zk/blib/lib/B/Walker.pm line 77
	B::Walker::walk_av("BEGIN", B::AV=SCALAR(0x800703a0)) called at /opt/perl5/cygwin_nt-6.1-wow/1.7.35/i686/cpan/5.21.11/cygwin-thread-64int/build/rpm-build-perl-0.82-mgz5zk/blib/lib/B/Walker.pm line 97
	B::Walker::walk_blocks() called at /opt/perl5/cygwin_nt-6.1-wow/1.7.35/i686/cpan/5.21.11/cygwin-thread-64int/build/rpm-build-perl-0.82-mgz5zk/blib/lib/B/PerlReq.pm line 390
	B::PerlReq::__ANON__() called at (eval 2) line 31
	O::CHECK() called at -e line 0
	eval {...} called at -e line 0
Can't locate object method "sv" via package "B::METHOP" at /opt/perl5/cygwin_nt-6.1-wow/1.7.35/i686/cpan/5.21.11/cygwin-thread-64int/build/rpm-build-perl-0.82-mgz5zk/blib/lib/B/Walker.pm line 25.
CHECK failed--call queue aborted.

#   Failed test at t/01-B-PerlReq.t line 71.
#          got: 'perl(Data/Dumper.pm) >= 2.010'
#     expected: ''
dying at -e line 1
 at /opt/perl5/cygwin_nt-6.1-wow/1.7.35/i686/cpan/5.21.11/cygwin-thread-64int/build/rpm-build-perl-0.82-mgz5zk/blib/lib/B/PerlReq.pm line 388.
	B::PerlReq::__ANON__("Can't locate object method \"sv\" via package \"B::METHOP\" at /o"...) called at /opt/perl5/cygwin_nt-6.1-wow/1.7.35/i686/cpan/5.21.11/cygwin-thread-64int/build/rpm-build-perl-0.82-mgz5zk/blib/lib/B/Walker.pm line 25
	B::Walker::const_sv(B::METHOP=SCALAR(0x8028a358)) called at /opt/perl5/cygwin_nt-6.1-wow/1.7.35/i686/cpan/5.21.11/cygwin-thread-64int/build/rpm-build-perl-0.82-mgz5zk/blib/lib/B/PerlReq.pm line 307
	B::PerlReq::grok_entersub(B::UNOP=SCALAR(0x8029fc38)) called at /opt/perl5/cygwin_nt-6.1-wow/1.7.35/i686/cpan/5.21.11/cygwin-thread-64int/build/rpm-build-perl-0.82-mgz5zk/blib/lib/B/Walker.pm line 56
	B::Walker::walk_root(B::UNOP=SCALAR(0x8029fc38)) called at /opt/perl5/cygwin_nt-6.1-wow/1.7.35/i686/cpan/5.21.11/cygwin-thread-64int/build/rpm-build-perl-0.82-mgz5zk/blib/lib/B/Walker.pm line 65
	B::Walker::walk_root(B::LISTOP=SCALAR(0x8029fbc0)) called at /opt/perl5/cygwin_nt-6.1-wow/1.7.35/i686/cpan/5.21.11/cygwin-thread-64int/build/rpm-build-perl-0.82-mgz5zk/blib/lib/B/Walker.pm line 65
	B::Walker::walk_root(B::LISTOP=SCALAR(0x8024b078)) called at /opt/perl5/cygwin_nt-6.1-wow/1.7.35/i686/cpan/5.21.11/cygwin-thread-64int/build/rpm-build-perl-0.82-mgz5zk/blib/lib/B/Walker.pm line 65
	B::Walker::walk_root(B::UNOP=SCALAR(0x801d17c8)) called at /opt/perl5/cygwin_nt-6.1-wow/1.7.35/i686/cpan/5.21.11/cygwin-thread-64int/build/rpm-build-perl-0.82-mgz5zk/blib/lib/B/Walker.pm line 91
	B::Walker::walk_cv(B::CV=SCALAR(0x80273a30)) called at /opt/perl5/cygwin_nt-6.1-wow/1.7.35/i686/cpan/5.21.11/cygwin-thread-64int/build/rpm-build-perl-0.82-mgz5zk/blib/lib/B/Walker.pm line 77
	B::Walker::walk_av("BEGIN", B::AV=SCALAR(0x800703a8)) called at /opt/perl5/cygwin_nt-6.1-wow/1.7.35/i686/cpan/5.21.11/cygwin-thread-64int/build/rpm-build-perl-0.82-mgz5zk/blib/lib/B/Walker.pm line 97
	B::Walker::walk_blocks() called at /opt/perl5/cygwin_nt-6.1-wow/1.7.35/i686/cpan/5.21.11/cygwin-thread-64int/build/rpm-build-perl-0.82-mgz5zk/blib/lib/B/PerlReq.pm line 390
	B::PerlReq::__ANON__() called at (eval 2) line 31
	O::CHECK() called at -e line 0
	eval {...} called at -e line 0
Can't locate object method "sv" via package "B::METHOP" at /opt/perl5/cygwin_nt-6.1-wow/1.7.35/i686/cpan/5.21.11/cygwin-thread-64int/build/rpm-build-perl-0.82-mgz5zk/blib/lib/B/Walker.pm line 25.
CHECK failed--call queue aborted.

#   Failed test at t/01-B-PerlReq.t line 72.
#          got: 'perl(Data/Dumper.pm) >= 2.010'
#     expected: ''
dying at -e line 1
 at /opt/perl5/cygwin_nt-6.1-wow/1.7.35/i686/cpan/5.21.11/cygwin-thread-64int/build/rpm-build-perl-0.82-mgz5zk/blib/lib/B/PerlReq.pm line 388.
	B::PerlReq::__ANON__("Can't locate object method \"sv\" via package \"B::METHOP\" at /o"...) called at /opt/perl5/cygwin_nt-6.1-wow/1.7.35/i686/cpan/5.21.11/cygwin-thread-64int/build/rpm-build-perl-0.82-mgz5zk/blib/lib/B/Walker.pm line 25
	B::Walker::const_sv(B::METHOP=SCALAR(0x80262970)) called at /opt/perl5/cygwin_nt-6.1-wow/1.7.35/i686/cpan/5.21.11/cygwin-thread-64int/build/rpm-build-perl-0.82-mgz5zk/blib/lib/B/PerlReq.pm line 307
	B::PerlReq::grok_entersub(B::UNOP=SCALAR(0x80262940)) called at /opt/perl5/cygwin_nt-6.1-wow/1.7.35/i686/cpan/5.21.11/cygwin-thread-64int/build/rpm-build-perl-0.82-mgz5zk/blib/lib/B/Walker.pm line 56
	B::Walker::walk_root(B::UNOP=SCALAR(0x80262940)) called at /opt/perl5/cygwin_nt-6.1-wow/1.7.35/i686/cpan/5.21.11/cygwin-thread-64int/build/rpm-build-perl-0.82-mgz5zk/blib/lib/B/Walker.pm line 65
	B::Walker::walk_root(B::LISTOP=SCALAR(0x802628b0)) called at /opt/perl5/cygwin_nt-6.1-wow/1.7.35/i686/cpan/5.21.11/cygwin-thread-64int/build/rpm-build-perl-0.82-mgz5zk/blib/lib/B/Walker.pm line 65
	B::Walker::walk_root(B::LISTOP=SCALAR(0x802b8fd8)) called at /opt/perl5/cygwin_nt-6.1-wow/1.7.35/i686/cpan/5.21.11/cygwin-thread-64int/build/rpm-build-perl-0.82-mgz5zk/blib/lib/B/Walker.pm line 65
	B::Walker::walk_root(B::UNOP=SCALAR(0x802b8f18)) called at /opt/perl5/cygwin_nt-6.1-wow/1.7.35/i686/cpan/5.21.11/cygwin-thread-64int/build/rpm-build-perl-0.82-mgz5zk/blib/lib/B/Walker.pm line 91
	B::Walker::walk_cv(B::CV=SCALAR(0x802b8be8)) called at /opt/perl5/cygwin_nt-6.1-wow/1.7.35/i686/cpan/5.21.11/cygwin-thread-64int/build/rpm-build-perl-0.82-mgz5zk/blib/lib/B/Walker.pm line 77
	B::Walker::walk_av("BEGIN", B::AV=SCALAR(0x800703a0)) called at /opt/perl5/cygwin_nt-6.1-wow/1.7.35/i686/cpan/5.21.11/cygwin-thread-64int/build/rpm-build-perl-0.82-mgz5zk/blib/lib/B/Walker.pm line 97
	B::Walker::walk_blocks() called at /opt/perl5/cygwin_nt-6.1-wow/1.7.35/i686/cpan/5.21.11/cygwin-thread-64int/build/rpm-build-perl-0.82-mgz5zk/blib/lib/B/PerlReq.pm line 390
	B::PerlReq::__ANON__() called at (eval 2) line 31
	O::CHECK() called at -e line 0
	eval {...} called at -e line 0
Can't locate object method "sv" via package "B::METHOP" at /opt/perl5/cygwin_nt-6.1-wow/1.7.35/i686/cpan/5.21.11/cygwin-thread-64int/build/rpm-build-perl-0.82-mgz5zk/blib/lib/B/Walker.pm line 25.
CHECK failed--call queue aborted.

#   Failed test at t/01-B-PerlReq.t line 73.
#          got: 'perl(Data/Dumper.pm) >= 2.010'
#     expected: ''
dying at -e line 1
 at /opt/perl5/cygwin_nt-6.1-wow/1.7.35/i686/cpan/5.21.11/cygwin-thread-64int/build/rpm-build-perl-0.82-mgz5zk/blib/lib/B/PerlReq.pm line 388.
	B::PerlReq::__ANON__("Can't locate object method \"sv\" via package \"B::METHOP\" at /o"...) called at /opt/perl5/cygwin_nt-6.1-wow/1.7.35/i686/cpan/5.21.11/cygwin-thread-64int/build/rpm-build-perl-0.82-mgz5zk/blib/lib/B/Walker.pm line 25
	B::Walker::const_sv(B::METHOP=SCALAR(0x80262908)) called at /opt/perl5/cygwin_nt-6.1-wow/1.7.35/i686/cpan/5.21.11/cygwin-thread-64int/build/rpm-build-perl-0.82-mgz5zk/blib/lib/B/PerlReq.pm line 307
	B::PerlReq::grok_entersub(B::UNOP=SCALAR(0x802628d8)) called at /opt/perl5/cygwin_nt-6.1-wow/1.7.35/i686/cpan/5.21.11/cygwin-thread-64int/build/rpm-build-perl-0.82-mgz5zk/blib/lib/B/Walker.pm line 56
	B::Walker::walk_root(B::UNOP=SCALAR(0x802628d8)) called at /opt/perl5/cygwin_nt-6.1-wow/1.7.35/i686/cpan/5.21.11/cygwin-thread-64int/build/rpm-build-perl-0.82-mgz5zk/blib/lib/B/Walker.pm line 65
	B::Walker::walk_root(B::LISTOP=SCALAR(0x80262848)) called at /opt/perl5/cygwin_nt-6.1-wow/1.7.35/i686/cpan/5.21.11/cygwin-thread-64int/build/rpm-build-perl-0.82-mgz5zk/blib/lib/B/Walker.pm line 65
	B::Walker::walk_root(B::LISTOP=SCALAR(0x802b8f88)) called at /opt/perl5/cygwin_nt-6.1-wow/1.7.35/i686/cpan/5.21.11/cygwin-thread-64int/build/rpm-build-perl-0.82-mgz5zk/blib/lib/B/Walker.pm line 65
	B::Walker::walk_root(B::UNOP=SCALAR(0x802b8ec8)) called at /opt/perl5/cygwin_nt-6.1-wow/1.7.35/i686/cpan/5.21.11/cygwin-thread-64int/build/rpm-build-perl-0.82-mgz5zk/blib/lib/B/Walker.pm line 91
	B::Walker::walk_cv(B::CV=SCALAR(0x802b8b98)) called at /opt/perl5/cygwin_nt-6.1-wow/1.7.35/i686/cpan/5.21.11/cygwin-thread-64int/build/rpm-build-perl-0.82-mgz5zk/blib/lib/B/Walker.pm line 77
	B::Walker::walk_av("BEGIN", B::AV=SCALAR(0x800703a8)) called at /opt/perl5/cygwin_nt-6.1-wow/1.7.35/i686/cpan/5.21.11/cygwin-thread-64int/build/rpm-build-perl-0.82-mgz5zk/blib/lib/B/Walker.pm line 97
	B::Walker::walk_blocks() called at /opt/perl5/cygwin_nt-6.1-wow/1.7.35/i686/cpan/5.21.11/cygwin-thread-64int/build/rpm-build-perl-0.82-mgz5zk/blib/lib/B/PerlReq.pm line 390
	B::PerlReq::__ANON__() called at (eval 2) line 31
	O::CHECK() called at -e line 0
	eval {...} called at -e line 0
Can't locate object method "sv" via package "B::METHOP" at /opt/perl5/cygwin_nt-6.1-wow/1.7.35/i686/cpan/5.21.11/cygwin-thread-64int/build/rpm-build-perl-0.82-mgz5zk/blib/lib/B/Walker.pm line 25.
CHECK failed--call queue aborted.

#   Failed test at t/01-B-PerlReq.t line 74.
#          got: 'perl(Data/Dumper.pm) >= 2.010'
#     expected: ''
dying at -e line 1
 at /opt/perl5/cygwin_nt-6.1-wow/1.7.35/i686/cpan/5.21.11/cygwin-thread-64int/build/rpm-build-perl-0.82-mgz5zk/blib/lib/B/PerlReq.pm line 388.
	B::PerlReq::__ANON__("Can't locate object method \"sv\" via package \"B::METHOP\" at /o"...) called at /opt/perl5/cygwin_nt-6.1-wow/1.7.35/i686/cpan/5.21.11/cygwin-thread-64int/build/rpm-build-perl-0.82-mgz5zk/blib/lib/B/Walker.pm line 25
	B::Walker::const_sv(B::METHOP=SCALAR(0x8029fbb8)) called at /opt/perl5/cygwin_nt-6.1-wow/1.7.35/i686/cpan/5.21.11/cygwin-thread-64int/build/rpm-build-perl-0.82-mgz5zk/blib/lib/B/PerlReq.pm line 307
	B::PerlReq::grok_entersub(B::UNOP=SCALAR(0x8029fb28)) called at /opt/perl5/cygwin_nt-6.1-wow/1.7.35/i686/cpan/5.21.11/cygwin-thread-64int/build/rpm-build-perl-0.82-mgz5zk/blib/lib/B/Walker.pm line 56
	B::Walker::walk_root(B::UNOP=SCALAR(0x8029fb28)) called at /opt/perl5/cygwin_nt-6.1-wow/1.7.35/i686/cpan/5.21.11/cygwin-thread-64int/build/rpm-build-perl-0.82-mgz5zk/blib/lib/B/Walker.pm line 65
	B::Walker::walk_root(B::LISTOP=SCALAR(0x8029fab0)) called at /opt/perl5/cygwin_nt-6.1-wow/1.7.35/i686/cpan/5.21.11/cygwin-thread-64int/build/rpm-build-perl-0.82-mgz5zk/blib/lib/B/Walker.pm line 65
	B::Walker::walk_root(B::LISTOP=SCALAR(0x8024afc8)) called at /opt/perl5/cygwin_nt-6.1-wow/1.7.35/i686/cpan/5.21.11/cygwin-thread-64int/build/rpm-build-perl-0.82-mgz5zk/blib/lib/B/Walker.pm line 65
	B::Walker::walk_root(B::UNOP=SCALAR(0x801d1b88)) called at /opt/perl5/cygwin_nt-6.1-wow/1.7.35/i686/cpan/5.21.11/cygwin-thread-64int/build/rpm-build-perl-0.82-mgz5zk/blib/lib/B/Walker.pm line 91
	B::Walker::walk_cv(B::CV=SCALAR(0x80273ad8)) called at /opt/perl5/cygwin_nt-6.1-wow/1.7.35/i686/cpan/5.21.11/cygwin-thread-64int/build/rpm-build-perl-0.82-mgz5zk/blib/lib/B/Walker.pm line 77
	B::Walker::walk_av("BEGIN", B::AV=SCALAR(0x80070398)) called at /opt/perl5/cygwin_nt-6.1-wow/1.7.35/i686/cpan/5.21.11/cygwin-thread-64int/build/rpm-build-perl-0.82-mgz5zk/blib/lib/B/Walker.pm line 97
	B::Walker::walk_blocks() called at /opt/perl5/cygwin_nt-6.1-wow/1.7.35/i686/cpan/5.21.11/cygwin-thread-64int/build/rpm-build-perl-0.82-mgz5zk/blib/lib/B/PerlReq.pm line 390
	B::PerlReq::__ANON__() called at (eval 2) line 31
	O::CHECK() called at -e line 0
	eval {...} called at -e line 0
Can't locate object method "sv" via package "B::METHOP" at /opt/perl5/cygwin_nt-6.1-wow/1.7.35/i686/cpan/5.21.11/cygwin-thread-64int/build/rpm-build-perl-0.82-mgz5zk/blib/lib/B/Walker.pm line 25.
CHECK failed--call queue aborted.

#   Failed test at t/01-B-PerlReq.t line 75.
#          got: 'perl(Data/Dumper.pm) >= 2.012'
#     expected: ''
dying at -e line 1
 at /opt/perl5/cygwin_nt-6.1-wow/1.7.35/i686/cpan/5.21.11/cygwin-thread-64int/build/rpm-build-perl-0.82-mgz5zk/blib/lib/B/PerlReq.pm line 388.
	B::PerlReq::__ANON__("Can't locate object method \"sv\" via package \"B::METHOP\" at /o"...) called at /opt/perl5/cygwin_nt-6.1-wow/1.7.35/i686/cpan/5.21.11/cygwin-thread-64int/build/rpm-build-perl-0.82-mgz5zk/blib/lib/B/Walker.pm line 25
	B::Walker::const_sv(B::METHOP=SCALAR(0x8029fbb8)) called at /opt/perl5/cygwin_nt-6.1-wow/1.7.35/i686/cpan/5.21.11/cygwin-thread-64int/build/rpm-build-perl-0.82-mgz5zk/blib/lib/B/PerlReq.pm line 307
	B::PerlReq::grok_entersub(B::UNOP=SCALAR(0x8029fb28)) called at /opt/perl5/cygwin_nt-6.1-wow/1.7.35/i686/cpan/5.21.11/cygwin-thread-64int/build/rpm-build-perl-0.82-mgz5zk/blib/lib/B/Walker.pm line 56
	B::Walker::walk_root(B::UNOP=SCALAR(0x8029fb28)) called at /opt/perl5/cygwin_nt-6.1-wow/1.7.35/i686/cpan/5.21.11/cygwin-thread-64int/build/rpm-build-perl-0.82-mgz5zk/blib/lib/B/Walker.pm line 65
	B::Walker::walk_root(B::LISTOP=SCALAR(0x8029fab0)) called at /opt/perl5/cygwin_nt-6.1-wow/1.7.35/i686/cpan/5.21.11/cygwin-thread-64int/build/rpm-build-perl-0.82-mgz5zk/blib/lib/B/Walker.pm line 65
	B::Walker::walk_root(B::LISTOP=SCALAR(0x8024afc8)) called at /opt/perl5/cygwin_nt-6.1-wow/1.7.35/i686/cpan/5.21.11/cygwin-thread-64int/build/rpm-build-perl-0.82-mgz5zk/blib/lib/B/Walker.pm line 65
	B::Walker::walk_root(B::UNOP=SCALAR(0x801d1ba0)) called at /opt/perl5/cygwin_nt-6.1-wow/1.7.35/i686/cpan/5.21.11/cygwin-thread-64int/build/rpm-build-perl-0.82-mgz5zk/blib/lib/B/Walker.pm line 91
	B::Walker::walk_cv(B::CV=SCALAR(0x80273ad8)) called at /opt/perl5/cygwin_nt-6.1-wow/1.7.35/i686/cpan/5.21.11/cygwin-thread-64int/build/rpm-build-perl-0.82-mgz5zk/blib/lib/B/Walker.pm line 77
	B::Walker::walk_av("BEGIN", B::AV=SCALAR(0x80070398)) called at /opt/perl5/cygwin_nt-6.1-wow/1.7.35/i686/cpan/5.21.11/cygwin-thread-64int/build/rpm-build-perl-0.82-mgz5zk/blib/lib/B/Walker.pm line 97
	B::Walker::walk_blocks() called at /opt/perl5/cygwin_nt-6.1-wow/1.7.35/i686/cpan/5.21.11/cygwin-thread-64int/build/rpm-build-perl-0.82-mgz5zk/blib/lib/B/PerlReq.pm line 390
	B::PerlReq::__ANON__() called at (eval 2) line 31
	O::CHECK() called at -e line 0
	eval {...} called at -e line 0
Can't locate object method "sv" via package "B::METHOP" at /opt/perl5/cygwin_nt-6.1-wow/1.7.35/i686/cpan/5.21.11/cygwin-thread-64int/build/rpm-build-perl-0.82-mgz5zk/blib/lib/B/Walker.pm line 25.
CHECK failed--call queue aborted.

#   Failed test at t/01-B-PerlReq.t line 76.
#          got: 'perl(Data/Dumper.pm) >= 2.019.900'
#     expected: ''
dying at -e line 1
 at /opt/perl5/cygwin_nt-6.1-wow/1.7.35/i686/cpan/5.21.11/cygwin-thread-64int/build/rpm-build-perl-0.82-mgz5zk/blib/lib/B/PerlReq.pm line 388.
	B::PerlReq::__ANON__("Can't locate object method \"sv\" via package \"B::METHOP\" at /o"...) called at /opt/perl5/cygwin_nt-6.1-wow/1.7.35/i686/cpan/5.21.11/cygwin-thread-64int/build/rpm-build-perl-0.82-mgz5zk/blib/lib/B/Walker.pm line 25
	B::Walker::const_sv(B::METHOP=SCALAR(0x8029fbd0)) called at /opt/perl5/cygwin_nt-6.1-wow/1.7.35/i686/cpan/5.21.11/cygwin-thread-64int/build/rpm-build-perl-0.82-mgz5zk/blib/lib/B/PerlReq.pm line 307
	B::PerlReq::grok_entersub(B::UNOP=SCALAR(0x8029fb40)) called at /opt/perl5/cygwin_nt-6.1-wow/1.7.35/i686/cpan/5.21.11/cygwin-thread-64int/build/rpm-build-perl-0.82-mgz5zk/blib/lib/B/Walker.pm line 56
	B::Walker::walk_root(B::UNOP=SCALAR(0x8029fb40)) called at /opt/perl5/cygwin_nt-6.1-wow/1.7.35/i686/cpan/5.21.11/cygwin-thread-64int/build/rpm-build-perl-0.82-mgz5zk/blib/lib/B/Walker.pm line 65
	B::Walker::walk_root(B::LISTOP=SCALAR(0x8029fac8)) called at /opt/perl5/cygwin_nt-6.1-wow/1.7.35/i686/cpan/5.21.11/cygwin-thread-64int/build/rpm-build-perl-0.82-mgz5zk/blib/lib/B/Walker.pm line 65
	B::Walker::walk_root(B::LISTOP=SCALAR(0x8024afe0)) called at /opt/perl5/cygwin_nt-6.1-wow/1.7.35/i686/cpan/5.21.11/cygwin-thread-64int/build/rpm-build-perl-0.82-mgz5zk/blib/lib/B/Walker.pm line 65
	B::Walker::walk_root(B::UNOP=SCALAR(0x801d1b88)) called at /opt/perl5/cygwin_nt-6.1-wow/1.7.35/i686/cpan/5.21.11/cygwin-thread-64int/build/rpm-build-perl-0.82-mgz5zk/blib/lib/B/Walker.pm line 91
	B::Walker::walk_cv(B::CV=SCALAR(0x80273af0)) called at /opt/perl5/cygwin_nt-6.1-wow/1.7.35/i686/cpan/5.21.11/cygwin-thread-64int/build/rpm-build-perl-0.82-mgz5zk/blib/lib/B/Walker.pm line 77
	B::Walker::walk_av("BEGIN", B::AV=SCALAR(0x80070398)) called at /opt/perl5/cygwin_nt-6.1-wow/1.7.35/i686/cpan/5.21.11/cygwin-thread-64int/build/rpm-build-perl-0.82-mgz5zk/blib/lib/B/Walker.pm line 97
	B::Walker::walk_blocks() called at /opt/perl5/cygwin_nt-6.1-wow/1.7.35/i686/cpan/5.21.11/cygwin-thread-64int/build/rpm-build-perl-0.82-mgz5zk/blib/lib/B/PerlReq.pm line 390
	B::PerlReq::__ANON__() called at (eval 2) line 31
	O::CHECK() called at -e line 0
	eval {...} called at -e line 0
Can't locate object method "sv" via package "B::METHOP" at /opt/perl5/cygwin_nt-6.1-wow/1.7.35/i686/cpan/5.21.11/cygwin-thread-64int/build/rpm-build-perl-0.82-mgz5zk/blib/lib/B/Walker.pm line 25.
CHECK failed--call queue aborted.

#   Failed test at t/01-B-PerlReq.t line 77.
#          got: 'perl(Data/Dumper.pm) >= 2.0'
#     expected: ''
dying at -e line 1
 at /opt/perl5/cygwin_nt-6.1-wow/1.7.35/i686/cpan/5.21.11/cygwin-thread-64int/build/rpm-build-perl-0.82-mgz5zk/blib/lib/B/PerlReq.pm line 388.
	B::PerlReq::__ANON__("Can't locate object method \"sv\" via package \"B::METHOP\" at /o"...) called at /opt/perl5/cygwin_nt-6.1-wow/1.7.35/i686/cpan/5.21.11/cygwin-thread-64int/build/rpm-build-perl-0.82-mgz5zk/blib/lib/B/Walker.pm line 25
	B::Walker::const_sv(B::METHOP=SCALAR(0x8029fbd0)) called at /opt/perl5/cygwin_nt-6.1-wow/1.7.35/i686/cpan/5.21.11/cygwin-thread-64int/build/rpm-build-perl-0.82-mgz5zk/blib/lib/B/PerlReq.pm line 307
	B::PerlReq::grok_entersub(B::UNOP=SCALAR(0x8029fb40)) called at /opt/perl5/cygwin_nt-6.1-wow/1.7.35/i686/cpan/5.21.11/cygwin-thread-64int/build/rpm-build-perl-0.82-mgz5zk/blib/lib/B/Walker.pm line 56
	B::Walker::walk_root(B::UNOP=SCALAR(0x8029fb40)) called at /opt/perl5/cygwin_nt-6.1-wow/1.7.35/i686/cpan/5.21.11/cygwin-thread-64int/build/rpm-build-perl-0.82-mgz5zk/blib/lib/B/Walker.pm line 65
	B::Walker::walk_root(B::LISTOP=SCALAR(0x8029fac8)) called at /opt/perl5/cygwin_nt-6.1-wow/1.7.35/i686/cpan/5.21.11/cygwin-thread-64int/build/rpm-build-perl-0.82-mgz5zk/blib/lib/B/Walker.pm line 65
	B::Walker::walk_root(B::LISTOP=SCALAR(0x8024afe0)) called at /opt/perl5/cygwin_nt-6.1-wow/1.7.35/i686/cpan/5.21.11/cygwin-thread-64int/build/rpm-build-perl-0.82-mgz5zk/blib/lib/B/Walker.pm line 65
	B::Walker::walk_root(B::UNOP=SCALAR(0x801d1ba0)) called at /opt/perl5/cygwin_nt-6.1-wow/1.7.35/i686/cpan/5.21.11/cygwin-thread-64int/build/rpm-build-perl-0.82-mgz5zk/blib/lib/B/Walker.pm line 91
	B::Walker::walk_cv(B::CV=SCALAR(0x80273af0)) called at /opt/perl5/cygwin_nt-6.1-wow/1.7.35/i686/cpan/5.21.11/cygwin-thread-64int/build/rpm-build-perl-0.82-mgz5zk/blib/lib/B/Walker.pm line 77
	B::Walker::walk_av("BEGIN", B::AV=SCALAR(0x80070398)) called at /opt/perl5/cygwin_nt-6.1-wow/1.7.35/i686/cpan/5.21.11/cygwin-thread-64int/build/rpm-build-perl-0.82-mgz5zk/blib/lib/B/Walker.pm line 97
	B::Walker::walk_blocks() called at /opt/perl5/cygwin_nt-6.1-wow/1.7.35/i686/cpan/5.21.11/cygwin-thread-64int/build/rpm-build-perl-0.82-mgz5zk/blib/lib/B/PerlReq.pm line 390
	B::PerlReq::__ANON__() called at (eval 2) line 31
	O::CHECK() called at -e line 0
	eval {...} called at -e line 0
Can't locate object method "sv" via package "B::METHOP" at /opt/perl5/cygwin_nt-6.1-wow/1.7.35/i686/cpan/5.21.11/cygwin-thread-64int/build/rpm-build-perl-0.82-mgz5zk/blib/lib/B/Walker.pm line 25.
CHECK failed--call queue aborted.

#   Failed test at t/01-B-PerlReq.t line 78.
#          got: 'perl(Data/Dumper.pm) >= 2.0'
#     expected: ''
dying at -e line 1
 at /opt/perl5/cygwin_nt-6.1-wow/1.7.35/i686/cpan/5.21.11/cygwin-thread-64int/build/rpm-build-perl-0.82-mgz5zk/blib/lib/B/PerlReq.pm line 388.
	B::PerlReq::__ANON__("Can't locate object method \"sv\" via package \"B::METHOP\" at /o"...) called at /opt/perl5/cygwin_nt-6.1-wow/1.7.35/i686/cpan/5.21.11/cygwin-thread-64int/build/rpm-build-perl-0.82-mgz5zk/blib/lib/B/Walker.pm line 25
	B::Walker::const_sv(B::METHOP=SCALAR(0x8029fbd0)) called at /opt/perl5/cygwin_nt-6.1-wow/1.7.35/i686/cpan/5.21.11/cygwin-thread-64int/build/rpm-build-perl-0.82-mgz5zk/blib/lib/B/PerlReq.pm line 307
	B::PerlReq::grok_entersub(B::UNOP=SCALAR(0x8029fb40)) called at /opt/perl5/cygwin_nt-6.1-wow/1.7.35/i686/cpan/5.21.11/cygwin-thread-64int/build/rpm-build-perl-0.82-mgz5zk/blib/lib/B/Walker.pm line 56
	B::Walker::walk_root(B::UNOP=SCALAR(0x8029fb40)) called at /opt/perl5/cygwin_nt-6.1-wow/1.7.35/i686/cpan/5.21.11/cygwin-thread-64int/build/rpm-build-perl-0.82-mgz5zk/blib/lib/B/Walker.pm line 65
	B::Walker::walk_root(B::LISTOP=SCALAR(0x8029fac8)) called at /opt/perl5/cygwin_nt-6.1-wow/1.7.35/i686/cpan/5.21.11/cygwin-thread-64int/build/rpm-build-perl-0.82-mgz5zk/blib/lib/B/Walker.pm line 65
	B::Walker::walk_root(B::LISTOP=SCALAR(0x8024afe0)) called at /opt/perl5/cygwin_nt-6.1-wow/1.7.35/i686/cpan/5.21.11/cygwin-thread-64int/build/rpm-build-perl-0.82-mgz5zk/blib/lib/B/Walker.pm line 65
	B::Walker::walk_root(B::UNOP=SCALAR(0x801d1b88)) called at /opt/perl5/cygwin_nt-6.1-wow/1.7.35/i686/cpan/5.21.11/cygwin-thread-64int/build/rpm-build-perl-0.82-mgz5zk/blib/lib/B/Walker.pm line 91
	B::Walker::walk_cv(B::CV=SCALAR(0x80273af0)) called at /opt/perl5/cygwin_nt-6.1-wow/1.7.35/i686/cpan/5.21.11/cygwin-thread-64int/build/rpm-build-perl-0.82-mgz5zk/blib/lib/B/Walker.pm line 77
	B::Walker::walk_av("BEGIN", B::AV=SCALAR(0x80070398)) called at /opt/perl5/cygwin_nt-6.1-wow/1.7.35/i686/cpan/5.21.11/cygwin-thread-64int/build/rpm-build-perl-0.82-mgz5zk/blib/lib/B/Walker.pm line 97
	B::Walker::walk_blocks() called at /opt/perl5/cygwin_nt-6.1-wow/1.7.35/i686/cpan/5.21.11/cygwin-thread-64int/build/rpm-build-perl-0.82-mgz5zk/blib/lib/B/PerlReq.pm line 390
	B::PerlReq::__ANON__() called at (eval 2) line 31
	O::CHECK() called at -e line 0
	eval {...} called at -e line 0
Can't locate object method "sv" via package "B::METHOP" at /opt/perl5/cygwin_nt-6.1-wow/1.7.35/i686/cpan/5.21.11/cygwin-thread-64int/build/rpm-build-perl-0.82-mgz5zk/blib/lib/B/Walker.pm line 25.
CHECK failed--call queue aborted.

#   Failed test at t/01-B-PerlReq.t line 79.
#          got: 'perl(Data/Dumper.pm) >= 2.0.998'
#     expected: ''
dying at -e line 1
 at /opt/perl5/cygwin_nt-6.1-wow/1.7.35/i686/cpan/5.21.11/cygwin-thread-64int/build/rpm-build-perl-0.82-mgz5zk/blib/lib/B/PerlReq.pm line 388.
	B::PerlReq::__ANON__("Can't locate object method \"sv\" via package \"B::METHOP\" at /o"...) called at /opt/perl5/cygwin_nt-6.1-wow/1.7.35/i686/cpan/5.21.11/cygwin-thread-64int/build/rpm-build-perl-0.82-mgz5zk/blib/lib/B/Walker.pm line 25
	B::Walker::const_sv(B::METHOP=SCALAR(0x8029fbd0)) called at /opt/perl5/cygwin_nt-6.1-wow/1.7.35/i686/cpan/5.21.11/cygwin-thread-64int/build/rpm-build-perl-0.82-mgz5zk/blib/lib/B/PerlReq.pm line 307
	B::PerlReq::grok_entersub(B::UNOP=SCALAR(0x8029fb40)) called at /opt/perl5/cygwin_nt-6.1-wow/1.7.35/i686/cpan/5.21.11/cygwin-thread-64int/build/rpm-build-perl-0.82-mgz5zk/blib/lib/B/Walker.pm line 56
	B::Walker::walk_root(B::UNOP=SCALAR(0x8029fb40)) called at /opt/perl5/cygwin_nt-6.1-wow/1.7.35/i686/cpan/5.21.11/cygwin-thread-64int/build/rpm-build-perl-0.82-mgz5zk/blib/lib/B/Walker.pm line 65
	B::Walker::walk_root(B::LISTOP=SCALAR(0x8029fac8)) called at /opt/perl5/cygwin_nt-6.1-wow/1.7.35/i686/cpan/5.21.11/cygwin-thread-64int/build/rpm-build-perl-0.82-mgz5zk/blib/lib/B/Walker.pm line 65
	B::Walker::walk_root(B::LISTOP=SCALAR(0x8024afe0)) called at /opt/perl5/cygwin_nt-6.1-wow/1.7.35/i686/cpan/5.21.11/cygwin-thread-64int/build/rpm-build-perl-0.82-mgz5zk/blib/lib/B/Walker.pm line 65
	B::Walker::walk_root(B::UNOP=SCALAR(0x801d1b88)) called at /opt/perl5/cygwin_nt-6.1-wow/1.7.35/i686/cpan/5.21.11/cygwin-thread-64int/build/rpm-build-perl-0.82-mgz5zk/blib/lib/B/Walker.pm line 91
	B::Walker::walk_cv(B::CV=SCALAR(0x80273af0)) called at /opt/perl5/cygwin_nt-6.1-wow/1.7.35/i686/cpan/5.21.11/cygwin-thread-64int/build/rpm-build-perl-0.82-mgz5zk/blib/lib/B/Walker.pm line 77
	B::Walker::walk_av("BEGIN", B::AV=SCALAR(0x80070398)) called at /opt/perl5/cygwin_nt-6.1-wow/1.7.35/i686/cpan/5.21.11/cygwin-thread-64int/build/rpm-build-perl-0.82-mgz5zk/blib/lib/B/Walker.pm line 97
	B::Walker::walk_blocks() called at /opt/perl5/cygwin_nt-6.1-wow/1.7.35/i686/cpan/5.21.11/cygwin-thread-64int/build/rpm-build-perl-0.82-mgz5zk/blib/lib/B/PerlReq.pm line 390
	B::PerlReq::__ANON__() called at (eval 2) line 31
	O::CHECK() called at -e line 0
	eval {...} called at -e line 0
Can't locate object method "sv" via package "B::METHOP" at /opt/perl5/cygwin_nt-6.1-wow/1.7.35/i686/cpan/5.21.11/cygwin-thread-64int/build/rpm-build-perl-0.82-mgz5zk/blib/lib/B/Walker.pm line 25.
CHECK failed--call queue aborted.

#   Failed test at t/01-B-PerlReq.t line 80.
#          got: 'perl(Data/Dumper.pm) >= 2.0.999'
#     expected: ''
dying at -e line 1
 at /opt/perl5/cygwin_nt-6.1-wow/1.7.35/i686/cpan/5.21.11/cygwin-thread-64int/build/rpm-build-perl-0.82-mgz5zk/blib/lib/B/PerlReq.pm line 388.
	B::PerlReq::__ANON__("Can't locate object method \"sv\" via package \"B::METHOP\" at /o"...) called at /opt/perl5/cygwin_nt-6.1-wow/1.7.35/i686/cpan/5.21.11/cygwin-thread-64int/build/rpm-build-perl-0.82-mgz5zk/blib/lib/B/Walker.pm line 25
	B::Walker::const_sv(B::METHOP=SCALAR(0x8029fbd0)) called at /opt/perl5/cygwin_nt-6.1-wow/1.7.35/i686/cpan/5.21.11/cygwin-thread-64int/build/rpm-build-perl-0.82-mgz5zk/blib/lib/B/PerlReq.pm line 307
	B::PerlReq::grok_entersub(B::UNOP=SCALAR(0x8029fb40)) called at /opt/perl5/cygwin_nt-6.1-wow/1.7.35/i686/cpan/5.21.11/cygwin-thread-64int/build/rpm-build-perl-0.82-mgz5zk/blib/lib/B/Walker.pm line 56
	B::Walker::walk_root(B::UNOP=SCALAR(0x8029fb40)) called at /opt/perl5/cygwin_nt-6.1-wow/1.7.35/i686/cpan/5.21.11/cygwin-thread-64int/build/rpm-build-perl-0.82-mgz5zk/blib/lib/B/Walker.pm line 65
	B::Walker::walk_root(B::LISTOP=SCALAR(0x8029fac8)) called at /opt/perl5/cygwin_nt-6.1-wow/1.7.35/i686/cpan/5.21.11/cygwin-thread-64int/build/rpm-build-perl-0.82-mgz5zk/blib/lib/B/Walker.pm line 65
	B::Walker::walk_root(B::LISTOP=SCALAR(0x8024afe0)) called at /opt/perl5/cygwin_nt-6.1-wow/1.7.35/i686/cpan/5.21.11/cygwin-thread-64int/build/rpm-build-perl-0.82-mgz5zk/blib/lib/B/Walker.pm line 65
	B::Walker::walk_root(B::UNOP=SCALAR(0x801d1b88)) called at /opt/perl5/cygwin_nt-6.1-wow/1.7.35/i686/cpan/5.21.11/cygwin-thread-64int/build/rpm-build-perl-0.82-mgz5zk/blib/lib/B/Walker.pm line 91
	B::Walker::walk_cv(B::CV=SCALAR(0x80273af0)) called at /opt/perl5/cygwin_nt-6.1-wow/1.7.35/i686/cpan/5.21.11/cygwin-thread-64int/build/rpm-build-perl-0.82-mgz5zk/blib/lib/B/Walker.pm line 77
	B::Walker::walk_av("BEGIN", B::AV=SCALAR(0x80070398)) called at /opt/perl5/cygwin_nt-6.1-wow/1.7.35/i686/cpan/5.21.11/cygwin-thread-64int/build/rpm-build-perl-0.82-mgz5zk/blib/lib/B/Walker.pm line 97
	B::Walker::walk_blocks() called at /opt/perl5/cygwin_nt-6.1-wow/1.7.35/i686/cpan/5.21.11/cygwin-thread-64int/build/rpm-build-perl-0.82-mgz5zk/blib/lib/B/PerlReq.pm line 390
	B::PerlReq::__ANON__() called at (eval 2) line 31
	O::CHECK() called at -e line 0
	eval {...} called at -e line 0
Can't locate object method "sv" via package "B::METHOP" at /opt/perl5/cygwin_nt-6.1-wow/1.7.35/i686/cpan/5.21.11/cygwin-thread-64int/build/rpm-build-perl-0.82-mgz5zk/blib/lib/B/Walker.pm line 25.
CHECK failed--call queue aborted.

#   Failed test at t/01-B-PerlReq.t line 81.
#          got: 'perl(Data/Dumper.pm) >= 2.001.001'
#     expected: ''
dying at -e line 1
 at /opt/perl5/cygwin_nt-6.1-wow/1.7.35/i686/cpan/5.21.11/cygwin-thread-64int/build/rpm-build-perl-0.82-mgz5zk/blib/lib/B/PerlReq.pm line 388.
	B::PerlReq::__ANON__("Can't locate object method \"sv\" via package \"B::METHOP\" at /o"...) called at /opt/perl5/cygwin_nt-6.1-wow/1.7.35/i686/cpan/5.21.11/cygwin-thread-64int/build/rpm-build-perl-0.82-mgz5zk/blib/lib/B/Walker.pm line 25
	B::Walker::const_sv(B::METHOP=SCALAR(0x8029fbd0)) called at /opt/perl5/cygwin_nt-6.1-wow/1.7.35/i686/cpan/5.21.11/cygwin-thread-64int/build/rpm-build-perl-0.82-mgz5zk/blib/lib/B/PerlReq.pm line 307
	B::PerlReq::grok_entersub(B::UNOP=SCALAR(0x8029fb40)) called at /opt/perl5/cygwin_nt-6.1-wow/1.7.35/i686/cpan/5.21.11/cygwin-thread-64int/build/rpm-build-perl-0.82-mgz5zk/blib/lib/B/Walker.pm line 56
	B::Walker::walk_root(B::UNOP=SCALAR(0x8029fb40)) called at /opt/perl5/cygwin_nt-6.1-wow/1.7.35/i686/cpan/5.21.11/cygwin-thread-64int/build/rpm-build-perl-0.82-mgz5zk/blib/lib/B/Walker.pm line 65
	B::Walker::walk_root(B::LISTOP=SCALAR(0x8029fac8)) called at /opt/perl5/cygwin_nt-6.1-wow/1.7.35/i686/cpan/5.21.11/cygwin-thread-64int/build/rpm-build-perl-0.82-mgz5zk/blib/lib/B/Walker.pm line 65
	B::Walker::walk_root(B::LISTOP=SCALAR(0x8024afe0)) called at /opt/perl5/cygwin_nt-6.1-wow/1.7.35/i686/cpan/5.21.11/cygwin-thread-64int/build/rpm-build-perl-0.82-mgz5zk/blib/lib/B/Walker.pm line 65
	B::Walker::walk_root(B::UNOP=SCALAR(0x801d1b88)) called at /opt/perl5/cygwin_nt-6.1-wow/1.7.35/i686/cpan/5.21.11/cygwin-thread-64int/build/rpm-build-perl-0.82-mgz5zk/blib/lib/B/Walker.pm line 91
	B::Walker::walk_cv(B::CV=SCALAR(0x80273af0)) called at /opt/perl5/cygwin_nt-6.1-wow/1.7.35/i686/cpan/5.21.11/cygwin-thread-64int/build/rpm-build-perl-0.82-mgz5zk/blib/lib/B/Walker.pm line 77
	B::Walker::walk_av("BEGIN", B::AV=SCALAR(0x80070398)) called at /opt/perl5/cygwin_nt-6.1-wow/1.7.35/i686/cpan/5.21.11/cygwin-thread-64int/build/rpm-build-perl-0.82-mgz5zk/blib/lib/B/Walker.pm line 97
	B::Walker::walk_blocks() called at /opt/perl5/cygwin_nt-6.1-wow/1.7.35/i686/cpan/5.21.11/cygwin-thread-64int/build/rpm-build-perl-0.82-mgz5zk/blib/lib/B/PerlReq.pm line 390
	B::PerlReq::__ANON__() called at (eval 2) line 31
	O::CHECK() called at -e line 0
	eval {...} called at -e line 0
Can't locate object method "sv" via package "B::METHOP" at /opt/perl5/cygwin_nt-6.1-wow/1.7.35/i686/cpan/5.21.11/cygwin-thread-64int/build/rpm-build-perl-0.82-mgz5zk/blib/lib/B/Walker.pm line 25.
CHECK failed--call queue aborted.

#   Failed test at t/01-B-PerlReq.t line 82.
#          got: 'perl(Data/Dumper.pm) >= 2.001.001'
#     expected: ''
dying at -e line 1
 at /opt/perl5/cygwin_nt-6.1-wow/1.7.35/i686/cpan/5.21.11/cygwin-thread-64int/build/rpm-build-perl-0.82-mgz5zk/blib/lib/B/PerlReq.pm line 388.
	B::PerlReq::__ANON__("Can't locate object method \"sv\" via package \"B::METHOP\" at /o"...) called at /opt/perl5/cygwin_nt-6.1-wow/1.7.35/i686/cpan/5.21.11/cygwin-thread-64int/build/rpm-build-perl-0.82-mgz5zk/blib/lib/B/Walker.pm line 25
	B::Walker::const_sv(B::METHOP=SCALAR(0x80276ad8)) called at /opt/perl5/cygwin_nt-6.1-wow/1.7.35/i686/cpan/5.21.11/cygwin-thread-64int/build/rpm-build-perl-0.82-mgz5zk/blib/lib/B/PerlReq.pm line 307
	B::PerlReq::grok_entersub(B::UNOP=SCALAR(0x80276a48)) called at /opt/perl5/cygwin_nt-6.1-wow/1.7.35/i686/cpan/5.21.11/cygwin-thread-64int/build/rpm-build-perl-0.82-mgz5zk/blib/lib/B/Walker.pm line 56
	B::Walker::walk_root(B::UNOP=SCALAR(0x80276a48)) called at /opt/perl5/cygwin_nt-6.1-wow/1.7.35/i686/cpan/5.21.11/cygwin-thread-64int/build/rpm-build-perl-0.82-mgz5zk/blib/lib/B/Walker.pm line 65
	B::Walker::walk_root(B::LISTOP=SCALAR(0x802769b8)) called at /opt/perl5/cygwin_nt-6.1-wow/1.7.35/i686/cpan/5.21.11/cygwin-thread-64int/build/rpm-build-perl-0.82-mgz5zk/blib/lib/B/Walker.pm line 65
	B::Walker::walk_root(B::LISTOP=SCALAR(0x802608b8)) called at /opt/perl5/cygwin_nt-6.1-wow/1.7.35/i686/cpan/5.21.11/cygwin-thread-64int/build/rpm-build-perl-0.82-mgz5zk/blib/lib/B/Walker.pm line 65
	B::Walker::walk_root(B::UNOP=SCALAR(0x802609d8)) called at /opt/perl5/cygwin_nt-6.1-wow/1.7.35/i686/cpan/5.21.11/cygwin-thread-64int/build/rpm-build-perl-0.82-mgz5zk/blib/lib/B/Walker.pm line 91
	B::Walker::walk_cv(B::CV=SCALAR(0x80283cf0)) called at /opt/perl5/cygwin_nt-6.1-wow/1.7.35/i686/cpan/5.21.11/cygwin-thread-64int/build/rpm-build-perl-0.82-mgz5zk/blib/lib/B/Walker.pm line 77
	B::Walker::walk_av("BEGIN", B::AV=SCALAR(0x80070398)) called at /opt/perl5/cygwin_nt-6.1-wow/1.7.35/i686/cpan/5.21.11/cygwin-thread-64int/build/rpm-build-perl-0.82-mgz5zk/blib/lib/B/Walker.pm line 97
	B::Walker::walk_blocks() called at /opt/perl5/cygwin_nt-6.1-wow/1.7.35/i686/cpan/5.21.11/cygwin-thread-64int/build/rpm-build-perl-0.82-mgz5zk/blib/lib/B/PerlReq.pm line 390
	B::PerlReq::__ANON__() called at (eval 2) line 31
	O::CHECK() called at -e line 0
	eval {...} called at -e line 0
Can't locate object method "sv" via package "B::METHOP" at /opt/perl5/cygwin_nt-6.1-wow/1.7.35/i686/cpan/5.21.11/cygwin-thread-64int/build/rpm-build-perl-0.82-mgz5zk/blib/lib/B/Walker.pm line 25.
CHECK failed--call queue aborted.

#   Failed test at t/01-B-PerlReq.t line 84.
#          got: 'perl(base.pm)
# perl(Data/Dumper.pm)'
#     expected: ''
dying at -e line 1
 at /opt/perl5/cygwin_nt-6.1-wow/1.7.35/i686/cpan/5.21.11/cygwin-thread-64int/build/rpm-build-perl-0.82-mgz5zk/blib/lib/B/PerlReq.pm line 388.
	B::PerlReq::__ANON__("Can't locate object method \"sv\" via package \"B::METHOP\" at /o"...) called at /opt/perl5/cygwin_nt-6.1-wow/1.7.35/i686/cpan/5.21.11/cygwin-thread-64int/build/rpm-build-perl-0.82-mgz5zk/blib/lib/B/Walker.pm line 25
	B::Walker::const_sv(B::METHOP=SCALAR(0x80276be0)) called at /opt/perl5/cygwin_nt-6.1-wow/1.7.35/i686/cpan/5.21.11/cygwin-thread-64int/build/rpm-build-perl-0.82-mgz5zk/blib/lib/B/PerlReq.pm line 307
	B::PerlReq::grok_entersub(B::UNOP=SCALAR(0x80276b50)) called at /opt/perl5/cygwin_nt-6.1-wow/1.7.35/i686/cpan/5.21.11/cygwin-thread-64int/build/rpm-build-perl-0.82-mgz5zk/blib/lib/B/Walker.pm line 56
	B::Walker::walk_root(B::UNOP=SCALAR(0x80276b50)) called at /opt/perl5/cygwin_nt-6.1-wow/1.7.35/i686/cpan/5.21.11/cygwin-thread-64int/build/rpm-build-perl-0.82-mgz5zk/blib/lib/B/Walker.pm line 65
	B::Walker::walk_root(B::LISTOP=SCALAR(0x80276ad8)) called at /opt/perl5/cygwin_nt-6.1-wow/1.7.35/i686/cpan/5.21.11/cygwin-thread-64int/build/rpm-build-perl-0.82-mgz5zk/blib/lib/B/Walker.pm line 65
	B::Walker::walk_root(B::LISTOP=SCALAR(0x80261770)) called at /opt/perl5/cygwin_nt-6.1-wow/1.7.35/i686/cpan/5.21.11/cygwin-thread-64int/build/rpm-build-perl-0.82-mgz5zk/blib/lib/B/Walker.pm line 65
	B::Walker::walk_root(B::UNOP=SCALAR(0x80261890)) called at /opt/perl5/cygwin_nt-6.1-wow/1.7.35/i686/cpan/5.21.11/cygwin-thread-64int/build/rpm-build-perl-0.82-mgz5zk/blib/lib/B/Walker.pm line 91
	B::Walker::walk_cv(B::CV=SCALAR(0x80283940)) called at /opt/perl5/cygwin_nt-6.1-wow/1.7.35/i686/cpan/5.21.11/cygwin-thread-64int/build/rpm-build-perl-0.82-mgz5zk/blib/lib/B/Walker.pm line 77
	B::Walker::walk_av("BEGIN", B::AV=SCALAR(0x800703a0)) called at /opt/perl5/cygwin_nt-6.1-wow/1.7.35/i686/cpan/5.21.11/cygwin-thread-64int/build/rpm-build-perl-0.82-mgz5zk/blib/lib/B/Walker.pm line 97
	B::Walker::walk_blocks() called at /opt/perl5/cygwin_nt-6.1-wow/1.7.35/i686/cpan/5.21.11/cygwin-thread-64int/build/rpm-build-perl-0.82-mgz5zk/blib/lib/B/PerlReq.pm line 390
	B::PerlReq::__ANON__() called at (eval 2) line 31
	O::CHECK() called at -e line 0
	eval {...} called at -e line 0
Can't locate object method "sv" via package "B::METHOP" at /opt/perl5/cygwin_nt-6.1-wow/1.7.35/i686/cpan/5.21.11/cygwin-thread-64int/build/rpm-build-perl-0.82-mgz5zk/blib/lib/B/Walker.pm line 25.
CHECK failed--call queue aborted.

#   Failed test at t/01-B-PerlReq.t line 85.
#          got: 'perl(base.pm) >= 1.0
# perl(Data/Dumper.pm)'
#     expected: ''
dying at -e line 1
 at /opt/perl5/cygwin_nt-6.1-wow/1.7.35/i686/cpan/5.21.11/cygwin-thread-64int/build/rpm-build-perl-0.82-mgz5zk/blib/lib/B/PerlReq.pm line 388.
	B::PerlReq::__ANON__("Can't locate object method \"sv\" via package \"B::METHOP\" at /o"...) called at /opt/perl5/cygwin_nt-6.1-wow/1.7.35/i686/cpan/5.21.11/cygwin-thread-64int/build/rpm-build-perl-0.82-mgz5zk/blib/lib/B/Walker.pm line 25
	B::Walker::const_sv(B::METHOP=SCALAR(0x802b6818)) called at /opt/perl5/cygwin_nt-6.1-wow/1.7.35/i686/cpan/5.21.11/cygwin-thread-64int/build/rpm-build-perl-0.82-mgz5zk/blib/lib/B/PerlReq.pm line 307
	B::PerlReq::grok_entersub(B::UNOP=SCALAR(0x802b67e8)) called at /opt/perl5/cygwin_nt-6.1-wow/1.7.35/i686/cpan/5.21.11/cygwin-thread-64int/build/rpm-build-perl-0.82-mgz5zk/blib/lib/B/Walker.pm line 56
	B::Walker::walk_root(B::UNOP=SCALAR(0x802b67e8)) called at /opt/perl5/cygwin_nt-6.1-wow/1.7.35/i686/cpan/5.21.11/cygwin-thread-64int/build/rpm-build-perl-0.82-mgz5zk/blib/lib/B/Walker.pm line 65
	B::Walker::walk_root(B::LISTOP=SCALAR(0x802b6758)) called at /opt/perl5/cygwin_nt-6.1-wow/1.7.35/i686/cpan/5.21.11/cygwin-thread-64int/build/rpm-build-perl-0.82-mgz5zk/blib/lib/B/Walker.pm line 65
	B::Walker::walk_root(B::LISTOP=SCALAR(0x802b8be0)) called at /opt/perl5/cygwin_nt-6.1-wow/1.7.35/i686/cpan/5.21.11/cygwin-thread-64int/build/rpm-build-perl-0.82-mgz5zk/blib/lib/B/Walker.pm line 65
	B::Walker::walk_root(B::UNOP=SCALAR(0x802b8ad8)) called at /opt/perl5/cygwin_nt-6.1-wow/1.7.35/i686/cpan/5.21.11/cygwin-thread-64int/build/rpm-build-perl-0.82-mgz5zk/blib/lib/B/Walker.pm line 91
	B::Walker::walk_cv(B::CV=SCALAR(0x80260900)) called at /opt/perl5/cygwin_nt-6.1-wow/1.7.35/i686/cpan/5.21.11/cygwin-thread-64int/build/rpm-build-perl-0.82-mgz5zk/blib/lib/B/Walker.pm line 77
	B::Walker::walk_av("BEGIN", B::AV=SCALAR(0x800703a8)) called at /opt/perl5/cygwin_nt-6.1-wow/1.7.35/i686/cpan/5.21.11/cygwin-thread-64int/build/rpm-build-perl-0.82-mgz5zk/blib/lib/B/Walker.pm line 97
	B::Walker::walk_blocks() called at /opt/perl5/cygwin_nt-6.1-wow/1.7.35/i686/cpan/5.21.11/cygwin-thread-64int/build/rpm-build-perl-0.82-mgz5zk/blib/lib/B/PerlReq.pm line 390
	B::PerlReq::__ANON__() called at (eval 2) line 31
	O::CHECK() called at -e line 0
	eval {...} called at -e line 0
Can't locate object method "sv" via package "B::METHOP" at /opt/perl5/cygwin_nt-6.1-wow/1.7.35/i686/cpan/5.21.11/cygwin-thread-64int/build/rpm-build-perl-0.82-mgz5zk/blib/lib/B/Walker.pm line 25.
CHECK failed--call queue aborted.

#   Failed test at t/01-B-PerlReq.t line 86.
#          got: 'perl(base.pm)
# perl(Data/Dumper.pm)
# perl(File/Basename.pm)'
#     expected: ''
dying at -e line 1
 at /opt/perl5/cygwin_nt-6.1-wow/1.7.35/i686/cpan/5.21.11/cygwin-thread-64int/build/rpm-build-perl-0.82-mgz5zk/blib/lib/B/PerlReq.pm line 388.
	B::PerlReq::__ANON__("Can't locate object method \"sv\" via package \"B::METHOP\" at /o"...) called at /opt/perl5/cygwin_nt-6.1-wow/1.7.35/i686/cpan/5.21.11/cygwin-thread-64int/build/rpm-build-perl-0.82-mgz5zk/blib/lib/B/Walker.pm line 25
	B::Walker::const_sv(B::METHOP=SCALAR(0x801907f8)) called at /opt/perl5/cygwin_nt-6.1-wow/1.7.35/i686/cpan/5.21.11/cygwin-thread-64int/build/rpm-build-perl-0.82-mgz5zk/blib/lib/B/PerlReq.pm line 307
	B::PerlReq::grok_entersub(B::UNOP=SCALAR(0x801907c8)) called at /opt/perl5/cygwin_nt-6.1-wow/1.7.35/i686/cpan/5.21.11/cygwin-thread-64int/build/rpm-build-perl-0.82-mgz5zk/blib/lib/B/Walker.pm line 56
	B::Walker::walk_root(B::UNOP=SCALAR(0x801907c8)) called at /opt/perl5/cygwin_nt-6.1-wow/1.7.35/i686/cpan/5.21.11/cygwin-thread-64int/build/rpm-build-perl-0.82-mgz5zk/blib/lib/B/Walker.pm line 65
	B::Walker::walk_root(B::LISTOP=SCALAR(0x80190738)) called at /opt/perl5/cygwin_nt-6.1-wow/1.7.35/i686/cpan/5.21.11/cygwin-thread-64int/build/rpm-build-perl-0.82-mgz5zk/blib/lib/B/Walker.pm line 65
	B::Walker::walk_root(B::LISTOP=SCALAR(0x80242570)) called at /opt/perl5/cygwin_nt-6.1-wow/1.7.35/i686/cpan/5.21.11/cygwin-thread-64int/build/rpm-build-perl-0.82-mgz5zk/blib/lib/B/Walker.pm line 65
	B::Walker::walk_root(B::UNOP=SCALAR(0x802424b0)) called at /opt/perl5/cygwin_nt-6.1-wow/1.7.35/i686/cpan/5.21.11/cygwin-thread-64int/build/rpm-build-perl-0.82-mgz5zk/blib/lib/B/Walker.pm line 91
	B::Walker::walk_cv(B::CV=SCALAR(0x80242300)) called at /opt/perl5/cygwin_nt-6.1-wow/1.7.35/i686/cpan/5.21.11/cygwin-thread-64int/build/rpm-build-perl-0.82-mgz5zk/blib/lib/B/Walker.pm line 77
	B::Walker::walk_av("BEGIN", B::AV=SCALAR(0x800703a8)) called at /opt/perl5/cygwin_nt-6.1-wow/1.7.35/i686/cpan/5.21.11/cygwin-thread-64int/build/rpm-build-perl-0.82-mgz5zk/blib/lib/B/Walker.pm line 97
	B::Walker::walk_blocks() called at /opt/perl5/cygwin_nt-6.1-wow/1.7.35/i686/cpan/5.21.11/cygwin-thread-64int/build/rpm-build-perl-0.82-mgz5zk/blib/lib/B/PerlReq.pm line 390
	B::PerlReq::__ANON__() called at (eval 2) line 31
	O::CHECK() called at -e line 0
	eval {...} called at -e line 0
Can't locate object method "sv" via package "B::METHOP" at /opt/perl5/cygwin_nt-6.1-wow/1.7.35/i686/cpan/5.21.11/cygwin-thread-64int/build/rpm-build-perl-0.82-mgz5zk/blib/lib/B/Walker.pm line 25.
CHECK failed--call queue aborted.

#   Failed test at t/01-B-PerlReq.t line 87.
#          got: 'perl(Tie/Hash.pm)
# perl(base.pm)'
#     expected: ''
dying at -e line 1
 at /opt/perl5/cygwin_nt-6.1-wow/1.7.35/i686/cpan/5.21.11/cygwin-thread-64int/build/rpm-build-perl-0.82-mgz5zk/blib/lib/B/PerlReq.pm line 388.
	B::PerlReq::__ANON__("Can't locate object method \"sv\" via package \"B::METHOP\" at /o"...) called at /opt/perl5/cygwin_nt-6.1-wow/1.7.35/i686/cpan/5.21.11/cygwin-thread-64int/build/rpm-build-perl-0.82-mgz5zk/blib/lib/B/Walker.pm line 25
	B::Walker::const_sv(B::METHOP=SCALAR(0x802321f0)) called at /opt/perl5/cygwin_nt-6.1-wow/1.7.35/i686/cpan/5.21.11/cygwin-thread-64int/build/rpm-build-perl-0.82-mgz5zk/blib/lib/B/PerlReq.pm line 307
	B::PerlReq::grok_entersub(B::UNOP=SCALAR(0x80232160)) called at /opt/perl5/cygwin_nt-6.1-wow/1.7.35/i686/cpan/5.21.11/cygwin-thread-64int/build/rpm-build-perl-0.82-mgz5zk/blib/lib/B/Walker.pm line 56
	B::Walker::walk_root(B::UNOP=SCALAR(0x80232160)) called at /opt/perl5/cygwin_nt-6.1-wow/1.7.35/i686/cpan/5.21.11/cygwin-thread-64int/build/rpm-build-perl-0.82-mgz5zk/blib/lib/B/Walker.pm line 65
	B::Walker::walk_root(B::LISTOP=SCALAR(0x802320d0)) called at /opt/perl5/cygwin_nt-6.1-wow/1.7.35/i686/cpan/5.21.11/cygwin-thread-64int/build/rpm-build-perl-0.82-mgz5zk/blib/lib/B/Walker.pm line 65
	B::Walker::walk_root(B::LISTOP=SCALAR(0x80211bd8)) called at /opt/perl5/cygwin_nt-6.1-wow/1.7.35/i686/cpan/5.21.11/cygwin-thread-64int/build/rpm-build-perl-0.82-mgz5zk/blib/lib/B/Walker.pm line 65
	B::Walker::walk_root(B::UNOP=SCALAR(0x801d1b90)) called at /opt/perl5/cygwin_nt-6.1-wow/1.7.35/i686/cpan/5.21.11/cygwin-thread-64int/build/rpm-build-perl-0.82-mgz5zk/blib/lib/B/Walker.pm line 91
	B::Walker::walk_cv(B::CV=SCALAR(0x801d1980)) called at /opt/perl5/cygwin_nt-6.1-wow/1.7.35/i686/cpan/5.21.11/cygwin-thread-64int/build/rpm-build-perl-0.82-mgz5zk/blib/lib/B/Walker.pm line 77
	B::Walker::walk_av("BEGIN", B::AV=SCALAR(0x800703a0)) called at /opt/perl5/cygwin_nt-6.1-wow/1.7.35/i686/cpan/5.21.11/cygwin-thread-64int/build/rpm-build-perl-0.82-mgz5zk/blib/lib/B/Walker.pm line 97
	B::Walker::walk_blocks() called at /opt/perl5/cygwin_nt-6.1-wow/1.7.35/i686/cpan/5.21.11/cygwin-thread-64int/build/rpm-build-perl-0.82-mgz5zk/blib/lib/B/PerlReq.pm line 390
	B::PerlReq::__ANON__() called at (eval 2) line 31
	O::CHECK() called at -e line 0
	eval {...} called at -e line 0
Can't locate object method "sv" via package "B::METHOP" at /opt/perl5/cygwin_nt-6.1-wow/1.7.35/i686/cpan/5.21.11/cygwin-thread-64int/build/rpm-build-perl-0.82-mgz5zk/blib/lib/B/Walker.pm line 25.
CHECK failed--call queue aborted.

#   Failed test at t/01-B-PerlReq.t line 89.
#          got: 'perl(autouse.pm)
# perl(Data/Dumper.pm)'
#     expected: ''
dying at -e line 1
 at /opt/perl5/cygwin_nt-6.1-wow/1.7.35/i686/cpan/5.21.11/cygwin-thread-64int/build/rpm-build-perl-0.82-mgz5zk/blib/lib/B/PerlReq.pm line 388.
	B::PerlReq::__ANON__("Can't locate object method \"sv\" via package \"B::METHOP\" at /o"...) called at /opt/perl5/cygwin_nt-6.1-wow/1.7.35/i686/cpan/5.21.11/cygwin-thread-64int/build/rpm-build-perl-0.82-mgz5zk/blib/lib/B/Walker.pm line 25
	B::Walker::const_sv(B::METHOP=SCALAR(0x802323e0)) called at /opt/perl5/cygwin_nt-6.1-wow/1.7.35/i686/cpan/5.21.11/cygwin-thread-64int/build/rpm-build-perl-0.82-mgz5zk/blib/lib/B/PerlReq.pm line 307
	B::PerlReq::grok_entersub(B::UNOP=SCALAR(0x802323b0)) called at /opt/perl5/cygwin_nt-6.1-wow/1.7.35/i686/cpan/5.21.11/cygwin-thread-64int/build/rpm-build-perl-0.82-mgz5zk/blib/lib/B/Walker.pm line 56
	B::Walker::walk_root(B::UNOP=SCALAR(0x802323b0)) called at /opt/perl5/cygwin_nt-6.1-wow/1.7.35/i686/cpan/5.21.11/cygwin-thread-64int/build/rpm-build-perl-0.82-mgz5zk/blib/lib/B/Walker.pm line 65
	B::Walker::walk_root(B::LISTOP=SCALAR(0x80232320)) called at /opt/perl5/cygwin_nt-6.1-wow/1.7.35/i686/cpan/5.21.11/cygwin-thread-64int/build/rpm-build-perl-0.82-mgz5zk/blib/lib/B/Walker.pm line 65
	B::Walker::walk_root(B::LISTOP=SCALAR(0x802317f8)) called at /opt/perl5/cygwin_nt-6.1-wow/1.7.35/i686/cpan/5.21.11/cygwin-thread-64int/build/rpm-build-perl-0.82-mgz5zk/blib/lib/B/Walker.pm line 65
	B::Walker::walk_root(B::UNOP=SCALAR(0x80231738)) called at /opt/perl5/cygwin_nt-6.1-wow/1.7.35/i686/cpan/5.21.11/cygwin-thread-64int/build/rpm-build-perl-0.82-mgz5zk/blib/lib/B/Walker.pm line 91
	B::Walker::walk_cv(B::CV=SCALAR(0x8022c900)) called at /opt/perl5/cygwin_nt-6.1-wow/1.7.35/i686/cpan/5.21.11/cygwin-thread-64int/build/rpm-build-perl-0.82-mgz5zk/blib/lib/B/Walker.pm line 77
	B::Walker::walk_av("BEGIN", B::AV=SCALAR(0x800703a8)) called at /opt/perl5/cygwin_nt-6.1-wow/1.7.35/i686/cpan/5.21.11/cygwin-thread-64int/build/rpm-build-perl-0.82-mgz5zk/blib/lib/B/Walker.pm line 97
	B::Walker::walk_blocks() called at /opt/perl5/cygwin_nt-6.1-wow/1.7.35/i686/cpan/5.21.11/cygwin-thread-64int/build/rpm-build-perl-0.82-mgz5zk/blib/lib/B/PerlReq.pm line 390
	B::PerlReq::__ANON__() called at (eval 2) line 31
	O::CHECK() called at -e line 0
	eval {...} called at -e line 0
Can't locate object method "sv" via package "B::METHOP" at /opt/perl5/cygwin_nt-6.1-wow/1.7.35/i686/cpan/5.21.11/cygwin-thread-64int/build/rpm-build-perl-0.82-mgz5zk/blib/lib/B/Walker.pm line 25.
CHECK failed--call queue aborted.

#   Failed test at t/01-B-PerlReq.t line 90.
#          got: 'perl(autouse.pm)
# perl(Data/Dumper.pm)'
#     expected: ''
dying at -e line 1
 at /opt/perl5/cygwin_nt-6.1-wow/1.7.35/i686/cpan/5.21.11/cygwin-thread-64int/build/rpm-build-perl-0.82-mgz5zk/blib/lib/B/PerlReq.pm line 388.
	B::PerlReq::__ANON__("Can't locate object method \"sv\" via package \"B::METHOP\" at /o"...) called at /opt/perl5/cygwin_nt-6.1-wow/1.7.35/i686/cpan/5.21.11/cygwin-thread-64int/build/rpm-build-perl-0.82-mgz5zk/blib/lib/B/Walker.pm line 25
	B::Walker::const_sv(B::METHOP=SCALAR(0x80232480)) called at /opt/perl5/cygwin_nt-6.1-wow/1.7.35/i686/cpan/5.21.11/cygwin-thread-64int/build/rpm-build-perl-0.82-mgz5zk/blib/lib/B/PerlReq.pm line 307
	B::PerlReq::grok_entersub(B::UNOP=SCALAR(0x80232450)) called at /opt/perl5/cygwin_nt-6.1-wow/1.7.35/i686/cpan/5.21.11/cygwin-thread-64int/build/rpm-build-perl-0.82-mgz5zk/blib/lib/B/Walker.pm line 56
	B::Walker::walk_root(B::UNOP=SCALAR(0x80232450)) called at /opt/perl5/cygwin_nt-6.1-wow/1.7.35/i686/cpan/5.21.11/cygwin-thread-64int/build/rpm-build-perl-0.82-mgz5zk/blib/lib/B/Walker.pm line 65
	B::Walker::walk_root(B::LISTOP=SCALAR(0x802323c0)) called at /opt/perl5/cygwin_nt-6.1-wow/1.7.35/i686/cpan/5.21.11/cygwin-thread-64int/build/rpm-build-perl-0.82-mgz5zk/blib/lib/B/Walker.pm line 65
	B::Walker::walk_root(B::LISTOP=SCALAR(0x80231898)) called at /opt/perl5/cygwin_nt-6.1-wow/1.7.35/i686/cpan/5.21.11/cygwin-thread-64int/build/rpm-build-perl-0.82-mgz5zk/blib/lib/B/Walker.pm line 65
	B::Walker::walk_root(B::UNOP=SCALAR(0x802317d8)) called at /opt/perl5/cygwin_nt-6.1-wow/1.7.35/i686/cpan/5.21.11/cygwin-thread-64int/build/rpm-build-perl-0.82-mgz5zk/blib/lib/B/Walker.pm line 91
	B::Walker::walk_cv(B::CV=SCALAR(0x8022c9a0)) called at /opt/perl5/cygwin_nt-6.1-wow/1.7.35/i686/cpan/5.21.11/cygwin-thread-64int/build/rpm-build-perl-0.82-mgz5zk/blib/lib/B/Walker.pm line 77
	B::Walker::walk_av("BEGIN", B::AV=SCALAR(0x800703b0)) called at /opt/perl5/cygwin_nt-6.1-wow/1.7.35/i686/cpan/5.21.11/cygwin-thread-64int/build/rpm-build-perl-0.82-mgz5zk/blib/lib/B/Walker.pm line 97
	B::Walker::walk_blocks() called at /opt/perl5/cygwin_nt-6.1-wow/1.7.35/i686/cpan/5.21.11/cygwin-thread-64int/build/rpm-build-perl-0.82-mgz5zk/blib/lib/B/PerlReq.pm line 390
	B::PerlReq::__ANON__() called at (eval 2) line 31
	O::CHECK() called at -e line 0
	eval {...} called at -e line 0
Can't locate object method "sv" via package "B::METHOP" at /opt/perl5/cygwin_nt-6.1-wow/1.7.35/i686/cpan/5.21.11/cygwin-thread-64int/build/rpm-build-perl-0.82-mgz5zk/blib/lib/B/Walker.pm line 25.
CHECK failed--call queue aborted.

#   Failed test at t/01-B-PerlReq.t line 91.
#          got: 'perl(autouse.pm)
# perl(Data/Dumper.pm)'
#     expected: ''
dying at -e line 1
 at /opt/perl5/cygwin_nt-6.1-wow/1.7.35/i686/cpan/5.21.11/cygwin-thread-64int/build/rpm-build-perl-0.82-mgz5zk/blib/lib/B/PerlReq.pm line 388.
	B::PerlReq::__ANON__("Can't locate object method \"sv\" via package \"B::METHOP\" at /o"...) called at /opt/perl5/cygwin_nt-6.1-wow/1.7.35/i686/cpan/5.21.11/cygwin-thread-64int/build/rpm-build-perl-0.82-mgz5zk/blib/lib/B/Walker.pm line 25
	B::Walker::const_sv(B::METHOP=SCALAR(0x801facd8)) called at /opt/perl5/cygwin_nt-6.1-wow/1.7.35/i686/cpan/5.21.11/cygwin-thread-64int/build/rpm-build-perl-0.82-mgz5zk/blib/lib/B/PerlReq.pm line 307
	B::PerlReq::grok_entersub(B::UNOP=SCALAR(0x801faca8)) called at /opt/perl5/cygwin_nt-6.1-wow/1.7.35/i686/cpan/5.21.11/cygwin-thread-64int/build/rpm-build-perl-0.82-mgz5zk/blib/lib/B/Walker.pm line 56
	B::Walker::walk_root(B::UNOP=SCALAR(0x801faca8)) called at /opt/perl5/cygwin_nt-6.1-wow/1.7.35/i686/cpan/5.21.11/cygwin-thread-64int/build/rpm-build-perl-0.82-mgz5zk/blib/lib/B/Walker.pm line 65
	B::Walker::walk_root(B::LISTOP=SCALAR(0x801fac18)) called at /opt/perl5/cygwin_nt-6.1-wow/1.7.35/i686/cpan/5.21.11/cygwin-thread-64int/build/rpm-build-perl-0.82-mgz5zk/blib/lib/B/Walker.pm line 65
	B::Walker::walk_root(B::LISTOP=SCALAR(0x80236cc8)) called at /opt/perl5/cygwin_nt-6.1-wow/1.7.35/i686/cpan/5.21.11/cygwin-thread-64int/build/rpm-build-perl-0.82-mgz5zk/blib/lib/B/Walker.pm line 65
	B::Walker::walk_root(B::UNOP=SCALAR(0x80236c08)) called at /opt/perl5/cygwin_nt-6.1-wow/1.7.35/i686/cpan/5.21.11/cygwin-thread-64int/build/rpm-build-perl-0.82-mgz5zk/blib/lib/B/Walker.pm line 91
	B::Walker::walk_cv(B::CV=SCALAR(0x80236998)) called at /opt/perl5/cygwin_nt-6.1-wow/1.7.35/i686/cpan/5.21.11/cygwin-thread-64int/build/rpm-build-perl-0.82-mgz5zk/blib/lib/B/Walker.pm line 77
	B::Walker::walk_av("BEGIN", B::AV=SCALAR(0x800703b8)) called at /opt/perl5/cygwin_nt-6.1-wow/1.7.35/i686/cpan/5.21.11/cygwin-thread-64int/build/rpm-build-perl-0.82-mgz5zk/blib/lib/B/Walker.pm line 97
	B::Walker::walk_blocks() called at /opt/perl5/cygwin_nt-6.1-wow/1.7.35/i686/cpan/5.21.11/cygwin-thread-64int/build/rpm-build-perl-0.82-mgz5zk/blib/lib/B/PerlReq.pm line 390
	B::PerlReq::__ANON__() called at (eval 2) line 31
	O::CHECK() called at -e line 0
	eval {...} called at -e line 0
Can't locate object method "sv" via package "B::METHOP" at /opt/perl5/cygwin_nt-6.1-wow/1.7.35/i686/cpan/5.21.11/cygwin-thread-64int/build/rpm-build-perl-0.82-mgz5zk/blib/lib/B/Walker.pm line 25.
CHECK failed--call queue aborted.

#   Failed test at t/01-B-PerlReq.t line 93.
#          got: 'perl(Try/Tiny.pm)
# perl(Bar.pm)'
#     expected: ''
dying at -e line 1
 at /opt/perl5/cygwin_nt-6.1-wow/1.7.35/i686/cpan/5.21.11/cygwin-thread-64int/build/rpm-build-perl-0.82-mgz5zk/blib/lib/B/PerlReq.pm line 388.
	B::PerlReq::__ANON__("Can't locate object method \"sv\" via package \"B::METHOP\" at /o"...) called at /opt/perl5/cygwin_nt-6.1-wow/1.7.35/i686/cpan/5.21.11/cygwin-thread-64int/build/rpm-build-perl-0.82-mgz5zk/blib/lib/B/Walker.pm line 25
	B::Walker::const_sv(B::METHOP=SCALAR(0x801fad40)) called at /opt/perl5/cygwin_nt-6.1-wow/1.7.35/i686/cpan/5.21.11/cygwin-thread-64int/build/rpm-build-perl-0.82-mgz5zk/blib/lib/B/PerlReq.pm line 307
	B::PerlReq::grok_entersub(B::UNOP=SCALAR(0x801fad10)) called at /opt/perl5/cygwin_nt-6.1-wow/1.7.35/i686/cpan/5.21.11/cygwin-thread-64int/build/rpm-build-perl-0.82-mgz5zk/blib/lib/B/Walker.pm line 56
	B::Walker::walk_root(B::UNOP=SCALAR(0x801fad10)) called at /opt/perl5/cygwin_nt-6.1-wow/1.7.35/i686/cpan/5.21.11/cygwin-thread-64int/build/rpm-build-perl-0.82-mgz5zk/blib/lib/B/Walker.pm line 65
	B::Walker::walk_root(B::LISTOP=SCALAR(0x801fac80)) called at /opt/perl5/cygwin_nt-6.1-wow/1.7.35/i686/cpan/5.21.11/cygwin-thread-64int/build/rpm-build-perl-0.82-mgz5zk/blib/lib/B/Walker.pm line 65
	B::Walker::walk_root(B::LISTOP=SCALAR(0x80236ba0)) called at /opt/perl5/cygwin_nt-6.1-wow/1.7.35/i686/cpan/5.21.11/cygwin-thread-64int/build/rpm-build-perl-0.82-mgz5zk/blib/lib/B/Walker.pm line 65
	B::Walker::walk_root(B::UNOP=SCALAR(0x80236ae0)) called at /opt/perl5/cygwin_nt-6.1-wow/1.7.35/i686/cpan/5.21.11/cygwin-thread-64int/build/rpm-build-perl-0.82-mgz5zk/blib/lib/B/Walker.pm line 91
	B::Walker::walk_cv(B::CV=SCALAR(0x80236870)) called at /opt/perl5/cygwin_nt-6.1-wow/1.7.35/i686/cpan/5.21.11/cygwin-thread-64int/build/rpm-build-perl-0.82-mgz5zk/blib/lib/B/Walker.pm line 77
	B::Walker::walk_av("BEGIN", B::AV=SCALAR(0x800703c0)) called at /opt/perl5/cygwin_nt-6.1-wow/1.7.35/i686/cpan/5.21.11/cygwin-thread-64int/build/rpm-build-perl-0.82-mgz5zk/blib/lib/B/Walker.pm line 97
	B::Walker::walk_blocks() called at /opt/perl5/cygwin_nt-6.1-wow/1.7.35/i686/cpan/5.21.11/cygwin-thread-64int/build/rpm-build-perl-0.82-mgz5zk/blib/lib/B/PerlReq.pm line 390
	B::PerlReq::__ANON__() called at (eval 2) line 31
	O::CHECK() called at -e line 0
	eval {...} called at -e line 0
Can't locate object method "sv" via package "B::METHOP" at /opt/perl5/cygwin_nt-6.1-wow/1.7.35/i686/cpan/5.21.11/cygwin-thread-64int/build/rpm-build-perl-0.82-mgz5zk/blib/lib/B/Walker.pm line 25.
CHECK failed--call queue aborted.

#   Failed test at t/01-B-PerlReq.t line 94.
#          got: 'perl(Try/Tiny.pm)
# perl(Bar.pm)'
#     expected: ''
dying at -e line 1
 at /opt/perl5/cygwin_nt-6.1-wow/1.7.35/i686/cpan/5.21.11/cygwin-thread-64int/build/rpm-build-perl-0.82-mgz5zk/blib/lib/B/PerlReq.pm line 388.
	B::PerlReq::__ANON__("Can't locate object method \"sv\" via package \"B::METHOP\" at /o"...) called at /opt/perl5/cygwin_nt-6.1-wow/1.7.35/i686/cpan/5.21.11/cygwin-thread-64int/build/rpm-build-perl-0.82-mgz5zk/blib/lib/B/Walker.pm line 25
	B::Walker::const_sv(B::METHOP=SCALAR(0x801fa9e0)) called at /opt/perl5/cygwin_nt-6.1-wow/1.7.35/i686/cpan/5.21.11/cygwin-thread-64int/build/rpm-build-perl-0.82-mgz5zk/blib/lib/B/PerlReq.pm line 307
	B::PerlReq::grok_entersub(B::UNOP=SCALAR(0x801fa9b0)) called at /opt/perl5/cygwin_nt-6.1-wow/1.7.35/i686/cpan/5.21.11/cygwin-thread-64int/build/rpm-build-perl-0.82-mgz5zk/blib/lib/B/Walker.pm line 56
	B::Walker::walk_root(B::UNOP=SCALAR(0x801fa9b0)) called at /opt/perl5/cygwin_nt-6.1-wow/1.7.35/i686/cpan/5.21.11/cygwin-thread-64int/build/rpm-build-perl-0.82-mgz5zk/blib/lib/B/Walker.pm line 65
	B::Walker::walk_root(B::LISTOP=SCALAR(0x801fa920)) called at /opt/perl5/cygwin_nt-6.1-wow/1.7.35/i686/cpan/5.21.11/cygwin-thread-64int/build/rpm-build-perl-0.82-mgz5zk/blib/lib/B/Walker.pm line 65
	B::Walker::walk_root(B::LISTOP=SCALAR(0x80236e18)) called at /opt/perl5/cygwin_nt-6.1-wow/1.7.35/i686/cpan/5.21.11/cygwin-thread-64int/build/rpm-build-perl-0.82-mgz5zk/blib/lib/B/Walker.pm line 65
	B::Walker::walk_root(B::UNOP=SCALAR(0x80236d58)) called at /opt/perl5/cygwin_nt-6.1-wow/1.7.35/i686/cpan/5.21.11/cygwin-thread-64int/build/rpm-build-perl-0.82-mgz5zk/blib/lib/B/Walker.pm line 91
	B::Walker::walk_cv(B::CV=SCALAR(0x80236ae8)) called at /opt/perl5/cygwin_nt-6.1-wow/1.7.35/i686/cpan/5.21.11/cygwin-thread-64int/build/rpm-build-perl-0.82-mgz5zk/blib/lib/B/Walker.pm line 77
	B::Walker::walk_av("BEGIN", B::AV=SCALAR(0x800703d8)) called at /opt/perl5/cygwin_nt-6.1-wow/1.7.35/i686/cpan/5.21.11/cygwin-thread-64int/build/rpm-build-perl-0.82-mgz5zk/blib/lib/B/Walker.pm line 97
	B::Walker::walk_blocks() called at /opt/perl5/cygwin_nt-6.1-wow/1.7.35/i686/cpan/5.21.11/cygwin-thread-64int/build/rpm-build-perl-0.82-mgz5zk/blib/lib/B/PerlReq.pm line 390
	B::PerlReq::__ANON__() called at (eval 2) line 31
	O::CHECK() called at -e line 0
	eval {...} called at -e line 0
Can't locate object method "sv" via package "B::METHOP" at /opt/perl5/cygwin_nt-6.1-wow/1.7.35/i686/cpan/5.21.11/cygwin-thread-64int/build/rpm-build-perl-0.82-mgz5zk/blib/lib/B/Walker.pm line 25.
CHECK failed--call queue aborted.

#   Failed test at t/01-B-PerlReq.t line 95.
#          got: 'perl(Try/Tiny.pm)
# perl(Baz.pm)'
#     expected: ''
dying at -e line 1
 at /opt/perl5/cygwin_nt-6.1-wow/1.7.35/i686/cpan/5.21.11/cygwin-thread-64int/build/rpm-build-perl-0.82-mgz5zk/blib/lib/B/PerlReq.pm line 388.
	B::PerlReq::__ANON__("Can't locate object method \"sv\" via package \"B::METHOP\" at /o"...) called at /opt/perl5/cygwin_nt-6.1-wow/1.7.35/i686/cpan/5.21.11/cygwin-thread-64int/build/rpm-build-perl-0.82-mgz5zk/blib/lib/B/Walker.pm line 25
	B::Walker::const_sv(B::METHOP=SCALAR(0x80201e18)) called at /opt/perl5/cygwin_nt-6.1-wow/1.7.35/i686/cpan/5.21.11/cygwin-thread-64int/build/rpm-build-perl-0.82-mgz5zk/blib/lib/B/PerlReq.pm line 307
	B::PerlReq::grok_entersub(B::UNOP=SCALAR(0x80201c50)) called at /opt/perl5/cygwin_nt-6.1-wow/1.7.35/i686/cpan/5.21.11/cygwin-thread-64int/build/rpm-build-perl-0.82-mgz5zk/blib/lib/B/Walker.pm line 56
	B::Walker::walk_root(B::UNOP=SCALAR(0x80201c50)) called at /opt/perl5/cygwin_nt-6.1-wow/1.7.35/i686/cpan/5.21.11/cygwin-thread-64int/build/rpm-build-perl-0.82-mgz5zk/blib/lib/B/Walker.pm line 65
	B::Walker::walk_root(B::LISTOP=SCALAR(0x80221810)) called at /opt/perl5/cygwin_nt-6.1-wow/1.7.35/i686/cpan/5.21.11/cygwin-thread-64int/build/rpm-build-perl-0.82-mgz5zk/blib/lib/B/Walker.pm line 105
	B::Walker::walk_main() called at /opt/perl5/cygwin_nt-6.1-wow/1.7.35/i686/cpan/5.21.11/cygwin-thread-64int/build/rpm-build-perl-0.82-mgz5zk/blib/lib/B/PerlReq.pm line 391
	B::PerlReq::__ANON__() called at (eval 2) line 31
	O::CHECK() called at -e line 0
	eval {...} called at -e line 0
Can't locate object method "sv" via package "B::METHOP" at /opt/perl5/cygwin_nt-6.1-wow/1.7.35/i686/cpan/5.21.11/cygwin-thread-64int/build/rpm-build-perl-0.82-mgz5zk/blib/lib/B/Walker.pm line 25.
CHECK failed--call queue aborted.

#   Failed test at t/01-B-PerlReq.t line 101.
#          got: 'perl(Data/Dumper.pm) >= 2.0'
#     expected: ''
dying at -e line 1
 at /opt/perl5/cygwin_nt-6.1-wow/1.7.35/i686/cpan/5.21.11/cygwin-thread-64int/build/rpm-build-perl-0.82-mgz5zk/blib/lib/B/PerlReq.pm line 388.
	B::PerlReq::__ANON__("Can't locate object method \"sv\" via package \"B::METHOP\" at /o"...) called at /opt/perl5/cygwin_nt-6.1-wow/1.7.35/i686/cpan/5.21.11/cygwin-thread-64int/build/rpm-build-perl-0.82-mgz5zk/blib/lib/B/Walker.pm line 25
	B::Walker::const_sv(B::METHOP=SCALAR(0x80201e20)) called at /opt/perl5/cygwin_nt-6.1-wow/1.7.35/i686/cpan/5.21.11/cygwin-thread-64int/build/rpm-build-perl-0.82-mgz5zk/blib/lib/B/PerlReq.pm line 307
	B::PerlReq::grok_entersub(B::UNOP=SCALAR(0x80201c58)) called at /opt/perl5/cygwin_nt-6.1-wow/1.7.35/i686/cpan/5.21.11/cygwin-thread-64int/build/rpm-build-perl-0.82-mgz5zk/blib/lib/B/Walker.pm line 56
	B::Walker::walk_root(B::UNOP=SCALAR(0x80201c58)) called at /opt/perl5/cygwin_nt-6.1-wow/1.7.35/i686/cpan/5.21.11/cygwin-thread-64int/build/rpm-build-perl-0.82-mgz5zk/blib/lib/B/Walker.pm line 65
	B::Walker::walk_root(B::LISTOP=SCALAR(0x80221818)) called at /opt/perl5/cygwin_nt-6.1-wow/1.7.35/i686/cpan/5.21.11/cygwin-thread-64int/build/rpm-build-perl-0.82-mgz5zk/blib/lib/B/Walker.pm line 105
	B::Walker::walk_main() called at /opt/perl5/cygwin_nt-6.1-wow/1.7.35/i686/cpan/5.21.11/cygwin-thread-64int/build/rpm-build-perl-0.82-mgz5zk/blib/lib/B/PerlReq.pm line 391
	B::PerlReq::__ANON__() called at (eval 2) line 31
	O::CHECK() called at -e line 0
	eval {...} called at -e line 0
Can't locate object method "sv" via package "B::METHOP" at /opt/perl5/cygwin_nt-6.1-wow/1.7.35/i686/cpan/5.21.11/cygwin-thread-64int/build/rpm-build-perl-0.82-mgz5zk/blib/lib/B/Walker.pm line 25.
CHECK failed--call queue aborted.

#   Failed test at t/01-B-PerlReq.t line 102.
#          got: 'perl(Data/Dumper.pm) >= 2.0'
#     expected: ''
dying at -e line 1
 at /opt/perl5/cygwin_nt-6.1-wow/1.7.35/i686/cpan/5.21.11/cygwin-thread-64int/build/rpm-build-perl-0.82-mgz5zk/blib/lib/B/PerlReq.pm line 388.
	B::PerlReq::__ANON__("Can't locate object method \"sv\" via package \"B::METHOP\" at /o"...) called at /opt/perl5/cygwin_nt-6.1-wow/1.7.35/i686/cpan/5.21.11/cygwin-thread-64int/build/rpm-build-perl-0.82-mgz5zk/blib/lib/B/Walker.pm line 25
	B::Walker::const_sv(B::METHOP=SCALAR(0x80201dc8)) called at /opt/perl5/cygwin_nt-6.1-wow/1.7.35/i686/cpan/5.21.11/cygwin-thread-64int/build/rpm-build-perl-0.82-mgz5zk/blib/lib/B/PerlReq.pm line 307
	B::PerlReq::grok_entersub(B::UNOP=SCALAR(0x80201b88)) called at /opt/perl5/cygwin_nt-6.1-wow/1.7.35/i686/cpan/5.21.11/cygwin-thread-64int/build/rpm-build-perl-0.82-mgz5zk/blib/lib/B/Walker.pm line 56
	B::Walker::walk_root(B::UNOP=SCALAR(0x80201b88)) called at /opt/perl5/cygwin_nt-6.1-wow/1.7.35/i686/cpan/5.21.11/cygwin-thread-64int/build/rpm-build-perl-0.82-mgz5zk/blib/lib/B/Walker.pm line 65
	B::Walker::walk_root(B::LISTOP=SCALAR(0x80221838)) called at /opt/perl5/cygwin_nt-6.1-wow/1.7.35/i686/cpan/5.21.11/cygwin-thread-64int/build/rpm-build-perl-0.82-mgz5zk/blib/lib/B/Walker.pm line 105
	B::Walker::walk_main() called at /opt/perl5/cygwin_nt-6.1-wow/1.7.35/i686/cpan/5.21.11/cygwin-thread-64int/build/rpm-build-perl-0.82-mgz5zk/blib/lib/B/PerlReq.pm line 391
	B::PerlReq::__ANON__() called at (eval 2) line 31
	O::CHECK() called at -e line 0
	eval {...} called at -e line 0
Can't locate object method "sv" via package "B::METHOP" at /opt/perl5/cygwin_nt-6.1-wow/1.7.35/i686/cpan/5.21.11/cygwin-thread-64int/build/rpm-build-perl-0.82-mgz5zk/blib/lib/B/Walker.pm line 25.
CHECK failed--call queue aborted.

#   Failed test at t/01-B-PerlReq.t line 103.
#          got: 'perl(base.pm)
# perl(Data/Dumper.pm)'
#     expected: ''
dying at -e line 1
 at /opt/perl5/cygwin_nt-6.1-wow/1.7.35/i686/cpan/5.21.11/cygwin-thread-64int/build/rpm-build-perl-0.82-mgz5zk/blib/lib/B/PerlReq.pm line 388.
	B::PerlReq::__ANON__("Can't locate object method \"sv\" via package \"B::METHOP\" at /o"...) called at /opt/perl5/cygwin_nt-6.1-wow/1.7.35/i686/cpan/5.21.11/cygwin-thread-64int/build/rpm-build-perl-0.82-mgz5zk/blib/lib/B/Walker.pm line 25
	B::Walker::const_sv(B::METHOP=SCALAR(0x80201378)) called at /opt/perl5/cygwin_nt-6.1-wow/1.7.35/i686/cpan/5.21.11/cygwin-thread-64int/build/rpm-build-perl-0.82-mgz5zk/blib/lib/B/PerlReq.pm line 307
	B::PerlReq::grok_entersub(B::UNOP=SCALAR(0x80201198)) called at /opt/perl5/cygwin_nt-6.1-wow/1.7.35/i686/cpan/5.21.11/cygwin-thread-64int/build/rpm-build-perl-0.82-mgz5zk/blib/lib/B/Walker.pm line 56
	B::Walker::walk_root(B::UNOP=SCALAR(0x80201198)) called at /opt/perl5/cygwin_nt-6.1-wow/1.7.35/i686/cpan/5.21.11/cygwin-thread-64int/build/rpm-build-perl-0.82-mgz5zk/blib/lib/B/Walker.pm line 65
	B::Walker::walk_root(B::LISTOP=SCALAR(0x80221868)) called at /opt/perl5/cygwin_nt-6.1-wow/1.7.35/i686/cpan/5.21.11/cygwin-thread-64int/build/rpm-build-perl-0.82-mgz5zk/blib/lib/B/Walker.pm line 105
	B::Walker::walk_main() called at /opt/perl5/cygwin_nt-6.1-wow/1.7.35/i686/cpan/5.21.11/cygwin-thread-64int/build/rpm-build-perl-0.82-mgz5zk/blib/lib/B/PerlReq.pm line 391
	B::PerlReq::__ANON__() called at (eval 2) line 31
	O::CHECK() called at -e line 0
	eval {...} called at -e line 0
Can't locate object method "sv" via package "B::METHOP" at /opt/perl5/cygwin_nt-6.1-wow/1.7.35/i686/cpan/5.21.11/cygwin-thread-64int/build/rpm-build-perl-0.82-mgz5zk/blib/lib/B/Walker.pm line 25.
CHECK failed--call queue aborted.

#   Failed test at t/01-B-PerlReq.t line 104.
#          got: 'perl(base.pm) >= 1.0
# perl(Data/Dumper.pm)'
#     expected: ''
dying at -e line 1
 at /opt/perl5/cygwin_nt-6.1-wow/1.7.35/i686/cpan/5.21.11/cygwin-thread-64int/build/rpm-build-perl-0.82-mgz5zk/blib/lib/B/PerlReq.pm line 388.
	B::PerlReq::__ANON__("Can't locate object method \"sv\" via package \"B::METHOP\" at /o"...) called at /opt/perl5/cygwin_nt-6.1-wow/1.7.35/i686/cpan/5.21.11/cygwin-thread-64int/build/rpm-build-perl-0.82-mgz5zk/blib/lib/B/Walker.pm line 25
	B::Walker::const_sv(B::METHOP=SCALAR(0x80201f00)) called at /opt/perl5/cygwin_nt-6.1-wow/1.7.35/i686/cpan/5.21.11/cygwin-thread-64int/build/rpm-build-perl-0.82-mgz5zk/blib/lib/B/PerlReq.pm line 307
	B::PerlReq::grok_entersub(B::UNOP=SCALAR(0x80201d20)) called at /opt/perl5/cygwin_nt-6.1-wow/1.7.35/i686/cpan/5.21.11/cygwin-thread-64int/build/rpm-build-perl-0.82-mgz5zk/blib/lib/B/Walker.pm line 56
	B::Walker::walk_root(B::UNOP=SCALAR(0x80201d20)) called at /opt/perl5/cygwin_nt-6.1-wow/1.7.35/i686/cpan/5.21.11/cygwin-thread-64int/build/rpm-build-perl-0.82-mgz5zk/blib/lib/B/Walker.pm line 65
	B::Walker::walk_root(B::LISTOP=SCALAR(0x802217f0)) called at /opt/perl5/cygwin_nt-6.1-wow/1.7.35/i686/cpan/5.21.11/cygwin-thread-64int/build/rpm-build-perl-0.82-mgz5zk/blib/lib/B/Walker.pm line 105
	B::Walker::walk_main() called at /opt/perl5/cygwin_nt-6.1-wow/1.7.35/i686/cpan/5.21.11/cygwin-thread-64int/build/rpm-build-perl-0.82-mgz5zk/blib/lib/B/PerlReq.pm line 391
	B::PerlReq::__ANON__() called at (eval 2) line 31
	O::CHECK() called at -e line 0
	eval {...} called at -e line 0
Can't locate object method "sv" via package "B::METHOP" at /opt/perl5/cygwin_nt-6.1-wow/1.7.35/i686/cpan/5.21.11/cygwin-thread-64int/build/rpm-build-perl-0.82-mgz5zk/blib/lib/B/Walker.pm line 25.
CHECK failed--call queue aborted.

#   Failed test at t/01-B-PerlReq.t line 105.
#          got: 'perl(base.pm)
# perl(Data/Dumper.pm)
# perl(base.pm) >= 1.0'
#     expected: ''
dying at -e line 1
 at /opt/perl5/cygwin_nt-6.1-wow/1.7.35/i686/cpan/5.21.11/cygwin-thread-64int/build/rpm-build-perl-0.82-mgz5zk/blib/lib/B/PerlReq.pm line 388.
	B::PerlReq::__ANON__("Can't locate object method \"sv\" via package \"B::METHOP\" at /o"...) called at /opt/perl5/cygwin_nt-6.1-wow/1.7.35/i686/cpan/5.21.11/cygwin-thread-64int/build/rpm-build-perl-0.82-mgz5zk/blib/lib/B/Walker.pm line 25
	B::Walker::const_sv(B::METHOP=SCALAR(0x80221ec8)) called at /opt/perl5/cygwin_nt-6.1-wow/1.7.35/i686/cpan/5.21.11/cygwin-thread-64int/build/rpm-build-perl-0.82-mgz5zk/blib/lib/B/PerlReq.pm line 307
	B::PerlReq::grok_entersub(B::UNOP=SCALAR(0x802348a8)) called at /opt/perl5/cygwin_nt-6.1-wow/1.7.35/i686/cpan/5.21.11/cygwin-thread-64int/build/rpm-build-perl-0.82-mgz5zk/blib/lib/B/Walker.pm line 56
	B::Walker::walk_root(B::UNOP=SCALAR(0x802348a8)) called at /opt/perl5/cygwin_nt-6.1-wow/1.7.35/i686/cpan/5.21.11/cygwin-thread-64int/build/rpm-build-perl-0.82-mgz5zk/blib/lib/B/Walker.pm line 65
	B::Walker::walk_root(B::LISTOP=SCALAR(0x80221760)) called at /opt/perl5/cygwin_nt-6.1-wow/1.7.35/i686/cpan/5.21.11/cygwin-thread-64int/build/rpm-build-perl-0.82-mgz5zk/blib/lib/B/Walker.pm line 65
	B::Walker::walk_root(B::BINOP=SCALAR(0x80221838)) called at /opt/perl5/cygwin_nt-6.1-wow/1.7.35/i686/cpan/5.21.11/cygwin-thread-64int/build/rpm-build-perl-0.82-mgz5zk/blib/lib/B/Walker.pm line 65
	B::Walker::walk_root(B::LISTOP=SCALAR(0x8002b1b8)) called at /opt/perl5/cygwin_nt-6.1-wow/1.7.35/i686/cpan/5.21.11/cygwin-thread-64int/build/rpm-build-perl-0.82-mgz5zk/blib/lib/B/Walker.pm line 105
	B::Walker::walk_main() called at /opt/perl5/cygwin_nt-6.1-wow/1.7.35/i686/cpan/5.21.11/cygwin-thread-64int/build/rpm-build-perl-0.82-mgz5zk/blib/lib/B/PerlReq.pm line 391
	B::PerlReq::__ANON__() called at (eval 2) line 31
	O::CHECK() called at -e line 0
	eval {...} called at -e line 0
Can't locate object method "sv" via package "B::METHOP" at /opt/perl5/cygwin_nt-6.1-wow/1.7.35/i686/cpan/5.21.11/cygwin-thread-64int/build/rpm-build-perl-0.82-mgz5zk/blib/lib/B/Walker.pm line 25.
CHECK failed--call queue aborted.

#   Failed test at t/01-B-PerlReq.t line 127.
#          got: 'perl(attributes.pm)'
#     expected: ''
dying at -e line 1
 at /opt/perl5/cygwin_nt-6.1-wow/1.7.35/i686/cpan/5.21.11/cygwin-thread-64int/build/rpm-build-perl-0.82-mgz5zk/blib/lib/B/PerlReq.pm line 388.
	B::PerlReq::__ANON__("Can't locate object method \"sv\" via package \"B::METHOP\" at /o"...) called at /opt/perl5/cygwin_nt-6.1-wow/1.7.35/i686/cpan/5.21.11/cygwin-thread-64int/build/rpm-build-perl-0.82-mgz5zk/blib/lib/B/Walker.pm line 25
	B::Walker::const_sv(B::METHOP=SCALAR(0x80201490)) called at /opt/perl5/cygwin_nt-6.1-wow/1.7.35/i686/cpan/5.21.11/cygwin-thread-64int/build/rpm-build-perl-0.82-mgz5zk/blib/lib/B/PerlReq.pm line 307
	B::PerlReq::grok_entersub(B::UNOP=SCALAR(0x801d1ad0)) called at /opt/perl5/cygwin_nt-6.1-wow/1.7.35/i686/cpan/5.21.11/cygwin-thread-64int/build/rpm-build-perl-0.82-mgz5zk/blib/lib/B/Walker.pm line 56
	B::Walker::walk_root(B::UNOP=SCALAR(0x801d1ad0)) called at /opt/perl5/cygwin_nt-6.1-wow/1.7.35/i686/cpan/5.21.11/cygwin-thread-64int/build/rpm-build-perl-0.82-mgz5zk/blib/lib/B/Walker.pm line 65
	B::Walker::walk_root(B::BINOP=SCALAR(0x802217b8)) called at /opt/perl5/cygwin_nt-6.1-wow/1.7.35/i686/cpan/5.21.11/cygwin-thread-64int/build/rpm-build-perl-0.82-mgz5zk/blib/lib/B/Walker.pm line 65
	B::Walker::walk_root(B::LISTOP=SCALAR(0x80221890)) called at /opt/perl5/cygwin_nt-6.1-wow/1.7.35/i686/cpan/5.21.11/cygwin-thread-64int/build/rpm-build-perl-0.82-mgz5zk/blib/lib/B/Walker.pm line 105
	B::Walker::walk_main() called at /opt/perl5/cygwin_nt-6.1-wow/1.7.35/i686/cpan/5.21.11/cygwin-thread-64int/build/rpm-build-perl-0.82-mgz5zk/blib/lib/B/PerlReq.pm line 391
	B::PerlReq::__ANON__() called at (eval 2) line 31
	O::CHECK() called at -e line 0
	eval {...} called at -e line 0
Can't locate object method "sv" via package "B::METHOP" at /opt/perl5/cygwin_nt-6.1-wow/1.7.35/i686/cpan/5.21.11/cygwin-thread-64int/build/rpm-build-perl-0.82-mgz5zk/blib/lib/B/Walker.pm line 25.
CHECK failed--call queue aborted.
Use of the encoding pragma is deprecated at -e line 2.
dying at -e line 2
 at /opt/perl5/cygwin_nt-6.1-wow/1.7.35/i686/cpan/5.21.11/cygwin-thread-64int/build/rpm-build-perl-0.82-mgz5zk/blib/lib/B/PerlReq.pm line 388.
	B::PerlReq::__ANON__("Can't locate object method \"sv\" via package \"B::METHOP\" at /o"...) called at /opt/perl5/cygwin_nt-6.1-wow/1.7.35/i686/cpan/5.21.11/cygwin-thread-64int/build/rpm-build-perl-0.82-mgz5zk/blib/lib/B/Walker.pm line 25
	B::Walker::const_sv(B::METHOP=SCALAR(0x802fcab8)) called at /opt/perl5/cygwin_nt-6.1-wow/1.7.35/i686/cpan/5.21.11/cygwin-thread-64int/build/rpm-build-perl-0.82-mgz5zk/blib/lib/B/PerlReq.pm line 307
	B::PerlReq::grok_entersub(B::UNOP=SCALAR(0x802fca28)) called at /opt/perl5/cygwin_nt-6.1-wow/1.7.35/i686/cpan/5.21.11/cygwin-thread-64int/build/rpm-build-perl-0.82-mgz5zk/blib/lib/B/Walker.pm line 56
	B::Walker::walk_root(B::UNOP=SCALAR(0x802fca28)) called at /opt/perl5/cygwin_nt-6.1-wow/1.7.35/i686/cpan/5.21.11/cygwin-thread-64int/build/rpm-build-perl-0.82-mgz5zk/blib/lib/B/Walker.pm line 65
	B::Walker::walk_root(B::LISTOP=SCALAR(0x802fc998)) called at /opt/perl5/cygwin_nt-6.1-wow/1.7.35/i686/cpan/5.21.11/cygwin-thread-64int/build/rpm-build-perl-0.82-mgz5zk/blib/lib/B/Walker.pm line 65
	B::Walker::walk_root(B::LISTOP=SCALAR(0x802fbe70)) called at /opt/perl5/cygwin_nt-6.1-wow/1.7.35/i686/cpan/5.21.11/cygwin-thread-64int/build/rpm-build-perl-0.82-mgz5zk/blib/lib/B/Walker.pm line 65
	B::Walker::walk_root(B::UNOP=SCALAR(0x802fbdb0)) called at /opt/perl5/cygwin_nt-6.1-wow/1.7.35/i686/cpan/5.21.11/cygwin-thread-64int/build/rpm-build-perl-0.82-mgz5zk/blib/lib/B/Walker.pm line 91
	B::Walker::walk_cv(B::CV=SCALAR(0x802ebc08)) called at /opt/perl5/cygwin_nt-6.1-wow/1.7.35/i686/cpan/5.21.11/cygwin-thread-64int/build/rpm-build-perl-0.82-mgz5zk/blib/lib/B/Walker.pm line 77
	B::Walker::walk_av("BEGIN", B::AV=SCALAR(0x800703d8)) called at /opt/perl5/cygwin_nt-6.1-wow/1.7.35/i686/cpan/5.21.11/cygwin-thread-64int/build/rpm-build-perl-0.82-mgz5zk/blib/lib/B/Walker.pm line 97
	B::Walker::walk_blocks() called at /opt/perl5/cygwin_nt-6.1-wow/1.7.35/i686/cpan/5.21.11/cygwin-thread-64int/build/rpm-build-perl-0.82-mgz5zk/blib/lib/B/PerlReq.pm line 390
	B::PerlReq::__ANON__() called at (eval 2) line 31
	O::CHECK() called at -e line 0
	eval {...} called at -e line 0
Can't locate object method "sv" via package "B::METHOP" at /opt/perl5/cygwin_nt-6.1-wow/1.7.35/i686/cpan/5.21.11/cygwin-thread-64int/build/rpm-build-perl-0.82-mgz5zk/blib/lib/B/Walker.pm line 25.
CHECK failed--call queue aborted.

#   Failed test at t/01-B-PerlReq.t line 132.
#          got: 'perl(encoding.pm)
# perl(PerlIO/encoding.pm)
# perl(Encode/JP.pm)
# perl(Filter/Util/Call.pm)
# perl(utf8.pm)'
#     expected: ''
dying at -e line 1
 at /opt/perl5/cygwin_nt-6.1-wow/1.7.35/i686/cpan/5.21.11/cygwin-thread-64int/build/rpm-build-perl-0.82-mgz5zk/blib/lib/B/PerlReq.pm line 388.
	B::PerlReq::__ANON__("Can't locate object method \"sv\" via package \"B::METHOP\" at /o"...) called at /opt/perl5/cygwin_nt-6.1-wow/1.7.35/i686/cpan/5.21.11/cygwin-thread-64int/build/rpm-build-perl-0.82-mgz5zk/blib/lib/B/Walker.pm line 25
	B::Walker::const_sv(B::METHOP=SCALAR(0x80190510)) called at /opt/perl5/cygwin_nt-6.1-wow/1.7.35/i686/cpan/5.21.11/cygwin-thread-64int/build/rpm-build-perl-0.82-mgz5zk/blib/lib/B/PerlReq.pm line 307
	B::PerlReq::grok_entersub(B::UNOP=SCALAR(0x80190480)) called at /opt/perl5/cygwin_nt-6.1-wow/1.7.35/i686/cpan/5.21.11/cygwin-thread-64int/build/rpm-build-perl-0.82-mgz5zk/blib/lib/B/Walker.pm line 56
	B::Walker::walk_root(B::UNOP=SCALAR(0x80190480)) called at /opt/perl5/cygwin_nt-6.1-wow/1.7.35/i686/cpan/5.21.11/cygwin-thread-64int/build/rpm-build-perl-0.82-mgz5zk/blib/lib/B/Walker.pm line 65
	B::Walker::walk_root(B::LISTOP=SCALAR(0x801903f0)) called at /opt/perl5/cygwin_nt-6.1-wow/1.7.35/i686/cpan/5.21.11/cygwin-thread-64int/build/rpm-build-perl-0.82-mgz5zk/blib/lib/B/Walker.pm line 65
	B::Walker::walk_root(B::LISTOP=SCALAR(0x80240be8)) called at /opt/perl5/cygwin_nt-6.1-wow/1.7.35/i686/cpan/5.21.11/cygwin-thread-64int/build/rpm-build-perl-0.82-mgz5zk/blib/lib/B/Walker.pm line 65
	B::Walker::walk_root(B::UNOP=SCALAR(0x80240b28)) called at /opt/perl5/cygwin_nt-6.1-wow/1.7.35/i686/cpan/5.21.11/cygwin-thread-64int/build/rpm-build-perl-0.82-mgz5zk/blib/lib/B/Walker.pm line 91
	B::Walker::walk_cv(B::CV=SCALAR(0x802409d8)) called at /opt/perl5/cygwin_nt-6.1-wow/1.7.35/i686/cpan/5.21.11/cygwin-thread-64int/build/rpm-build-perl-0.82-mgz5zk/blib/lib/B/Walker.pm line 77
	B::Walker::walk_av("BEGIN", B::AV=SCALAR(0x80070390)) called at /opt/perl5/cygwin_nt-6.1-wow/1.7.35/i686/cpan/5.21.11/cygwin-thread-64int/build/rpm-build-perl-0.82-mgz5zk/blib/lib/B/Walker.pm line 97
	B::Walker::walk_blocks() called at /opt/perl5/cygwin_nt-6.1-wow/1.7.35/i686/cpan/5.21.11/cygwin-thread-64int/build/rpm-build-perl-0.82-mgz5zk/blib/lib/B/PerlReq.pm line 390
	B::PerlReq::__ANON__() called at (eval 2) line 31
	O::CHECK() called at -e line 0
	eval {...} called at -e line 0
Can't locate object method "sv" via package "B::METHOP" at /opt/perl5/cygwin_nt-6.1-wow/1.7.35/i686/cpan/5.21.11/cygwin-thread-64int/build/rpm-build-perl-0.82-mgz5zk/blib/lib/B/Walker.pm line 25.
CHECK failed--call queue aborted.

#   Failed test at t/01-B-PerlReq.t line 140.
#          got: 'perl(Cwd.pm) >= 1.0'
#     expected: ''
# Looks like you failed 39 tests of 78.
t/01-B-PerlReq.t .. 
Dubious, test returned 39 (wstat 9984, 0x2700)
Failed 39/78 subtests 
dying at /opt/perl5/cygwin_nt-6.1-wow/1.7.35/i686/perl/5.21.11/cygwin-thread-64int/lib/5.21.11/AutoLoader.pm line 3
 at /opt/perl5/cygwin_nt-6.1-wow/1.7.35/i686/cpan/5.21.11/cygwin-thread-64int/build/rpm-build-perl-0.82-mgz5zk/blib/lib/B/PerlReq.pm line 388.
	B::PerlReq::__ANON__("Can't locate object method \"sv\" via package \"B::METHOP\" at /o"...) called at /opt/perl5/cygwin_nt-6.1-wow/1.7.35/i686/cpan/5.21.11/cygwin-thread-64int/build/rpm-build-perl-0.82-mgz5zk/blib/lib/B/Walker.pm line 25
	B::Walker::const_sv(B::METHOP=SCALAR(0x8020f380)) called at /opt/perl5/cygwin_nt-6.1-wow/1.7.35/i686/cpan/5.21.11/cygwin-thread-64int/build/rpm-build-perl-0.82-mgz5zk/blib/lib/B/PerlReq.pm line 307
	B::PerlReq::grok_entersub(B::UNOP=SCALAR(0x8020f428)) called at /opt/perl5/cygwin_nt-6.1-wow/1.7.35/i686/cpan/5.21.11/cygwin-thread-64int/build/rpm-build-perl-0.82-mgz5zk/blib/lib/B/Walker.pm line 56
	B::Walker::walk_root(B::UNOP=SCALAR(0x8020f428)) called at /opt/perl5/cygwin_nt-6.1-wow/1.7.35/i686/cpan/5.21.11/cygwin-thread-64int/build/rpm-build-perl-0.82-mgz5zk/blib/lib/B/Walker.pm line 65
	B::Walker::walk_root(B::LISTOP=SCALAR(0x8020f4a0)) called at /opt/perl5/cygwin_nt-6.1-wow/1.7.35/i686/cpan/5.21.11/cygwin-thread-64int/build/rpm-build-perl-0.82-mgz5zk/blib/lib/B/Walker.pm line 65
	B::Walker::walk_root(B::LISTOP=SCALAR(0x8020f2c0)) called at /opt/perl5/cygwin_nt-6.1-wow/1.7.35/i686/cpan/5.21.11/cygwin-thread-64int/build/rpm-build-perl-0.82-mgz5zk/blib/lib/B/Walker.pm line 65
	B::Walker::walk_root(B::UNOP=SCALAR(0x8020f110)) called at /opt/perl5/cygwin_nt-6.1-wow/1.7.35/i686/cpan/5.21.11/cygwin-thread-64int/build/rpm-build-perl-0.82-mgz5zk/blib/lib/B/Walker.pm line 91
	B::Walker::walk_cv(B::CV=SCALAR(0x8022eeb0)) called at /opt/perl5/cygwin_nt-6.1-wow/1.7.35/i686/cpan/5.21.11/cygwin-thread-64int/build/rpm-build-perl-0.82-mgz5zk/blib/lib/B/Walker.pm line 77
	B::Walker::walk_av("BEGIN", B::AV=SCALAR(0x80071048)) called at /opt/perl5/cygwin_nt-6.1-wow/1.7.35/i686/cpan/5.21.11/cygwin-thread-64int/build/rpm-build-perl-0.82-mgz5zk/blib/lib/B/Walker.pm line 97
	B::Walker::walk_blocks() called at /opt/perl5/cygwin_nt-6.1-wow/1.7.35/i686/cpan/5.21.11/cygwin-thread-64int/build/rpm-build-perl-0.82-mgz5zk/blib/lib/B/PerlReq.pm line 390
	B::PerlReq::__ANON__() called at (eval 3) line 31
	O::CHECK() called at /opt/perl5/cygwin_nt-6.1-wow/1.7.35/i686/perl/5.21.11/cygwin-thread-64int/lib/5.21.11/AutoLoader.pm line 0
	eval {...} called at /opt/perl5/cygwin_nt-6.1-wow/1.7.35/i686/perl/5.21.11/cygwin-thread-64int/lib/5.21.11/AutoLoader.pm line 0
Can't locate object method "sv" via package "B::METHOP" at /opt/perl5/cygwin_nt-6.1-wow/1.7.35/i686/cpan/5.21.11/cygwin-thread-64int/build/rpm-build-perl-0.82-mgz5zk/blib/lib/B/Walker.pm line 25.
CHECK failed--call queue aborted.
# /opt/perl5/cygwin_nt-6.1-wow/1.7.35/i686/perl/5.21.11/cygwin-thread-64int/lib/5.21.11/AutoLoader.pm: deparse failed. prefix=/opt/perl5/cygwin_nt-6.1-wow/1.7.35/i686/perl/5.21.11/cygwin-thread-64int/lib/5.21.11

#   Failed test 'AutoLoader.pm zero exit status'
#   at t/02-perlreq.t line 33.
# Looks like you failed 1 test of 4.
t/02-perlreq.t .... 
Dubious, test returned 1 (wstat 256, 0x100)
Failed 1/4 subtests 
t/03-perlprov.t ... ok

Test Summary Report
-------------------
t/01-B-PerlReq.t (Wstat: 9984 Tests: 78 Failed: 39)
  Failed tests:  1, 4, 20-48, 52-56, 74, 77-78
  Non-zero exit status: 39
t/02-perlreq.t  (Wstat: 256 Tests: 4 Failed: 1)
  Failed test:  2
  Non-zero exit status: 1
Files=3, Tests=112, 27 wallclock secs ( 0.05 usr  0.08 sys +  9.63 cusr 15.97 csys = 25.73 CPU)
Result: FAIL
Failed 2/3 test programs. 40/112 subtests failed.
Makefile:978: recipe for target 'test_dynamic' failed
make: *** [test_dynamic] Error 255

------------------------------
PREREQUISITES
------------------------------

Prerequisite modules loaded:

requires:

    Module              Need Have    
    ------------------- ---- --------
    B                   0    1.58    
    Encode              0    2.73    
    O                   0    1.01    
    Safe                0    2.39    
    Test::More          0    1.001014

build_requires:

    Module              Need Have    
    ------------------- ---- --------
    ExtUtils::MakeMaker 0    7.04    

configure_requires:

    Module              Need Have    
    ------------------- ---- --------
    ExtUtils::MakeMaker 0    7.04    


------------------------------
ENVIRONMENT AND OTHER CONTEXT
------------------------------

Environment variables:

    AUTOMATED_TESTING = 1
    COMSPEC = C:\WINDOWS\system32\cmd.exe
    LD_LIBRARY_PATH = 
    NUMBER_OF_PROCESSORS = 8
    PATH = /opt/perl5/cygwin_nt-6.1-wow/1.7.35/i686/bin/5.21.11/cygwin-thread-64int:/opt/perl5/cygwin_nt-6.1-wow/1.7.35/i686/perl/5.21.11/cygwin-thread-64int/local/bin:/opt/perl5/cygwin_nt-6.1-wow/1.7.35/i686/perl/5.21.11/cygwin-thread-64int/bin:/usr/local/bin:/usr/bin
    PERL5LIB = /opt/perl5/cygwin_nt-6.1-wow/1.7.35/i686/perl/5.21.11/cygwin-thread-64int/local/lib/site_perl/5.21.11:/opt/perl5/cygwin_nt-6.1-wow/1.7.35/i686/perl/5.21.11/cygwin-thread-64int/local/lib/5.21.11:/opt/perl5/cygwin_nt-6.1-wow/1.7.35/i686/perl/5.21.11/cygwin-thread-64int/local/lib/perl5
    PERL5OPT = 
    PERL5_CPANPLUS_IS_RUNNING = 8256
    PERL5_CPAN_IS_RUNNING = 8256
    PERL_CPAN_REPORTER_CONFIG = /cygdrive/c/peter/.cpanreporter/config-cygwin-OSL110.ini
    PERL_CPAN_REPORTER_DIR = /opt/perl5/cygwin_nt-6.1-wow/1.7.35/i686/cpan/5.21.11/cygwin-thread-64int/reporter
    PERL_EXTUTILS_AUTOINSTALL = 1
    PERL_MM_USE_DEFAULT = 1
    PERL_MY_PREFIX = /opt/perl5
    PERL_MY_SOURCE_DIR = /cygdrive/c/src/perl
    PERL_TEST_CRITIC = 1
    PERL_TEST_CRITIC = 1
    PERL_TEST_POD = 1
    PERL_TEST_POD = 1
    POD_TESTING = 1
    POD_TESTS = 1
    PROCESSOR_IDENTIFIER = Intel64 Family 6 Model 60 Stepping 3, GenuineIntel
    SHELL = /usr/bin/bash
    TEMP = /tmp
    TERM = xterm

Perl special variables (and OS-specific diagnostics, for MSWin32):

    $^X = /opt/perl5/cygwin_nt-6.1-wow/1.7.35/i686/perl/5.21.11/cygwin-thread-64int/bin/perl
    $UID/$EUID = 1061331 / 1061331
    $GID = 1049089 1049089 197608 545 4 66049 11 15 4095 66048 1104222 1098011 1051245 1113266 1090502 1081310 1090413 1061909 1058653 1081942 1122108 1083675 1088201 1093944 1090357 1122107 1083781 1051228 1057394 1090221 1056539 1057337 1089132 1100278 1051354 1104220 1059243 1089865 1087957 1105777 1049649 1069945 1095107 1059531 1090104 1090492 1068897 1081637 1095782 1111057 1119491 1069144 1081620 70145 1049147 1083352 401408
    $EGID = 1049089 1049089 197608 545 4 66049 11 15 4095 66048 1104222 1098011 1051245 1113266 1090502 1081310 1090413 1061909 1058653 1081942 1122108 1083675 1088201 1093944 1090357 1122107 1083781 1051228 1057394 1090221 1056539 1057337 1089132 1100278 1051354 1104220 1059243 1089865 1087957 1105777 1049649 1069945 1095107 1059531 1090104 1090492 1068897 1081637 1095782 1111057 1119491 1069144 1081620 70145 1049147 1083352 401408

Perl module toolchain versions installed:

    Module              Have    
    ------------------- --------
    CPAN                2.11    
    CPAN::Meta          2.150001
    Cwd                 3.56    
    ExtUtils::CBuilder  0.280221
    ExtUtils::Command   1.20    
    ExtUtils::Install   2.04    
    ExtUtils::MakeMaker 7.04    
    ExtUtils::Manifest  1.70    
    ExtUtils::ParseXS   3.28    
    File::Spec          3.56    
    JSON                n/a     
    JSON::PP            2.27300 
    Module::Build       0.4211  
    Module::Signature   n/a     
    Parse::CPAN::Meta   1.4414  
    Test::Harness       3.35    
    Test::More          1.001014
    YAML                1.15    
    YAML::Syck          n/a     
    version             0.9909  


--

Summary of my perl5 (revision 5 version 21 subversion 11) configuration:
   
  Platform:
    osname=cygwin, osvers=1.7.35(0.28753), archname=cygwin-thread-64int
    uname='cygwin_nt-6.1-wow osl110 1.7.35(0.28753) 2015-03-04 12:07 i686 cygwin '
    config_args='-de -Dmksymlinks -Dusedevel -Dcc=gcc -Dld=g++ -Uinc_version_list -Uinstallusrbinperl -Dusethreads -Uusemultiplicity -Duse64bitint -Uuselongdouble -Dprefix=/opt/perl5/cygwin_nt-6.1-wow/1.7.35/i686/perl/5.21.11/cygwin-thread-64int'
    hint=recommended, useposix=true, d_sigaction=define
    useithreads=define, usemultiplicity=undef
    use64bitint=define, use64bitall=undef, uselongdouble=undef
    usemymalloc=n, bincompat5005=undef
  Compiler:
    cc='gcc', ccflags ='-DPERL_USE_SAFE_PUTENV -U__STRICT_ANSI__ -fwrapv -fno-strict-aliasing -pipe -fstack-protector-strong -D_FORTIFY_SOURCE=2',
    optimize='-O3',
    cppflags='-DPERL_USE_SAFE_PUTENV -U__STRICT_ANSI__ -fwrapv -fno-strict-aliasing -pipe -fstack-protector-strong'
    ccversion='', gccversion='4.9.2', gccosandvers=''
    intsize=4, longsize=4, ptrsize=4, doublesize=8, byteorder=12345678, doublekind=3
    d_longlong=define, longlongsize=8, d_longdbl=define, longdblsize=12, longdblkind=3
    ivtype='long long', ivsize=8, nvtype='double', nvsize=8, Off_t='off_t', lseeksize=8
    alignbytes=8, prototype=define
  Linker and Libraries:
    ld='g++', ldflags =' -Wl,--enable-auto-import -Wl,--export-all-symbols -Wl,--enable-auto-image-base -fstack-protector-strong -L/usr/local/lib'
    libpth=/usr/lib/gcc/i686-pc-cygwin/4.9.2/include-fixed /usr/lib /usr/lib/gcc/i686-pc-cygwin/4.9.2/../../../../include/w32api /usr/local/lib /lib
    libs=-lpthread -lgdbm -ldb -ldl -lcrypt -lgdbm_compat
    perllibs=-lpthread -ldl -lcrypt
    libc=/usr/lib/libc.a, so=dll, useshrplib=true, libperl=cygperl5_21_11.dll
    gnulibc_version=''
  Dynamic Linking:
    dlsrc=dl_dlopen.xs, dlext=dll, d_dlsymun=undef, ccdlflags=' '
    cccdlflags=' ', lddlflags=' --shared  -Wl,--enable-auto-import -Wl,--export-all-symbols -Wl,--enable-auto-image-base -L/usr/local/lib -fstack-protector-strong'


Characteristics of this binary (from libperl): 
  Compile-time options: HAS_TIMES MULTIPLICITY PERLIO_LAYERS
                        PERL_DONT_CREATE_GVSV
                        PERL_HASH_FUNC_ONE_AT_A_TIME_HARD
                        PERL_IMPLICIT_CONTEXT PERL_MALLOC_WRAP
                        PERL_NEW_COPY_ON_WRITE PERL_PRESERVE_IVUV
                        PERL_USE_DEVEL PERL_USE_SAFE_PUTENV USE_64_BIT_INT
                        USE_ITHREADS USE_LARGE_FILES USE_LOCALE
                        USE_LOCALE_COLLATE USE_LOCALE_CTYPE
                        USE_LOCALE_NUMERIC USE_LOCALE_TIME USE_PERLIO
                        USE_PERL_ATOF USE_REENTRANT_API
  Built under cygwin
  Compiled at May  5 2015 11:20:54
  %ENV:
    PERL5LIB="/opt/perl5/cygwin_nt-6.1-wow/1.7.35/i686/perl/5.21.11/cygwin-thread-64int/local/lib/site_perl/5.21.11:/opt/perl5/cygwin_nt-6.1-wow/1.7.35/i686/perl/5.21.11/cygwin-thread-64int/local/lib/5.21.11:/opt/perl5/cygwin_nt-6.1-wow/1.7.35/i686/perl/5.21.11/cygwin-thread-64int/local/lib/perl5"
    PERL5OPT=""
    PERL5_CPANPLUS_IS_RUNNING="8256"
    PERL5_CPAN_IS_RUNNING="8256"
    PERL_CPAN_REPORTER_CONFIG="/cygdrive/c/peter/.cpanreporter/config-cygwin-OSL110.ini"
    PERL_CPAN_REPORTER_DIR="/opt/perl5/cygwin_nt-6.1-wow/1.7.35/i686/cpan/5.21.11/cygwin-thread-64int/reporter"
    PERL_EXTUTILS_AUTOINSTALL="1"
    PERL_MM_USE_DEFAULT="1"
    PERL_MY_PREFIX="/opt/perl5"
    PERL_MY_SOURCE_DIR="/cygdrive/c/src/perl"
    PERL_TEST_CRITIC="1"
    PERL_TEST_POD="1"
    CYGWIN="codepage:utf8 nodosfilewarning"
  @INC:
    /opt/perl5/cygwin_nt-6.1-wow/1.7.35/i686/perl/5.21.11/cygwin-thread-64int/local/lib/site_perl/5.21.11/cygwin-thread-64int
    /opt/perl5/cygwin_nt-6.1-wow/1.7.35/i686/perl/5.21.11/cygwin-thread-64int/local/lib/site_perl/5.21.11
    /opt/perl5/cygwin_nt-6.1-wow/1.7.35/i686/perl/5.21.11/cygwin-thread-64int/local/lib/5.21.11/cygwin-thread-64int
    /opt/perl5/cygwin_nt-6.1-wow/1.7.35/i686/perl/5.21.11/cygwin-thread-64int/local/lib/5.21.11
    /opt/perl5/cygwin_nt-6.1-wow/1.7.35/i686/perl/5.21.11/cygwin-thread-64int/local/lib/perl5/cygwin-thread-64int
    /opt/perl5/cygwin_nt-6.1-wow/1.7.35/i686/perl/5.21.11/cygwin-thread-64int/local/lib/perl5
    /opt/perl5/cygwin_nt-6.1-wow/1.7.35/i686/perl/5.21.11/cygwin-thread-64int/lib/site_perl/5.21.11/cygwin-thread-64int
    /opt/perl5/cygwin_nt-6.1-wow/1.7.35/i686/perl/5.21.11/cygwin-thread-64int/lib/site_perl/5.21.11
    /opt/perl5/cygwin_nt-6.1-wow/1.7.35/i686/perl/5.21.11/cygwin-thread-64int/lib/5.21.11/cygwin-thread-64int
    /opt/perl5/cygwin_nt-6.1-wow/1.7.35/i686/perl/5.21.11/cygwin-thread-64int/lib/5.21.11
    .