Text-Xslate vv3.5.9 Perl 5 v5.24.4 x86_64-linux

Status
Fail
From
David Cantrell (DCANTRELL)
Dist
Text-Xslate vv3.5.9
Platform
Perl 5 v5.24.4 x86_64-linux
Date
2024-06-27 23:03:06
ID
6a2ba0e8-34d9-11ef-8dbe-bc13f21e9188
This distribution has been tested as part of the CPAN Testers
project, supporting the Perl programming language.  See
http://wiki.cpantesters.org/ for more information or email
questions to cpan-testers-discuss@perl.org


--
Dear Shoichi Kaji,

This is a computer-generated report for Text-Xslate-v3.5.9
on perl 5.24.4, created by CPAN-Reporter-1.2019.

Thank you for uploading your work to CPAN.  However, there was a problem
testing your distribution.

If you think this report is invalid, please consult the CPAN Testers Wiki
for suggestions on how to avoid getting FAIL reports for missing library
or binary dependencies, unsupported operating systems, and so on:

http://wiki.cpantesters.org/wiki/CPANAuthorNotes

Sections of this report:

    * Tester comments
    * Program output
    * Prerequisites
    * Environment and other context

------------------------------
TESTER COMMENTS
------------------------------

Additional comments from tester:

this report is from an automated smoke testing program
and was not reviewed by a human for accuracy

------------------------------
PROGRAM OUTPUT
------------------------------

Output from './Build test':

xs tests
# Testing Text::Xslate/v3.5.9
# Backend: XS
# $ENV{XSLATE}=xs
t/000_load.t .................................... ok
t/010_internals/001_parse.t ..................... ok
t/010_internals/002_compile.t ................... ok
t/010_internals/003_assemble.t .................. ok
t/010_internals/004_magic.t ..................... ok
t/010_internals/005_load_file.t ................. ok
t/010_internals/006_errhandler.t ................ ok
t/010_internals/007_compile_errs.t .............. ok
t/010_internals/008_files.t ..................... ok
t/010_internals/009_goto_address.t .............. ok
t/010_internals/010_line_number.t ............... ok
t/010_internals/011_missuse.t ................... ok
t/010_internals/012_multilines.t ................ ok
t/010_internals/013_deps_str.t .................. ok
t/010_internals/014_deps_file.t ................. ok
t/010_internals/015_deps_file2.t ................ ok
t/010_internals/016_cached.t .................... ok
t/010_internals/017_render.t .................... ok
t/010_internals/018_opinfo.t .................... ok
t/010_internals/019_runtime_error.t ............. ok
t/010_internals/020_optimize.t .................. ok
t/010_internals/021_edge_cases.t ................ ok
t/010_internals/022_signal.t .................... ok
t/010_internals/023_cachepath.t ................. ok
t/010_internals/024_die_in_macros.t ............. ok
t/010_internals/025_reset_hooks.t ............... ok
t/010_internals/026_issue16_deep_recursion.t .... ok
t/010_internals/027_infinite_warn.t ............. ok
t/010_internals/028_taint.t ..................... ok
t/010_internals/029_large_file.t ................ ok
t/010_internals/030_die_in_funcs.t .............. ok
t/010_internals/031_save_src.t .................. ok
t/010_internals/032_encoding_error.t ............ skipped: TODO: the behaviours of PP and XS does not match
t/010_internals/033_vpath_cache.t ............... ok
t/010_internals/034_is_code_ref.t ............... ok
t/010_internals/036_merge_hash.t ................ ok
t/010_internals/037_find_file.t ................. ok
t/010_internals/038_suffix.t .................... ok
t/010_internals/039_taint_issue84.t ............. ok
t/010_internals/100_threads.t ................... skipped: multi-threading tests
t/010_internals/200_leaktrace.t ................. ok
t/010_internals/300_explicit_pp.t ............... ok
t/020_interface/001_parser_option.t ............. ok
t/020_interface/002_myparser.t .................. ok
t/020_interface/003_encoding.t .................. ok
t/020_interface/004_no_vars.t ................... ok
t/020_interface/005_util.t ...................... ok
t/020_interface/006_psgi.t ...................... skipped: Test requires module 'Plack' but it's not found
t/020_interface/007_data_section.t .............. ok
t/020_interface/008_type.t ...................... ok
t/020_interface/009_hash_with_default.t ......... ok
t/020_interface/010_err_encoding.t .............. ok
t/020_interface/011_hwd_w_include_vars.t ........ ok
t/020_interface/012_default_functions.t ......... ok
t/020_interface/013_slurp_template.t ............ ok
t/020_interface/014_customize_option.t .......... ok
t/020_interface/015_render_recursion.t .......... ok
t/020_interface/016_pre_process_handler.t ....... ok
t/020_interface/017_validate.t .................. ok
t/030_kolon/001_interpolate.t ................... ok
t/030_kolon/002_field.t ......................... ok
t/030_kolon/003_for.t ........................... ok
t/030_kolon/004_if.t ............................ ok
t/030_kolon/005_rel_ops.t ....................... ok
t/030_kolon/006_arith_ops.t ..................... ok
t/030_kolon/007_log_ops.t ....................... ok
t/030_kolon/008_literal.t ....................... ok
t/030_kolon/009_include.t ....................... ok
t/030_kolon/010_escaped_str.t ................... ok
t/030_kolon/011_macro.t ......................... ok
t/030_kolon/012_cascade.t ....................... ok
t/030_kolon/013_more_field.t .................... ok
t/030_kolon/014_while.t ......................... ok
t/030_kolon/015_methods.t ....................... ok
t/030_kolon/016_funcs.t ......................... ok
t/030_kolon/017_more_macro.t .................... ok
t/030_kolon/018_dynamic_filters.t ............... ok
t/030_kolon/019_explicit_interpolate.t .......... ok
t/030_kolon/020_chomp.t ......................... ok
t/030_kolon/021_overlay.t ....................... ok
t/030_kolon/022_given.t ......................... ok
t/030_kolon/023_bitwise.t ....................... ok
t/030_kolon/024_localize_vars.t ................. ok
t/030_kolon/025_objectliteral.t ................. ok
t/030_kolon/026_constant.t ...................... ok
t/030_kolon/027_lambda.t ........................ ok
t/030_kolon/028_smartmatch.t .................... ok
t/030_kolon/029_blockfilter.t ................... ok
t/030_kolon/030_xfuncs.t ........................ ok
t/030_kolon/031_post_if.t ....................... ok
t/030_kolon/032_include_bareword.t .............. ok
t/030_kolon/033_ov_forloop.t .................... ok
t/030_kolon/034_print.t ......................... ok
t/030_kolon/035_include_w_vars.t ................ ok
t/030_kolon/036_foreach_else.t .................. ok
t/030_kolon/037_loop_ctl.t ...................... ok
t/030_kolon/038_custom_esc.t .................... ok
t/030_kolon/039_root_vars.t ..................... ok
t/030_kolon/040_external_macro.t ................ skipped: external macros are not yet implemented
t/040_tterse/001_parse.t ........................ ok
t/040_tterse/002_interpolate.t .................. ok
t/040_tterse/003_field.t ........................ ok
t/040_tterse/004_for.t .......................... ok
t/040_tterse/005_if.t ........................... ok
t/040_tterse/006_include.t ...................... ok
t/040_tterse/007_funcs.t ........................ ok
t/040_tterse/008_methods.t ...................... ok
t/040_tterse/009_comments.t ..................... ok
No space left on device at t/lib/Util.pm line 18.
Compilation failed in require at t/lib/TTSimple.pm line 11.
BEGIN failed--compilation aborted at t/lib/TTSimple.pm line 11.
Compilation failed in require at t/040_tterse/010_expr.t line 6.
BEGIN failed--compilation aborted at t/040_tterse/010_expr.t line 6.
t/040_tterse/010_expr.t ......................... 
Dubious, test returned 28 (wstat 7168, 0x1c00)
No subtests run 
No space left on device at t/lib/Util.pm line 18.
Compilation failed in require at t/lib/TTSimple.pm line 11.
BEGIN failed--compilation aborted at t/lib/TTSimple.pm line 11.
Compilation failed in require at t/040_tterse/011_objectliterals.t line 6.
BEGIN failed--compilation aborted at t/040_tterse/011_objectliterals.t line 6.
t/040_tterse/011_objectliterals.t ............... 
Dubious, test returned 28 (wstat 7168, 0x1c00)
No subtests run 
No space left on device at t/lib/Util.pm line 18.
Compilation failed in require at t/lib/TTSimple.pm line 11.
BEGIN failed--compilation aborted at t/lib/TTSimple.pm line 11.
Compilation failed in require at t/040_tterse/012_macro.t line 6.
BEGIN failed--compilation aborted at t/040_tterse/012_macro.t line 6.
t/040_tterse/012_macro.t ........................ 
Dubious, test returned 28 (wstat 7168, 0x1c00)
No subtests run 
No space left on device at t/lib/Util.pm line 18.
Compilation failed in require at t/lib/TTSimple.pm line 11.
BEGIN failed--compilation aborted at t/lib/TTSimple.pm line 11.
Compilation failed in require at t/040_tterse/013_wrapper.t line 6.
BEGIN failed--compilation aborted at t/040_tterse/013_wrapper.t line 6.
t/040_tterse/013_wrapper.t ...................... 
Dubious, test returned 28 (wstat 7168, 0x1c00)
No subtests run 
No space left on device at t/lib/Util.pm line 18.
Compilation failed in require at t/lib/TTSimple.pm line 11.
BEGIN failed--compilation aborted at t/lib/TTSimple.pm line 11.
Compilation failed in require at t/040_tterse/014_set.t line 6.
BEGIN failed--compilation aborted at t/040_tterse/014_set.t line 6.
t/040_tterse/014_set.t .......................... 
Dubious, test returned 28 (wstat 7168, 0x1c00)
No subtests run 
No space left on device at t/lib/Util.pm line 18.
Compilation failed in rt/040_tterse/015_while.t ........................ 
Dubious, test returned 28 (wstat 7168, 0x1c00)
No subtests run 
No space left on device at t/lib/Util.pm line 18.
Compilation failed in require at t/lib/TTSimple.pm line 11.
BEGIN failed--compilation aborted at t/lib/TTSimple.pm line 11.
Compilation failed in require at t/040_tterse/016_call.t line 6.
BEGIN failed--compilation aborted at t/040_tterse/016_call.t line 6.
t/040_tterse/016_call.t ......................... 
Dubious, test returned 28 (wstat 7168, 0x1c00)
No subtests run 
No space left on device at t/lib/Util.pm line 18.
Compilation failed in require at t/lib/TTSimple.pm line 11.
BEGIN failed--compilation aborted at t/lib/TTSimple.pm line 11.
Compilation failed in require at t/040_tterse/017_filter.t line 12.
BEGIN failed--compilation aborted at t/040_tterse/017_filter.t line 12.
t/040_tterse/017_filter.t ....................... 
Dubious, test returned 28 (wstat 7168, 0x1c00)
No subtests run 
No space left on device at t/lib/Util.pm line 18.
Compilation failed in require at t/lib/TTSimple.pm line 11.
BEGIN failed--compilation aborted at t/lib/TTSimple.pm line 11.
Compilation failed in require at t/040_tterse/018_process.t line 6.
BEGIN failed--compilation aborted at t/040_tterse/018_process.t line 6.
t/040_tterse/018_process.t ...................... 
Dubious, test returned 28 (wstat 7168, 0x1c00)
No subtests run 
No space left on device at t/lib/Util.pm line 18.
Compilation failed in require at t/lib/TTSimple.pm line 11.
BEGIN failed--compilation aborted at t/lib/TTSimple.pm line 11.
Compilation failed in require at t/040_tterse/019_switch.t line 6.
BEGIN failed--compilation aborted at t/040_tterse/019_switch.t line 6.
t/040_tterse/019_switch.t ....................... 
Dubious, test returned 28 (wstat 7168, 0x1c00)
No subtests run 
No space left on device at t/lib/Util.pm line 18.
Compilation failed in require at t/lib/TTSimple.pm line 11.
BEGIN failed--compilation aborted at t/lib/TTSimple.pm line 11.
Compilation failed in require at t/040_tterse/020_chomp.t line 6.
BEGIN failed--compilation aborted at t/040_tterse/020_chomp.t line 6.
t/040_tterse/020_chomp.t ........................ 
Dubious, test returned 28 (wstat 7168, 0x1c00)
No subtests run 
t/040_tterse/021_fake_use.t ..................... skipped: Test requires module 'Template::Plugin::Math' but it's not found
No space left on device at t/lib/Util.pm line 18.
Compilation failed in require at t/lib/TTSimple.pm line 11.
BEGIN failed--compilation aborted at t/lib/TTSimple.pm line 11.
Compilation failed in require at t/040_tterse/022_post_if.t line 6.
BEGIN failed--compilation aborted at t/040_tterse/022_post_if.t line 6.
t/040_tterse/022_post_if.t ...................... 
Dubious, test returned 28 (wstat 7168, 0x1c00)
No subtests run 
t/040_tterse/023_loop_ctl.t ..................... ok
t/040_tterse/024_for_else.t ..................... ok
t/040_tterse/025_macro.t ........................ ok
No space left on device at t/lib/Util.pm line 18.
Compilation failed in require at t/lib/TTSimple.pm line 11.
BEGIN failed--compilation aborted at t/lib/TTSimple.pm line 11.
Compilation failed in require at t/040_tterse/100_not_supported.t line 6.
BEGIN failed--compilation aborted at t/040_tterse/100_not_supported.t line 6.
t/040_tterse/100_not_supported.t ................ 
Dubious, test returned 28 (wstat 7168, 0x1c00)
No subtests run 
t/050_builtins/001_builtin_funcs.t .............. ok
No space left on device at t/lib/Util.pm line 18.
Compilation failed in require at t/050_builtins/002_autobox.t line 10.
BEGIN failed--compilation aborted at t/050_builtins/002_autobox.t line 10.
t/050_builtins/002_autobox.t .................... 
Dubious, test returned 28 (wstat 7168, 0x1c00)
No subtests run 
t/050_builtins/003_autobox_w_cb.t ............... ok
t/050_builtins/004_copied.t ..................... ok
t/100_plugin/001_import_from.t .................. ok
t/100_plugin/002_import.t ....................... ok
t/100_plugin/003_bridge.t ....................... ok
t/100_plugin/004_star.t ......................... ok
t/100_plugin/005_html_builder_module.t .......... ok
t/100_plugin/100_error.t ........................ ok
t/200_app/001_hello.t ........................... ok
t/200_app/002_tree.t ............................ ok
t/200_app/003_runner.t .......................... ok
t/200_app/004_encoding.t ........................ ok
t/300_examples/001_basic.t ...................... ok
t/300_examples/002_cascade.t .................... ok
t/300_examples/003_metakolon.t .................. ok
t/300_examples/004_tterse.t ..................... ok
t/900_bugs/001_super.t .......................... ok
t/900_bugs/002_addfunc.t ........................ ok
t/900_bugs/003_frame_access.t ................... ok
t/900_bugs/004_errorhandling.t .................. ok
t/900_bugs/005_rec_include.t .................... ok
t/900_bugs/006_complex_lex.t .................... ok
t/900_bugs/007_uuv.t ............................ ok
t/900_bugs/008_include_var.t .................... ok
t/900_bugs/009_quote_in_comments.t .............. ok
t/900_bugs/010_widechar_for_md5.t ............... ok
t/900_bugs/011_reserved_words.t ................. ok
t/900_bugs/012_ltgt_in_comments.t ............... ok
t/900_bugs/013_comments_lineno.t ................ ok
t/900_bugs/014_too_large_int.t .................. ok
t/900_bugs/015_my_scope.t ....................... ok
t/900_bugs/016_x_in_tterse.t .................... ok
t/900_bugs/017_unallocated.t .................... skipped: not yet
t/900_bugs/019_nested_mm.t ...................... ok
t/900_bugs/020_switch_foo.t ..................... ok
t/900_bugs/021_cached_enc.t ..................... ok
t/900_bugs/022_empty_if_block.t ................. ok
t/900_bugs/023_deploy_problem.t ................. ok
t/900_bugs/024_use_cache.t ...................... ok
t/900_bugs/025_clobber-macro-args.t ............. ok
t/900_bugs/026_issue61.t ........................ ok
t/900_bugs/027_issue65.t ........................ ok
t/900_bugs/028_issue68.t ........................ ok
t/900_bugs/029_fork_and_cache.t ................. skipped: deal with memorycache-filecache-original model more effectively
t/900_bugs/030_issue71.t ........................ ok
t/900_bugs/031_yappo.t .......................... ok
t/900_bugs/032_issue79.t ........................ ok
t/900_bugs/033_ex_safe_render.t ................. ok
t/900_bugs/034_hash_key_utf8.t .................. ok
t/900_bugs/035_issue81_tiedhash.t ............... ok
t/900_bugs/036_vpath_utf8.t ..................... ok
t/900_bugs/037_text_str_key.t ................... ok
t/900_bugs/038_conbine_flaged_utf8_and_other.t .. ok
t/900_bugs/039_issue96.t ........................ ok
t/900_bugs/040_issue95.t ........................ ok
t/900_bugs/041_cachedir_other_process.t ......... ok
t/900_bugs/042_perl59_issue.t ................... ok
t/900_bugs/043_issue107.t ....................... ok
t/900_bugs/044_empty_result.t ................... ok
t/900_bugs/045_issue130.t ....................... ok
t/900_bugs/046_issue156.t ....................... ok
t/900_bugs/046_issue88.t ........................ ok
t/900_bugs/047_undef_concat.t ................... ok
t/900_bugs/048_issue172.t ....................... skipped: Test requires module 'Data::Section::Simple' but it's not found

Test Summary Report
-------------------
t/040_tterse/010_expr.t                       (Wstat: 7168 (exited 28) Tests: 0 Failed: 0)
  Non-zero exit status: 28
  Parse errors: No plan found in TAP output
t/040_tterse/011_objectliterals.t             (Wstat: 7168 (exited 28) Tests: 0 Failed: 0)
  Non-zero exit status: 28
  Parse errors: No plan found in TAP output
t/040_tterse/012_macro.t                      (Wstat: 7168 (exited 28) Tests: 0 Failed: 0)
  Non-zero exit status: 28
  Parse errors: No plan found in TAP output
t/040_tterse/013_wrapper.t                    (Wstat: 7168 (exited 28) Tests: 0 Failed: 0)
  Non-zero exit status: 28
  Parse errors: No plan found in TAP output
t/040_tterse/014_set.t                        (Wstat: 7168 (exited 28) Tests: 0 Failed: 0)
  Non-zero exit status: 28
  Parse errors: No plan found in TAP output
t/040_tterse/015_while.t                      (Wstat: 7168 (exited 28) Tests: 0 Failed: 0)
  Non-zero exit status: 28
  Parse errors: No plan found in TAP output
t/040_tterse/016_call.t                       (Wstat: 7168 (exited 28) Tests: 0 Failed: 0)
  Non-zero exit status: 28
  Parse errors: No plan found in TAP output
t/040_tterse/017_filter.t                     (Wstat: 7168 (exited 28) Tests: 0 Failed: 0)
  Non-zero exit status: 28
  Parse errors: No plan found in TAP output
t/040_tterse/018_process.t                    (Wstat: 7168 (exited 28) Tests: 0 Failed: 0)
  Non-zero exit status: 28
  Parse errors: No plan found in TAP output
t/040_tterse/019_switch.t                     (Wstat: 7168 (exited 28) Tests: 0 Failed: 0)
  Non-zero exit status: 28
  Parse errors: No plan found in TAP output
t/040_tterse/020_chomp.t                      (Wstat: 7168 (exited 28) Tests: 0 Failed: 0)
  Non-zero exit status: 28
  Parse errors: No plan found in TAP output
t/040_tterse/022_post_if.t                    (Wstat: 7168 (exited 28) Tests: 0 Failed: 0)
  Non-zero exit status: 28
  Parse errors: No plan found in TAP output
t/040_tterse/100_not_supported.t              (Wstat: 7168 (exited 28) Tests: 0 Failed: 0)
  Non-zero exit status: 28
  Parse errors: No plan found in TAP output
t/050_builtins/002_autobox.t                  (Wstat: 7168 (exited 28) Tests: 0 Failed: 0)
  Non-zero exit status: 28
  Parse errors: No plan found in TAP output
Files=191, Tests=2579, 92 wallclock secs ( 1.71 usr  0.87 sys + 62.65 cusr  9.45 csys = 74.68 CPU)
Result: FAIL
Failed 14/191 test programs. 0/2579 subtests failed.

------------------------------
PREREQUISITES
------------------------------

Prerequisite modules loaded:

requires:

    Module                Need     Have    
    --------------------- -------- --------
    Data::MessagePack     0.38     1.02    
    Encode                2.26     3.20    
    Mouse                 v2.5.0   v2.5.10 
    parent                0.221    0.241   
    perl                  5.008001 5.024004
    Scalar::Util          1.14     1.63    
    Storable              2.15     3.25    

build_requires:

    Module                Need     Have    
    --------------------- -------- --------
    ExtUtils::CBuilder    0        0.280236
    File::Copy::Recursive 0        0.45    
    File::Path            2.07     2.18    
    Test::More            0.98     1.302198
    Test::Requires        0        0.11    

configure_requires:

    Module                Need     Have    
    --------------------- -------- --------
    Devel::PPPort         3.33     3.68    
    Module::Build         0.4005   0.4234  
    Module::Build::XSUtil 0        0.19    
    version               0.9913   0.9930  


------------------------------
ENVIRONMENT AND OTHER CONTEXT
------------------------------

Environment variables:

    AUTOMATED_TESTING = 1
    LANG = en_GB.UTF-8
    LANGUAGE = en_GB:en
    LC_TERMINAL = iTerm2
    LC_TERMINAL_VERSION = 3.5.2
    NONINTERACTIVE_TESTING = 1
    PATH = /home/david/.nvm/versions/node/v20.14.0/bin:/home/david/.cargo/bin:/home/david/perl5/perlbrew/bin:/home/david/perl5/perlbrew/perls/perl-5.30.2/bin:/home/david/bin:/usr/local/bin:/usr/bin:/bin:/usr/local/games:/usr/games
    PERL = 5.24.4
    PERL5LIB = 
    PERL5OPT = 
    PERL5_CPANPLUS_IS_RUNNING = 642543
    PERL5_CPAN_IS_RUNNING = 642543
    PERLBREW_HOME = /home/david/.perlbrew
    PERLBREW_MANPATH = /home/david/perl5/perlbrew/perls/perl-5.30.2/man
    PERLBREW_PATH = /home/david/perl5/perlbrew/bin:/home/david/perl5/perlbrew/perls/perl-5.30.2/bin
    PERLBREW_PERL = perl-5.30.2
    PERLBREW_ROOT = /home/david/perl5/perlbrew
    PERLBREW_SHELLRC_VERSION = 0.98
    PERLBREW_VERSION = 0.98
    PERLVER = 5.24.4
    PERL_INLINE_DIRECTORY = /home/david/.Inline-5.24.4
    PERL_MM_USE_DEFAULT = 1
    PERL_USE_UNSAFE_INC = 0
    SHELL = /bin/bash
    TERM = screen

Perl special variables (and OS-specific diagnostics, for MSWin32):

    $^X = /home/david/cpantesting/perl-5.24.4/bin/perl
    $UID/$EUID = 1000 / 1000
    $GID = 1000 24 25 27 29 30 44 46 109 1000
    $EGID = 1000 24 25 27 29 30 44 46 109 1000

Perl module toolchain versions installed:

    Module              Have    
    ------------------- --------
    CPAN                2.11_01 
    CPAN::Meta          2.150010
    Cwd                 3.75    
    ExtUtils::CBuilder  0.280236
    ExtUtils::Command   7.70    
    ExtUtils::Install   2.22    
    ExtUtils::MakeMaker 7.70    
    ExtUtils::Manifest  1.75    
    ExtUtils::ParseXS   3.51    
    File::Spec          3.75    
    JSON                4.10    
    JSON::PP            4.16    
    Module::Build       0.4234  
    Module::Signature   n/a     
    Parse::CPAN::Meta   2.150010
    Test2               1.302198
    Test::Harness       3.48    
    Test::More          1.302198
    YAML                1.30    
    YAML::Syck          n/a     
    version             0.9930  


--

Summary of my perl5 (revision 5 version 24 subversion 4) configuration:
   
  Platform:
    osname=linux, osvers=5.10.0-11-amd64, archname=x86_64-linux
    uname='linux cpantesting-linux 5.10.0-11-amd64 #1 smp debian 5.10.92-1 (2022-01-18) x86_64 gnulinux '
    config_args='-de -Dprefix=/home/david/cpantesting/perl-5.24.4'
    hint=recommended, useposix=true, d_sigaction=define
    useithreads=undef, usemultiplicity=undef
    use64bitint=define, use64bitall=define, uselongdouble=undef
    usemymalloc=n, bincompat5005=undef
  Compiler:
    cc='cc', ccflags ='-fwrapv -fno-strict-aliasing -pipe -fstack-protector-strong -I/usr/local/include -D_LARGEFILE_SOURCE -D_FILE_OFFSET_BITS=64 -D_FORTIFY_SOURCE=2',
    optimize='-O2',
    cppflags='-fwrapv -fno-strict-aliasing -pipe -fstack-protector-strong -I/usr/local/include'
    ccversion='', gccversion='10.2.1 20210110', gccosandvers=''
    intsize=4, longsize=8, ptrsize=8, doublesize=8, byteorder=12345678, doublekind=3
    d_longlong=define, longlongsize=8, d_longdbl=define, longdblsize=16, longdblkind=3
    ivtype='long', ivsize=8, nvtype='double', nvsize=8, Off_t='off_t', lseeksize=8
    alignbytes=8, prototype=define
  Linker and Libraries:
    ld='cc', ldflags =' -fstack-protector-strong -L/usr/local/lib'
    libpth=/usr/local/lib /usr/include/x86_64-linux-gnu /usr/lib /lib/x86_64-linux-gnu /lib/../lib /usr/lib/x86_64-linux-gnu /usr/lib/../lib /lib /lib64 /usr/lib64
    libs=-lpthread -lnsl -ldl -lm -lcrypt -lutil -lc
    perllibs=-lpthread -lnsl -ldl -lm -lcrypt -lutil -lc
    libc=libc-2.31.so, so=so, useshrplib=false, libperl=libperl.a
    gnulibc_version='2.31'
  Dynamic Linking:
    dlsrc=dl_dlopen.xs, dlext=so, d_dlsymun=undef, ccdlflags='-Wl,-E'
    cccdlflags='-fPIC', lddlflags='-shared -O2 -L/usr/local/lib -fstack-protector-strong'


Characteristics of this binary (from libperl): 
  Compile-time options: HAS_TIMES PERLIO_LAYERS PERL_COPY_ON_WRITE
                        PERL_DONT_CREATE_GVSV
                        PERL_HASH_FUNC_ONE_AT_A_TIME_HARD PERL_MALLOC_WRAP
                        PERL_PRESERVE_IVUV USE_64_BIT_ALL USE_64_BIT_INT
                        USE_LARGE_FILES USE_LOCALE USE_LOCALE_COLLATE
                        USE_LOCALE_CTYPE USE_LOCALE_NUMERIC USE_LOCALE_TIME
                        USE_PERLIO USE_PERL_ATOF
  Locally applied patches:
	Devel::PatchPerl 2.08
  Built under linux
  Compiled at Jul  5 2023 22:39:55
  %ENV:
    PERL="5.24.4"
    PERL5LIB=""
    PERL5OPT=""
    PERL5_CPANPLUS_IS_RUNNING="642543"
    PERL5_CPAN_IS_RUNNING="642543"
    PERLBREW_HOME="/home/david/.perlbrew"
    PERLBREW_MANPATH="/home/david/perl5/perlbrew/perls/perl-5.30.2/man"
    PERLBREW_PATH="/home/david/perl5/perlbrew/bin:/home/david/perl5/perlbrew/perls/perl-5.30.2/bin"
    PERLBREW_PERL="perl-5.30.2"
    PERLBREW_ROOT="/home/david/perl5/perlbrew"
    PERLBREW_SHELLRC_VERSION="0.98"
    PERLBREW_VERSION="0.98"
    PERLVER="5.24.4"
    PERL_INLINE_DIRECTORY="/home/david/.Inline-5.24.4"
    PERL_MM_USE_DEFAULT="1"
    PERL_USE_UNSAFE_INC="0"
  @INC:
    /home/david/cpantesting/perl-5.24.4/lib/site_perl/5.24.4/x86_64-linux
    /home/david/cpantesting/perl-5.24.4/lib/site_perl/5.24.4
    /home/david/cpantesting/perl-5.24.4/lib/5.24.4/x86_64-linux
    /home/david/cpantesting/perl-5.24.4/lib/5.24.4
    .