Back
From: metabase:user:30ae4450-2aae-11df-837a-5e0a49663a4f
Subject: FAIL Passwd-Keyring-PWSafe3-0.2002 v5.16.2
Date: 2012-12-14T10:48:58Z
This distribution has been tested as part of the CPAN Testers
project, supporting the Perl programming language. See
http://wiki.cpantesters.org/ for more information or email
questions to cpan-testers-discuss@perl.org
--
Dear Marcin Kasperski,
This is a computer-generated report for Passwd-Keyring-PWSafe3-0.2002
on perl 5.16.2, created by CPAN-Reporter-1.2007.
Thank you for uploading your work to CPAN. However, there was a problem
testing your distribution.
If you think this report is invalid, please consult the CPAN Testers Wiki
for suggestions on how to avoid getting FAIL reports for missing library
or binary dependencies, unsupported operating systems, and so on:
http://wiki.cpantesters.org/wiki/CPANAuthorNotes
Sections of this report:
* Tester comments
* Program output
* Prerequisites
* Environment and other context
------------------------------
TESTER COMMENTS
------------------------------
Additional comments from tester:
this report is from an automated smoke testing program
and was not reviewed by a human for accuracy
------------------------------
PROGRAM OUTPUT
------------------------------
Output from 'C:\strawberry5162\perl\bin\perl.exe ./Build test':
# Testing Passwd::Keyring::PWSafe3 0.2002, Perl 5.016002, C:\strawberry5162\perl\bin\perl.exe
t\00-load.t .......................... ok
t\01-set-and-get.t ................... ok
t\02-is-persistent.t ................. ok
t\03-many-sets-and-gets.t ............ ok
Use of uninitialized value in string eq at t\04-recovering-in-sep-prog.t line 30.
# Failed test 'get works'
# at t\04-recovering-in-sep-prog.t line 30.
Use of uninitialized value in string eq at t\04-recovering-in-sep-prog.t line 32.
# Failed test 'get works'
# at t\04-recovering-in-sep-prog.t line 32.
Use of uninitialized value in string eq at t\04-recovering-in-sep-prog.t line 34.
# Failed test 'get works'
# at t\04-recovering-in-sep-prog.t line 34.
# Failed test 'clear clears'
# at t\04-recovering-in-sep-prog.t line 36.
Use of uninitialized value in string eq at t\04-recovering-in-sep-prog.t line 40.
# Failed test 'get works'
# at t\04-recovering-in-sep-prog.t line 40.
Use of uninitialized value in string eq at t\04-recovering-in-sep-prog.t line 42.
# Failed test 'get works'
# at t\04-recovering-in-sep-prog.t line 42.
# Failed test 'clear clears'
# at t\04-recovering-in-sep-prog.t line 44.
# Failed test 'clear clears'
# at t\04-recovering-in-sep-prog.t line 46.
# Looks like you failed 8 tests of 14.
t\04-recovering-in-sep-prog.t ........
Dubious, test returned 8 (wstat 2048, 0x800)
Failed 8/14 subtests
t\05-many-sets-and-gets-with-name.t .. ok
Use of uninitialized value in string eq at t\06-recovering-with-app-change.t line 58.
# Failed test 'get from another ring with the same data works'
# at t\06-recovering-with-app-change.t line 58.
Use of uninitialized value in string eq at t\06-recovering-with-app-change.t line 69.
# Failed test 'get from another ring with changed app but same group works'
# at t\06-recovering-with-app-change.t line 69.
Use of uninitialized value in string eq at t\06-recovering-with-app-change.t line 108.
# Failed test 'get original after changes in other group works'
# at t\06-recovering-with-app-change.t line 108.
# Failed test 'clearing'
# at t\06-recovering-with-app-change.t line 110.
# Failed test 'clearing'
# at t\06-recovering-with-app-change.t line 119.
# Looks like you failed 5 tests of 16.
t\06-recovering-with-app-change.t ....
Dubious, test returned 5 (wstat 1280, 0x500)
Failed 5/16 subtests
t\07-ugly-chars.t .................... ok
t\08-verylong-params.t ............... ok
t\09-using-fresh-file.t .............. ok
# Consider spawning Password Safe GUI to check how test.psafe3 looks like and whether it differs from sampledb/test.psafe3. Master password is 10101010
t\99-note.t .......................... ok
t\boilerplate.t ...................... ok
t\cpan-meta-json.t ................... ok
t\cpan-meta.t ........................ ok
t\manifest.t ......................... skipped: Author tests not required for installation
t\pod-coverage.t ..................... ok
t\pod.t .............................. ok
Test Summary Report
-------------------
t\04-recovering-in-sep-prog.t (Wstat: 2048 Tests: 14 Failed: 8)
Failed tests: 3-6, 8-11
Non-zero exit status: 8
t\06-recovering-with-app-change.t (Wstat: 1280 Tests: 16 Failed: 5)
Failed tests: 6, 8, 14-16
Non-zero exit status: 5
t\boilerplate.t (Wstat: 0 Tests: 3 Failed: 0)
TODO passed: 1-3
Files=17, Tests=102, 8 wallclock secs ( 0.04 usr + 0.08 sys = 0.12 CPU)
Result: FAIL
Failed 2/17 test programs. 13/102 subtests failed.
------------------------------
PREREQUISITES
------------------------------
Prerequisite modules loaded:
requires:
Module Need Have
--------------------- ----- --------
Bytes::Random::Secure 0.09 0.12
Crypt::PWSafe3 1.07 1.07
File::ShareDir 1.00 1.03
perl 5.006 5.016002
Term::ReadKey 0 2.30
build_requires:
Module Need Have
--------------------- ----- --------
Module::Build 0.36 0.4003
Pod::Readme 0 0.11
Test::More 0 0.98
Test::Pod::Coverage 1.0 1.08
configure_requires:
Module Need Have
--------------------- ----- --------
Module::Build 0.36 0.4003
------------------------------
ENVIRONMENT AND OTHER CONTEXT
------------------------------
Environment variables:
AUTOMATED_TESTING = 1
COMSPEC = C:\WINDOWS\system32\cmd.exe
NUMBER_OF_PROCESSORS = 1
PATH = C:\Program Files\Far Manager\;C:\P\ImageMagick-6.8.0-Q8;C:\WINDOWS\system32;C:\WINDOWS;C:\WINDOWS\System32\Wbem;C:\strawberry5162\c\bin;C:\strawberry5162\perl\site\bin;C:\strawberry5162\perl\bin
PERL5LIB = C:\strawberry5162\cpan\build\Crypt-PWSafe3-1.07-lUHDFh/blib/arch;C:\strawberry5162\cpan\build\Crypt-PWSafe3-1.07-lUHDFh/blib/lib;C:\strawberry5162\cpan\build\Crypt-ECB-1.45-AxBa5E/blib/arch;C:\strawberry5162\cpan\build\Crypt-ECB-1.45-AxBa5E/blib/lib;C:\strawberry5162\cpan\build\Shell-0.72-kwTtj3/blib/arch;C:\strawberry5162\cpan\build\Shell-0.72-kwTtj3/blib/lib;C:\strawberry5162\cpan\build\Bytes-Random-Secure-0.12-jwHcFe/blib/arch;C:\strawberry5162\cpan\build\Bytes-Random-Secure-0.12-jwHcFe/blib/lib;C:\strawberry5162\cpan\build\Crypt-Random-Source-Strong-Win32-0.07-BFlnUJ/blib/arch;C:\strawberry5162\cpan\build\Crypt-Random-Source-Strong-Win32-0.07-BFlnUJ/blib/lib;C:\strawberry5162\cpan\build\Math-Random-ISAAC-1.004-Vh1kqI/blib/arch;C:\strawberry5162\cpan\build\Math-Random-ISAAC-1.004-Vh1kqI/blib/lib
PERL5OPT =
PERL5_CPANPLUS_IS_RUNNING = 1292
PERL5_CPAN_IS_RUNNING = 1292
PERL5_CPAN_IS_RUNNING_IN_RECURSION = 996,1292
PERL_CR_SMOKER_CURRENT = Passwd-Keyring-PWSafe3-0.2002
PERL_EXTUTILS_AUTOINSTALL = --defaultdeps
PERL_MM_USE_DEFAULT = 1
PROCESSOR_IDENTIFIER = x86 Family 16 Model 5 Stepping 3, AuthenticAMD
TEMP = C:\DOCUME~1\c\LOCALS~1\Temp
TERM = dumb
Perl special variables (and OS-specific diagnostics, for MSWin32):
$^X = C:\strawberry5162\perl\bin\perl.exe
$UID/$EUID = 0 / 0
$GID = 0
$EGID = 0
Win32::GetOSName = WinXP/.Net
Win32::GetOSVersion = Service Pack 3, 5, 1, 2600, 2, 3, 0, 256, 1
Win32::FsType = NTFS
Win32::IsAdminUser = 1
Perl module toolchain versions installed:
Module Have
------------------- --------
CPAN 1.9800
CPAN::Meta 2.120921
Cwd 3.39_02
ExtUtils::CBuilder 0.280206
ExtUtils::Command 1.17
ExtUtils::Install 1.58
ExtUtils::MakeMaker 6.63_02
ExtUtils::Manifest 1.61
ExtUtils::ParseXS 3.16
File::Spec 3.39_02
JSON 2.53
JSON::PP 2.27200
Module::Build 0.4003
Module::Signature 0.68
Parse::CPAN::Meta 1.4404
Test::Harness 3.25
Test::More 0.98
YAML 0.84
YAML::Syck 1.22
version 0.9901
--
Summary of my perl5 (revision 5 version 16 subversion 2) configuration:
Platform:
osname=MSWin32, osvers=4.0, archname=MSWin32-x86-multi-thread
uname='Win32 strawberry-perl 5.16.2.1 #1 Fri Nov 2 00:33:54 2012 i386'
config_args='undef'
hint=recommended, useposix=true, d_sigaction=undef
useithreads=define, usemultiplicity=define
useperlio=define, d_sfio=undef, uselargefiles=define, usesocks=undef
use64bitint=undef, use64bitall=undef, uselongdouble=undef
usemymalloc=n, bincompat5005=undef
Compiler:
cc='gcc', ccflags =' -s -O2 -DWIN32 -DPERL_TEXTMODE_SCRIPTS -DPERL_IMPLICIT_CONTEXT -DPERL_IMPLICIT_SYS -fno-strict-aliasing -mms-bitfields',
optimize='-s -O2',
cppflags='-DWIN32'
ccversion='', gccversion='4.6.3', gccosandvers=''
intsize=4, longsize=4, ptrsize=4, doublesize=8, byteorder=1234
d_longlong=undef, longlongsize=8, d_longdbl=define, longdblsize=12
ivtype='long', ivsize=4, nvtype='double', nvsize=8, Off_t='long long', lseeksize=8
alignbytes=8, prototype=define
Linker and Libraries:
ld='g++', ldflags ='-s -L"C:\strawberry5162\perl\lib\CORE" -L"C:\strawberry5162\c\lib"'
libpth=C:\strawberry5162\c\lib C:\strawberry5162\c\i686-w64-mingw32\lib
libs=-lmoldname -lkernel32 -luser32 -lgdi32 -lwinspool -lcomdlg32 -ladvapi32 -lshell32 -lole32 -loleaut32 -lnetapi32 -luuid -lws2_32 -lmpr -lwinmm -lversion -lodbc32 -lodbccp32 -lcomctl32
perllibs=-lmoldname -lkernel32 -luser32 -lgdi32 -lwinspool -lcomdlg32 -ladvapi32 -lshell32 -lole32 -loleaut32 -lnetapi32 -luuid -lws2_32 -lmpr -lwinmm -lversion -lodbc32 -lodbccp32 -lcomctl32
libc=, so=dll, useshrplib=true, libperl=libperl516.a
gnulibc_version=''
Dynamic Linking:
dlsrc=dl_win32.xs, dlext=dll, d_dlsymun=undef, ccdlflags=' '
cccdlflags=' ', lddlflags='-mdll -s -L"C:\strawberry5162\perl\lib\CORE" -L"C:\strawberry5162\c\lib"'
Characteristics of this binary (from libperl):
Compile-time options: HAS_TIMES HAVE_INTERP_INTERN MULTIPLICITY
PERLIO_LAYERS PERL_DONT_CREATE_GVSV
PERL_IMPLICIT_CONTEXT PERL_IMPLICIT_SYS
PERL_MALLOC_WRAP PERL_PRESERVE_IVUV PL_OP_SLAB_ALLOC
USE_ITHREADS USE_LARGE_FILES USE_LOCALE
USE_LOCALE_COLLATE USE_LOCALE_CTYPE
USE_LOCALE_NUMERIC USE_PERLIO USE_PERL_ATOF
Built under MSWin32
Compiled at Nov 2 2012 00:44:17
%ENV:
PERL5LIB="C:\strawberry5162\cpan\build\Crypt-PWSafe3-1.07-lUHDFh/blib/arch;C:\strawberry5162\cpan\build\Crypt-PWSafe3-1.07-lUHDFh/blib/lib;C:\strawberry5162\cpan\build\Crypt-ECB-1.45-AxBa5E/blib/arch;C:\strawberry5162\cpan\build\Crypt-ECB-1.45-AxBa5E/blib/lib;C:\strawberry5162\cpan\build\Shell-0.72-kwTtj3/blib/arch;C:\strawberry5162\cpan\build\Shell-0.72-kwTtj3/blib/lib;C:\strawberry5162\cpan\build\Bytes-Random-Secure-0.12-jwHcFe/blib/arch;C:\strawberry5162\cpan\build\Bytes-Random-Secure-0.12-jwHcFe/blib/lib;C:\strawberry5162\cpan\build\Crypt-Random-Source-Strong-Win32-0.07-BFlnUJ/blib/arch;C:\strawberry5162\cpan\build\Crypt-Random-Source-Strong-Win32-0.07-BFlnUJ/blib/lib;C:\strawberry5162\cpan\build\Math-Random-ISAAC-1.004-Vh1kqI/blib/arch;C:\strawberry5162\cpan\build\Math-Random-ISAAC-1.004-Vh1kqI/blib/lib"
PERL5_CPANPLUS_IS_RUNNING="1292"
PERL5_CPAN_IS_RUNNING="1292"
PERL5_CPAN_IS_RUNNING_IN_RECURSION="996,1292"
PERL_CR_SMOKER_CURRENT="Passwd-Keyring-PWSafe3-0.2002"
PERL_EXTUTILS_AUTOINSTALL="--defaultdeps"
PERL_MM_USE_DEFAULT="1"
@INC:
C:\strawberry5162\cpan\build\Crypt-PWSafe3-1.07-lUHDFh/blib/arch
C:\strawberry5162\cpan\build\Crypt-PWSafe3-1.07-lUHDFh/blib/lib
C:\strawberry5162\cpan\build\Crypt-ECB-1.45-AxBa5E/blib/arch
C:\strawberry5162\cpan\build\Crypt-ECB-1.45-AxBa5E/blib/lib
C:\strawberry5162\cpan\build\Shell-0.72-kwTtj3/blib/arch
C:\strawberry5162\cpan\build\Shell-0.72-kwTtj3/blib/lib
C:\strawberry5162\cpan\build\Bytes-Random-Secure-0.12-jwHcFe/blib/arch
C:\strawberry5162\cpan\build\Bytes-Random-Secure-0.12-jwHcFe/blib/lib
C:\strawberry5162\cpan\build\Crypt-Random-Source-Strong-Win32-0.07-BFlnUJ/blib/arch
C:\strawberry5162\cpan\build\Crypt-Random-Source-Strong-Win32-0.07-BFlnUJ/blib/lib
C:\strawberry5162\cpan\build\Math-Random-ISAAC-1.004-Vh1kqI/blib/arch
C:\strawberry5162\cpan\build\Math-Random-ISAAC-1.004-Vh1kqI/blib/lib
C:/strawberry5162/perl/site/lib
C:/strawberry5162/perl/vendor/lib
C:/strawberry5162/perl/lib
.