Back
From: metabase:user:314402c4-2aae-11df-837a-5e0a49663a4f
Subject: FAIL Date-Piece-v0.0.3 v5.14.0 FreeBSD
Date: 2012-07-14T13:39:59Z
This distribution has been tested as part of the CPAN Testers
project, supporting the Perl programming language. See
http://wiki.cpantesters.org/ for more information or email
questions to cpan-testers-discuss@perl.org
--
Dear Eric Wilhelm,
This is a computer-generated report for Date-Piece-v0.0.3
on perl 5.14.0, created by CPAN-Reporter-1.2006.
Thank you for uploading your work to CPAN. However, there was a problem
testing your distribution.
If you think this report is invalid, please consult the CPAN Testers Wiki
for suggestions on how to avoid getting FAIL reports for missing library
or binary dependencies, unsupported operating systems, and so on:
http://wiki.cpantesters.org/wiki/CPANAuthorNotes
Sections of this report:
* Tester comments
* Program output
* Prerequisites
* Environment and other context
------------------------------
TESTER COMMENTS
------------------------------
Additional comments from tester:
none provided
------------------------------
PROGRAM OUTPUT
------------------------------
Output from './Build test':
# Testing Date::Piece v0.0.3
t/00-load.t ... ok
t/basic.t ..... ok
# Failed test at t/overload.t line 11.
# An error occurred while using eq:
# ------------------------------------
# Operation "eq": no method found,
# left argument in overloaded package Date::Piece::week_unit,
# right argument has no overloaded magic at (eval in cmp_ok) t/overload.t line 11.
#
# ------------------------------------
# got: '7weeks'
# expected: '7weeks'
# Failed test at t/overload.t line 14.
# An error occurred while using eq:
# ------------------------------------
# Operation "eq": no method found,
# left argument in overloaded package Date::Piece::week_unit,
# right argument has no overloaded magic at (eval in cmp_ok) t/overload.t line 14.
#
# ------------------------------------
# got: '8weeks'
# expected: '8weeks'
# Failed test at t/overload.t line 16.
# An error occurred while using eq:
# ------------------------------------
# Operation "eq": no method found,
# left argument in overloaded package Date::Piece::week_unit,
# right argument has no overloaded magic at (eval in cmp_ok) t/overload.t line 16.
#
# ------------------------------------
# got: '16weeks'
# expected: '16weeks'
# Failed test at t/overload.t line 17.
# An error occurred while using eq:
# ------------------------------------
# Operation "eq": no method found,
# left argument in overloaded package Date::Piece::week_unit,
# right argument has no overloaded magic at (eval in cmp_ok) t/overload.t line 17.
#
# ------------------------------------
# got: '7weeks'
# expected: '7weeks'
# Failed test at t/overload.t line 30.
# An error occurred while using eq:
# ------------------------------------
# Operation "eq": no method found,
# left argument in overloaded package Date::Piece::month_unit,
# right argument has no overloaded magic at (eval in cmp_ok) t/overload.t line 30.
#
# ------------------------------------
# got: '7months'
# expected: '7months'
# Failed test at t/overload.t line 33.
# An error occurred while using eq:
# ------------------------------------
# Operation "eq": no method found,
# left argument in overloaded package Date::Piece::month_unit,
# right argument has no overloaded magic at (eval in cmp_ok) t/overload.t line 33.
#
# ------------------------------------
# got: '8months'
# expected: '8months'
# Failed test at t/overload.t line 35.
# An error occurred while using eq:
# ------------------------------------
# Operation "eq": no method found,
# left argument in overloaded package Date::Piece::month_unit,
# right argument has no overloaded magic at (eval in cmp_ok) t/overload.t line 35.
#
# ------------------------------------
# got: '16months'
# expected: '16months'
# Failed test at t/overload.t line 37.
# An error occurred while using eq:
# ------------------------------------
# Operation "eq": no method found,
# left argument in overloaded package Date::Piece::month_unit,
# right argument has no overloaded magic at (eval in cmp_ok) t/overload.t line 37.
#
# ------------------------------------
# got: '8months'
# expected: '8months'
# Failed test 'untouched'
# at t/overload.t line 38.
# An error occurred while using eq:
# ------------------------------------
# Operation "eq": no method found,
# left argument in overloaded package Date::Piece::month_unit,
# right argument has no overloaded magic at (eval in cmp_ok) t/overload.t line 38.
#
# ------------------------------------
# got: '7months'
# expected: '7months'
# Failed test at t/overload.t line 46.
# An error occurred while using eq:
# ------------------------------------
# Operation "eq": no method found,
# left argument in overloaded package Date::Piece::year_unit,
# right argument has no overloaded magic at (eval in cmp_ok) t/overload.t line 46.
#
# ------------------------------------
# got: '7years'
# expected: '7years'
# Failed test at t/overload.t line 49.
# An error occurred while using eq:
# ------------------------------------
# Operation "eq": no method found,
# left argument in overloaded package Date::Piece::year_unit,
# right argument has no overloaded magic at (eval in cmp_ok) t/overload.t line 49.
#
# ------------------------------------
# got: '8years'
# expected: '8years'
# Failed test at t/overload.t line 51.
# An error occurred while using eq:
# ------------------------------------
# Operation "eq": no method found,
# left argument in overloaded package Date::Piece::year_unit,
# right argument has no overloaded magic at (eval in cmp_ok) t/overload.t line 51.
#
# ------------------------------------
# got: '16years'
# expected: '16years'
# Failed test at t/overload.t line 53.
# An error occurred while using eq:
# ------------------------------------
# Operation "eq": no method found,
# left argument in overloaded package Date::Piece::year_unit,
# right argument has no overloaded magic at (eval in cmp_ok) t/overload.t line 53.
#
# ------------------------------------
# got: '8years'
# expected: '8years'
# Failed test 'untouched'
# at t/overload.t line 54.
# An error occurred while using eq:
# ------------------------------------
# Operation "eq": no method found,
# left argument in overloaded package Date::Piece::year_unit,
# right argument has no overloaded magic at (eval in cmp_ok) t/overload.t line 54.
#
# ------------------------------------
# got: '7years'
# expected: '7years'
# Failed test at t/overload.t line 59.
# An error occurred while using eq:
# ------------------------------------
# Operation "eq": no method found,
# left argument in overloaded package Date::Piece::year_unit,
# right argument has no overloaded magic at (eval in cmp_ok) t/overload.t line 59.
#
# ------------------------------------
# got: '8years'
# expected: '8years'
# Looks like you failed 15 tests of 34.
t/overload.t ..
Dubious, test returned 15 (wstat 3840, 0xf00)
Failed 15/34 subtests
Test Summary Report
-------------------
t/overload.t (Wstat: 3840 Tests: 34 Failed: 15)
Failed tests: 1-4, 7-11, 13-17, 19
Non-zero exit status: 15
Files=3, Tests=112, 0 wallclock secs ( 0.04 usr 0.03 sys + 0.16 cusr 0.12 csys = 0.36 CPU)
Result: FAIL
Failed 1/3 test programs. 15/112 subtests failed.
------------------------------
PREREQUISITES
------------------------------
Prerequisite modules loaded:
requires:
Module Need Have
------------- ------ --------
Date::Simple 0 3.03
perl v5.8.2 5.014000
Time::Local 0 1.2000
Time::Piece 0 1.20_01
build_requires:
Module Need Have
------------- ------ --------
Module::Build 0.26 0.40
Test::More 0 0.98
configure_requires:
Module Need Have
------------- ------ --------
Module::Build 0.3303 0.40
------------------------------
ENVIRONMENT AND OTHER CONTEXT
------------------------------
Environment variables:
DBIC_NO_WARN_BAD_PERL = 1
PATH = /usr/local/bin:/usr/X11R6/bin:/usr/X11/bin:/usr/perl5.8.0/bin:/usr/bin:/bin:/usr/local/sbin:/usr/sbin:/sbin:/usr/local/pilot/bin:/home/cpansand/bin/freebsd8.0:/home/cpansand/bin/sh:/home/cpansand/bin:/usr/X386/bin:/usr/games:/home/cpansand/devel:/usr/home/e/eserte/work/srezic-misc/scripts
PERL5LIB = /usr/local/src/CPAN/build/Perl-Critic-1.118-8V_heX/blib/arch:/usr/local/src/CPAN/build/Perl-Critic-1.118-8V_heX/blib/lib:/usr/local/src/CPAN/build/PPIx-Regexp-0.028-hOIHeP/blib/arch:/usr/local/src/CPAN/build/PPIx-Regexp-0.028-hOIHeP/blib/lib:/usr/local/src/CPAN/build/AnyEvent-I3-0.12-kVb5h3/blib/arch:/usr/local/src/CPAN/build/AnyEvent-I3-0.12-kVb5h3/blib/lib:/usr/local/src/CPAN/build/Net-Whois-Raw-2.42-_fDBw0/blib/arch:/usr/local/src/CPAN/build/Net-Whois-Raw-2.42-_fDBw0/blib/lib:/usr/local/src/CPAN/build/Algorithm-Evolutionary-0.78_2-9B5nEY/blib/arch:/usr/local/src/CPAN/build/Algorithm-Evolutionary-0.78_2-9B5nEY/blib/lib:/usr/local/src/CPAN/build/Business-BankList-Indonesia-0.04-ZZDAlR/blib/arch:/usr/local/src/CPAN/build/Business-BankList-Indonesia-0.04-ZZDAlR/blib/lib:/usr/local/src/CPAN/build/Perinci-Sub-Gen-AccessTable-0.14-_0MlCW/blib/arch:/usr/local/src/CPAN/build/Perinci-Sub-Gen-AccessTable-0.14-_0MlCW/blib/lib:/usr/local/src/CPAN/build/AI-NeuralNet-FastSOM-0.15-S8m8er/blib/arch:/usr/local/src/CPAN/build/AI-NeuralNet-FastSOM-0.15-S8m8er/blib/lib
PERL5OPT =
PERL5_CPANPLUS_IS_RUNNING = 39338
PERL5_CPAN_IS_RUNNING = 39338
PERL5_CPAN_IS_RUNNING_IN_RECURSION = 39318,39338
PERL_BATCH = yes
PERL_CPAN_REPORTER_CONFIG = /var/tmp/cpansmoker-1023/asNa8565MQ_config.ini
PERL_CPAN_REPORTER_DIR = /home/cpansand/var/ctps/5140_1/config/perl-5.14.0/cpanreporter
PERL_EXTUTILS_AUTOINSTALL = --defaultdeps
PERL_HTML_DISPLAY_CLASS = HTML::Display::Mozilla
SHELL = /usr/local/bin/zsh
TERM = screen
TMPDIR = /var/tmp/cpansmoker-1023
Perl special variables (and OS-specific diagnostics, for MSWin32):
$^X = /usr/home/cpansand/var/ctps/5140_1/install/perl-5.14.0/bin/perl
$UID/$EUID = 1023 / 1023
$GID = 1023 1023
$EGID = 1023 1023
Perl module toolchain versions installed:
Module Have
------------------- --------
CPAN 1.9800
CPAN::Meta 2.120921
Cwd 3.36
ExtUtils::CBuilder 0.280203
ExtUtils::Command 1.17
ExtUtils::Install 1.56
ExtUtils::MakeMaker 6.62
ExtUtils::Manifest 1.60
ExtUtils::ParseXS 3.15
File::Spec 3.33
JSON 2.53
JSON::PP 2.27200
Module::Build 0.40
Module::Signature 0.68
Parse::CPAN::Meta 1.4403
Test::Harness 3.23
Test::More 0.98
YAML 0.81
YAML::Syck 1.20
version 0.98
--
Summary of my perl5 (revision 5 version 14 subversion 0) configuration:
Platform:
osname=freebsd, osvers=8.0-release, archname=i386-freebsd
uname='freebsd biokovo.herceg.de 8.0-release freebsd 8.0-release #0: sat nov 21 15:48:17 utc 2009 root@almeida.cse.buffalo.edu:usrobjusrsrcsysgeneric i386 '
config_args='-ds -e -Uversiononly -Dinstallusrbinperl=n -Dusedevel -Dprefix=/home/cpansand/var/ctps/5140_1/install/perl-5.14.0'
hint=recommended, useposix=true, d_sigaction=define
useithreads=undef, usemultiplicity=undef
useperlio=define, d_sfio=undef, uselargefiles=define, usesocks=undef
use64bitint=undef, use64bitall=undef, uselongdouble=undef
usemymalloc=n, bincompat5005=undef
Compiler:
cc='cc', ccflags ='-DHAS_FPSETMASK -DHAS_FLOATINGPOINT_H -fno-strict-aliasing -pipe -fstack-protector -I/usr/local/include',
optimize='-O',
cppflags='-DHAS_FPSETMASK -DHAS_FLOATINGPOINT_H -fno-strict-aliasing -pipe -fstack-protector -I/usr/local/include'
ccversion='', gccversion='4.2.1 20070719 [FreeBSD]', gccosandvers=''
intsize=4, longsize=4, ptrsize=4, doublesize=8, byteorder=1234
d_longlong=define, longlongsize=8, d_longdbl=define, longdblsize=12
ivtype='long', ivsize=4, nvtype='double', nvsize=8, Off_t='off_t', lseeksize=8
alignbytes=4, prototype=define
Linker and Libraries:
ld='cc', ldflags ='-Wl,-E -fstack-protector -L/usr/local/lib'
libpth=/usr/lib /usr/local/lib
libs=-lgdbm -lm -lcrypt -lutil -lc
perllibs=-lm -lcrypt -lutil -lc
libc=, so=so, useshrplib=false, libperl=libperl.a
gnulibc_version=''
Dynamic Linking:
dlsrc=dl_dlopen.xs, dlext=so, d_dlsymun=undef, ccdlflags=' '
cccdlflags='-DPIC -fPIC', lddlflags='-shared -L/usr/local/lib -fstack-protector'
Characteristics of this binary (from libperl):
Compile-time options: PERL_DONT_CREATE_GVSV PERL_MALLOC_WRAP
PERL_PRESERVE_IVUV PERL_USE_DEVEL USE_LARGE_FILES
USE_PERLIO USE_PERL_ATOF
Built under freebsd
Compiled at May 16 2011 22:19:43
%ENV:
PERL5LIB="/usr/local/src/CPAN/build/Perl-Critic-1.118-8V_heX/blib/arch:/usr/local/src/CPAN/build/Perl-Critic-1.118-8V_heX/blib/lib:/usr/local/src/CPAN/build/PPIx-Regexp-0.028-hOIHeP/blib/arch:/usr/local/src/CPAN/build/PPIx-Regexp-0.028-hOIHeP/blib/lib:/usr/local/src/CPAN/build/AnyEvent-I3-0.12-kVb5h3/blib/arch:/usr/local/src/CPAN/build/AnyEvent-I3-0.12-kVb5h3/blib/lib:/usr/local/src/CPAN/build/Net-Whois-Raw-2.42-_fDBw0/blib/arch:/usr/local/src/CPAN/build/Net-Whois-Raw-2.42-_fDBw0/blib/lib:/usr/local/src/CPAN/build/Algorithm-Evolutionary-0.78_2-9B5nEY/blib/arch:/usr/local/src/CPAN/build/Algorithm-Evolutionary-0.78_2-9B5nEY/blib/lib:/usr/local/src/CPAN/build/Business-BankList-Indonesia-0.04-ZZDAlR/blib/arch:/usr/local/src/CPAN/build/Business-BankList-Indonesia-0.04-ZZDAlR/blib/lib:/usr/local/src/CPAN/build/Perinci-Sub-Gen-AccessTable-0.14-_0MlCW/blib/arch:/usr/local/src/CPAN/build/Perinci-Sub-Gen-AccessTable-0.14-_0MlCW/blib/lib:/usr/local/src/CPAN/build/AI-NeuralNet-FastSOM-0.15-S8m8er/blib/arch:/usr/local/src/CPAN/build/AI-NeuralNet-FastSOM-0.15-S8m8er/blib/lib"
PERL5OPT=""
PERL5_CPANPLUS_IS_RUNNING="39338"
PERL5_CPAN_IS_RUNNING="39338"
PERL5_CPAN_IS_RUNNING_IN_RECURSION="39318,39338"
PERL_BATCH="yes"
PERL_CPAN_REPORTER_CONFIG="/var/tmp/cpansmoker-1023/asNa8565MQ_config.ini"
PERL_CPAN_REPORTER_DIR="/home/cpansand/var/ctps/5140_1/config/perl-5.14.0/cpanreporter"
PERL_EXTUTILS_AUTOINSTALL="--defaultdeps"
PERL_HTML_DISPLAY_CLASS="HTML::Display::Mozilla"
@INC:
/usr/local/src/CPAN/build/Perl-Critic-1.118-8V_heX/blib/arch
/usr/local/src/CPAN/build/Perl-Critic-1.118-8V_heX/blib/lib
/usr/local/src/CPAN/build/PPIx-Regexp-0.028-hOIHeP/blib/arch
/usr/local/src/CPAN/build/PPIx-Regexp-0.028-hOIHeP/blib/lib
/usr/local/src/CPAN/build/AnyEvent-I3-0.12-kVb5h3/blib/arch
/usr/local/src/CPAN/build/AnyEvent-I3-0.12-kVb5h3/blib/lib
/usr/local/src/CPAN/build/Net-Whois-Raw-2.42-_fDBw0/blib/arch
/usr/local/src/CPAN/build/Net-Whois-Raw-2.42-_fDBw0/blib/lib
/usr/local/src/CPAN/build/Algorithm-Evolutionary-0.78_2-9B5nEY/blib/arch
/usr/local/src/CPAN/build/Algorithm-Evolutionary-0.78_2-9B5nEY/blib/lib
/usr/local/src/CPAN/build/Business-BankList-Indonesia-0.04-ZZDAlR/blib/arch
/usr/local/src/CPAN/build/Business-BankList-Indonesia-0.04-ZZDAlR/blib/lib
/usr/local/src/CPAN/build/Perinci-Sub-Gen-AccessTable-0.14-_0MlCW/blib/arch
/usr/local/src/CPAN/build/Perinci-Sub-Gen-AccessTable-0.14-_0MlCW/blib/lib
/usr/local/src/CPAN/build/AI-NeuralNet-FastSOM-0.15-S8m8er/blib/arch
/usr/local/src/CPAN/build/AI-NeuralNet-FastSOM-0.15-S8m8er/blib/lib
/home/cpansand/var/ctps/5140_1/install/perl-5.14.0/lib/site_perl/5.14.0/i386-freebsd
/home/cpansand/var/ctps/5140_1/install/perl-5.14.0/lib/site_perl/5.14.0
/home/cpansand/var/ctps/5140_1/install/perl-5.14.0/lib/5.14.0/i386-freebsd
/home/cpansand/var/ctps/5140_1/install/perl-5.14.0/lib/5.14.0
.