Back
From: metabase:user:d2c9f356-b46f-11df-9a90-20a83c0b7757
Subject: FAIL Konstrukt-0.5-beta6 v5.14.2 SunOS/Solaris
Date: 2011-11-10T00:53:29Z
This distribution has been tested as part of the CPAN Testers
project, supporting the Perl programming language. See
http://wiki.cpantesters.org/ for more information or email
questions to cpan-testers-discuss@perl.org
--
Dear Thomas Wittek,
This is a computer-generated report for Konstrukt-0.5-beta6
on perl 5.14.2, created by CPAN-Reporter-1.2002.
Thank you for uploading your work to CPAN. However, there was a problem
testing your distribution.
If you think this report is invalid, please consult the CPAN Testers Wiki
for suggestions on how to avoid getting FAIL reports for missing library
or binary dependencies, unsupported operating systems, and so on:
http://wiki.cpantesters.org/wiki/CPANAuthorNotes
Sections of this report:
* Tester comments
* Program output
* Prerequisites
* Environment and other context
------------------------------
TESTER COMMENTS
------------------------------
Additional comments from tester:
this report is from an automated smoke testing program
and was not reviewed by a human for accuracy
------------------------------
PROGRAM OUTPUT
------------------------------
Output from './Build test':
# Failed test 'use Konstrukt::Handler;'
# at t/001_load.t line 19.
# Tried to use 'Konstrukt::Handler'.
# Error: Can't locate Session.pm in @INC (@INC contains: /export/home/cpant2/.cpan/build/Konstrukt-0.5-dqGPsm/blib/lib /export/home/cpant2/.cpan/build/Konstrukt-0.5-dqGPsm/blib/arch /export/home/cpant2/.cpan/build/Devel-UseAnyFunc-1-zRpSAv/blib/arch /export/home/cpant2/.cpan/build/Devel-UseAnyFunc-1-zRpSAv/blib/lib /export/home/cpant2/.cpan/build/Devel-UseAnyFunc-1-zRpSAv/blib/arch /export/home/cpant2/.cpan/build/Devel-UseAnyFunc-1-zRpSAv/blib/lib /export/home/cpant2/perl5/lib/site_perl/5.14.2/i86pc-solaris-64int /export/home/cpant2/perl5/lib/site_perl/5.14.2 /export/home/cpant2/perl5/lib/5.14.2/i86pc-solaris-64int /export/home/cpant2/perl5/lib/5.14.2 /export/home/cpant2/perl5/lib/site_perl .) at /export/home/cpant2/.cpan/build/Konstrukt-0.5-dqGPsm/blib/lib/Konstrukt/Session.pm line 73.
# BEGIN failed--compilation aborted at /export/home/cpant2/.cpan/build/Konstrukt-0.5-dqGPsm/blib/lib/Konstrukt/Session.pm line 73.
# Compilation failed in require at /export/home/cpant2/.cpan/build/Konstrukt-0.5-dqGPsm/blib/lib/Konstrukt/Handler.pm line 63.
# BEGIN failed--compilation aborted at /export/home/cpant2/.cpan/build/Konstrukt-0.5-dqGPsm/blib/lib/Konstrukt/Handler.pm line 63.
# Compilation failed in require at (eval 12) line 2.
# BEGIN failed--compilation aborted at (eval 12) line 2.
# Failed test 'use Konstrukt::Handler::CGI;'
# at t/001_load.t line 49.
# Tried to use 'Konstrukt::Handler::CGI'.
# Error: Attempt to reload Konstrukt/Handler.pm aborted.
# Compilation failed in require at (eval 19) line 2.
# ...propagated at /export/home/cpant2/perl5/lib/5.14.2/base.pm line 94.
# BEGIN failed--compilation aborted at /export/home/cpant2/.cpan/build/Konstrukt-0.5-dqGPsm/blib/lib/Konstrukt/Handler/CGI.pm line 34.
# Compilation failed in require at (eval 18) line 2.
# BEGIN failed--compilation aborted at (eval 18) line 2.
# Failed test 'use Konstrukt::Handler::File;'
# at t/001_load.t line 50.
# Tried to use 'Konstrukt::Handler::File'.
# Error: Attempt to reload Konstrukt/Handler.pm aborted.
# Compilation failed in require at (eval 21) line 2.
# ...propagated at /export/home/cpant2/perl5/lib/5.14.2/base.pm line 94.
# BEGIN failed--compilation aborted at /export/home/cpant2/.cpan/build/Konstrukt-0.5-dqGPsm/blib/lib/Konstrukt/Handler/File.pm line 26.
# Compilation failed in require at (eval 20) line 2.
# BEGIN failed--compilation aborted at (eval 20) line 2.
# Failed test 'use Konstrukt::Plugin::browserstats;'
# at t/001_load.t line 61.
# Tried to use 'Konstrukt::Plugin::browserstats'.
# Error: Can't locate HTTP/BrowserDetect.pm in @INC (@INC contains: /export/home/cpant2/.cpan/build/Konstrukt-0.5-dqGPsm/blib/lib /export/home/cpant2/.cpan/build/Konstrukt-0.5-dqGPsm/blib/arch /export/home/cpant2/.cpan/build/Devel-UseAnyFunc-1-zRpSAv/blib/arch /export/home/cpant2/.cpan/build/Devel-UseAnyFunc-1-zRpSAv/blib/lib /export/home/cpant2/.cpan/build/Devel-UseAnyFunc-1-zRpSAv/blib/arch /export/home/cpant2/.cpan/build/Devel-UseAnyFunc-1-zRpSAv/blib/lib /export/home/cpant2/perl5/lib/site_perl/5.14.2/i86pc-solaris-64int /export/home/cpant2/perl5/lib/site_perl/5.14.2 /export/home/cpant2/perl5/lib/5.14.2/i86pc-solaris-64int /export/home/cpant2/perl5/lib/5.14.2 /export/home/cpant2/perl5/lib/site_perl .) at /export/home/cpant2/.cpan/build/Konstrukt-0.5-dqGPsm/blib/lib/Konstrukt/Plugin/browserstats.pm line 77.
# BEGIN failed--compilation aborted at /export/home/cpant2/.cpan/build/Konstrukt-0.5-dqGPsm/blib/lib/Konstrukt/Plugin/browserstats.pm line 77.
# Compilation failed in require at (eval 33) line 2.
# BEGIN failed--compilation aborted at (eval 33) line 2.
# Failed test 'use Konstrukt::Plugin::usermanagement::basic;'
# at t/001_load.t line 101.
# Tried to use 'Konstrukt::Plugin::usermanagement::basic'.
# Error: Attempt to reload Konstrukt/Session.pm aborted.
# Compilation failed in require at /export/home/cpant2/.cpan/build/Konstrukt-0.5-dqGPsm/blib/lib/Konstrukt/Plugin/usermanagement/basic.pm line 101.
# BEGIN failed--compilation aborted at /export/home/cpant2/.cpan/build/Konstrukt-0.5-dqGPsm/blib/lib/Konstrukt/Plugin/usermanagement/basic.pm line 101.
# Compilation failed in require at (eval 67) line 2.
# BEGIN failed--compilation aborted at (eval 67) line 2.
# Failed test 'use Konstrukt::Plugin::wiki::backend::image::DBI;'
# at t/001_load.t line 116.
# Tried to use 'Konstrukt::Plugin::wiki::backend::image::DBI'.
# Error: Can't locate Image/Magick.pm in @INC (@INC contains: /export/home/cpant2/.cpan/build/Konstrukt-0.5-dqGPsm/blib/lib /export/home/cpant2/.cpan/build/Konstrukt-0.5-dqGPsm/blib/arch /export/home/cpant2/.cpan/build/Devel-UseAnyFunc-1-zRpSAv/blib/arch /export/home/cpant2/.cpan/build/Devel-UseAnyFunc-1-zRpSAv/blib/lib /export/home/cpant2/.cpan/build/Devel-UseAnyFunc-1-zRpSAv/blib/arch /export/home/cpant2/.cpan/build/Devel-UseAnyFunc-1-zRpSAv/blib/lib /export/home/cpant2/perl5/lib/site_perl/5.14.2/i86pc-solaris-64int /export/home/cpant2/perl5/lib/site_perl/5.14.2 /export/home/cpant2/perl5/lib/5.14.2/i86pc-solaris-64int /export/home/cpant2/perl5/lib/5.14.2 /export/home/cpant2/perl5/lib/site_perl .) at /export/home/cpant2/.cpan/build/Konstrukt-0.5-dqGPsm/blib/lib/Konstrukt/Plugin/wiki/backend/image/DBI.pm line 51.
# BEGIN failed--compilation aborted at /export/home/cpant2/.cpan/build/Konstrukt-0.5-dqGPsm/blib/lib/Konstrukt/Plugin/wiki/backend/image/DBI.pm line 51.
# Compilation failed in require at (eval 83) line 2.
# BEGIN failed--compilation aborted at (eval 83) line 2.
# Failed test 'use Konstrukt::Session;'
# at t/001_load.t line 142.
# Tried to use 'Konstrukt::Session'.
# Error: Attempt to reload Konstrukt/Session.pm aborted.
# Compilation failed in require at (eval 113) line 2.
# BEGIN failed--compilation aborted at (eval 113) line 2.
# Looks like you failed 7 tests of 96.
t/001_load.t ............................
Dubious, test returned 7 (wstat 1792, 0x700)
Failed 7/96 subtests
(less 2 skipped subtests: 87 okay)
t/002_core_001_file.t ................... ok
t/002_core_002_settings.t ............... ok
t/002_core_003_debug.t .................. ok
t/002_core_004_lib.t .................... ok
t/002_core_005_taghandler.t ............. ok
t/002_core_005_taghandler_001_plugin.t .. ok
t/002_core_006_parser_node.t ............ ok
t/002_core_007_parser.t ................. ok
t/002_core_008_event.t .................. ok
t/002_core_009_request.t ................ ok
t/002_core_010_response.t ............... ok
t/002_core_011_printredirector.t ........ ok
Can't locate Session.pm in @INC (@INC contains: /export/home/cpant2/.cpan/build/Konstrukt-0.5-dqGPsm/blib/lib /export/home/cpant2/.cpan/build/Konstrukt-0.5-dqGPsm/blib/arch /export/home/cpant2/.cpan/build/Devel-UseAnyFunc-1-zRpSAv/blib/arch /export/home/cpant2/.cpan/build/Devel-UseAnyFunc-1-zRpSAv/blib/lib /export/home/cpant2/.cpan/build/Devel-UseAnyFunc-1-zRpSAv/blib/arch /export/home/cpant2/.cpan/build/Devel-UseAnyFunc-1-zRpSAv/blib/lib /export/home/cpant2/perl5/lib/site_perl/5.14.2/i86pc-solaris-64int /export/home/cpant2/perl5/lib/site_perl/5.14.2 /export/home/cpant2/perl5/lib/5.14.2/i86pc-solaris-64int /export/home/cpant2/perl5/lib/5.14.2 /export/home/cpant2/perl5/lib/site_perl .) at /export/home/cpant2/.cpan/build/Konstrukt-0.5-dqGPsm/blib/lib/Konstrukt/Session.pm line 73.
BEGIN failed--compilation aborted at /export/home/cpant2/.cpan/build/Konstrukt-0.5-dqGPsm/blib/lib/Konstrukt/Session.pm line 73.
Compilation failed in require at /export/home/cpant2/.cpan/build/Konstrukt-0.5-dqGPsm/blib/lib/Konstrukt/Handler.pm line 63.
BEGIN failed--compilation aborted at /export/home/cpant2/.cpan/build/Konstrukt-0.5-dqGPsm/blib/lib/Konstrukt/Handler.pm line 63.
Compilation failed in require at t/002_core_012_session.t line 79.
BEGIN failed--compilation aborted at t/002_core_012_session.t line 79.
# Looks like your test exited with 2 before it could output anything.
t/002_core_012_session.t ................
Dubious, test returned 2 (wstat 512, 0x200)
Failed 2/2 subtests
t/002_core_013_cache.t .................. ok
t/002_core_014_dbi.t .................... ok
Can't locate Session.pm in @INC (@INC contains: /export/home/cpant2/.cpan/build/Konstrukt-0.5-dqGPsm/blib/lib /export/home/cpant2/.cpan/build/Konstrukt-0.5-dqGPsm/blib/arch /export/home/cpant2/.cpan/build/Devel-UseAnyFunc-1-zRpSAv/blib/arch /export/home/cpant2/.cpan/build/Devel-UseAnyFunc-1-zRpSAv/blib/lib /export/home/cpant2/.cpan/build/Devel-UseAnyFunc-1-zRpSAv/blib/arch /export/home/cpant2/.cpan/build/Devel-UseAnyFunc-1-zRpSAv/blib/lib /export/home/cpant2/perl5/lib/site_perl/5.14.2/i86pc-solaris-64int /export/home/cpant2/perl5/lib/site_perl/5.14.2 /export/home/cpant2/perl5/lib/5.14.2/i86pc-solaris-64int /export/home/cpant2/perl5/lib/5.14.2 /export/home/cpant2/perl5/lib/site_perl .) at /export/home/cpant2/.cpan/build/Konstrukt-0.5-dqGPsm/blib/lib/Konstrukt/Session.pm line 73.
BEGIN failed--compilation aborted at /export/home/cpant2/.cpan/build/Konstrukt-0.5-dqGPsm/blib/lib/Konstrukt/Session.pm line 73.
Compilation failed in require at /export/home/cpant2/.cpan/build/Konstrukt-0.5-dqGPsm/blib/lib/Konstrukt/Handler.pm line 63.
BEGIN failed--compilation aborted at /export/home/cpant2/.cpan/build/Konstrukt-0.5-dqGPsm/blib/lib/Konstrukt/Handler.pm line 63.
Compilation failed in require at t/002_core_015_handler.t line 55.
BEGIN failed--compilation aborted at t/002_core_015_handler.t line 55.
# Looks like your test exited with 2 before it could output anything.
t/002_core_015_handler.t ................
Dubious, test returned 2 (wstat 512, 0x200)
Failed 9/9 subtests
Can't locate Session.pm in @INC (@INC contains: /export/home/cpant2/.cpan/build/Konstrukt-0.5-dqGPsm/blib/lib /export/home/cpant2/.cpan/build/Konstrukt-0.5-dqGPsm/blib/arch /export/home/cpant2/.cpan/build/Devel-UseAnyFunc-1-zRpSAv/blib/arch /export/home/cpant2/.cpan/build/Devel-UseAnyFunc-1-zRpSAv/blib/lib /export/home/cpant2/.cpan/build/Devel-UseAnyFunc-1-zRpSAv/blib/arch /export/home/cpant2/.cpan/build/Devel-UseAnyFunc-1-zRpSAv/blib/lib /export/home/cpant2/perl5/lib/site_perl/5.14.2/i86pc-solaris-64int /export/home/cpant2/perl5/lib/site_perl/5.14.2 /export/home/cpant2/perl5/lib/5.14.2/i86pc-solaris-64int /export/home/cpant2/perl5/lib/5.14.2 /export/home/cpant2/perl5/lib/site_perl .) at /export/home/cpant2/.cpan/build/Konstrukt-0.5-dqGPsm/blib/lib/Konstrukt/Session.pm line 73.
BEGIN failed--compilation aborted at /export/home/cpant2/.cpan/build/Konstrukt-0.5-dqGPsm/blib/lib/Konstrukt/Session.pm line 73.
Compilation failed in require at /export/home/cpant2/.cpan/build/Konstrukt-0.5-dqGPsm/blib/lib/Konstrukt/Handler.pm line 63.
BEGIN failed--compilation aborted at /export/home/cpant2/.cpan/build/Konstrukt-0.5-dqGPsm/blib/lib/Konstrukt/Handler.pm line 63.
Compilation failed in require at (eval 8) line 2.
...propagated at /export/home/cpant2/perl5/lib/5.14.2/base.pm line 94.
BEGIN failed--compilation aborted at /export/home/cpant2/.cpan/build/Konstrukt-0.5-dqGPsm/blib/lib/Konstrukt/Handler/File.pm line 26.
Compilation failed in require at t/002_core_016_handler_001_file.t line 15.
BEGIN failed--compilation aborted at t/002_core_016_handler_001_file.t line 15.
# Looks like your test exited with 2 before it could output anything.
t/002_core_016_handler_001_file.t .......
Dubious, test returned 2 (wstat 512, 0x200)
Failed 1/1 subtests
Can't locate Session.pm in @INC (@INC contains: /export/home/cpant2/.cpan/build/Konstrukt-0.5-dqGPsm/blib/lib /export/home/cpant2/.cpan/build/Konstrukt-0.5-dqGPsm/blib/arch /export/home/cpant2/.cpan/build/Devel-UseAnyFunc-1-zRpSAv/blib/arch /export/home/cpant2/.cpan/build/Devel-UseAnyFunc-1-zRpSAv/blib/lib /export/home/cpant2/.cpan/build/Devel-UseAnyFunc-1-zRpSAv/blib/arch /export/home/cpant2/.cpan/build/Devel-UseAnyFunc-1-zRpSAv/blib/lib /export/home/cpant2/perl5/lib/site_perl/5.14.2/i86pc-solaris-64int /export/home/cpant2/perl5/lib/site_perl/5.14.2 /export/home/cpant2/perl5/lib/5.14.2/i86pc-solaris-64int /export/home/cpant2/perl5/lib/5.14.2 /export/home/cpant2/perl5/lib/site_perl .) at /export/home/cpant2/.cpan/build/Konstrukt-0.5-dqGPsm/blib/lib/Konstrukt/Session.pm line 73.
BEGIN failed--compilation aborted at /export/home/cpant2/.cpan/build/Konstrukt-0.5-dqGPsm/blib/lib/Konstrukt/Session.pm line 73.
Compilation failed in require at /export/home/cpant2/.cpan/build/Konstrukt-0.5-dqGPsm/blib/lib/Konstrukt/Handler.pm line 63.
BEGIN failed--compilation aborted at /export/home/cpant2/.cpan/build/Konstrukt-0.5-dqGPsm/blib/lib/Konstrukt/Handler.pm line 63.
Compilation failed in require at (eval 7) line 2.
...propagated at /export/home/cpant2/perl5/lib/5.14.2/base.pm line 94.
BEGIN failed--compilation aborted at /export/home/cpant2/.cpan/build/Konstrukt-0.5-dqGPsm/blib/lib/Konstrukt/Handler/CGI.pm line 34.
Compilation failed in require at t/002_core_016_handler_002_cgi.t line 15.
BEGIN failed--compilation aborted at t/002_core_016_handler_002_cgi.t line 15.
# Looks like your test exited with 2 before it could output anything.
t/002_core_016_handler_002_cgi.t ........
Dubious, test returned 2 (wstat 512, 0x200)
Failed 1/1 subtests
Can't locate Session.pm in @INC (@INC contains: /export/home/cpant2/.cpan/build/Konstrukt-0.5-dqGPsm/t/data/Handler/Apache/lib /export/home/cpant2/.cpan/build/Konstrukt-0.5-dqGPsm/blib/lib /export/home/cpant2/.cpan/build/Konstrukt-0.5-dqGPsm/blib/arch /export/home/cpant2/.cpan/build/Devel-UseAnyFunc-1-zRpSAv/blib/arch /export/home/cpant2/.cpan/build/Devel-UseAnyFunc-1-zRpSAv/blib/lib /export/home/cpant2/.cpan/build/Devel-UseAnyFunc-1-zRpSAv/blib/arch /export/home/cpant2/.cpan/build/Devel-UseAnyFunc-1-zRpSAv/blib/lib /export/home/cpant2/perl5/lib/site_perl/5.14.2/i86pc-solaris-64int /export/home/cpant2/perl5/lib/site_perl/5.14.2 /export/home/cpant2/perl5/lib/5.14.2/i86pc-solaris-64int /export/home/cpant2/perl5/lib/5.14.2 /export/home/cpant2/perl5/lib/site_perl .) at /export/home/cpant2/.cpan/build/Konstrukt-0.5-dqGPsm/blib/lib/Konstrukt/Session.pm line 73.
BEGIN failed--compilation aborted at /export/home/cpant2/.cpan/build/Konstrukt-0.5-dqGPsm/blib/lib/Konstrukt/Session.pm line 73.
Compilation failed in require at /export/home/cpant2/.cpan/build/Konstrukt-0.5-dqGPsm/blib/lib/Konstrukt/Handler.pm line 63.
BEGIN failed--compilation aborted at /export/home/cpant2/.cpan/build/Konstrukt-0.5-dqGPsm/blib/lib/Konstrukt/Handler.pm line 63.
Compilation failed in require at (eval 8) line 2.
...propagated at /export/home/cpant2/perl5/lib/5.14.2/base.pm line 94.
BEGIN failed--compilation aborted at /export/home/cpant2/.cpan/build/Konstrukt-0.5-dqGPsm/blib/lib/Konstrukt/Handler/Apache.pm line 128.
Compilation failed in require at t/002_core_016_handler_003_apache.t line 30.
# Looks like your test exited with 2 before it could output anything.
t/002_core_016_handler_003_apache.t .....
Dubious, test returned 2 (wstat 512, 0x200)
Failed 4/4 subtests
t/003_plugin_001_template.t ............. ok
t/003_plugins.t ......................... ok
t/004_pod_001_pod.t ..................... ok
t/004_pod_002_pod_coverage.t ............ ok
Test Summary Report
-------------------
t/001_load.t (Wstat: 1792 Tests: 96 Failed: 7)
Failed tests: 8, 11-12, 22, 54, 67, 93
Non-zero exit status: 7
t/002_core_012_session.t (Wstat: 512 Tests: 0 Failed: 0)
Non-zero exit status: 2
Parse errors: Bad plan. You planned 2 tests but ran 0.
t/002_core_015_handler.t (Wstat: 512 Tests: 0 Failed: 0)
Non-zero exit status: 2
Parse errors: Bad plan. You planned 9 tests but ran 0.
t/002_core_016_handler_001_file.t (Wstat: 512 Tests: 0 Failed: 0)
Non-zero exit status: 2
Parse errors: Bad plan. You planned 1 tests but ran 0.
t/002_core_016_handler_002_cgi.t (Wstat: 512 Tests: 0 Failed: 0)
Non-zero exit status: 2
Parse errors: Bad plan. You planned 1 tests but ran 0.
t/002_core_016_handler_003_apache.t (Wstat: 512 Tests: 0 Failed: 0)
Non-zero exit status: 2
Parse errors: Bad plan. You planned 4 tests but ran 0.
Files=24, Tests=439, 6 wallclock secs ( 0.11 usr 0.04 sys + 2.21 cusr 0.12 csys = 2.48 CPU)
Result: FAIL
Failed 6/24 test programs. 7/439 subtests failed.
------------------------------
PREREQUISITES
------------------------------
Prerequisite modules loaded:
requires:
Module Need Have
------------------- ------ --------
CGI 3 3.55
Clone 0.2 0.31
Cwd 0 3.36
Date::Calc 5.4 6.3
DBI 1.4 1.616
Devel::UseAnyFunc 1 1
Digest::SHA 5.32 5.62
MIME::Base64 3 3.13
perl v5.6.1 5.014002
POSIX 1 1.24
Storable 2.1 2.30
Time::HiRes 1.5 1.9724
Time::Local 1 1.2000
Time::Zone 2 2.24
build_requires:
Module Need Have
------------------- ------ --------
Cwd 0 3.36
Module::Build 0.26 0.3800
Test::More 0 0.98
Test::Pod 0 1.45
Test::Pod::Coverage 0 1.08
------------------------------
ENVIRONMENT AND OTHER CONTEXT
------------------------------
Environment variables:
AUTOMATED_TESTING = 1
LANG = C
LD_LIBRARY_PATH = /usr/local/lib:
PATH = /export/home/cpant2/perl5/bin:/usr/local/bin:/usr/bin
PERL5LIB = /export/home/cpant2/.cpan/build/Devel-UseAnyFunc-1-zRpSAv/blib/arch:/export/home/cpant2/.cpan/build/Devel-UseAnyFunc-1-zRpSAv/blib/lib
PERL5OPT =
PERL5_CPANPLUS_IS_RUNNING = 26323
PERL5_CPAN_IS_RUNNING = 26323
PERL5_CPAN_IS_RUNNING_IN_RECURSION = 8387,26323
PERL_CR_SMOKER_CURRENT = Konstrukt-0.5-beta6
PERL_EXTUTILS_AUTOINSTALL = --defaultdeps
PERL_MM_USE_DEFAULT = 1
SHELL = /usr/bin/bash
TERM = xterm
Perl special variables (and OS-specific diagnostics, for MSWin32):
$^X = /export/home/cpant2/perl5/bin/perl5.14.2
$UID/$EUID = 101 / 101
$GID = 1 1
$EGID = 1 1
Perl module toolchain versions installed:
Module Have
------------------- --------
CPAN 1.9800
CPAN::Meta 2.112621
Cwd 3.36
ExtUtils::CBuilder 0.280203
ExtUtils::Command 1.17
ExtUtils::Install 1.56
ExtUtils::MakeMaker 6.62
ExtUtils::Manifest 1.60
ExtUtils::ParseXS 3.05
File::Spec 3.33
JSON 2.53
JSON::PP 2.27200
Module::Build 0.3800
Module::Signature n/a
Parse::CPAN::Meta 1.4401
Test::Harness 3.23
Test::More 0.98
YAML 0.77
YAML::Syck 1.17
version 0.94
--
Summary of my perl5 (revision 5 version 14 subversion 2) configuration:
Platform:
osname=solaris, osvers=2.10, archname=i86pc-solaris-64int
uname='sunos vmrz0046 5.10 generic_141445-09 i86pc i386 i86pc solaris '
config_args='-Dcc=gcc -Dprefix=~/perl5 -Duse64bitint -Dusedevel -d'
hint=recommended, useposix=true, d_sigaction=define
useithreads=undef, usemultiplicity=undef
useperlio=define, d_sfio=undef, uselargefiles=define, usesocks=undef
use64bitint=define, use64bitall=undef, uselongdouble=undef
usemymalloc=n, bincompat5005=undef
Compiler:
cc='gcc', ccflags ='-DPTR_IS_LONG -fno-strict-aliasing -pipe -I/usr/local/include -D_LARGEFILE_SOURCE -D_FILE_OFFSET_BITS=64 -DPERL_USE_SAFE_PUTENV',
optimize='-O',
cppflags='-DPTR_IS_LONG -fno-strict-aliasing -pipe -I/usr/local/include'
ccversion='', gccversion='3.4.6', gccosandvers='solaris2.10'
intsize=4, longsize=4, ptrsize=4, doublesize=8, byteorder=12345678
d_longlong=define, longlongsize=8, d_longdbl=define, longdblsize=12
ivtype='long long', ivsize=8, nvtype='double', nvsize=8, Off_t='off_t', lseeksize=8
alignbytes=4, prototype=define
Linker and Libraries:
ld='gcc', ldflags =' -L/usr/local/lib '
libpth=/usr/local/lib /usr/lib /usr/ccs/lib
libs=-lsocket -lnsl -lgdbm -ldl -lm -lc
perllibs=-lsocket -lnsl -ldl -lm -lc
libc=/lib/libc.so, so=so, useshrplib=false, libperl=libperl.a
gnulibc_version=''
Dynamic Linking:
dlsrc=dl_dlopen.xs, dlext=so, d_dlsymun=undef, ccdlflags=' '
cccdlflags='-fPIC', lddlflags='-G -L/usr/local/lib'
Characteristics of this binary (from libperl):
Compile-time options: PERL_DONT_CREATE_GVSV PERL_MALLOC_WRAP
PERL_PRESERVE_IVUV PERL_USE_DEVEL
PERL_USE_SAFE_PUTENV USE_64_BIT_INT USE_LARGE_FILES
USE_PERLIO USE_PERL_ATOF
Built under solaris
Compiled at Sep 30 2011 11:41:59
%ENV:
PERL5LIB="/export/home/cpant2/.cpan/build/Devel-UseAnyFunc-1-zRpSAv/blib/arch:/export/home/cpant2/.cpan/build/Devel-UseAnyFunc-1-zRpSAv/blib/lib"
PERL5OPT=""
PERL5_CPANPLUS_IS_RUNNING="26323"
PERL5_CPAN_IS_RUNNING="26323"
PERL5_CPAN_IS_RUNNING_IN_RECURSION="8387,26323"
PERL_CR_SMOKER_CURRENT="Konstrukt-0.5-beta6"
PERL_EXTUTILS_AUTOINSTALL="--defaultdeps"
PERL_MM_USE_DEFAULT="1"
@INC:
/export/home/cpant2/.cpan/build/Devel-UseAnyFunc-1-zRpSAv/blib/arch
/export/home/cpant2/.cpan/build/Devel-UseAnyFunc-1-zRpSAv/blib/lib
/export/home/cpant2/perl5/lib/site_perl/5.14.2/i86pc-solaris-64int
/export/home/cpant2/perl5/lib/site_perl/5.14.2
/export/home/cpant2/perl5/lib/5.14.2/i86pc-solaris-64int
/export/home/cpant2/perl5/lib/5.14.2
/export/home/cpant2/perl5/lib/site_perl
.