Back
From: metabase:user:a0e144f2-373b-11e6-8edd-c6848980b093
Subject: FAIL Test-Unit-0.25_1325 v5.26.0 GNU/Linux
Date: 2017-04-12T04:13:37Z
This distribution has been tested as part of the CPAN Testers
project, supporting the Perl programming language. See
http://wiki.cpantesters.org/ for more information or email
questions to cpan-testers-discuss@perl.org
--
Dear Matthew Astley,
This is a computer-generated report for Test-Unit-0.25_1325
on perl 5.26.0, created by CPAN-Reporter-1.2018.
Thank you for uploading your work to CPAN. However, there was a problem
testing your distribution.
If you think this report is invalid, please consult the CPAN Testers Wiki
for suggestions on how to avoid getting FAIL reports for missing library
or binary dependencies, unsupported operating systems, and so on:
http://wiki.cpantesters.org/wiki/CPANAuthorNotes
Sections of this report:
* Tester comments
* Program output
* Prerequisites
* Environment and other context
------------------------------
TESTER COMMENTS
------------------------------
Additional comments from tester:
this report is from an automated smoke testing program
and was not reviewed by a human for accuracy
------------------------------
PROGRAM OUTPUT
------------------------------
Output from '/usr/bin/make test':
PERL_DL_NONLAZY=1 "/home/cpan4/install/bin/perl" "-MExtUtils::Command::MM" "-MTest::Harness" "-e" "undef *Test::Harness::Switches; test_harness(0, 'blib/lib', 'blib/arch')" t/*.t
Can't use 'defined(@array)' (Maybe you should just omit the defined()?) at /home/cpan4/.cpan/build/Test-Unit-0.25_1325-0/blib/lib/Test/Unit/TestCase.pm line 109.
Compilation failed in require at /home/cpan4/.cpan/build/Test-Unit-0.25_1325-0/blib/lib/Test/Unit/TestSuite.pm line 18.
BEGIN failed--compilation aborted at /home/cpan4/.cpan/build/Test-Unit-0.25_1325-0/blib/lib/Test/Unit/TestSuite.pm line 18.
Compilation failed in require at /home/cpan4/.cpan/build/Test-Unit-0.25_1325-0/blib/lib/Test/Unit/Loader.pm line 10.
BEGIN failed--compilation aborted at /home/cpan4/.cpan/build/Test-Unit-0.25_1325-0/blib/lib/Test/Unit/Loader.pm line 10.
Compilation failed in require at /home/cpan4/.cpan/build/Test-Unit-0.25_1325-0/blib/lib/Test/Unit/Listener.pm line 5.
BEGIN failed--compilation aborted at /home/cpan4/.cpan/build/Test-Unit-0.25_1325-0/blib/lib/Test/Unit/Listener.pm line 5.
Compilation failed in require at /home/cpan4/install/lib/perl5/5.26.0/base.pm line 100.
...propagated at /home/cpan4/install/lib/perl5/5.26.0/base.pm line 109.
BEGIN failed--compilation aborted at /home/cpan4/.cpan/build/Test-Unit-0.25_1325-0/blib/lib/Test/Unit/Runner.pm line 28.
Compilation failed in require at /home/cpan4/install/lib/perl5/5.26.0/base.pm line 100.
...propagated at /home/cpan4/install/lib/perl5/5.26.0/base.pm line 109.
BEGIN failed--compilation aborted at /home/cpan4/.cpan/build/Test-Unit-0.25_1325-0/blib/lib/Test/Unit/HarnessUnit.pm line 9.
Compilation failed in require at t/all_tests.t line 6.
BEGIN failed--compilation aborted at t/all_tests.t line 6.
t/all_tests.t .....
Dubious, test returned 255 (wstat 65280, 0xff00)
No subtests run
Can't use 'defined(@array)' (Maybe you should just omit the defined()?) at /home/cpan4/.cpan/build/Test-Unit-0.25_1325-0/blib/lib/Test/Unit/TestCase.pm line 109.
Compilation failed in require at /home/cpan4/.cpan/build/Test-Unit-0.25_1325-0/blib/lib/Test/Unit/TestSuite.pm line 18.
BEGIN failed--compilation aborted at /home/cpan4/.cpan/build/Test-Unit-0.25_1325-0/blib/lib/Test/Unit/TestSuite.pm line 18.
Compilation failed in require at /home/cpan4/.cpan/build/Test-Unit-0.25_1325-0/blib/lib/Test/Unit/Loader.pm line 10.
BEGIN failed--compilation aborted at /home/cpan4/.cpan/build/Test-Unit-0.25_1325-0/blib/lib/Test/Unit/Loader.pm line 10.
Compilation failed in require at /home/cpan4/.cpan/build/Test-Unit-0.25_1325-0/blib/lib/Test/Unit/Listener.pm line 5.
BEGIN failed--compilation aborted at /home/cpan4/.cpan/build/Test-Unit-0.25_1325-0/blib/lib/Test/Unit/Listener.pm line 5.
Compilation failed in require at /home/cpan4/install/lib/perl5/5.26.0/base.pm line 100.
...propagated at /home/cpan4/install/lib/perl5/5.26.0/base.pm line 109.
BEGIN failed--compilation aborted at /home/cpan4/.cpan/build/Test-Unit-0.25_1325-0/blib/lib/Test/Unit/Runner.pm line 28.
Compilation failed in require at /home/cpan4/install/lib/perl5/5.26.0/base.pm line 100.
...propagated at /home/cpan4/install/lib/perl5/5.26.0/base.pm line 109.
BEGIN failed--compilation aborted at /home/cpan4/.cpan/build/Test-Unit-0.25_1325-0/blib/lib/Test/Unit/HarnessUnit.pm line 9.
Compilation failed in require at t/assert.t line 5.
BEGIN failed--compilation aborted at t/assert.t line 5.
t/assert.t ........
Dubious, test returned 255 (wstat 65280, 0xff00)
No subtests run
# Test 1 got: "Can't use 'defined(@array)' (Maybe you should just omit the defined()?) at /home/cpan4/.cpan/build/Test-Unit-0.25_1325-0/blib/lib/Test/Unit/TestCase.pm line 109.\n# Compilation failed in require at /home/cpan4/.cpan/build/Test-Unit-0.25_1325-0/blib/lib/Test/Unit/TestSuite.pm line 18.\n# BEGIN failed--compilation aborted at /home/cpan4/.cpan/build/Test-Unit-0.25_1325-0/blib/lib/Test/Unit/TestSuite.pm line 18.\n# Compilation failed in require at /home/cpan4/.cpan/build/Test-Unit-0.25_1325-0/blib/lib/Test/Unit/Loader.pm line 10.\n# BEGIN failed--compilation aborted at /home/cpan4/.cpan/build/Test-Unit-0.25_1325-0/blib/lib/Test/Unit/Loader.pm line 10.\n# Compilation failed in require at /home/cpan4/.cpan/build/Test-Unit-0.25_1325-0/blib/lib/Test/Unit/Listener.pm line 5.\n# BEGIN failed--compilation aborted at /home/cpan4/.cpan/build/Test-Unit-0.25_1325-0/blib/lib/Test/Unit/Listener.pm line 5.\n# Compilation failed in require at /home/cpan4/install/lib/perl5/5.26.0/base.pm line 100.\n# \t...propagated at /home/cpan4/install/lib/perl5/5.26.0/base.pm line 109.\n# BEGIN failed--compilation aborted at /home/cpan4/.cpan/build/Test-Unit-0.25_1325-0/blib/lib/Test/Unit/Runner.pm line 28.\n# Compilation failed in require at /home/cpan4/install/lib/perl5/5.26.0/base.pm line 100.\n# \t...propagated at /home/cpan4/install/lib/perl5/5.26.0/base.pm line 109.\n# BEGIN failed--compilation aborted at /home/cpan4/.cpan/build/Test-Unit-0.25_1325-0/blib/lib/Test/Unit/TestRunner.pm line 7.\n# Compilation failed in require at ./TestRunner.pl line 6.\n# BEGIN failed--compilation aborted at ./TestRunner.pl line 6.\n# EXITCODE:0xFF00\n# " (t/try_examples.t at line 106)
# Expected: "Suite setup\n# TEST-RUN-SUMMARY\n# \n# TIME-SUMMARY\n# \n# !!!FAILURES!!!\n# Test Results:\n# Run: 2, Failures: 1, Errors: 0\n# \n# There was 1 failure:\n# 1) examples/fail_example.pm:19 - test_fail(fail_example)\n# Born to lose ...\n# \n# Test was not successful.\n# EXITCODE:0x100\n# "
# Lines 1-15 are changed:
# - "Suite setup\n"
# + "Can't use 'defined(@array)' (Maybe you should just omit the defined()?) at /home/cpan4/.cpan/build/Test-Unit-0.25_1325-0/blib/lib/Test/Unit/TestCase.pm line 109.\n"
# - "# TEST-RUN-SUMMARY\n"
# + "# Compilation failed in require at /home/cpan4/.cpan/build/Test-Unit-0.25_1325-0/blib/lib/Test/Unit/TestSuite.pm line 18.\n"
# - "# \n"
# + "# BEGIN failed--compilation aborted at /home/cpan4/.cpan/build/Test-Unit-0.25_1325-0/blib/lib/Test/Unit/TestSuite.pm line 18.\n"
# - "# TIME-SUMMARY\n"
# + "# Compilation failed in require at /home/cpan4/.cpan/build/Test-Unit-0.25_1325-0/blib/lib/Test/Unit/Loader.pm line 10.\n"
# - "# \n"
# + "# BEGIN failed--compilation aborted at /home/cpan4/.cpan/build/Test-Unit-0.25_1325-0/blib/lib/Test/Unit/Loader.pm line 10.\n"
# - "# !!!FAILURES!!!\n"
# + "# Compilation failed in require at /home/cpan4/.cpan/build/Test-Unit-0.25_1325-0/blib/lib/Test/Unit/Listener.pm line 5.\n"
# - "# Test Results:\n"
# + "# BEGIN failed--compilation aborted at /home/cpan4/.cpan/build/Test-Unit-0.25_1325-0/blib/lib/Test/Unit/Listener.pm line 5.\n"
# - "# Run: 2, Failures: 1, Errors: 0\n"
# + "# Compilation failed in require at /home/cpan4/install/lib/perl5/5.26.0/base.pm line 100.\n"
# - "# \n"
# + "# \t...propagated at /home/cpan4/install/lib/perl5/5.26.0/base.pm line 109.\n"
# - "# There was 1 failure:\n"
# + "# BEGIN failed--compilation aborted at /home/cpan4/.cpan/build/Test-Unit-0.25_1325-0/blib/lib/Test/Unit/Runner.pm line 28.\n"
# - "# 1) examples/fail_example.pm:19 - test_fail(fail_example)\n"
# + "# Compilation failed in require at /home/cpan4/install/lib/perl5/5.26.0/base.pm line 100.\n"
# - "# Born to lose ...\n"
# + "# \t...propagated at /home/cpan4/install/lib/perl5/5.26.0/base.pm line 109.\n"
# - "# \n"
# + "# BEGIN failed--compilation aborted at /home/cpan4/.cpan/build/Test-Unit-0.25_1325-0/blib/lib/Test/Unit/TestRunner.pm line 7.\n"
# - "# Test was not successful.\n"
# + "# Compilation failed in require at ./TestRunner.pl line 6.\n"
# - "# EXITCODE:0x100\n"
# + "# BEGIN failed--compilation aborted at ./TestRunner.pl line 6.\n"
# Got 1 extra line at line 16:
# + "# EXITCODE:0xFF00\n"
# Test 2 got: "Can't use 'defined(@array)' (Maybe you should just omit the defined()?) at /home/cpan4/.cpan/build/Test-Unit-0.25_1325-0/blib/lib/Test/Unit/TestCase.pm line 109.\n# Compilation failed in require at /home/cpan4/.cpan/build/Test-Unit-0.25_1325-0/blib/lib/Test/Unit/TestSuite.pm line 18.\n# BEGIN failed--compilation aborted at /home/cpan4/.cpan/build/Test-Unit-0.25_1325-0/blib/lib/Test/Unit/TestSuite.pm line 18.\n# Compilation failed in require at /home/cpan4/.cpan/build/Test-Unit-0.25_1325-0/blib/lib/Test/Unit/Procedural.pm line 8.\n# BEGIN failed--compilation aborted at /home/cpan4/.cpan/build/Test-Unit-0.25_1325-0/blib/lib/Test/Unit/Procedural.pm line 8.\n# Compilation failed in require at examples/patch100132 line 6.\n# BEGIN failed--compilation aborted at examples/patch100132 line 6.\n# EXITCODE:0xFF00\n# " (t/try_examples.t at line 106 fail #2)
# Expected: "...\n# TIME-SUMMARY\n# \n# OK (3 tests)\n# "
# Lines 1-4 are changed:
# - "...\n"
# + "Can't use 'defined(@array)' (Maybe you should just omit the defined()?) at /home/cpan4/.cpan/build/Test-Unit-0.25_1325-0/blib/lib/Test/Unit/TestCase.pm line 109.\n"
# - "# TIME-SUMMARY\n"
# + "# Compilation failed in require at /home/cpan4/.cpan/build/Test-Unit-0.25_1325-0/blib/lib/Test/Unit/TestSuite.pm line 18.\n"
# - "# \n"
# + "# BEGIN failed--compilation aborted at /home/cpan4/.cpan/build/Test-Unit-0.25_1325-0/blib/lib/Test/Unit/TestSuite.pm line 18.\n"
# - "# OK (3 tests)\n"
# + "# Compilation failed in require at /home/cpan4/.cpan/build/Test-Unit-0.25_1325-0/blib/lib/Test/Unit/Procedural.pm line 8.\n"
# Got 4 extra lines at line 5:
# + "# BEGIN failed--compilation aborted at /home/cpan4/.cpan/build/Test-Unit-0.25_1325-0/blib/lib/Test/Unit/Procedural.pm line 8.\n"
# + "# Compilation failed in require at examples/patch100132 line 6.\n"
# + "# BEGIN failed--compilation aborted at examples/patch100132 line 6.\n"
# + "# EXITCODE:0xFF00\n"
# Test 3 got: "Can't use 'defined(@array)' (Maybe you should just omit the defined()?) at /home/cpan4/.cpan/build/Test-Unit-0.25_1325-0/blib/lib/Test/Unit/TestCase.pm line 109.\n# Compilation failed in require at /home/cpan4/.cpan/build/Test-Unit-0.25_1325-0/blib/lib/Test/Unit/TestSuite.pm line 18.\n# BEGIN failed--compilation aborted at /home/cpan4/.cpan/build/Test-Unit-0.25_1325-0/blib/lib/Test/Unit/TestSuite.pm line 18.\n# Compilation failed in require at /home/cpan4/.cpan/build/Test-Unit-0.25_1325-0/blib/lib/Test/Unit/Procedural.pm line 8.\n# BEGIN failed--compilation aborted at /home/cpan4/.cpan/build/Test-Unit-0.25_1325-0/blib/lib/Test/Unit/Procedural.pm line 8.\n# Compilation failed in require at examples/patch100132-1 line 6.\n# BEGIN failed--compilation aborted at examples/patch100132-1 line 6.\n# EXITCODE:0xFF00\n# " (t/try_examples.t at line 106 fail #3)
# Expected: "...\n# TIME-SUMMARY\n# \n# OK (3 tests)\n# "
# Lines 1-4 are changed:
# - "...\n"
# + "Can't use 'defined(@array)' (Maybe you should just omit the defined()?) at /home/cpan4/.cpan/build/Test-Unit-0.25_1325-0/blib/lib/Test/Unit/TestCase.pm line 109.\n"
# - "# TIME-SUMMARY\n"
# + "# Compilation failed in require at /home/cpan4/.cpan/build/Test-Unit-0.25_1325-0/blib/lib/Test/Unit/TestSuite.pm line 18.\n"
# - "# \n"
# + "# BEGIN failed--compilation aborted at /home/cpan4/.cpan/build/Test-Unit-0.25_1325-0/blib/lib/Test/Unit/TestSuite.pm line 18.\n"
# - "# OK (3 tests)\n"
# + "# Compilation failed in require at /home/cpan4/.cpan/build/Test-Unit-0.25_1325-0/blib/lib/Test/Unit/Procedural.pm line 8.\n"
# Got 4 extra lines at line 5:
# + "# BEGIN failed--compilation aborted at /home/cpan4/.cpan/build/Test-Unit-0.25_1325-0/blib/lib/Test/Unit/Procedural.pm line 8.\n"
# + "# Compilation failed in require at examples/patch100132-1 line 6.\n"
# + "# BEGIN failed--compilation aborted at examples/patch100132-1 line 6.\n"
# + "# EXITCODE:0xFF00\n"
# Test 4 got: "Can't use 'defined(@array)' (Maybe you should just omit the defined()?) at /home/cpan4/.cpan/build/Test-Unit-0.25_1325-0/blib/lib/Test/Unit/TestCase.pm line 109.\n# Compilation failed in require at /home/cpan4/.cpan/build/Test-Unit-0.25_1325-0/blib/lib/Test/Unit/TestSuite.pm line 18.\n# BEGIN failed--compilation aborted at /home/cpan4/.cpan/build/Test-Unit-0.25_1325-0/blib/lib/Test/Unit/TestSuite.pm line 18.\n# Compilation failed in require at /home/cpan4/.cpan/build/Test-Unit-0.25_1325-0/blib/lib/Test/Unit/Procedural.pm line 8.\n# BEGIN failed--compilation aborted at /home/cpan4/.cpan/build/Test-Unit-0.25_1325-0/blib/lib/Test/Unit/Procedural.pm line 8.\n# Compilation failed in require at examples/patch100132-2 line 6.\n# BEGIN failed--compilation aborted at examples/patch100132-2 line 6.\n# EXITCODE:0xFF00\n# " (t/try_examples.t at line 106 fail #4)
# Expected: "...\n# TIME-SUMMARY\n# \n# OK (3 tests)\n# "
# Lines 1-4 are changed:
# - "...\n"
# + "Can't use 'defined(@array)' (Maybe you should just omit the defined()?) at /home/cpan4/.cpan/build/Test-Unit-0.25_1325-0/blib/lib/Test/Unit/TestCase.pm line 109.\n"
# - "# TIME-SUMMARY\n"
# + "# Compilation failed in require at /home/cpan4/.cpan/build/Test-Unit-0.25_1325-0/blib/lib/Test/Unit/TestSuite.pm line 18.\n"
# - "# \n"
# + "# BEGIN failed--compilation aborted at /home/cpan4/.cpan/build/Test-Unit-0.25_1325-0/blib/lib/Test/Unit/TestSuite.pm line 18.\n"
# - "# OK (3 tests)\n"
# + "# Compilation failed in require at /home/cpan4/.cpan/build/Test-Unit-0.25_1325-0/blib/lib/Test/Unit/Procedural.pm line 8.\n"
# Got 4 extra lines at line 5:
# + "# BEGIN failed--compilation aborted at /home/cpan4/.cpan/build/Test-Unit-0.25_1325-0/blib/lib/Test/Unit/Procedural.pm line 8.\n"
# + "# Compilation failed in require at examples/patch100132-2 line 6.\n"
# + "# BEGIN failed--compilation aborted at examples/patch100132-2 line 6.\n"
# + "# EXITCODE:0xFF00\n"
t/try_examples.t ..
Failed 4/4 subtests
Test Summary Report
-------------------
t/all_tests.t (Wstat: 65280 Tests: 0 Failed: 0)
Non-zero exit status: 255
Parse errors: No plan found in TAP output
t/assert.t (Wstat: 65280 Tests: 0 Failed: 0)
Non-zero exit status: 255
Parse errors: No plan found in TAP output
t/try_examples.t (Wstat: 0 Tests: 4 Failed: 4)
Failed tests: 1-4
Files=3, Tests=4, 0 wallclock secs ( 0.03 usr 0.00 sys + 0.29 cusr 0.02 csys = 0.34 CPU)
Result: FAIL
Failed 3/3 test programs. 4/4 subtests failed.
Makefile:960: recipe for target 'test_dynamic' failed
make: *** [test_dynamic] Error 255
------------------------------
PREREQUISITES
------------------------------
Prerequisite modules loaded:
requires:
Module Need Have
------------------- ---- --------
base 1 2.25
Class::Inner 0 0.200001
Devel::Symdump 0 2.18
Error 0 0.17024
build_requires:
Module Need Have
------------------- ---- --------
ExtUtils::MakeMaker 0 7.24
configure_requires:
Module Need Have
------------------- ---- --------
ExtUtils::MakeMaker 0 7.24
------------------------------
ENVIRONMENT AND OTHER CONTEXT
------------------------------
Environment variables:
AUTOMATED_TESTING = 1
HARNESS_OPTIONS = j3
LANG = en_US.UTF-8
PATH = /usr/local/bin:/usr/bin:/bin:/usr/local/games:/usr/games
PERL5LIB =
PERL5OPT =
PERL5_CPANPLUS_IS_RUNNING = 2660
PERL5_CPAN_IS_RUNNING = 2660
PERL5_CPAN_IS_RUNNING_IN_RECURSION = 23854,2660
PERL_CR_SMOKER_CURRENT = Test-Unit-0.25_1325
PERL_CR_SMOKER_RUNONCE = 1
PERL_EXTUTILS_AUTOINSTALL = --defaultdeps
PERL_MM_USE_DEFAULT = 1
PERL_USE_UNSAFE_INC = 0
SHELL = /bin/bash
TERM = putty-256color
Perl special variables (and OS-specific diagnostics, for MSWin32):
$^X = /home/cpan4/install/bin/perl
$UID/$EUID = 1005 / 1005
$GID = 1005 1005
$EGID = 1005 1005
Perl module toolchain versions installed:
Module Have
------------------- --------
CPAN 2.16
CPAN::Meta 2.150010
Cwd 3.62
ExtUtils::CBuilder 0.280224
ExtUtils::Command 7.24
ExtUtils::Install 2.04
ExtUtils::MakeMaker 7.24
ExtUtils::Manifest 1.70
ExtUtils::ParseXS 3.34
File::Spec 3.62
JSON 2.91_04
JSON::PP 2.27400
Module::Build 0.4222
Module::Signature n/a
Parse::CPAN::Meta 2.150010
Test::Harness 3.38
Test::More 1.302079
YAML 1.23
YAML::Syck 1.29
version 0.9917
--
Summary of my perl5 (revision 5 version 26 subversion 0) configuration:
Commit id: 5fc389563644287b3e5f448616ce62dd0ce4e7a6
Platform:
osname=linux
osvers=3.16.0-4-amd64
archname=x86_64-linux-thread-multi
uname='linux digitalis 3.16.0-4-amd64 #1 smp debian 3.16.36-1+deb8u2 (2016-10-19) x86_64 gnulinux '
config_args='-Dusedevel -DDEBUGGING -Dusethreads -Dprefix=/home/cpan4/install -Uversiononly -des'
hint=recommended
useposix=true
d_sigaction=define
useithreads=define
usemultiplicity=define
use64bitint=define
use64bitall=define
uselongdouble=undef
usemymalloc=n
default_inc_excludes_dot=define
bincompat5005=undef
Compiler:
cc='cc'
ccflags ='-D_REENTRANT -D_GNU_SOURCE -fwrapv -DDEBUGGING -fno-strict-aliasing -pipe -fstack-protector-strong -I/usr/local/include -D_LARGEFILE_SOURCE -D_FILE_OFFSET_BITS=64 -D_FORTIFY_SOURCE=2'
optimize='-O2 -g'
cppflags='-D_REENTRANT -D_GNU_SOURCE -fwrapv -DDEBUGGING -fno-strict-aliasing -pipe -fstack-protector-strong -I/usr/local/include'
ccversion=''
gccversion='4.9.2'
gccosandvers=''
intsize=4
longsize=8
ptrsize=8
doublesize=8
byteorder=12345678
doublekind=3
d_longlong=define
longlongsize=8
d_longdbl=define
longdblsize=16
longdblkind=3
ivtype='long'
ivsize=8
nvtype='double'
nvsize=8
Off_t='off_t'
lseeksize=8
alignbytes=8
prototype=define
Linker and Libraries:
ld='cc'
ldflags =' -fstack-protector-strong -L/usr/local/lib'
libpth=/usr/local/lib /usr/lib/gcc/x86_64-linux-gnu/4.9/include-fixed /usr/include/x86_64-linux-gnu /usr/lib /lib/x86_64-linux-gnu /lib/../lib /usr/lib/x86_64-linux-gnu /usr/lib/../lib /lib /lib64 /usr/lib64
libs=-lpthread -lnsl -ldl -lm -lcrypt -lutil -lc
perllibs=-lpthread -lnsl -ldl -lm -lcrypt -lutil -lc
libc=libc-2.19.so
so=so
useshrplib=false
libperl=libperl.a
gnulibc_version='2.19'
Dynamic Linking:
dlsrc=dl_dlopen.xs
dlext=so
d_dlsymun=undef
ccdlflags='-Wl,-E'
cccdlflags='-fPIC'
lddlflags='-shared -O2 -g -L/usr/local/lib -fstack-protector-strong'
Characteristics of this binary (from libperl):
Compile-time options:
DEBUGGING
HAS_TIMES
MULTIPLICITY
PERLIO_LAYERS
PERL_COPY_ON_WRITE
PERL_DONT_CREATE_GVSV
PERL_IMPLICIT_CONTEXT
PERL_MALLOC_WRAP
PERL_OP_PARENT
PERL_PRESERVE_IVUV
PERL_TRACK_MEMPOOL
PERL_USE_DEVEL
USE_64_BIT_ALL
USE_64_BIT_INT
USE_ITHREADS
USE_LARGE_FILES
USE_LOCALE
USE_LOCALE_COLLATE
USE_LOCALE_CTYPE
USE_LOCALE_NUMERIC
USE_LOCALE_TIME
USE_PERLIO
USE_PERL_ATOF
USE_REENTRANT_API
Built under linux
Compiled at Apr 4 2017 17:17:49
%ENV:
PERL5LIB=""
PERL5OPT=""
PERL5_CPANPLUS_IS_RUNNING="2660"
PERL5_CPAN_IS_RUNNING="2660"
PERL5_CPAN_IS_RUNNING_IN_RECURSION="23854,2660"
PERL_CR_SMOKER_CURRENT="Test-Unit-0.25_1325"
PERL_CR_SMOKER_RUNONCE="1"
PERL_EXTUTILS_AUTOINSTALL="--defaultdeps"
PERL_MM_USE_DEFAULT="1"
PERL_USE_UNSAFE_INC="0"
@INC:
/home/cpan4/install/lib/perl5/site_perl/5.26.0/x86_64-linux-thread-multi
/home/cpan4/install/lib/perl5/site_perl/5.26.0
/home/cpan4/install/lib/perl5/5.26.0/x86_64-linux-thread-multi
/home/cpan4/install/lib/perl5/5.26.0