Report for Data-Conveyor-1.103130

Back
From: metabase:user:320bfe00-2aae-11df-837a-5e0a49663a4f
Subject: FAIL Data-Conveyor-1.103130 v5.19.10 GNU/Linux
Date: 2014-03-02T06:53:46Z

This distribution has been tested as part of the CPAN Testers
project, supporting the Perl programming language.  See
http://wiki.cpantesters.org/ for more information or email
questions to cpan-testers-discuss@perl.org


--
Dear Marcel Gruenauer,

This is a computer-generated report for Data-Conveyor-1.103130
on perl 5.19.10, created by CPAN-Reporter-1.2010.

Thank you for uploading your work to CPAN.  However, there was a problem
testing your distribution.

If you think this report is invalid, please consult the CPAN Testers Wiki
for suggestions on how to avoid getting FAIL reports for missing library
or binary dependencies, unsupported operating systems, and so on:

http://wiki.cpantesters.org/wiki/CPANAuthorNotes

Sections of this report:

    * Tester comments
    * Program output
    * Prerequisites
    * Environment and other context

------------------------------
TESTER COMMENTS
------------------------------

Additional comments from tester:

this report is from an automated smoke testing program
and was not reviewed by a human for accuracy

------------------------------
PROGRAM OUTPUT
------------------------------

Output from '/usr/bin/make test':

PERL_DL_NONLAZY=1 /tmp/basesmoker-reloperl-5MsK/bin/perl "-MExtUtils::Command::MM" "-MTest::Harness" "-e" "undef *Test::Harness::Switches; test_harness(0, 'blib/lib', 'blib/arch')" t/*.t
t/00-compile.t ............... ok
# Testing with Perl 5.019010, /tmp/basesmoker-reloperl-5MsK/bin/perl
#     Carp version is 1.32
#     Class::Accessor::Complex version is 1.100880
#     Class::Scaffold::Accessor version is 1.102280
#     Class::Scaffold::App::CommandLine version is 1.102280
#     Class::Scaffold::App::Test::Classes version is 1.102280
#     Class::Scaffold::App::Test::YAMLDriven version is 1.102280
#     Class::Scaffold::Base version is 1.102280
#     Class::Scaffold::ConstantImporter version is 1.102280
#     Class::Scaffold::Delegate::Mixin version is 1.102280
#     Class::Scaffold::Environment version is 1.102280
#     Class::Scaffold::Exception version is 1.102280
#     Class::Scaffold::Exception::Business version is 1.102280
#     Class::Scaffold::Exception::Container version is 1.102280
#     Class::Scaffold::Exception::Util version is 1.102280
#     Class::Scaffold::Factory version is 1.102280
#     Class::Scaffold::Factory::Type version is 1.102280
#     Class::Scaffold::HierarchicalDirty version is 1.102280
#     Class::Scaffold::Log version is 1.102280
#     Class::Scaffold::Storable version is 1.102280
#     Class::Scaffold::Test version is 1.102280
#     Class::Scaffold::Test::Inherited version is 1.102280
#     Class::Scaffold::Test::UtilLoader version is 1.102280
#     Class::Scaffold::Util version is 1.102280
#     Class::Scaffold::YAML::Active version is 1.102280
#     Class::Scaffold::YAML::Active::Hash version is 1.102280
#     Class::Scaffold::YAML::Marshall version is 1.102280
#     Class::Value version is 1.100840
#     Class::Value::Enum version is 1.100840
#     Class::Value::Exception::Base version is 1.100840
#     Class::Value::Exception::NotWellFormedValue version is 1.100840
#     Class::Value::String version is 1.100840
#     Compress::Zlib version is 2.064
#     DBI version is 1.631
#     Data::Container version is 1.100840
#     Data::Dumper version is 2.150
#     Data::Inherited version is 1.100860
#     Data::Miscellany version is 1.100850
#     Data::Storage::DBI::Mock version is 1.102720
#     Data::Storage::DBI::Oracle version is 1.102720
#     Data::Storage::DBI::Pg version is 1.102720
#     Data::Storage::DBI::SQLite version is 1.102720
#     Data::Storage::Memory version is 1.102720
#     Data::Storage::Null version is 1.102720
#     Date::Calc version is 6.3
#     English version is 1.09
#     Error version is 0.17022
#     Error::Hierarchy version is 1.103530
#     Error::Hierarchy::Internal version is 1.103530
#     Error::Hierarchy::Internal::CustomMessage version is 1.103530
#     Error::Hierarchy::Internal::DBI::STH version is 1.103530
#     Error::Hierarchy::Test version is 1.103530
#     Error::Hierarchy::Util version is 1.103530
#     Exporter version is 5.70
#     ExtUtils::MakeMaker version is 6.9
#     Fcntl version is 1.11
#     File::Find version is 1.26
#     File::Temp version is 0.2304
#     FindBin version is 1.51
#     Getopt::Long version is 2.42
#     Hash::Flatten version is 1.19
#     Hook::Modular version is 1.101050
#     IO::Handle version is 1.35
#     IO::Pager version is 0.31
#     Pod::Text version is 3.18
#     Scalar::Util version is 1.38
#     Storable version is 2.48
#     String::FlexMatch::Test version is 1.100820
#     Sys::Hostname version is 1.18
#     Term::Shell::Enhanced version is 1.101420
#     Test::Builder version is 1.001002
#     Test::Class version is 0.41
#     Test::More version is 1.001002
#     Text::Table version is 1.129
#     Time::HiRes version is 1.9726
#     YAML version is 0.90
#     YAML::Active version is 1.100810
#     YAML::Marshall version is 0.90
#     charnames version is 1.40
#     constant version is 1.31
#     once version is 1.101420
#     overload version is 1.22
#     parent version is 0.228
t/000-report-versions.t ...... ok
Possible precedence issue with control flow operator at /home/sand/src/perl/repoperls/installed-perls/perl/v5.19.9-73-gf5572cf/127e/lib/site_perl/5.19.10/Class/Scaffold/Log.pm line 44.
t/01_companion_classes.t ..... 
Failed 4/8 subtests 
t/author-critic.t ............ skipped: these tests are for testing by the author
t/release-check-changes.t .... skipped: these tests are for release candidate testing
t/release-dist-manifest.t .... skipped: these tests are for release candidate testing
t/release-distmeta.t ......... skipped: these tests are for release candidate testing
t/release-eol.t .............. skipped: these tests are for release candidate testing
t/release-has-version.t ...... skipped: these tests are for release candidate testing
t/release-kwalitee.t ......... skipped: these tests are for release candidate testing
t/release-minimum-version.t .. skipped: these tests are for release candidate testing
t/release-no-tabs.t .......... skipped: these tests are for release candidate testing
t/release-pod-coverage.t ..... skipped: these tests are for release candidate testing
t/release-pod-spell.t ........ skipped: these tests are for release candidate testing
t/release-pod-syntax.t ....... skipped: these tests are for release candidate testing
t/release-portability.t ...... skipped: these tests are for release candidate testing
t/release-synopsis.t ......... skipped: these tests are for release candidate testing
t/release-unused-vars.t ...... skipped: these tests are for release candidate testing

Test Summary Report
-------------------
t/01_companion_classes.t   (Wstat: 139 Tests: 4 Failed: 0)
  Non-zero wait status: 139
  Parse errors: Bad plan.  You planned 8 tests but ran 4.
Files=18, Tests=219,  7 wallclock secs ( 0.08 usr  0.02 sys +  6.04 cusr  0.86 csys =  7.00 CPU)
Result: FAIL
Failed 1/18 test programs. 0/219 subtests failed.
make: *** [test_dynamic] Error 255

------------------------------
PREREQUISITES
------------------------------

Prerequisite modules loaded:

requires:

    Module                                      Need Have    
    ------------------------------------------- ---- --------
    charnames                                   0    1.40    
    Class::Accessor::Complex                    0    1.100880
    Class::Scaffold::Accessor                   0    1.102280
    Class::Scaffold::App::CommandLine           0    1.102280
    Class::Scaffold::App::Test::YAMLDriven      0    1.102280
    Class::Scaffold::Base                       0    1.102280
    Class::Scaffold::ConstantImporter           0    1.102280
    Class::Scaffold::Delegate::Mixin            0    1.102280
    Class::Scaffold::Environment                0    1.102280
    Class::Scaffold::Exception                  0    1.102280
    Class::Scaffold::Exception::Business        0    1.102280
    Class::Scaffold::Exception::Container       0    1.102280
    Class::Scaffold::Exception::Util            0    1.102280
    Class::Scaffold::Factory                    0    1.102280
    Class::Scaffold::Factory::Type              0    1.102280
    Class::Scaffold::HierarchicalDirty          0    1.102280
    Class::Scaffold::Log                        0    1.102280
    Class::Scaffold::Storable                   0    1.102280
    Class::Scaffold::Test                       0    1.102280
    Class::Scaffold::Test::Inherited            0    1.102280
    Class::Scaffold::Test::UtilLoader           0    1.102280
    Class::Scaffold::Util                       0    1.102280
    Class::Scaffold::YAML::Active               0    1.102280
    Class::Scaffold::YAML::Active::Hash         0    1.102280
    Class::Scaffold::YAML::Marshall             0    1.102280
    Class::Value                                0    1.100840
    Class::Value::Enum                          0    1.100840
    Class::Value::Exception::Base               0    1.100840
    Class::Value::Exception::NotWellFormedValue 0    1.100840
    Class::Value::String                        0    1.100840
    Compress::Zlib                              0    2.064   
    constant                                    0    1.31    
    Data::Container                             0    1.100840
    Data::Dumper                                0    2.150   
    Data::Inherited                             0    1.100860
    Data::Miscellany                            0    1.100850
    Data::Storage::DBI::Mock                    0    1.102720
    Data::Storage::DBI::Oracle                  0    1.102720
    Data::Storage::DBI::Pg                      0    1.102720
    Data::Storage::DBI::SQLite                  0    1.102720
    Data::Storage::Memory                       0    1.102720
    Data::Storage::Null                         0    1.102720
    Date::Calc                                  0    6.3     
    DBI                                         0    1.631   
    Error                                       0    0.17022 
    Error::Hierarchy                            0    1.103530
    Error::Hierarchy::Internal                  0    1.103530
    Error::Hierarchy::Internal::CustomMessage   0    1.103530
    Error::Hierarchy::Internal::DBI::STH        0    1.103530
    Error::Hierarchy::Test                      0    1.103530
    Error::Hierarchy::Util                      0    1.103530
    Exporter                                    0    5.70    
    Fcntl                                       0    1.11    
    FindBin                                     0    1.51    
    Getopt::Long                                0    2.42    
    Hash::Flatten                               0    1.19    
    Hook::Modular                               0    1.101050
    IO::Handle                                  0    1.35    
    IO::Pager                                   0    0.31    
    once                                        0    1.101420
    overload                                    0    1.22    
    parent                                      0    0.228   
    Pod::Text                                   0    3.18    
    Storable                                    0    2.48    
    String::FlexMatch::Test                     0    1.100820
    Sys::Hostname                               0    1.18    
    Term::Shell::Enhanced                       0    1.101420
    Test::Builder                               0    1.001002
    Test::Class                                 0    0.41    
    Test::More                                  0    1.001002
    Text::Table                                 0    1.129   
    Time::HiRes                                 0    1.9726  
    YAML                                        0    0.90    
    YAML::Active                                0    1.100810
    YAML::Marshall                              0    0.90    

build_requires:

    Module                                      Need Have    
    ------------------------------------------- ---- --------
    Carp                                        0    1.32    
    Class::Scaffold::App::Test::Classes         0    1.102280
    English                                     0    1.09    
    File::Find                                  0    1.26    
    File::Temp                                  0    0.2304  
    Scalar::Util                                0    1.38    
    Test::More                                  0.94 1.001002

configure_requires:

    Module                                      Need Have    
    ------------------------------------------- ---- --------
    ExtUtils::MakeMaker                         6.31 6.90    


------------------------------
ENVIRONMENT AND OTHER CONTEXT
------------------------------

Environment variables:

    AUTOMATED_TESTING = 1
    LANG = en_US.UTF-8
    LANGUAGE = en_US:en
    PATH = /usr/lib/ccache:/home/sand/bin:/usr/local/bin:/usr/bin:/bin:/usr/bin/X11:/usr/games:/usr/local/perl/bin:/usr/X11/bin:/sbin:/usr/sbin
    PERL5LIB = 
    PERL5OPT = 
    PERL5_CPANPLUS_IS_RUNNING = 30671
    PERL5_CPAN_IS_RUNNING = 30671
    PERL_MM_USE_DEFAULT = 1
    SHELL = /usr/bin/zsh
    TERM = screen

Perl special variables (and OS-specific diagnostics, for MSWin32):

    $^X = /tmp/basesmoker-reloperl-5MsK/bin/perl
    $UID/$EUID = 1005 / 1005
    $GID = 1005 1005
    $EGID = 1005 1005

Perl module toolchain versions installed:

    Module              Have    
    ------------------- --------
    CPAN                2.00    
    CPAN::Meta          2.133380
    Cwd                 3.47    
    ExtUtils::CBuilder  0.280216
    ExtUtils::Command   1.18    
    ExtUtils::Install   1.62    
    ExtUtils::MakeMaker 6.90    
    ExtUtils::Manifest  1.63    
    ExtUtils::ParseXS   3.23    
    File::Spec          3.47    
    JSON                2.90    
    JSON::PP            2.27203 
    Module::Build       0.4205  
    Module::Signature   0.73    
    Parse::CPAN::Meta   1.4413  
    Test::Harness       3.30    
    Test::More          1.001002
    YAML                0.90    
    YAML::Syck          1.27    
    version             0.9908  


--

Summary of my perl5 (revision 5 version 19 subversion 10) configuration:
  Commit id: f5572cf8315f7c5228c30330db88dd3f604cfdc1
  Platform:
    osname=linux, osvers=3.10-3-amd64, archname=x86_64-linux-ld
    uname='linux k83 3.10-3-amd64 #1 smp debian 3.10.11-1 (2013-09-10) x86_64 gnulinux '
    config_args='-Dprefix=/home/sand/src/perl/repoperls/installed-perls/perl/v5.19.9-73-gf5572cf/127e -Dmyhostname=k83 -Dinstallusrbinperl=n -Uversiononly -Dusedevel -des -Ui_db -Uuseithreads -Duselongdouble -DDEBUGGING=-g'
    hint=recommended, useposix=true, d_sigaction=define
    useithreads=undef, usemultiplicity=undef
    use64bitint=define, use64bitall=define, uselongdouble=define
    usemymalloc=n, bincompat5005=undef
  Compiler:
    cc='cc', ccflags ='-fno-strict-aliasing -pipe -fstack-protector -I/usr/local/include -D_LARGEFILE_SOURCE -D_FILE_OFFSET_BITS=64',
    optimize='-O2 -g',
    cppflags='-fno-strict-aliasing -pipe -fstack-protector -I/usr/local/include'
    ccversion='', gccversion='4.8.2', gccosandvers=''
    intsize=4, longsize=8, ptrsize=8, doublesize=8, byteorder=12345678
    d_longlong=define, longlongsize=8, d_longdbl=define, longdblsize=16
    ivtype='long', ivsize=8, nvtype='long double', nvsize=16, Off_t='off_t', lseeksize=8
    alignbytes=16, prototype=define
  Linker and Libraries:
    ld='cc', ldflags =' -fstack-protector -L/usr/local/lib'
    libpth=/usr/local/lib /usr/lib/gcc/x86_64-linux-gnu/4.8/include-fixed /usr/include/x86_64-linux-gnu /usr/lib /lib/x86_64-linux-gnu /lib/../lib /usr/lib/x86_64-linux-gnu /usr/lib/../lib /lib
    libs=-lnsl -lgdbm -ldb -ldl -lm -lcrypt -lutil -lc -lgdbm_compat
    perllibs=-lnsl -ldl -lm -lcrypt -lutil -lc
    libc=libc-2.17.so, so=so, useshrplib=false, libperl=libperl.a
    gnulibc_version='2.17'
  Dynamic Linking:
    dlsrc=dl_dlopen.xs, dlext=so, d_dlsymun=undef, ccdlflags='-Wl,-E'
    cccdlflags='-fPIC', lddlflags='-shared -O2 -g -L/usr/local/lib -fstack-protector'


Characteristics of this binary (from libperl): 
  Compile-time options: HAS_TIMES PERLIO_LAYERS PERL_DONT_CREATE_GVSV
                        PERL_HASH_FUNC_ONE_AT_A_TIME_HARD PERL_MALLOC_WRAP
                        PERL_NEW_COPY_ON_WRITE PERL_PRESERVE_IVUV
                        PERL_USE_DEVEL USE_64_BIT_ALL USE_64_BIT_INT
                        USE_LARGE_FILES USE_LOCALE USE_LOCALE_COLLATE
                        USE_LOCALE_CTYPE USE_LOCALE_NUMERIC USE_LONG_DOUBLE
                        USE_PERLIO USE_PERL_ATOF
  Built under linux
  Compiled at Feb 28 2014 21:01:38
  %ENV:
    PERL5LIB=""
    PERL5OPT=""
    PERL5_CPANPLUS_IS_RUNNING="30671"
    PERL5_CPAN_IS_RUNNING="30671"
    PERL_MM_USE_DEFAULT="1"
  @INC:
    /home/sand/src/perl/repoperls/installed-perls/perl/v5.19.9-73-gf5572cf/127e/lib/site_perl/5.19.10/x86_64-linux-ld
    /home/sand/src/perl/repoperls/installed-perls/perl/v5.19.9-73-gf5572cf/127e/lib/site_perl/5.19.10
    /home/sand/src/perl/repoperls/installed-perls/perl/v5.19.9-73-gf5572cf/127e/lib/5.19.10/x86_64-linux-ld
    /home/sand/src/perl/repoperls/installed-perls/perl/v5.19.9-73-gf5572cf/127e/lib/5.19.10
    .