Template-Tiny-Strict v1.17 Perl 5 v5.12.5 i86pc-solaris-64

Status
Fail
From
Chris Williams (BINGOS)
Dist
Template-Tiny-Strict v1.17
Platform
Perl 5 v5.12.5 i86pc-solaris-64
Date
2021-05-09 09:10:29
ID
665edf80-b0a6-11eb-84bc-edd243e66a77
This distribution has been tested as part of the CPAN Testers
project, supporting the Perl programming language.  See
http://wiki.cpantesters.org/ for more information or email
questions to cpan-testers-discuss@perl.org


--

Dear OVID,

This is a computer-generated error report created automatically by
CPANPLUS, version 0.9910. Testers personal comments may appear
at the end of this report.


Thank you for uploading your work to CPAN.  However, it appears that
there were some problems testing your distribution.

TEST RESULTS:

Below is the error stack from stage 'make test':

PERL_DL_NONLAZY=1 "/home/cpan/pit/bare/perl-5.12.5/bin/perl" "-MExtUtils::Command::MM" "-MTest::Harness" "-e" "undef *Test::Harness::Switches; test_harness(0, 'blib/lib', 'blib/arch')" t/*.t
# 
# Versions for all modules listed in MYMETA.json (including optional ones):
# 
# === Configure Requires ===
# 
#     Module              Want Have
#     ------------------- ---- ----
#     ExtUtils::MakeMaker  any 7.58
# 
# === Build Requires ===
# 
#     Module              Want Have
#     ------------------- ---- ----
#     ExtUtils::MakeMaker  any 7.58
# 
# === Test Requires ===
# 
#     Module              Want     Have
#     ------------------- ---- --------
#     ExtUtils::MakeMaker  any     7.58
#     File::Spec           any     3.75
#     Test::More           any 1.302183
# 
# === Test Recommends ===
# 
#     Module         Want     Have
#     ---------- -------- --------
#     CPAN::Meta 2.120900 2.150010
# 
t/00-report-prereqs.t .. ok
t/02_trivial.t ......... ok
t/03_samples.t ......... ok
t/04_compat.t .......... skipped: Template Toolkit is not installed
t/05_preparse.t ........ ok

#   Failed test 'We should have an error'
#   at t/strict.t line 46.

#   Failed test 'forbid_undef should fail on undef variables'
#   at t/strict.t line 46.
#                   ''
#     doesn't match '(?-xism:Undefined value in template path 'foo')'

#   Failed test 'We should have an error'
#   at t/strict.t line 51.

#   Failed test 'Even deeper "undef" variables will cause failures'
#   at t/strict.t line 51.
#                   ''
#     doesn't match '(?-xism:Undefined value in template path 'foo.1')'

#   Failed test 'We should have an error'
#   at t/strict.t line 56.

#   Failed test 'Unused variables should also cause a failure'
#   at t/strict.t line 56.
#                   ''
#     doesn't match '(?-xism:The following variables were passed to the template but unused: 'bar')'

#   Failed test 'We should have an error'
#   at t/strict.t line 61.

#   Failed test 'Unused variables should also cause a failure'
#   at t/strict.t line 61.
#                   ''
#     doesn't match '(?-xism:The following variables were passed to the template but unused: 'bar, baz')'

#   Failed test 'We should have an error'
#   at t/strict.t line 72.

#   Failed test 'All errors should be reported at once, including the name of the temoplate'
#   at t/strict.t line 72.
#                   ''
#     doesn't match '(?-xism:Template::Tiny::Strict processing for 'my template' failed:
# Undefined value in template path 'foo'
# The following variables were passed to the template but unused: 'bar')'
# Looks like you failed 10 tests of 16.
t/strict.t ............. 
Dubious, test returned 10 (wstat 2560, 0xa00)
Failed 10/16 subtests 

Test Summary Report
-------------------
t/strict.t           (Wstat: 2560 Tests: 16 Failed: 10)
  Failed tests:  2-3, 5-6, 8-9, 11-12, 14-15
  Non-zero exit status: 10
Files=6, Tests=78,  2 wallclock secs ( 0.06 usr  0.03 sys +  0.85 cusr  0.24 csys =  1.18 CPU)
Result: FAIL
Failed 1/6 test programs. 10/78 subtests failed.
*** Error code 10
make: Fatal error: Command failed for target `test_dynamic'


PREREQUISITES:

Here is a list of prerequisites you specified and versions we
managed to load:

	  Module Name                        Have     Want
	  ExtUtils::MakeMaker                7.58        0
	  File::Spec                         3.75        0
	  Test::More                     1.302183        0

Perl module toolchain versions installed:
	Module Name                        Have
	CPANPLUS                         0.9910
	CPANPLUS::Dist::Build              0.90
	Cwd                                3.75
	ExtUtils::CBuilder             0.280235
	ExtUtils::Command                  7.58
	ExtUtils::Install                  2.20
	ExtUtils::MakeMaker                7.58
	ExtUtils::Manifest                 1.73
	ExtUtils::ParseXS                  3.35
	File::Spec                         3.75
	Module::Build                    0.4231
	Pod::Parser                        1.37
	Pod::Simple                        3.14
	Test2                          1.302183
	Test::Harness                      3.42
	Test::More                     1.302183
	version                          0.9928

******************************** NOTE ********************************
The comments above are created mechanically, possibly without manual
checking by the sender.  As there are many people performing automatic
tests on each upload to CPAN, it is likely that you will receive
identical messages about the same problem.

If you believe that the message is mistaken, please reply to the first
one with correction and/or additional informations, and do not take
it personally.  We appreciate your patience. :)
**********************************************************************

Additional comments:


This report was machine-generated by CPANPLUS::Dist::YACSmoke 1.08.
Powered by minismokebox version 0.68

CPANPLUS is prefering Build.PL

------------------------------
ENVIRONMENT AND OTHER CONTEXT
------------------------------

Environment variables:

    AUTOMATED_TESTING = 1
    LANG = en_GB.UTF-8
    NONINTERACTIVE_TESTING = 1
    PATH = /home/cpan/pit/jail/P3Mrh9fNbL/bin:/usr/bin:/usr/sbin:/sbin:/opt/ooce/bin:/usr/gnu/bin
    PERL5LIB = /home/cpan/pit/jail/P3Mrh9fNbL/lib/perl5:/home/cpan/pit/bare/conf/perl-5.12.5/.cpanplus/5.12.5/build/Cm4Ro6nclQ/Template-Tiny-Strict-1.17/blib/lib:/home/cpan/pit/bare/conf/perl-5.12.5/.cpanplus/5.12.5/build/Cm4Ro6nclQ/Template-Tiny-Strict-1.17/blib/arch
    PERL5_CPANPLUS_IS_RUNNING = 25327
    PERL5_CPANPLUS_IS_VERSION = 0.9910
    PERL5_MINISMOKEBOX = 0.68
    PERL5_YACSMOKE_BASE = /home/cpan/pit/bare/conf/perl-5.12.5
    PERL_EXTUTILS_AUTOINSTALL = --defaultdeps
    PERL_LOCAL_LIB_ROOT = /home/cpan/pit/jail/P3Mrh9fNbL
    PERL_MB_OPT = --install_base "/home/cpan/pit/jail/P3Mrh9fNbL"
    PERL_MM_OPT = INSTALL_BASE=/home/cpan/pit/jail/P3Mrh9fNbL
    PERL_MM_USE_DEFAULT = 1
    SHELL = /bin/bash
    TERM = screen

Perl special variables (and OS-specific diagnostics, for MSWin32):

    Perl: $^X = /home/cpan/pit/bare/perl-5.12.5/bin/perl
    UID:  $<  = 101
    EUID: $>  = 101
    GID:  $(  = 101 101
    EGID: $)  = 101 101


-------------------------------


--

Summary of my perl5 (revision 5 version 12 subversion 5) configuration:
   
  Platform:
    osname=solaris, osvers=2.11, archname=i86pc-solaris-64
    uname='sunos ouzel 5.11 omnios-r151034-0d278a0cc5 i86pc i386 i86pc '
    config_args='-des -Dprefix=/home/cpan/pit/bare/perl-5.12.5 -Duse64bitall -Dcc=gcc'
    hint=recommended, useposix=true, d_sigaction=define
    useithreads=undef, usemultiplicity=undef
    useperlio=define, d_sfio=undef, uselargefiles=define, usesocks=undef
    use64bitint=define, use64bitall=define, uselongdouble=undef
    usemymalloc=n, bincompat5005=undef
  Compiler:
    cc='gcc', ccflags ='-m64 -fwrapv -fno-strict-aliasing -pipe -fstack-protector -D_LARGEFILE_SOURCE -D_FILE_OFFSET_BITS=64 -DPERL_USE_SAFE_PUTENV',
    optimize='-O',
    cppflags='-m64 -fwrapv -fno-strict-aliasing -pipe -fstack-protector'
    ccversion='', gccversion='9.3.0', gccosandvers=''
    intsize=4, longsize=8, ptrsize=8, doublesize=8, byteorder=12345678
    d_longlong=define, longlongsize=8, d_longdbl=define, longdblsize=16
    ivtype='long', ivsize=8, nvtype='double', nvsize=8, Off_t='off_t', lseeksize=8
    alignbytes=8, prototype=define
  Linker and Libraries:
    ld='gcc', ldflags =' -m64 -fstack-protector -L/usr/gnu/lib '
    libpth=/usr/gnu/lib /usr/lib /usr/ccs/lib
    libs=-lsocket -lnsl -ldl -lm -lc
    perllibs=-lsocket -lnsl -ldl -lm -lc
    libc=/lib/libc.so, so=so, useshrplib=true, libperl=libperl.so
    gnulibc_version=''
  Dynamic Linking:
    dlsrc=dl_dlopen.xs, dlext=so, d_dlsymun=undef, ccdlflags='  -R /home/cpan/pit/bare/perl-5.12.5/lib/5.12.5/i86pc-solaris-64/CORE'
    cccdlflags='-fPIC', lddlflags=' -shared -m64 -L/usr/gnu/lib -fstack-protector'


Characteristics of this binary (from libperl): 
  Compile-time options: PERL_DONT_CREATE_GVSV PERL_MALLOC_WRAP
                        PERL_USE_SAFE_PUTENV USE_64_BIT_ALL USE_64_BIT_INT
                        USE_LARGE_FILES USE_PERLIO USE_PERL_ATOF
  Locally applied patches:
	Devel::PatchPerl 2.00
  Built under solaris
  Compiled at Aug 19 2020 04:05:29
  %ENV:
    PERL5LIB="/home/cpan/pit/jail/P3Mrh9fNbL/lib/perl5:/home/cpan/pit/bare/conf/perl-5.12.5/.cpanplus/5.12.5/build/Cm4Ro6nclQ/Template-Tiny-Strict-1.17/blib/lib:/home/cpan/pit/bare/conf/perl-5.12.5/.cpanplus/5.12.5/build/Cm4Ro6nclQ/Template-Tiny-Strict-1.17/blib/arch"
    PERL5_CPANPLUS_IS_RUNNING="25327"
    PERL5_CPANPLUS_IS_VERSION="0.9910"
    PERL5_MINISMOKEBOX="0.68"
    PERL5_YACSMOKE_BASE="/home/cpan/pit/bare/conf/perl-5.12.5"
    PERL_EXTUTILS_AUTOINSTALL="--defaultdeps"
    PERL_LOCAL_LIB_ROOT="/home/cpan/pit/jail/P3Mrh9fNbL"
    PERL_MB_OPT="--install_base "/home/cpan/pit/jail/P3Mrh9fNbL""
    PERL_MM_OPT="INSTALL_BASE=/home/cpan/pit/jail/P3Mrh9fNbL"
    PERL_MM_USE_DEFAULT="1"
  @INC:
    /home/cpan/pit/jail/P3Mrh9fNbL/lib/perl5/5.12.5/i86pc-solaris-64
    /home/cpan/pit/jail/P3Mrh9fNbL/lib/perl5/5.12.5
    /home/cpan/pit/jail/P3Mrh9fNbL/lib/perl5/i86pc-solaris-64
    /home/cpan/pit/jail/P3Mrh9fNbL/lib/perl5
    /home/cpan/pit/bare/conf/perl-5.12.5/.cpanplus/5.12.5/build/Cm4Ro6nclQ/Template-Tiny-Strict-1.17/blib/lib
    /home/cpan/pit/bare/conf/perl-5.12.5/.cpanplus/5.12.5/build/Cm4Ro6nclQ/Template-Tiny-Strict-1.17/blib/arch
    /home/cpan/pit/bare/perl-5.12.5/lib/site_perl/5.12.5/i86pc-solaris-64
    /home/cpan/pit/bare/perl-5.12.5/lib/site_perl/5.12.5
    /home/cpan/pit/bare/perl-5.12.5/lib/5.12.5/i86pc-solaris-64
    /home/cpan/pit/bare/perl-5.12.5/lib/5.12.5
    .