Report for Taint-0.09

Back
From: metabase:user:322078bc-2aae-11df-837a-5e0a49663a4f
Subject: FAIL Taint-0.09 v5.12.1 NetBSD
Date: 2010-11-26T23:39:22Z

This distribution has been tested as part of the CPAN Testers
project, supporting the Perl programming language.  See
http://wiki.cpantesters.org/ for more information or email
questions to cpan-testers-discuss@perl.org


--

Dear Tom Phoenix,
    
This is a computer-generated error report created automatically by
CPANPLUS, version 0.9010. Testers personal comments may appear 
at the end of this report.


Thank you for uploading your work to CPAN.  However, it appears that
there were some problems testing your distribution.

TEST RESULTS:

Below is the error stack from stage 'make test':

[MSG] [Fri Nov 26 23:39:00 2010] Trying to get 'ftp://cpan.bingosnet.co.uk/CPAN/authors/id/M/MI/MIKO/CHECKSUMS'
[MSG] [Fri Nov 26 23:39:01 2010] Checksum matches for 'Apache2-Request-Plus-0.10.tar.gz'
[MSG] [Fri Nov 26 23:39:01 2010] Extracted 'Apache2::Request::Plus' to '/home/cpan/pit/64bit/conf/perl-5.12.1/.cpanplus/5.12.1/build/Apache2-Request-Plus-0.10'
[MSG] [Fri Nov 26 23:39:02 2010] CPANPLUS is prefering Build.PL
[MSG] [Fri Nov 26 23:39:02 2010] Loading YACSmoke database "/home/cpan/pit/64bit/conf/perl-5.12.1/.cpanplus/cpansmoke.dat"
[MSG] [Fri Nov 26 23:39:02 2010] Checking if your kit is complete...
Looks good
Warning: prerequisite Debug::ShowStuff 1.1 not found.
Warning: prerequisite String::Util 1.01 not found.
WARNING: Setting ABSTRACT via file 'Plus.pm' failed
 at /home/cpan/pit/64bit/perl-5.12.1/lib/5.12.1/ExtUtils/MakeMaker.pm line 583
Writing Makefile for Apache2::Request::Plus

[MSG] [Fri Nov 26 23:39:03 2010] DEFAULT 'filter_prereqs' HANDLER RETURNING 'sub return value'
[MSG] [Fri Nov 26 23:39:03 2010] Checking for previous PASS result for "Apache2-Request-Plus-0.10"
[MSG] [Fri Nov 26 23:39:03 2010] Module 'Apache2::Request::Plus' requires 'Debug::ShowStuff' version '1.1' to be installed 
[MSG] [Fri Nov 26 23:39:03 2010] Module 'Apache2::Request::Plus' requires 'String::Util' version '1.01' to be installed 
[MSG] [Fri Nov 26 23:39:05 2010] Using cached file '/home/cpan/pit/64bit/conf/perl-5.12.1/.cpanplus/authors/id/M/MI/MIKO/CHECKSUMS' on disk; ttl (3600s) is not exceeded
[MSG] [Fri Nov 26 23:39:05 2010] Checksum matches for 'Debug-ShowStuff-1.11.tar.gz'
[MSG] [Fri Nov 26 23:39:06 2010] Extracted 'Debug::ShowStuff' to '/home/cpan/pit/64bit/conf/perl-5.12.1/.cpanplus/5.12.1/build/Debug-ShowStuff-1.11'
[MSG] [Fri Nov 26 23:39:06 2010] CPANPLUS is prefering Build.PL
[MSG] [Fri Nov 26 23:39:06 2010] Checking if your kit is complete...
Looks good
Warning: prerequisite MemHandle 0.06 not found.
Warning: prerequisite Taint 0.09 not found.
Warning: prerequisite Tie::IxHash 1.1 not found.
Writing Makefile for Debug::ShowStuff

[MSG] [Fri Nov 26 23:39:06 2010] DEFAULT 'filter_prereqs' HANDLER RETURNING 'sub return value'
[MSG] [Fri Nov 26 23:39:06 2010] Checking for previous PASS result for "Debug-ShowStuff-1.11"
[MSG] [Fri Nov 26 23:39:07 2010] Module 'Debug::ShowStuff' requires 'MemHandle' version '0.06' to be installed 
[MSG] [Fri Nov 26 23:39:07 2010] Module 'Debug::ShowStuff' requires 'Taint' version '0.09' to be installed 
[MSG] [Fri Nov 26 23:39:07 2010] Module 'Debug::ShowStuff' requires 'Tie::IxHash' version '1.1' to be installed 
[MSG] [Fri Nov 26 23:39:09 2010] Trying to get 'ftp://cpan.bingosnet.co.uk/CPAN/authors/id/S/SC/SCR/CHECKSUMS'
[MSG] [Fri Nov 26 23:39:10 2010] Checksum matches for 'MemHandle-0.06.tar.gz'
[MSG] [Fri Nov 26 23:39:10 2010] Extracted 'MemHandle' to '/home/cpan/pit/64bit/conf/perl-5.12.1/.cpanplus/5.12.1/build/MemHandle-0.06'
[MSG] [Fri Nov 26 23:39:10 2010] CPANPLUS is prefering Build.PL
[MSG] [Fri Nov 26 23:39:11 2010] Checking if your kit is complete...
Looks good
Writing Makefile for MemHandle

[MSG] [Fri Nov 26 23:39:11 2010] DEFAULT 'filter_prereqs' HANDLER RETURNING 'sub return value'
[MSG] [Fri Nov 26 23:39:11 2010] Checking for previous PASS result for "MemHandle-0.06"
[MSG] [Fri Nov 26 23:39:13 2010] cp MemHandle/Tie.pm blib/lib/MemHandle/Tie.pm
cp MemHandle.pm blib/lib/MemHandle.pm
Manifying blib/man3/MemHandle::Tie.3
Manifying blib/man3/MemHandle.3

[MSG] [Fri Nov 26 23:39:14 2010] MAKE TEST passed: PERL_DL_NONLAZY=1 /home/cpan/pit/64bit/perl-5.12.1/bin/perl "-Iblib/lib" "-Iblib/arch" test.pl
1..3
ok 1
ok 2
ok 3

[MSG] [Fri Nov 26 23:39:14 2010] Sending test report for 'MemHandle-0.06'
[MSG] [Fri Nov 26 23:39:14 2010] Successfully sent 'pass' report for 'MemHandle-0.06'
[MSG] [Fri Nov 26 23:39:14 2010] Trying to get 'ftp://cpan.bingosnet.co.uk/CPAN/authors/id/P/PH/PHOENIX/CHECKSUMS'
[MSG] [Fri Nov 26 23:39:14 2010] Checksum matches for 'Taint-0.09.tar.gz'
[MSG] [Fri Nov 26 23:39:15 2010] Extracted 'Taint' to '/home/cpan/pit/64bit/conf/perl-5.12.1/.cpanplus/5.12.1/build/Taint-0.09'
[MSG] [Fri Nov 26 23:39:15 2010] CPANPLUS is prefering Build.PL
[MSG] [Fri Nov 26 23:39:16 2010] Checking if your kit is complete...
Looks good
Writing Makefile for Taint

[MSG] [Fri Nov 26 23:39:16 2010] DEFAULT 'filter_prereqs' HANDLER RETURNING 'sub return value'
[MSG] [Fri Nov 26 23:39:16 2010] Checking for previous PASS result for "Taint-0.09"
[MSG] [Fri Nov 26 23:39:19 2010] cp Taint.pm blib/lib/Taint.pm
Manifying blib/man3/Taint.3

[ERROR] [Fri Nov 26 23:39:21 2010] MAKE TEST failed: No such file or directory PERL_DL_NONLAZY=1 /home/cpan/pit/64bit/perl-5.12.1/bin/perl "-MExtUtils::Command::MM" "-e" "test_harness(0, 'blib/lib', 'blib/arch')" t/*.t
t/0-basic.t .... 
Failed 7/52 subtests 
t/no-taint.t ... ok
t/tied.t ....... 
Failed 2/11 subtests 
t/u-untaint.t .. ok

Test Summary Report
-------------------
t/0-basic.t  (Wstat: 0 Tests: 52 Failed: 7)
  Failed tests:  32, 38-41, 43, 52
t/tied.t     (Wstat: 0 Tests: 12 Failed: 3)
  Failed tests:  8-9, 12
  Parse errors: Bad plan.  You planned 11 tests but ran 12.
Files=4, Tests=78,  1 wallclock secs ( 0.10 usr  0.14 sys +  0.25 cusr  0.23 csys =  0.72 CPU)
Result: FAIL


Stop.
make: stopped in /home/cpan/pit/64bit/conf/perl-5.12.1/.cpanplus/5.12.1/build/Taint-0.09
Failed 2/4 test programs. 10/78 subtests failed.
*** Error code 255
[MSG] [Fri Nov 26 23:39:21 2010] DEFAULT 'proceed_on_test_failure' HANDLER RETURNING 'sub return value'


Perl module toolchain versions installed:
	Module Name                        Have
	CPANPLUS                         0.9010
	CPANPLUS::Dist::Build              0.50
	Cwd                                3.33
	ExtUtils::CBuilder               0.2703
	ExtUtils::Command                  1.16
	ExtUtils::Install                  1.55
	ExtUtils::MakeMaker                6.56
	ExtUtils::Manifest                 1.58
	ExtUtils::ParseXS                2.2206
	File::Spec                         3.33
	Module::Build                    0.3607
	Test::Harness                      3.22
	Test::More                         0.96
	version                            0.85

******************************** NOTE ********************************
The comments above are created mechanically, possibly without manual
checking by the sender.  As there are many people performing automatic
tests on each upload to CPAN, it is likely that you will receive 
identical messages about the same problem.

If you believe that the message is mistaken, please reply to the first
one with correction and/or additional informations, and do not take
it personally.  We appreciate your patience. :)
**********************************************************************

Additional comments:
 

This report was machine-generated by CPANPLUS::Dist::YACSmoke 0.58.
Powered by minismokebox version 0.36

------------------------------
ENVIRONMENT AND OTHER CONTEXT
------------------------------

Environment variables:

    AUTOMATED_TESTING = 1
    PATH = /home/cpan/bin:/bin:/sbin:/usr/bin:/usr/sbin:/usr/X11R7/bin:/usr/X11R6/bin:/usr/pkg/bin:/usr/pkg/sbin:/usr/games:/usr/local/bin:/usr/local/sbin
    PERL5LIB = :/home/cpan/pit/64bit/conf/perl-5.12.1/.cpanplus/5.12.1/build/MemHandle-0.06/blib/lib:/home/cpan/pit/64bit/conf/perl-5.12.1/.cpanplus/5.12.1/build/MemHandle-0.06/blib/arch:/home/cpan/pit/64bit/conf/perl-5.12.1/.cpanplus/5.12.1/build/Taint-0.09/blib/lib:/home/cpan/pit/64bit/conf/perl-5.12.1/.cpanplus/5.12.1/build/Taint-0.09/blib/arch
    PERL5_CPANPLUS_IS_RUNNING = 74
    PERL5_CPANPLUS_IS_VERSION = 0.9010
    PERL5_MINISMOKEBOX = 0.36
    PERL5_YACSMOKE_BASE = /home/cpan/pit/64bit/conf/perl-5.12.1
    PERL_EXTUTILS_AUTOINSTALL = --defaultdeps
    PERL_MM_USE_DEFAULT = 1
    SHELL = /usr/pkg/bin/bash
    TERM = screen

Perl special variables (and OS-specific diagnostics, for MSWin32):

    Perl: $^X = /home/cpan/pit/64bit/perl-5.12.1/bin/perl
    UID:  $<  = 1000
    EUID: $>  = 1000
    GID:  $(  = 100 100
    EGID: $)  = 100 100


-------------------------------


--

Summary of my perl5 (revision 5 version 12 subversion 1) configuration:
   
  Platform:
    osname=netbsd, osvers=5.0.2, archname=i386-netbsd-64int
    uname='netbsd neville.bingosnet.co.uk 5.0.2 netbsd 5.0.2 (generic) #0: sat feb 6 17:53:27 utc 2010 builds@b7.netbsd.org:homebuildsabnetbsd-5-0-2-releasei386201002061851z-objhomebuildsabnetbsd-5-0-2-releasesrcsysarchi386compilegeneric i386 '
    config_args='-des -Dprefix=/home/cpan/pit/64bit/perl-5.12.1 -Dusemallocwrap=y -Dusemymalloc=n -Duse64bitint'
    hint=recommended, useposix=true, d_sigaction=define
    useithreads=undef, usemultiplicity=undef
    useperlio=define, d_sfio=undef, uselargefiles=define, usesocks=undef
    use64bitint=define, use64bitall=undef, uselongdouble=undef
    usemymalloc=n, bincompat5005=undef
  Compiler:
    cc='cc', ccflags ='-fno-strict-aliasing -pipe -fstack-protector -I/usr/pkg/include',
    optimize='-O',
    cppflags='-fno-strict-aliasing -pipe -fstack-protector -I/usr/pkg/include'
    ccversion='', gccversion='4.1.3 20080704 prerelease (NetBSD nb2 20081120)', gccosandvers=''
    intsize=4, longsize=4, ptrsize=4, doublesize=8, byteorder=12345678
    d_longlong=define, longlongsize=8, d_longdbl=define, longdblsize=12
    ivtype='long long', ivsize=8, nvtype='double', nvsize=8, Off_t='off_t', lseeksize=8
    alignbytes=4, prototype=define
  Linker and Libraries:
    ld='cc', ldflags =' -Wl,-rpath,/usr/pkg/lib -Wl,-rpath,/usr/local/lib -fstack-protector -L/usr/pkg/lib'
    libpth=/usr/pkg/lib /lib /usr/lib
    libs=-lm -lcrypt -lutil -lc -lposix
    perllibs=-lm -lcrypt -lutil -lc -lposix
    libc=/lib/libc.so, so=so, useshrplib=false, libperl=libperl.a
    gnulibc_version=''
  Dynamic Linking:
    dlsrc=dl_dlopen.xs, dlext=so, d_dlsymun=undef, ccdlflags='-Wl,-E '
    cccdlflags='-DPIC -fPIC ', lddlflags='--whole-archive -shared  -L/usr/pkg/lib -fstack-protector'


Characteristics of this binary (from libperl): 
  Compile-time options: PERL_DONT_CREATE_GVSV PERL_MALLOC_WRAP USE_64_BIT_INT
                        USE_LARGE_FILES USE_PERLIO USE_PERL_ATOF
  Built under netbsd
  Compiled at Jul 25 2010 20:01:49
  %ENV:
    PERL5LIB=":/home/cpan/pit/64bit/conf/perl-5.12.1/.cpanplus/5.12.1/build/MemHandle-0.06/blib/lib:/home/cpan/pit/64bit/conf/perl-5.12.1/.cpanplus/5.12.1/build/MemHandle-0.06/blib/arch:/home/cpan/pit/64bit/conf/perl-5.12.1/.cpanplus/5.12.1/build/Taint-0.09/blib/lib:/home/cpan/pit/64bit/conf/perl-5.12.1/.cpanplus/5.12.1/build/Taint-0.09/blib/arch"
    PERL5_CPANPLUS_IS_RUNNING="74"
    PERL5_CPANPLUS_IS_VERSION="0.9010"
    PERL5_MINISMOKEBOX="0.36"
    PERL5_YACSMOKE_BASE="/home/cpan/pit/64bit/conf/perl-5.12.1"
    PERL_EXTUTILS_AUTOINSTALL="--defaultdeps"
    PERL_MM_USE_DEFAULT="1"
  @INC:
    /home/cpan/pit/64bit/conf/perl-5.12.1/.cpanplus/5.12.1/build/MemHandle-0.06/blib/lib
    /home/cpan/pit/64bit/conf/perl-5.12.1/.cpanplus/5.12.1/build/MemHandle-0.06/blib/arch
    /home/cpan/pit/64bit/conf/perl-5.12.1/.cpanplus/5.12.1/build/Taint-0.09/blib/lib
    /home/cpan/pit/64bit/conf/perl-5.12.1/.cpanplus/5.12.1/build/Taint-0.09/blib/arch
    /home/cpan/pit/64bit/perl-5.12.1/lib/site_perl/5.12.1/i386-netbsd-64int
    /home/cpan/pit/64bit/perl-5.12.1/lib/site_perl/5.12.1
    /home/cpan/pit/64bit/perl-5.12.1/lib/5.12.1/i386-netbsd-64int
    /home/cpan/pit/64bit/perl-5.12.1/lib/5.12.1
    .