Back
From: metabase:user:917c2b6a-77f3-11e5-af78-c9d573d1e3cf
Subject: FAIL NetSDS-Util-1.045 v5.20.2
Date: 2015-12-12T23:11:05Z
This distribution has been tested as part of the CPAN Testers
project, supporting the Perl programming language. See
http://wiki.cpantesters.org/ for more information or email
questions to cpan-testers-discuss@perl.org
--
Dear Michael Bochkaryov,
This is a computer-generated report for NetSDS-Util-1.045
on perl 5.20.2, created by CPAN-Reporter-1.2015.
Thank you for uploading your work to CPAN. However, there was a problem
testing your distribution.
If you think this report is invalid, please consult the CPAN Testers Wiki
for suggestions on how to avoid getting FAIL reports for missing library
or binary dependencies, unsupported operating systems, and so on:
http://wiki.cpantesters.org/wiki/CPANAuthorNotes
Sections of this report:
* Tester comments
* Program output
* Prerequisites
* Environment and other context
------------------------------
TESTER COMMENTS
------------------------------
Additional comments from tester:
this report is from an automated smoke testing program
and was not reviewed by a human for accuracy
------------------------------
PROGRAM OUTPUT
------------------------------
Output from 'C:\Perl\bin\perl.exe ./Build test':
# Failed test 'use NetSDS::Util::DateTime;'
# at t\01_load.t line 21.
# Tried to use 'NetSDS::Util::DateTime'.
# Error: Time::HiRes::clock_gettime(): unimplemented in this platform at C:\Perl\cpan\build\NetSDS-Util-1.045-udmpg7\blib\lib/NetSDS/Util/DateTime.pm line 53.
# BEGIN failed--compilation aborted at C:\Perl\cpan\build\NetSDS-Util-1.045-udmpg7\blib\lib/NetSDS/Util/DateTime.pm line 53.
# Compilation failed in require at t\01_load.t line 21.
# BEGIN failed--compilation aborted at t\01_load.t line 21.
# Looks like you failed 1 test of 10.
t\01_load.t ..........
Dubious, test returned 1 (wstat 256, 0x100)
Failed 1/10 subtests
t\02_pod.t ........... ok
# Failed test 'Pod coverage on NetSDS::Util::DateTime'
# at C:\Perl\cpan\build\Test-Pod-Coverage-1.10-jV0tQ2\blib\lib/Test/Pod/Coverage.pm line 133.
# NetSDS::Util::DateTime: requiring 'NetSDS::Util::DateTime' failed
# Looks like you failed 1 test of 10.
t\03_pod_coverage.t ..
Dubious, test returned 1 (wstat 256, 0x100)
Failed 1/10 subtests
Test Summary Report
-------------------
t\01_load.t (Wstat: 256 Tests: 10 Failed: 1)
Failed test: 3
Non-zero exit status: 1
t\03_pod_coverage.t (Wstat: 256 Tests: 10 Failed: 1)
Failed test: 3
Non-zero exit status: 1
Files=3, Tests=30, 3 wallclock secs ( 0.09 usr + 0.06 sys = 0.16 CPU)
Result: FAIL
Failed 2/3 test programs. 2/30 subtests failed.
------------------------------
PREREQUISITES
------------------------------
Prerequisite modules loaded:
requires:
Module Need Have
------------------- ----- --------
Data::UUID 1.000 1.221
Date::Format 0 2.24
Date::Parse 0 2.30
Encode 2.000 2.73
File::Copy 0 2.30
File::MMagic 1.000 1.30
File::Path 0 2.09
File::Spec 0 3.48_01
File::Temp 0 0.2304
Getopt::Long 0 2.46
HTTP::Date 0 6.02
IO::File 0 1.16
MIME::Base64 0 3.15
perl 5.008 5.020002
Pod::Usage 0 1.67
POSIX 0 1.38_03
Scalar::Util 0 1.42
Spreadsheet::Read 0.30 0.63
Time::HiRes 0 1.9726
Time::Local 0 1.2300
URI 1.00 1.67
URI::Escape 1.00 3.31
version 0 0.9912
build_requires:
Module Need Have
------------------- ----- --------
Module::Build 0 0.4214
Test::More 0 1.001014
Test::Pod 1.20 1.51
Test::Pod::Coverage 1.08 1.10
configure_requires:
Module Need Have
------------------- ----- --------
Module::Build 0.39 0.4214
------------------------------
ENVIRONMENT AND OTHER CONTEXT
------------------------------
Environment variables:
AUTOMATED_TESTING = 1
COMSPEC = C:\Windows\system32\cmd.exe
NUMBER_OF_PROCESSORS = 4
PATH = C:\Perl\site\bin;C:\Perl\bin;C:\Windows\system32;C:\Windows;C:\Windows\System32\Wbem;C:\Windows\System32\WindowsPowerShell\v1.0\;C:\Program Files\Mercurial\;C:\Perl\site\lib\auto\MinGW\bin;C:\Program Files\vim\vim74;C:\Ruby22\bin;C:\Tcl\bin;C:\Perl\site\bin;C:\Perl\bin;C:\Windows\system32;C:\Windows;C:\Windows\System32\Wbem;C:\Windows\System32\WindowsPowerShell\v1.0\;C:\Program Files\Mercurial\;C:\Perl\site\lib\auto\MinGW\bin;C:\Program Files\vim\vim74
PERL5LIB = C:\Perl\cpan\build\File-MMagic-1.30-cFZT6L/blib/arch;C:\Perl\cpan\build\File-MMagic-1.30-cFZT6L/blib/lib;C:\Perl\cpan\build\Perl-Tidy-20150815-XZrvcU/blib/arch;C:\Perl\cpan\build\Perl-Tidy-20150815-XZrvcU/blib/lib;C:\Perl\cpan\build\Data-Peek-0.44-yqEmYT/blib/arch;C:\Perl\cpan\build\Data-Peek-0.44-yqEmYT/blib/lib;C:\Perl\cpan\build\Spreadsheet-Read-0.63-860iJY/blib/arch;C:\Perl\cpan\build\Spreadsheet-Read-0.63-860iJY/blib/lib;C:\Perl\cpan\build\TimeDate-2.30-20s3jb/blib/arch;C:\Perl\cpan\build\TimeDate-2.30-20s3jb/blib/lib;C:\Perl\cpan\build\Test-Pod-1.51-JkTp2V/blib/arch;C:\Perl\cpan\build\Test-Pod-1.51-JkTp2V/blib/lib;C:\Perl\cpan\build\Test-Pod-Coverage-1.10-jV0tQ2/blib/arch;C:\Perl\cpan\build\Test-Pod-Coverage-1.10-jV0tQ2/blib/lib;C:\Perl\cpan\build\Pod-Coverage-0.23-U9ug2p/blib/arch;C:\Perl\cpan\build\Pod-Coverage-0.23-U9ug2p/blib/lib;C:\Perl\cpan\build\Devel-Symdump-2.15-CzX1iw/blib/arch;C:\Perl\cpan\build\Devel-Symdump-2.15-CzX1iw/blib/lib
PERL5OPT =
PERL5_CPANPLUS_IS_RUNNING = 2376
PERL5_CPAN_IS_RUNNING = 2376
PERL5_CPAN_IS_RUNNING_IN_RECURSION = 2564,2376
PERL_CR_SMOKER_CURRENT = NetSDS-Message-0.021
PERL_EXTUTILS_AUTOINSTALL = --defaultdeps
PERL_MM_USE_DEFAULT = 1
PROCESSOR_IDENTIFIER = x86 Family 6 Model 58 Stepping 9, GenuineIntel
TEMP = C:\Users\petr\AppData\Local\Temp
Perl special variables (and OS-specific diagnostics, for MSWin32):
$^X = C:\Perl\bin\perl.exe
$UID/$EUID = 0 / 0
$GID = 0
$EGID = 0
Win32::GetOSName = Win7
Win32::GetOSVersion = Service Pack 1, 6, 1, 7601, 2, 1, 0, 256, 1
Win32::FsType = NTFS
Win32::IsAdminUser = 0
Perl module toolchain versions installed:
Module Have
------------------- --------
CPAN 2.10
CPAN::Meta 2.150005
Cwd 3.48_01
ExtUtils::CBuilder 0.280223
ExtUtils::Command 1.20
ExtUtils::Install 1.68
ExtUtils::MakeMaker 6.98
ExtUtils::Manifest 1.70
ExtUtils::ParseXS 3.24
File::Spec 3.48_01
JSON 2.90
JSON::PP 2.27300
Module::Build 0.4214
Module::Signature n/a
Parse::CPAN::Meta 1.4414
Test::Harness 3.35
Test::More 1.001014
YAML n/a
YAML::Syck n/a
version 0.9912
--
Summary of my perl5 (revision 5 version 20 subversion 2) configuration:
Platform:
osname=MSWin32, osvers=5.2, archname=MSWin32-x86-multi-thread-64int
uname=''
config_args='undef'
hint=recommended, useposix=true, d_sigaction=undef
useithreads=define, usemultiplicity=define
use64bitint=define, use64bitall=undef, uselongdouble=undef
usemymalloc=n, bincompat5005=undef
Compiler:
cc='C:\Perl\site\bin\gcc.exe', ccflags =' -s -O2 -DWIN32 -DPERL_TEXTMODE_SCRIPTS -DUSE_SITECUSTOMIZE -DPERL_IMPLICIT_CONTEXT -DPERL_IMPLICIT_SYS -DUSE_PERLIO -fwrapv -fno-strict-aliasing -mms-bitfields',
optimize='-s -O2',
cppflags='-DWIN32'
ccversion='', gccversion='4.6.3', gccosandvers=''
intsize=4, longsize=4, ptrsize=4, doublesize=8, byteorder=12345678
d_longlong=define, longlongsize=8, d_longdbl=define, longdblsize=12
ivtype='long long', ivsize=8, nvtype='double', nvsize=8, Off_t='long long', lseeksize=8
alignbytes=8, prototype=define
Linker and Libraries:
ld='C:\Perl\site\bin\g++.exe', ldflags ='-s -static-libgcc -static-libstdc++ -L"C:\Perl\lib\CORE" -L"C:\MinGW\i686-w64-mingw32\lib"'
libpth=C:\MinGW\i686-w64-mingw32\lib
libs=-lmoldname -lkernel32 -luser32 -lgdi32 -lwinspool -lcomdlg32 -ladvapi32 -lshell32 -lole32 -loleaut32 -lnetapi32 -luuid -lws2_32 -lmpr -lwinmm -lversion -lodbc32 -lodbccp32 -lcomctl32
perllibs=-lmoldname -lkernel32 -luser32 -lgdi32 -lwinspool -lcomdlg32 -ladvapi32 -lshell32 -lole32 -loleaut32 -lnetapi32 -luuid -lws2_32 -lmpr -lwinmm -lversion -lodbc32 -lodbccp32 -lcomctl32
libc=, so=dll, useshrplib=true, libperl=libperl520.a
gnulibc_version=''
Dynamic Linking:
dlsrc=dl_win32.xs, dlext=dll, d_dlsymun=undef, ccdlflags=' '
cccdlflags=' ', lddlflags='-mdll -s -static-libgcc -static-libstdc++ -L"C:\Perl\lib\CORE" -L"C:\MinGW\i686-w64-mingw32\lib"'
Characteristics of this binary (from libperl):
Compile-time options: HAS_TIMES HAVE_INTERP_INTERN MULTIPLICITY
PERLIO_LAYERS PERL_DONT_CREATE_GVSV
PERL_HASH_FUNC_ONE_AT_A_TIME_HARD
PERL_IMPLICIT_CONTEXT PERL_IMPLICIT_SYS
PERL_MALLOC_WRAP PERL_NEW_COPY_ON_WRITE
PERL_PRESERVE_IVUV USE_64_BIT_INT USE_ITHREADS
USE_LARGE_FILES USE_LOCALE USE_LOCALE_COLLATE
USE_LOCALE_CTYPE USE_LOCALE_NUMERIC USE_PERLIO
USE_PERL_ATOF USE_SITECUSTOMIZE
Locally applied patches:
ActivePerl Build 2002 [299195]
Built under MSWin32
Compiled at Jul 20 2015 13:29:53
%ENV:
PERL5LIB="C:\Perl\cpan\build\File-MMagic-1.30-cFZT6L/blib/arch;C:\Perl\cpan\build\File-MMagic-1.30-cFZT6L/blib/lib;C:\Perl\cpan\build\Perl-Tidy-20150815-XZrvcU/blib/arch;C:\Perl\cpan\build\Perl-Tidy-20150815-XZrvcU/blib/lib;C:\Perl\cpan\build\Data-Peek-0.44-yqEmYT/blib/arch;C:\Perl\cpan\build\Data-Peek-0.44-yqEmYT/blib/lib;C:\Perl\cpan\build\Spreadsheet-Read-0.63-860iJY/blib/arch;C:\Perl\cpan\build\Spreadsheet-Read-0.63-860iJY/blib/lib;C:\Perl\cpan\build\TimeDate-2.30-20s3jb/blib/arch;C:\Perl\cpan\build\TimeDate-2.30-20s3jb/blib/lib;C:\Perl\cpan\build\Test-Pod-1.51-JkTp2V/blib/arch;C:\Perl\cpan\build\Test-Pod-1.51-JkTp2V/blib/lib;C:\Perl\cpan\build\Test-Pod-Coverage-1.10-jV0tQ2/blib/arch;C:\Perl\cpan\build\Test-Pod-Coverage-1.10-jV0tQ2/blib/lib;C:\Perl\cpan\build\Pod-Coverage-0.23-U9ug2p/blib/arch;C:\Perl\cpan\build\Pod-Coverage-0.23-U9ug2p/blib/lib;C:\Perl\cpan\build\Devel-Symdump-2.15-CzX1iw/blib/arch;C:\Perl\cpan\build\Devel-Symdump-2.15-CzX1iw/blib/lib"
PERL5_CPANPLUS_IS_RUNNING="2376"
PERL5_CPAN_IS_RUNNING="2376"
PERL5_CPAN_IS_RUNNING_IN_RECURSION="2564,2376"
PERL_CR_SMOKER_CURRENT="NetSDS-Message-0.021"
PERL_EXTUTILS_AUTOINSTALL="--defaultdeps"
PERL_MM_USE_DEFAULT="1"
@INC:
C:\Perl\cpan\build\File-MMagic-1.30-cFZT6L/blib/arch
C:\Perl\cpan\build\File-MMagic-1.30-cFZT6L/blib/lib
C:\Perl\cpan\build\Perl-Tidy-20150815-XZrvcU/blib/arch
C:\Perl\cpan\build\Perl-Tidy-20150815-XZrvcU/blib/lib
C:\Perl\cpan\build\Data-Peek-0.44-yqEmYT/blib/arch
C:\Perl\cpan\build\Data-Peek-0.44-yqEmYT/blib/lib
C:\Perl\cpan\build\Spreadsheet-Read-0.63-860iJY/blib/arch
C:\Perl\cpan\build\Spreadsheet-Read-0.63-860iJY/blib/lib
C:\Perl\cpan\build\TimeDate-2.30-20s3jb/blib/arch
C:\Perl\cpan\build\TimeDate-2.30-20s3jb/blib/lib
C:\Perl\cpan\build\Test-Pod-1.51-JkTp2V/blib/arch
C:\Perl\cpan\build\Test-Pod-1.51-JkTp2V/blib/lib
C:\Perl\cpan\build\Test-Pod-Coverage-1.10-jV0tQ2/blib/arch
C:\Perl\cpan\build\Test-Pod-Coverage-1.10-jV0tQ2/blib/lib
C:\Perl\cpan\build\Pod-Coverage-0.23-U9ug2p/blib/arch
C:\Perl\cpan\build\Pod-Coverage-0.23-U9ug2p/blib/lib
C:\Perl\cpan\build\Devel-Symdump-2.15-CzX1iw/blib/arch
C:\Perl\cpan\build\Devel-Symdump-2.15-CzX1iw/blib/lib
C:/Perl/site/lib/MSWin32-x86-multi-thread-64int
C:/Perl/site/lib
C:/Perl/lib
.