Rose-DB-Object v0.815 Perl 5 v5.24.3 OpenBSD.amd64-openbsd

Status
Fail
From
Alceu Rodrigues de Freitas Junior
Dist
Rose-DB-Object v0.815
Platform
Perl 5 v5.24.3 OpenBSD.amd64-openbsd
Date
2017-11-28 16:30:04
ID
634a0946-d459-11e7-a862-96d3e93b64b5
This distribution has been tested as part of the CPAN Testers
project, supporting the Perl programming language.  See
http://wiki.cpantesters.org/ for more information or email
questions to cpan-testers-discuss@perl.org


--
Dear John Siracusa,

This is a computer-generated report for Rose-DB-Object-0.815
on perl 5.24.3, created by CPAN-Reporter-1.2018.

Thank you for uploading your work to CPAN.  However, there was a problem
testing your distribution.

If you think this report is invalid, please consult the CPAN Testers Wiki
for suggestions on how to avoid getting FAIL reports for missing library
or binary dependencies, unsupported operating systems, and so on:

http://wiki.cpantesters.org/wiki/CPANAuthorNotes

Sections of this report:

    * Tester comments
    * Program output
    * Prerequisites
    * Environment and other context

------------------------------
TESTER COMMENTS
------------------------------

Additional comments from tester:

this report is from an automated smoke testing program
and was not reviewed by a human for accuracy

------------------------------
PROGRAM OUTPUT
------------------------------

Output from '/usr/bin/make test':

PERL_DL_NONLAZY=1 "/home/bar/perl5/perlbrew/perls/perl-5.24.3/bin/perl" "-MExtUtils::Command::MM" "-MTest::Harness" "-e" "undef *Test::Harness::Switches; test_harness(0, 'blib/lib', 'blib/arch')" t/*.t

##
## DBI             1.637
## DBD::mysql      4.043
## DBD::SQLite     1.55_04
## JSON            2.97000
##
## WARNING: Almost all the tests in this module distribution need to connect
## to a database in order to run.  The tests need full privileges on this
## database: the ability to create and drop tables, insert, update, and delete
## rows, create schemas, sequences, functions, triggers, the works.
## 
## By default, the tests will try to connect to the database named "test"
## running on "localhost" using the default superuser username for each
## database type and an empty password.
## 
## If you have setup your database in a secure manner, these connection
## attempts will fail, and the tests will be skipped.  If you want to override
## these values, set the following environment variables before running tests.
## (The current values are shown in parentheses.)
## 
## PostgreSQL:
## 
##     RDBO_PG_DSN      (dbi:Pg:dbname=test;host=localhost)
##     RDBO_PG_USER     (postgres)
##     RDBO_PG_PASS     (<none>)
## 
## MySQL:
## 
##     RDBO_MYSQL_DSN   (dbi:mysql:database=test;host=localhost)
##     RDBO_MYSQL_USER  (root)
##     RDBO_MYSQL_PASS  (<none>)
##
## Oracle:
## 
##     RDBO_ORACLE_DSN  (dbi:Oracle:dbname=test)
##     RDBO_ORACLE_USER (<none>)
##     RDBO_ORACLE_PASS (<none>)
##
## Informix:
## 
##     RDBO_INFORMIX_DSN   (dbi:Informix:test@test)
##     RDBO_INFORMIX_USER  (<none>)
##     RDBO_INFORMIX_PASS  (<none>)
## 
## SQLite: To disable the SQLite tests, set this environment varible
##
##     RDBO_NO_SQLITE  (<undef>)
##
## Press return to continue (or wait 60 seconds)
t/00-warning.t ..................... ok
t/as-tree.t ........................ ok
t/auto-setup.t ..................... ok
t/bind-param.t ..................... ok
t/column-triggers.t ................ ok
t/column-values.t .................. ok
t/db-migration.t ................... ok
t/db-object-auto.t ................. ok
t/db-object-cached.t ............... ok
t/db-object-changes-only-1.t ....... ok
t/db-object-changes-only-2.t ....... ok
t/db-object-convention.t ........... ok
t/db-object-foreign-key-auto.t ..... ok
t/db-object-foreign-key.t .......... ok
t/db-object-helpers.t .............. ok
t/db-object-loader-2.t ............. ok
t/db-object-loader-3.t ............. ok
t/db-object-loader-4.t ............. ok
t/db-object-loader-5.t ............. ok
t/db-object-loader-6.t ............. ok
t/db-object-loader-7.t ............. ok
t/db-object-loader-8.t ............. ok
t/db-object-loader-9.t ............. ok
t/db-object-loader.t ............... ok
t/db-object-manager-bulk-ops.t ..... ok
t/db-object-manager.t .............. ok
t/db-object-mapper.t ............... ok
t/db-object-metadata.t ............. ok
t/db-object-relationship-auto-2.t .. ok
t/db-object-relationship-auto.t .... ok
t/db-object-relationship.t ......... ok
t/db-object-std-cached.t ........... ok
t/db-object-std.t .................. ok
t/db-object.t ...................... ok
t/deep-joins.t ..................... ok
t/inheritance.t .................... ok
t/lazy-columns.t ................... ok
t/leaks.t .......................... ok
t/make-modules.t ................... ok
t/makemethods-db.t ................. ok
Use of uninitialized value in concatenation (.) or string at /mnt/cpan_build_dir/bar/Rose-DB-Object-0.815-0/blib/lib/Rose/DB/Object/MakeMethods/Pg.pm line 169.

#   Failed test 'chkpass() 1'
#   at t/makemethods.t line 346.

#   Failed test 'chkpass() 2'
#   at t/makemethods.t line 347.
#          got: undef
#     expected: 'xyzzy'
Use of uninitialized value in concatenation (.) or string at /mnt/cpan_build_dir/bar/Rose-DB-Object-0.815-0/blib/lib/Rose/DB/Object/MakeMethods/Pg.pm line 237.
# Looks like you failed 2 tests of 125.
t/makemethods.t .................... 
Dubious, test returned 2 (wstat 512, 0x200)
Failed 2/125 subtests 
	(less 99 skipped subtests: 24 okay)
t/multi-many-the-hard-way.t ........ ok
t/multi-pk-sequences.t ............. ok
t/nested-joins.t ................... ok
t/one-to-many-reset.t .............. ok
t/pk-fk-columns.t .................. ok
t/pod.t ............................ ok
t/query-builder.t .................. ok
t/rt-cpan-45836.t .................. ok
t/save-cascade.t ................... ok
t/schema-override.t ................ ok
t/spot-check-01.t .................. ok
t/spot-check-02.t .................. ok
t/spot-check-03.t .................. ok
t/spot-check-04.t .................. ok
t/spot-check-05.t .................. ok
t/spot-check-06.t .................. ok
t/spot-check-07.t .................. ok
t/spot-check-08.t .................. ok
t/spot-check-09.t .................. ok
t/spot-check-10.t .................. ok
t/spot-check-11.t .................. ok
t/spot-check-12.t .................. ok
t/spot-check-13.t .................. ok
t/spot-check-14.t .................. ok
t/undef-overrides-default.t ........ ok
t/unique-key-prefs.t ............... ok

Test Summary Report
-------------------
t/makemethods.t                  (Wstat: 512 Tests: 125 Failed: 2)
  Failed tests:  121-122
  Non-zero exit status: 2
Files=67, Tests=15335, 98 wallclock secs ( 0.78 usr  1.54 sys + 52.65 cusr 12.72 csys = 67.69 CPU)
Result: FAIL
Failed 1/67 test programs. 2/15335 subtests failed.
*** Error 255 in /mnt/cpan_build_dir/bar/Rose-DB-Object-0.815-0 (Makefile:973 'test_dynamic')

------------------------------
PREREQUISITES
------------------------------

Prerequisite modules loaded:

requires:

    Module               Need     Have    
    -------------------- -------- --------
    Bit::Vector          0        7.4     
    Clone                0.29     0.39    
    Cwd                  0        3.62    
    Data::Dumper         2.121    2.161   
    DateTime             0        1.44    
    DBI                  1.40     1.637   
    File::Path           0        2.15    
    File::Spec           0        3.62    
    List::MoreUtils      0        0.426   
    Math::BigInt         1.77     1.999811
    perl                 5.006000 5.024003
    Rose::DateTime::Util 0.532    0.540   
    Rose::DB             0.763    0.778   
    Rose::Object         0.854    0.860   
    Scalar::Util         0        1.49    
    Test::More           0        1.302116
    Time::Clock          1.00     1.03    

build_requires:

    Module               Need     Have    
    -------------------- -------- --------
    ExtUtils::MakeMaker  0        7.31_05 

configure_requires:

    Module               Need     Have    
    -------------------- -------- --------
    ExtUtils::MakeMaker  0        7.31_05 


------------------------------
ENVIRONMENT AND OTHER CONTEXT
------------------------------

Environment variables:

    AUTOMATED_TESTING = 1
    PATH = /home/bar/perl5/perlbrew/bin:/home/bar/perl5/perlbrew/perls/perl-5.24.3/bin:/home/bar/bin:/sbin:/usr/sbin:/bin:/usr/bin:/usr/X11R6/bin:/usr/local/sbin:/usr/local/bin
    PERL5LIB = 
    PERL5OPT = 
    PERL5_CPANPLUS_IS_RUNNING = 35860
    PERL5_CPAN_IS_RUNNING = 35860
    PERL5_CPAN_IS_RUNNING_IN_RECURSION = 33141,35860
    PERLBREW_BASHRC_VERSION = 0.80
    PERLBREW_HOME = /home/bar/.perlbrew
    PERLBREW_MANPATH = /home/bar/perl5/perlbrew/perls/perl-5.24.3/man
    PERLBREW_PATH = /home/bar/perl5/perlbrew/bin:/home/bar/perl5/perlbrew/perls/perl-5.24.3/bin
    PERLBREW_PERL = perl-5.24.3
    PERLBREW_ROOT = /home/bar/perl5/perlbrew
    PERLBREW_VERSION = 0.80
    PERL_CR_SMOKER_CURRENT = Rose-Planter-0.37
    PERL_EXTUTILS_AUTOINSTALL = --defaultdeps
    PERL_MM_USE_DEFAULT = 1
    PERL_USE_UNSAFE_INC = 1
    SHELL = /usr/local/bin/bash
    TERM = xterm

Perl special variables (and OS-specific diagnostics, for MSWin32):

    $^X = /home/bar/perl5/perlbrew/perls/perl-5.24.3/bin/perl
    $UID/$EUID = 1002 / 1002
    $GID = 1002 1002 1001
    $EGID = 1002 1002 1001

Perl module toolchain versions installed:

    Module              Have    
    ------------------- --------
    CPAN                2.20    
    CPAN::Meta          2.150010
    Cwd                 3.62    
    ExtUtils::CBuilder  0.280230
    ExtUtils::Command   7.31_05 
    ExtUtils::Install   2.14    
    ExtUtils::MakeMaker 7.31_05 
    ExtUtils::Manifest  1.70    
    ExtUtils::ParseXS   3.35    
    File::Spec          3.62    
    JSON                2.97000 
    JSON::PP            2.97000 
    Module::Build       0.4224  
    Module::Signature   0.81    
    Parse::CPAN::Meta   2.150010
    Test::Harness       3.39    
    Test::More          1.302116
    YAML                1.24    
    YAML::Syck          1.30    
    version             0.9918  


--

Summary of my perl5 (revision 5 version 24 subversion 3) configuration:
   
  Platform:
    osname=openbsd, osvers=6.1, archname=OpenBSD.amd64-openbsd
    uname='openbsd cpansmoker.my.domain 6.1 generic.mp#20 amd64 '
    config_args='-de -Dprefix=/home/bar/perl5/perlbrew/perls/perl-5.24.3 -Aeval:scriptdir=/home/bar/perl5/perlbrew/perls/perl-5.24.3/bin'
    hint=recommended, useposix=true, d_sigaction=define
    useithreads=undef, usemultiplicity=undef
    use64bitint=define, use64bitall=define, uselongdouble=undef
    usemymalloc=n, bincompat5005=undef
  Compiler:
    cc='cc', ccflags ='-fno-strict-aliasing -pipe -fstack-protector-strong -I/usr/local/include -D_FORTIFY_SOURCE=2',
    optimize='-O2',
    cppflags='-fno-strict-aliasing -pipe -fstack-protector-strong -I/usr/local/include'
    ccversion='', gccversion='4.2.1 20070719 ', gccosandvers='openbsd6.1'
    intsize=4, longsize=8, ptrsize=8, doublesize=8, byteorder=12345678, doublekind=3
    d_longlong=define, longlongsize=8, d_longdbl=define, longdblsize=16, longdblkind=3
    ivtype='long', ivsize=8, nvtype='double', nvsize=8, Off_t='off_t', lseeksize=8
    alignbytes=8, prototype=define
  Linker and Libraries:
    ld='cc', ldflags ='-Wl,-E  -fstack-protector-strong -L/usr/local/lib'
    libpth=/usr/lib /usr/local/lib
    libs=-lpthread -lm -lutil -lc
    perllibs=-lpthread -lm -lutil -lc
    libc=/usr/lib/libc.so.89.3, so=so, useshrplib=false, libperl=libperl.a
    gnulibc_version=''
  Dynamic Linking:
    dlsrc=dl_dlopen.xs, dlext=so, d_dlsymun=undef, ccdlflags=' '
    cccdlflags='-DPIC -fPIC ', lddlflags='-shared -fPIC  -L/usr/local/lib -fstack-protector-strong'


Characteristics of this binary (from libperl): 
  Compile-time options: HAS_TIMES PERLIO_LAYERS PERL_COPY_ON_WRITE
                        PERL_DONT_CREATE_GVSV
                        PERL_HASH_FUNC_ONE_AT_A_TIME_HARD PERL_MALLOC_WRAP
                        PERL_PRESERVE_IVUV USE_64_BIT_ALL USE_64_BIT_INT
                        USE_LARGE_FILES USE_LOCALE USE_LOCALE_COLLATE
                        USE_LOCALE_CTYPE USE_LOCALE_NUMERIC USE_LOCALE_TIME
                        USE_PERLIO USE_PERL_ATOF
  Locally applied patches:
	Devel::PatchPerl 1.48
  Built under openbsd
  Compiled at Nov 10 2017 21:17:21
  %ENV:
    PERL5LIB=""
    PERL5OPT=""
    PERL5_CPANPLUS_IS_RUNNING="35860"
    PERL5_CPAN_IS_RUNNING="35860"
    PERL5_CPAN_IS_RUNNING_IN_RECURSION="33141,35860"
    PERLBREW_BASHRC_VERSION="0.80"
    PERLBREW_HOME="/home/bar/.perlbrew"
    PERLBREW_MANPATH="/home/bar/perl5/perlbrew/perls/perl-5.24.3/man"
    PERLBREW_PATH="/home/bar/perl5/perlbrew/bin:/home/bar/perl5/perlbrew/perls/perl-5.24.3/bin"
    PERLBREW_PERL="perl-5.24.3"
    PERLBREW_ROOT="/home/bar/perl5/perlbrew"
    PERLBREW_VERSION="0.80"
    PERL_CR_SMOKER_CURRENT="Rose-Planter-0.37"
    PERL_EXTUTILS_AUTOINSTALL="--defaultdeps"
    PERL_MM_USE_DEFAULT="1"
    PERL_USE_UNSAFE_INC="1"
  @INC:
    /home/bar/perl5/perlbrew/perls/perl-5.24.3/lib/site_perl/5.24.3/OpenBSD.amd64-openbsd
    /home/bar/perl5/perlbrew/perls/perl-5.24.3/lib/site_perl/5.24.3
    /home/bar/perl5/perlbrew/perls/perl-5.24.3/lib/5.24.3/OpenBSD.amd64-openbsd
    /home/bar/perl5/perlbrew/perls/perl-5.24.3/lib/5.24.3
    .