HTML-D3 v0.07 Perl 5 v5.20.1 amd64-freebsd
- Status
- Fail
- From
- Slaven Rezić
- Dist
-
HTML-D3 v0.07
- Platform
- Perl 5 v5.20.1 amd64-freebsd
- Date
- 2025-01-14 18:00:05
- ID
- 62436404-d2a1-11ef-aec2-84426e8775ea
This distribution has been tested as part of the CPAN Testers
project, supporting the Perl programming language. See
http://wiki.cpantesters.org/ for more information or email
questions to cpan-testers-discuss@perl.org
--
Dear Nigel Horne,
This is a computer-generated report for HTML-D3-0.07
on perl 5.20.1, created by CPAN-Reporter-1.2019.
Thank you for uploading your work to CPAN. However, there was a problem
testing your distribution.
If you think this report is invalid, please consult the CPAN Testers Wiki
for suggestions on how to avoid getting FAIL reports for missing library
or binary dependencies, unsupported operating systems, and so on:
http://wiki.cpantesters.org/wiki/CPANAuthorNotes
Sections of this report:
* Tester comments
* Program output
* Prerequisites
* Environment and other context
------------------------------
TESTER COMMENTS
------------------------------
Additional comments from tester:
none provided
------------------------------
PROGRAM OUTPUT
------------------------------
Output from '/usr/bin/make test':
PERL_DL_NONLAZY=1 "/usr/perl5.20.1p/bin/perl" "-MExtUtils::Command::MM" "-MTest::Harness" "-e" "undef *Test::Harness::Switches; test_harness(0, 'blib/lib', 'blib/arch')" t/*.t
# Testing HTML::D3 0.07, Perl 5.020001, /usr/perl5.20.1p/bin/perl
t/00-load.t ........... ok
t/20-new.t ............ ok
# Failed test 'Output is valid HTML'
# at t/animated.t line 50.
# Errors: Output is valid HTML
# (90:61) Warning: '<' + '/' + letter not allowed here
# (90:89) Warning: '<' + '/' + letter not allowed here
# (90:117) Warning: '<' + '/' + letter not allowed here
# 3 messages on the page
# Looks like you failed 1 test of 14.
t/animated.t ..........
Dubious, test returned 1 (wstat 256, 0x100)
Failed 1/14 subtests
t/bar.t ............... ok
t/comment-spelling.t .. skipped: Not running author tests
t/cover.t ............. skipped: Not running author tests
t/critic.t ............ skipped: Not running author tests
t/eof.t ............... skipped: Not running author tests
t/eol.t ............... skipped: Not running author tests
t/fixme.t ............. skipped: Not running author tests
t/gv.t ................ skipped: Not running author tests
# Failed test 'Output is valid HTML'
# at t/interactive.t line 51.
# Errors: Output is valid HTML
# (102:61) Warning: '<' + '/' + letter not allowed here
# (102:89) Warning: '<' + '/' + letter not allowed here
# (102:117) Warning: '<' + '/' + letter not allowed here
# 3 messages on the page
# Looks like you failed 1 test of 16.
t/interactive.t .......
Dubious, test returned 1 (wstat 256, 0x100)
Failed 1/16 subtests
# Failed test 'Output is valid HTML'
# at t/legends.t line 51.
# Errors: Output is valid HTML
# (102:61) Warning: '<' + '/' + letter not allowed here
# (102:89) Warning: '<' + '/' + letter not allowed here
# (102:117) Warning: '<' + '/' + letter not allowed here
# 3 messages on the page
# Looks like you failed 1 test of 15.
t/legends.t ...........
Dubious, test returned 1 (wstat 256, 0x100)
Failed 1/15 subtests
t/line.t .............. ok
t/manifest.t .......... skipped: Not running author tests
t/metrics.t ........... skipped: Not running author tests
t/modules-used.t ...... skipped: Not running author tests
# Failed test 'Output is valid HTML'
# at t/multiple.t line 57.
# Errors: Output is valid HTML
# (88:61) Warning: '<' + '/' + letter not allowed here
# (88:89) Warning: '<' + '/' + letter not allowed here
# (88:117) Warning: '<' + '/' + letter not allowed here
# 3 messages on the page
# Looks like you failed 1 test of 14.
t/multiple.t ..........
Dubious, test returned 1 (wstat 256, 0x100)
Failed 1/14 subtests
t/no404s.t ............ skipped: Not running author tests
t/noplan.t ............ skipped: Not running author tests
t/pod-cm.t ............ skipped: Not running author tests
t/pod-coverage.t ...... skipped: Not running author tests
t/pod-links.t ......... skipped: Not running author tests
t/pod-snippets.t ...... skipped: Not running author tests
t/pod-spelling.t ...... skipped: Not running author tests
t/pod-synopsis.t ...... skipped: Not running author tests
t/pod.t ............... skipped: Not running author tests
# Failed test 'Output is valid HTML'
# at t/tooltip.t line 40.
# Errors: Output is valid HTML
# (68:52) Warning: '<' + '/' + letter not allowed here
# (68:80) Warning: '<' + '/' + letter not allowed here
# 2 messages on the page
# Looks like you failed 1 test of 13.
t/tooltip.t ...........
Dubious, test returned 1 (wstat 256, 0x100)
Failed 1/13 subtests
Test Summary Report
-------------------
t/animated.t (Wstat: 256 (exited 1) Tests: 14 Failed: 1)
Failed test: 10
Non-zero exit status: 1
t/interactive.t (Wstat: 256 (exited 1) Tests: 16 Failed: 1)
Failed test: 10
Non-zero exit status: 1
t/legends.t (Wstat: 256 (exited 1) Tests: 15 Failed: 1)
Failed test: 10
Non-zero exit status: 1
t/multiple.t (Wstat: 256 (exited 1) Tests: 14 Failed: 1)
Failed test: 10
Non-zero exit status: 1
t/tooltip.t (Wstat: 256 (exited 1) Tests: 13 Failed: 1)
Failed test: 10
Non-zero exit status: 1
Files=28, Tests=107, 2 wallclock secs ( 0.02 usr 0.05 sys + 0.89 cusr 0.82 csys = 1.79 CPU)
Result: FAIL
Failed 5/28 test programs. 5/107 subtests failed.
*** Error code 1
Stop.
make: stopped in /home/cpansand/.cpan/build/2025011413/HTML-D3-0.07-0
------------------------------
PREREQUISITES
------------------------------
Prerequisite modules loaded:
requires:
Module Need Have
------------------- ---- --------
ExtUtils::MakeMaker 6.64 7.70
JSON::MaybeXS 0 1.004008
Scalar::Util 0 1.68
build_requires:
Module Need Have
------------------- ---- --------
ExtUtils::MakeMaker 0 7.70
Test::DescribeMe 0 0.004
Test::HTML::T5 0 0.007
Test::Most 0 0.38
Test::Needs 0 0.002010
Test::Warnings 0 0.036
configure_requires:
Module Need Have
------------------- ---- --------
ExtUtils::MakeMaker 0 7.70
------------------------------
ENVIRONMENT AND OTHER CONTEXT
------------------------------
Environment variables:
LC_ALL = de_DE.ISO8859-1
PATH = /usr/local/bin:/usr/bin:/bin:/usr/local/sbin:/usr/sbin:/sbin:/home/cpansand/bin/freebsd10.3:/home/cpansand/bin/sh:/home/cpansand/bin:/usr/games:/home/cpansand/devel:/home/eserte/src/srezic-misc/scripts
PERL5LIB =
PERL5OPT =
PERL5_CPANPLUS_IS_RUNNING = 66329
PERL5_CPAN_IS_RUNNING = 66329
PERL5_CPAN_IS_RUNNING_IN_RECURSION = 80980,66329
PERLDOC = -MPod::Perldoc::ToTextOverstrike
PERL_BATCH = yes
PERL_CANARY_STABILITY_NOPROMPT = 1
PERL_CPAN_REPORTER_CONFIG = /var/tmp/cpansmoker-1023/2025011221/cpanreporter_000_config.ini
PERL_EXTUTILS_AUTOINSTALL = --defaultdeps
PERL_USE_UNSAFE_INC = 1
SHELL = /usr/local/bin/zsh
TERM = screen
TMPDIR = /var/tmp/cpansmoker-1023/2025011221
Perl special variables (and OS-specific diagnostics, for MSWin32):
$^X = /usr/perl5.20.1p/bin/perl
$UID/$EUID = 1023 / 1023
$GID = 1023 1023
$EGID = 1023 1023
Perl module toolchain versions installed:
Module Have
------------------- --------
CPAN 2.37
CPAN::Meta 2.150010
Cwd 3.75
ExtUtils::CBuilder 0.280236
ExtUtils::Command 7.70
ExtUtils::Install 2.20
ExtUtils::MakeMaker 7.70
ExtUtils::Manifest 1.75
ExtUtils::ParseXS 3.51
File::Spec 3.75
JSON 4.10
JSON::PP 4.16
Module::Build 0.4234
Module::Signature 0.89
Parse::CPAN::Meta 2.150010
Test2 1.302206
Test::Harness 3.50
Test::More 1.302206
YAML 1.30
YAML::Syck 1.34
version 0.9933
--
Summary of my perl5 (revision 5 version 20 subversion 1) configuration:
Platform:
osname=freebsd, osvers=10.1-release, archname=amd64-freebsd
uname='freebsd cvrsnica-freebsd-101.herceg.de 10.1-release freebsd 10.1-release #0 r274401: tue nov 11 21:02:49 utc 2014 root@releng1.nyi.freebsd.org:usrobjusrsrcsysgeneric amd64 '
config_args='-ds -e -Dprefix=/usr/perl5.20.1p'
hint=recommended, useposix=true, d_sigaction=define
useithreads=undef, usemultiplicity=undef
use64bitint=define, use64bitall=define, uselongdouble=undef
usemymalloc=n, bincompat5005=undef
Compiler:
cc='cc', ccflags ='-DHAS_FPSETMASK -DHAS_FLOATINGPOINT_H -fno-strict-aliasing -pipe -fstack-protector -I/usr/local/include',
optimize='-O',
cppflags='-DHAS_FPSETMASK -DHAS_FLOATINGPOINT_H -fno-strict-aliasing -pipe -fstack-protector -I/usr/local/include'
ccversion='', gccversion='4.2.1 Compatible FreeBSD Clang 3.4.1 (tags/RELEASE_34/dot1-final 208032)', gccosandvers=''
intsize=4, longsize=8, ptrsize=8, doublesize=8, byteorder=12345678
d_longlong=define, longlongsize=8, d_longdbl=define, longdblsize=16
ivtype='long', ivsize=8, nvtype='double', nvsize=8, Off_t='off_t', lseeksize=8
alignbytes=8, prototype=define
Linker and Libraries:
ld='cc', ldflags ='-pthread -Wl,-E -fstack-protector -L/usr/local/lib'
libpth=/usr/lib /usr/local/lib /usr/include/clang/3.4.1 /usr/lib
libs=-lm -lcrypt -lutil -lc
perllibs=-lm -lcrypt -lutil -lc
libc=, so=so, useshrplib=false, libperl=libperl.a
gnulibc_version=''
Dynamic Linking:
dlsrc=dl_dlopen.xs, dlext=so, d_dlsymun=undef, ccdlflags=' '
cccdlflags='-DPIC -fPIC', lddlflags='-shared -L/usr/local/lib -fstack-protector'
Characteristics of this binary (from libperl):
Compile-time options: HAS_TIMES PERLIO_LAYERS PERL_DONT_CREATE_GVSV
PERL_HASH_FUNC_ONE_AT_A_TIME_HARD PERL_MALLOC_WRAP
PERL_NEW_COPY_ON_WRITE PERL_PRESERVE_IVUV
USE_64_BIT_ALL USE_64_BIT_INT USE_LARGE_FILES
USE_LOCALE USE_LOCALE_COLLATE USE_LOCALE_CTYPE
USE_LOCALE_NUMERIC USE_PERLIO USE_PERL_ATOF
Built under freebsd
Compiled at Jan 29 2015 08:45:50
%ENV:
PERL5LIB=""
PERL5OPT=""
PERL5_CPANPLUS_IS_RUNNING="66329"
PERL5_CPAN_IS_RUNNING="66329"
PERL5_CPAN_IS_RUNNING_IN_RECURSION="80980,66329"
PERLDOC="-MPod::Perldoc::ToTextOverstrike"
PERL_BATCH="yes"
PERL_CANARY_STABILITY_NOPROMPT="1"
PERL_CPAN_REPORTER_CONFIG="/var/tmp/cpansmoker-1023/2025011221/cpanreporter_000_config.ini"
PERL_EXTUTILS_AUTOINSTALL="--defaultdeps"
PERL_USE_UNSAFE_INC="1"
@INC:
/usr/perl5.20.1p/lib/site_perl/5.20.1/amd64-freebsd
/usr/perl5.20.1p/lib/site_perl/5.20.1
/usr/perl5.20.1p/lib/5.20.1/amd64-freebsd
/usr/perl5.20.1p/lib/5.20.1
.