Report for Passwd-Keyring-PWSafe3-0.2002

Back
From: metabase:user:553c21ce-8d47-11df-9de5-e28c4c42590d
Subject: FAIL Passwd-Keyring-PWSafe3-0.2002 v5.16.2 GNU/Linux
Date: 2012-11-27T15:09:02Z

This distribution has been tested as part of the CPAN Testers
project, supporting the Perl programming language.  See
http://wiki.cpantesters.org/ for more information or email
questions to cpan-testers-discuss@perl.org


--

Dear MEKK,

This is a computer-generated error report created automatically by
CPANPLUS, version 0.9133. Testers personal comments may appear
at the end of this report.


Thank you for uploading your work to CPAN.  However, it appears that
there were some problems testing your distribution.

TEST RESULTS:

Below is the error stack from stage 'make test':

[MSG] [Tue Nov 27 06:03:05 2012] Trying to get 'http://mirrors.gossamer-threads.com/CPAN/authors/id/P/PM/PMQS/Compress-Raw-Bzip2-2.059.tar.gz'
[MSG] [Tue Nov 27 06:03:06 2012] Trying to get 'http://mirrors.gossamer-threads.com/CPAN/authors/id/P/PM/PMQS/CHECKSUMS'
[MSG] [Tue Nov 27 06:03:06 2012] Checksum matches for 'Compress-Raw-Bzip2-2.059.tar.gz'
[MSG] [Tue Nov 27 06:03:07 2012] Extracted 'Compress-Raw-Bzip2-2.059/'
[MSG] [Tue Nov 27 06:03:07 2012] Extracted 'Compress-Raw-Bzip2-2.059/lib/'
[MSG] [Tue Nov 27 06:03:07 2012] Extracted 'Compress-Raw-Bzip2-2.059/lib/Compress/'
[MSG] [Tue Nov 27 06:03:07 2012] Extracted 'Compress-Raw-Bzip2-2.059/lib/Compress/Raw/'
[MSG] [Tue Nov 27 06:03:07 2012] Extracted 'Compress-Raw-Bzip2-2.059/lib/Compress/Raw/Bzip2.pm'
[MSG] [Tue Nov 27 06:03:07 2012] Extracted 'Compress-Raw-Bzip2-2.059/MANIFEST'
[MSG] [Tue Nov 27 06:03:07 2012] Extracted 'Compress-Raw-Bzip2-2.059/private/'
[MSG] [Tue Nov 27 06:03:07 2012] Extracted 'Compress-Raw-Bzip2-2.059/private/MakeUtil.pm'
[MSG] [Tue Nov 27 06:03:07 2012] Extracted 'Compress-Raw-Bzip2-2.059/Bzip2.xs'
[MSG] [Tue Nov 27 06:03:07 2012] Extracted 'Compress-Raw-Bzip2-2.059/README'
[MSG] [Tue Nov 27 06:03:07 2012] Extracted 'Compress-Raw-Bzip2-2.059/ppport.h'
[MSG] [Tue Nov 27 06:03:07 2012] Extracted 'Compress-Raw-Bzip2-2.059/Changes'
[MSG] [Tue Nov 27 06:03:07 2012] Extracted 'Compress-Raw-Bzip2-2.059/Makefile.PL'
[MSG] [Tue Nov 27 06:03:07 2012] Extracted 'Compress-Raw-Bzip2-2.059/typemap'
[MSG] [Tue Nov 27 06:03:07 2012] Extracted 'Compress-Raw-Bzip2-2.059/t/'
[MSG] [Tue Nov 27 06:03:07 2012] Extracted 'Compress-Raw-Bzip2-2.059/t/09limitoutput.t'
[MSG] [Tue Nov 27 06:03:07 2012] Extracted 'Compress-Raw-Bzip2-2.059/t/Test/'
[MSG] [Tue Nov 27 06:03:07 2012] Extracted 'Compress-Raw-Bzip2-2.059/t/Test/Builder.pm'
[MSG] [Tue Nov 27 06:03:07 2012] Extracted 'Compress-Raw-Bzip2-2.059/t/Test/More.pm'
[MSG] [Tue Nov 27 06:03:07 2012] Extracted 'Compress-Raw-Bzip2-2.059/t/Test/Simple.pm'
[MSG] [Tue Nov 27 06:03:07 2012] Extracted 'Compress-Raw-Bzip2-2.059/t/000prereq.t'
[MSG] [Tue Nov 27 06:03:07 2012] Extracted 'Compress-Raw-Bzip2-2.059/t/99pod.t'
[MSG] [Tue Nov 27 06:03:07 2012] Extracted 'Compress-Raw-Bzip2-2.059/t/compress/'
[MSG] [Tue Nov 27 06:03:07 2012] Extracted 'Compress-Raw-Bzip2-2.059/t/compress/CompTestUtils.pm'
[MSG] [Tue Nov 27 06:03:07 2012] Extracted 'Compress-Raw-Bzip2-2.059/t/01bzip2.t'
[MSG] [Tue Nov 27 06:03:07 2012] Extracted 'Compress-Raw-Bzip2-2.059/META.json'
[MSG] [Tue Nov 27 06:03:07 2012] Extracted 'Compress-Raw-Bzip2-2.059/META.yml'
[MSG] [Tue Nov 27 06:03:07 2012] Extracted 'Compress-Raw-Bzip2-2.059/fallback/'
[MSG] [Tue Nov 27 06:03:07 2012] Extracted 'Compress-Raw-Bzip2-2.059/fallback/constants.h'
[MSG] [Tue Nov 27 06:03:07 2012] Extracted 'Compress-Raw-Bzip2-2.059/fallback/constants.xs'
[MSG] [Tue Nov 27 06:03:07 2012] Extracted 'Compress-Raw-Bzip2-2.059/bzip2-src/'
[MSG] [Tue Nov 27 06:03:07 2012] Extracted 'Compress-Raw-Bzip2-2.059/bzip2-src/blocksort.c'
[MSG] [Tue Nov 27 06:03:07 2012] Extracted 'Compress-Raw-Bzip2-2.059/bzip2-src/bzlib_private.h'
[MSG] [Tue Nov 27 06:03:07 2012] Extracted 'Compress-Raw-Bzip2-2.059/bzip2-src/crctable.c'
[MSG] [Tue Nov 27 06:03:07 2012] Extracted 'Compress-Raw-Bzip2-2.059/bzip2-src/bzlib.c'
[MSG] [Tue Nov 27 06:03:07 2012] Extracted 'Compress-Raw-Bzip2-2.059/bzip2-src/LICENSE'
[MSG] [Tue Nov 27 06:03:07 2012] Extracted 'Compress-Raw-Bzip2-2.059/bzip2-src/huffman.c'
[MSG] [Tue Nov 27 06:03:07 2012] Extracted 'Compress-Raw-Bzip2-2.059/bzip2-src/decompress.c'
[MSG] [Tue Nov 27 06:03:07 2012] Extracted 'Compress-Raw-Bzip2-2.059/bzip2-src/compress.c'
[MSG] [Tue Nov 27 06:03:07 2012] Extracted 'Compress-Raw-Bzip2-2.059/bzip2-src/bzlib.h'
[MSG] [Tue Nov 27 06:03:07 2012] Extracted 'Compress-Raw-Bzip2-2.059/bzip2-src/randtable.c'
[MSG] [Tue Nov 27 06:03:07 2012] Extracted 'Compress-Raw-Bzip2-2.059/bzip2-src/bzip2-cpp.patch'
[MSG] [Tue Nov 27 06:03:07 2012] Extracted 'Compress::Raw::Bzip2' to '/home/ioan/.cpanplus/5.16.2/build/Compress-Raw-Bzip2-2.059'
[MSG] [Tue Nov 27 06:03:10 2012] Up/Downgrade not needed.
Checking if your kit is complete...
Looks good
Writing Makefile for Compress::Raw::Bzip2
Writing MYMETA.yml and MYMETA.json

[MSG] [Tue Nov 27 06:03:10 2012] DEFAULT 'filter_prereqs' HANDLER RETURNING 'sub return value'
[MSG] [Tue Nov 27 06:03:14 2012] cp lib/Compress/Raw/Bzip2.pm blib/lib/Compress/Raw/Bzip2.pm
AutoSplitting blib/lib/Compress/Raw/Bzip2.pm (blib/lib/auto/Compress/Raw/Bzip2)
cc -c  -I. -D_REENTRANT -D_GNU_SOURCE -march=native -O3 -fno-strict-aliasing -pipe -fstack-protector -I/usr/local/include -D_LARGEFILE_SOURCE -D_FILE_OFFSET_BITS=64 -O2   -DVERSION=\"2.059\" -DXS_VERSION=\"2.059\" -fPIC "-I/home/ioan/perl5/perlbrew/perls/perl-5.16.2/lib/5.16.2/x86_64-linux-thread-multi/CORE"  -DBZ_NO_STDIO -DUSE_PPPORT_H blocksort.c
cc -c  -I. -D_REENTRANT -D_GNU_SOURCE -march=native -O3 -fno-strict-aliasing -pipe -fstack-protector -I/usr/local/include -D_LARGEFILE_SOURCE -D_FILE_OFFSET_BITS=64 -O2   -DVERSION=\"2.059\" -DXS_VERSION=\"2.059\" -fPIC "-I/home/ioan/perl5/perlbrew/perls/perl-5.16.2/lib/5.16.2/x86_64-linux-thread-multi/CORE"  -DBZ_NO_STDIO -DUSE_PPPORT_H huffman.c
cc -c  -I. -D_REENTRANT -D_GNU_SOURCE -march=native -O3 -fno-strict-aliasing -pipe -fstack-protector -I/usr/local/include -D_LARGEFILE_SOURCE -D_FILE_OFFSET_BITS=64 -O2   -DVERSION=\"2.059\" -DXS_VERSION=\"2.059\" -fPIC "-I/home/ioan/perl5/perlbrew/perls/perl-5.16.2/lib/5.16.2/x86_64-linux-thread-multi/CORE"  -DBZ_NO_STDIO -DUSE_PPPORT_H crctable.c
cc -c  -I. -D_REENTRANT -D_GNU_SOURCE -march=native -O3 -fno-strict-aliasing -pipe -fstack-protector -I/usr/local/include -D_LARGEFILE_SOURCE -D_FILE_OFFSET_BITS=64 -O2   -DVERSION=\"2.059\" -DXS_VERSION=\"2.059\" -fPIC "-I/home/ioan/perl5/perlbrew/perls/perl-5.16.2/lib/5.16.2/x86_64-linux-thread-multi/CORE"  -DBZ_NO_STDIO -DUSE_PPPORT_H randtable.c
cc -c  -I. -D_REENTRANT -D_GNU_SOURCE -march=native -O3 -fno-strict-aliasing -pipe -fstack-protector -I/usr/local/include -D_LARGEFILE_SOURCE -D_FILE_OFFSET_BITS=64 -O2   -DVERSION=\"2.059\" -DXS_VERSION=\"2.059\" -fPIC "-I/home/ioan/perl5/perlbrew/perls/perl-5.16.2/lib/5.16.2/x86_64-linux-thread-multi/CORE"  -DBZ_NO_STDIO -DUSE_PPPORT_H compress.c
cc -c  -I. -D_REENTRANT -D_GNU_SOURCE -march=native -O3 -fno-strict-aliasing -pipe -fstack-protector -I/usr/local/include -D_LARGEFILE_SOURCE -D_FILE_OFFSET_BITS=64 -O2   -DVERSION=\"2.059\" -DXS_VERSION=\"2.059\" -fPIC "-I/home/ioan/perl5/perlbrew/perls/perl-5.16.2/lib/5.16.2/x86_64-linux-thread-multi/CORE"  -DBZ_NO_STDIO -DUSE_PPPORT_H decompress.c
cc -c  -I. -D_REENTRANT -D_GNU_SOURCE -march=native -O3 -fno-strict-aliasing -pipe -fstack-protector -I/usr/local/include -D_LARGEFILE_SOURCE -D_FILE_OFFSET_BITS=64 -O2   -DVERSION=\"2.059\" -DXS_VERSION=\"2.059\" -fPIC "-I/home/ioan/perl5/perlbrew/perls/perl-5.16.2/lib/5.16.2/x86_64-linux-thread-multi/CORE"  -DBZ_NO_STDIO -DUSE_PPPORT_H bzlib.c
/home/ioan/perl5/perlbrew/perls/perl-5.16.2/bin/perl /home/ioan/perl5/perlbrew/perls/perl-5.16.2/lib/5.16.2/ExtUtils/xsubpp  -typemap /home/ioan/perl5/perlbrew/perls/perl-5.16.2/lib/5.16.2/ExtUtils/typemap -typemap typemap  Bzip2.xs > Bzip2.xsc && mv Bzip2.xsc Bzip2.c
Running Mkbootstrap for Compress::Raw::Bzip2 ()
chmod 644 Bzip2.bs
cc -c  -I. -D_REENTRANT -D_GNU_SOURCE -march=native -O3 -fno-strict-aliasing -pipe -fstack-protector -I/usr/local/include -D_LARGEFILE_SOURCE -D_FILE_OFFSET_BITS=64 -O2   -DVERSION=\"2.059\" -DXS_VERSION=\"2.059\" -fPIC "-I/home/ioan/perl5/perlbrew/perls/perl-5.16.2/lib/5.16.2/x86_64-linux-thread-multi/CORE"  -DBZ_NO_STDIO -DUSE_PPPORT_H Bzip2.c
cp Bzip2.bs blib/arch/auto/Compress/Raw/Bzip2/Bzip2.bs
chmod 644 blib/arch/auto/Compress/Raw/Bzip2/Bzip2.bs
Bzip2.xs:326:5: warning: expression result unused [-Wunused-value]
    SvUPGRADE(sv, SVt_PV);
    ^~~~~~~~~~~~~~~~~~~~~
/home/ioan/perl5/perlbrew/perls/perl-5.16.2/lib/5.16.2/x86_64-linux-thread-multi/CORE/sv.h:295:47: note: expanded from macro 'SvUPGRADE'
#define SvUPGRADE(sv, mt) (SvTYPE(sv) >= (mt) || (sv_upgrade(sv, mt), 1))
~~~~~~~~~~~~~~~~~~~~~~~~~~~~~~~~~~~~~~~~~~~~~ ^  ~~~~~~~~~~~~~~~~~~~~~~~
1 warning generated.
rm -f blib/arch/auto/Compress/Raw/Bzip2/Bzip2.so
cc  -shared -O2 -L/usr/local/lib -fstack-protector blocksort.o huffman.o crctable.o randtable.o compress.o decompress.o bzlib.o Bzip2.o   -o blib/arch/auto/Compress/Raw/Bzip2/Bzip2.so 	\
	     	\
	  
chmod 755 blib/arch/auto/Compress/Raw/Bzip2/Bzip2.so
Manifying blib/man3/Compress::Raw::Bzip2.3

[MSG] [Tue Nov 27 06:03:15 2012] MAKE TEST passed: PERL_DL_NONLAZY=1 /home/ioan/perl5/perlbrew/perls/perl-5.16.2/bin/perl "-MExtUtils::Command::MM" "-e" "test_harness(0, 'blib/lib', 'blib/arch')" t/*.t
t/000prereq.t ...... ok
t/99pod.t .......... ok
t/09limitoutput.t .. ok
t/01bzip2.t ........ ok
All tests successful.
Files=4, Tests=266,  1 wallclock secs ( 0.09 usr  0.02 sys +  0.45 cusr  0.02 csys =  0.58 CPU)
Result: PASS

[MSG] [Tue Nov 27 06:03:36 2012] Sending test report for 'Compress-Raw-Bzip2-2.059'
[MSG] [Tue Nov 27 06:03:36 2012] DEFAULT 'munge_test_report' HANDLER RETURNING 'sub return value'
[MSG] [Tue Nov 27 06:03:38 2012] Successfully sent 'pass' report for 'Compress-Raw-Bzip2-2.059'
[MSG] [Tue Nov 27 06:03:38 2012] Appending installation info to /home/ioan/perl5/perlbrew/perls/perl-5.16.2/lib/5.16.2/x86_64-linux-thread-multi/perllocal.pod
Files found in blib/arch: installing files in blib/lib into architecture dependent library tree
Installing /home/ioan/perl5/perlbrew/perls/perl-5.16.2/lib/site_perl/5.16.2/x86_64-linux-thread-multi/auto/Compress/Raw/Bzip2/Bzip2.so
Installing /home/ioan/perl5/perlbrew/perls/perl-5.16.2/lib/site_perl/5.16.2/x86_64-linux-thread-multi/Compress/Raw/Bzip2.pm
Installing /home/ioan/perl5/perlbrew/perls/perl-5.16.2/man/man3/Compress::Raw::Bzip2.3

[MSG] [Tue Nov 27 06:03:39 2012] Trying to get 'http://mirrors.gossamer-threads.com/CPAN/authors/id/P/PM/PMQS/Compress-Raw-Zlib-2.059.tar.gz'
[MSG] [Tue Nov 27 06:03:39 2012] Using cached file '/home/ioan/.cpanplus/authors/id/P/PM/PMQS/CHECKSUMS' on disk; ttl (3600s) is not exceeded
[MSG] [Tue Nov 27 06:03:39 2012] Checksum matches for 'Compress-Raw-Zlib-2.059.tar.gz'
[MSG] [Tue Nov 27 06:03:39 2012] Extracted 'Compress-Raw-Zlib-2.059/'
[MSG] [Tue Nov 27 06:03:39 2012] Extracted 'Compress-Raw-Zlib-2.059/lib/'
[MSG] [Tue Nov 27 06:03:40 2012] Extracted 'Compress-Raw-Zlib-2.059/lib/Compress/'
[MSG] [Tue Nov 27 06:03:40 2012] Extracted 'Compress-Raw-Zlib-2.059/lib/Compress/Raw/'
[MSG] [Tue Nov 27 06:03:40 2012] Extracted 'Compress-Raw-Zlib-2.059/lib/Compress/Raw/Zlib.pm'
[MSG] [Tue Nov 27 06:03:40 2012] Extracted 'Compress-Raw-Zlib-2.059/MANIFEST'
[MSG] [Tue Nov 27 06:03:40 2012] Extracted 'Compress-Raw-Zlib-2.059/private/'
[MSG] [Tue Nov 27 06:03:40 2012] Extracted 'Compress-Raw-Zlib-2.059/private/MakeUtil.pm'
[MSG] [Tue Nov 27 06:03:40 2012] Extracted 'Compress-Raw-Zlib-2.059/README'
[MSG] [Tue Nov 27 06:03:40 2012] Extracted 'Compress-Raw-Zlib-2.059/ppport.h'
[MSG] [Tue Nov 27 06:03:40 2012] Extracted 'Compress-Raw-Zlib-2.059/Changes'
[MSG] [Tue Nov 27 06:03:40 2012] Extracted 'Compress-Raw-Zlib-2.059/config.in'
[MSG] [Tue Nov 27 06:03:40 2012] Extracted 'Compress-Raw-Zlib-2.059/Makefile.PL'
[MSG] [Tue Nov 27 06:03:40 2012] Extracted 'Compress-Raw-Zlib-2.059/zlib-src/'
[MSG] [Tue Nov 27 06:03:40 2012] Extracted 'Compress-Raw-Zlib-2.059/zlib-src/deflate.h'
[MSG] [Tue Nov 27 06:03:40 2012] Extracted 'Compress-Raw-Zlib-2.059/zlib-src/uncompr.c'
[MSG] [Tue Nov 27 06:03:40 2012] Extracted 'Compress-Raw-Zlib-2.059/zlib-src/infback.c'
[MSG] [Tue Nov 27 06:03:40 2012] Extracted 'Compress-Raw-Zlib-2.059/zlib-src/trees.h'
[MSG] [Tue Nov 27 06:03:40 2012] Extracted 'Compress-Raw-Zlib-2.059/zlib-src/zconf.h'
[MSG] [Tue Nov 27 06:03:40 2012] Extracted 'Compress-Raw-Zlib-2.059/zlib-src/inftrees.h'
[MSG] [Tue Nov 27 06:03:40 2012] Extracted 'Compress-Raw-Zlib-2.059/zlib-src/zutil.c'
[MSG] [Tue Nov 27 06:03:40 2012] Extracted 'Compress-Raw-Zlib-2.059/zlib-src/crc32.h'
[MSG] [Tue Nov 27 06:03:40 2012] Extracted 'Compress-Raw-Zlib-2.059/zlib-src/inflate.h'
[MSG] [Tue Nov 27 06:03:40 2012] Extracted 'Compress-Raw-Zlib-2.059/zlib-src/inffast.h'
[MSG] [Tue Nov 27 06:03:40 2012] Extracted 'Compress-Raw-Zlib-2.059/zlib-src/inflate.c'
[MSG] [Tue Nov 27 06:03:40 2012] Extracted 'Compress-Raw-Zlib-2.059/zlib-src/deflate.c'
[MSG] [Tue Nov 27 06:03:40 2012] Extracted 'Compress-Raw-Zlib-2.059/zlib-src/crc32.c'
[MSG] [Tue Nov 27 06:03:40 2012] Extracted 'Compress-Raw-Zlib-2.059/zlib-src/zlib.h'
[MSG] [Tue Nov 27 06:03:40 2012] Extracted 'Compress-Raw-Zlib-2.059/zlib-src/inffixed.h'
[MSG] [Tue Nov 27 06:03:40 2012] Extracted 'Compress-Raw-Zlib-2.059/zlib-src/inftrees.c'
[MSG] [Tue Nov 27 06:03:40 2012] Extracted 'Compress-Raw-Zlib-2.059/zlib-src/zutil.h'
[MSG] [Tue Nov 27 06:03:40 2012] Extracted 'Compress-Raw-Zlib-2.059/zlib-src/compress.c'
[MSG] [Tue Nov 27 06:03:40 2012] Extracted 'Compress-Raw-Zlib-2.059/zlib-src/inffast.c'
[MSG] [Tue Nov 27 06:03:40 2012] Extracted 'Compress-Raw-Zlib-2.059/zlib-src/trees.c'
[MSG] [Tue Nov 27 06:03:40 2012] Extracted 'Compress-Raw-Zlib-2.059/zlib-src/adler32.c'
[MSG] [Tue Nov 27 06:03:40 2012] Extracted 'Compress-Raw-Zlib-2.059/typemap'
[MSG] [Tue Nov 27 06:03:40 2012] Extracted 'Compress-Raw-Zlib-2.059/t/'
[MSG] [Tue Nov 27 06:03:40 2012] Extracted 'Compress-Raw-Zlib-2.059/t/09limitoutput.t'
[MSG] [Tue Nov 27 06:03:40 2012] Extracted 'Compress-Raw-Zlib-2.059/t/18lvalue.t'
[MSG] [Tue Nov 27 06:03:40 2012] Extracted 'Compress-Raw-Zlib-2.059/t/01version.t'
[MSG] [Tue Nov 27 06:03:40 2012] Extracted 'Compress-Raw-Zlib-2.059/t/02zlib.t'
[MSG] [Tue Nov 27 06:03:40 2012] Extracted 'Compress-Raw-Zlib-2.059/t/Test/'
[MSG] [Tue Nov 27 06:03:40 2012] Extracted 'Compress-Raw-Zlib-2.059/t/Test/Builder.pm'
[MSG] [Tue Nov 27 06:03:40 2012] Extracted 'Compress-Raw-Zlib-2.059/t/Test/More.pm'
[MSG] [Tue Nov 27 06:03:40 2012] Extracted 'Compress-Raw-Zlib-2.059/t/Test/Simple.pm'
[MSG] [Tue Nov 27 06:03:40 2012] Extracted 'Compress-Raw-Zlib-2.059/t/000prereq.t'
[MSG] [Tue Nov 27 06:03:40 2012] Extracted 'Compress-Raw-Zlib-2.059/t/99pod.t'
[MSG] [Tue Nov 27 06:03:40 2012] Extracted 'Compress-Raw-Zlib-2.059/t/compress/'
[MSG] [Tue Nov 27 06:03:40 2012] Extracted 'Compress-Raw-Zlib-2.059/t/compress/CompTestUtils.pm'
[MSG] [Tue Nov 27 06:03:40 2012] Extracted 'Compress-Raw-Zlib-2.059/t/07bufsize.t'
[MSG] [Tue Nov 27 06:03:40 2012] Extracted 'Compress-Raw-Zlib-2.059/Zlib.xs'
[MSG] [Tue Nov 27 06:03:40 2012] Extracted 'Compress-Raw-Zlib-2.059/META.json'
[MSG] [Tue Nov 27 06:03:40 2012] Extracted 'Compress-Raw-Zlib-2.059/META.yml'
[MSG] [Tue Nov 27 06:03:40 2012] Extracted 'Compress-Raw-Zlib-2.059/fallback/'
[MSG] [Tue Nov 27 06:03:40 2012] Extracted 'Compress-Raw-Zlib-2.059/fallback/constants.h'
[MSG] [Tue Nov 27 06:03:40 2012] Extracted 'Compress-Raw-Zlib-2.059/fallback/constants.xs'
[MSG] [Tue Nov 27 06:03:40 2012] Extracted 'Compress-Raw-Zlib-2.059/examples/'
[MSG] [Tue Nov 27 06:03:40 2012] Extracted 'Compress-Raw-Zlib-2.059/examples/filtinf'
[MSG] [Tue Nov 27 06:03:40 2012] Extracted 'Compress-Raw-Zlib-2.059/examples/filtdef'
[MSG] [Tue Nov 27 06:03:40 2012] Extracted 'Compress::Raw::Zlib' to '/home/ioan/.cpanplus/5.16.2/build/Compress-Raw-Zlib-2.059'
[MSG] [Tue Nov 27 06:03:40 2012] Parsing config.in...
Building Zlib enabled
Auto Detect Gzip OS Code..
Setting Gzip OS Code to 3 [Unix/Default]
Looks Good.
Up/Downgrade not needed.
Checking if your kit is complete...
Looks good
Writing Makefile for Compress::Raw::Zlib
Writing MYMETA.yml and MYMETA.json

[MSG] [Tue Nov 27 06:03:40 2012] DEFAULT 'filter_prereqs' HANDLER RETURNING 'sub return value'
[MSG] [Tue Nov 27 06:03:41 2012] /home/ioan/perl5/perlbrew/perls/perl-5.16.2/bin/perl /home/ioan/perl5/perlbrew/perls/perl-5.16.2/lib/5.16.2/ExtUtils/xsubpp  -typemap /home/ioan/perl5/perlbrew/perls/perl-5.16.2/lib/5.16.2/ExtUtils/typemap -typemap typemap  Zlib.xs > Zlib.xsc && mv Zlib.xsc Zlib.c
cc -c  -I./zlib-src -D_REENTRANT -D_GNU_SOURCE -march=native -O3 -fno-strict-aliasing -pipe -fstack-protector -I/usr/local/include -D_LARGEFILE_SOURCE -D_FILE_OFFSET_BITS=64 -O2   -DVERSION=\"2.059\" -DXS_VERSION=\"2.059\" -fPIC "-I/home/ioan/perl5/perlbrew/perls/perl-5.16.2/lib/5.16.2/x86_64-linux-thread-multi/CORE"  -DNO_VIZ -DZ_SOLO   -DGZIP_OS_CODE=3 -DUSE_PPPORT_H adler32.c
cc -c  -I./zlib-src -D_REENTRANT -D_GNU_SOURCE -march=native -O3 -fno-strict-aliasing -pipe -fstack-protector -I/usr/local/include -D_LARGEFILE_SOURCE -D_FILE_OFFSET_BITS=64 -O2   -DVERSION=\"2.059\" -DXS_VERSION=\"2.059\" -fPIC "-I/home/ioan/perl5/perlbrew/perls/perl-5.16.2/lib/5.16.2/x86_64-linux-thread-multi/CORE"  -DNO_VIZ -DZ_SOLO   -DGZIP_OS_CODE=3 -DUSE_PPPORT_H crc32.c
cc -c  -I./zlib-src -D_REENTRANT -D_GNU_SOURCE -march=native -O3 -fno-strict-aliasing -pipe -fstack-protector -I/usr/local/include -D_LARGEFILE_SOURCE -D_FILE_OFFSET_BITS=64 -O2   -DVERSION=\"2.059\" -DXS_VERSION=\"2.059\" -fPIC "-I/home/ioan/perl5/perlbrew/perls/perl-5.16.2/lib/5.16.2/x86_64-linux-thread-multi/CORE"  -DNO_VIZ -DZ_SOLO   -DGZIP_OS_CODE=3 -DUSE_PPPORT_H infback.c
cp lib/Compress/Raw/Zlib.pm blib/lib/Compress/Raw/Zlib.pm
AutoSplitting blib/lib/Compress/Raw/Zlib.pm (blib/lib/auto/Compress/Raw/Zlib)
cc -c  -I./zlib-src -D_REENTRANT -D_GNU_SOURCE -march=native -O3 -fno-strict-aliasing -pipe -fstack-protector -I/usr/local/include -D_LARGEFILE_SOURCE -D_FILE_OFFSET_BITS=64 -O2   -DVERSION=\"2.059\" -DXS_VERSION=\"2.059\" -fPIC "-I/home/ioan/perl5/perlbrew/perls/perl-5.16.2/lib/5.16.2/x86_64-linux-thread-multi/CORE"  -DNO_VIZ -DZ_SOLO   -DGZIP_OS_CODE=3 -DUSE_PPPORT_H inflate.c
cc -c  -I./zlib-src -D_REENTRANT -D_GNU_SOURCE -march=native -O3 -fno-strict-aliasing -pipe -fstack-protector -I/usr/local/include -D_LARGEFILE_SOURCE -D_FILE_OFFSET_BITS=64 -O2   -DVERSION=\"2.059\" -DXS_VERSION=\"2.059\" -fPIC "-I/home/ioan/perl5/perlbrew/perls/perl-5.16.2/lib/5.16.2/x86_64-linux-thread-multi/CORE"  -DNO_VIZ -DZ_SOLO   -DGZIP_OS_CODE=3 -DUSE_PPPORT_H uncompr.c
cc -c  -I./zlib-src -D_REENTRANT -D_GNU_SOURCE -march=native -O3 -fno-strict-aliasing -pipe -fstack-protector -I/usr/local/include -D_LARGEFILE_SOURCE -D_FILE_OFFSET_BITS=64 -O2   -DVERSION=\"2.059\" -DXS_VERSION=\"2.059\" -fPIC "-I/home/ioan/perl5/perlbrew/perls/perl-5.16.2/lib/5.16.2/x86_64-linux-thread-multi/CORE"  -DNO_VIZ -DZ_SOLO   -DGZIP_OS_CODE=3 -DUSE_PPPORT_H compress.c
cc -c  -I./zlib-src -D_REENTRANT -D_GNU_SOURCE -march=native -O3 -fno-strict-aliasing -pipe -fstack-protector -I/usr/local/include -D_LARGEFILE_SOURCE -D_FILE_OFFSET_BITS=64 -O2   -DVERSION=\"2.059\" -DXS_VERSION=\"2.059\" -fPIC "-I/home/ioan/perl5/perlbrew/perls/perl-5.16.2/lib/5.16.2/x86_64-linux-thread-multi/CORE"  -DNO_VIZ -DZ_SOLO   -DGZIP_OS_CODE=3 -DUSE_PPPORT_H deflate.c
cc -c  -I./zlib-src -D_REENTRANT -D_GNU_SOURCE -march=native -O3 -fno-strict-aliasing -pipe -fstack-protector -I/usr/local/include -D_LARGEFILE_SOURCE -D_FILE_OFFSET_BITS=64 -O2   -DVERSION=\"2.059\" -DXS_VERSION=\"2.059\" -fPIC "-I/home/ioan/perl5/perlbrew/perls/perl-5.16.2/lib/5.16.2/x86_64-linux-thread-multi/CORE"  -DNO_VIZ -DZ_SOLO   -DGZIP_OS_CODE=3 -DUSE_PPPORT_H inffast.c
cc -c  -I./zlib-src -D_REENTRANT -D_GNU_SOURCE -march=native -O3 -fno-strict-aliasing -pipe -fstack-protector -I/usr/local/include -D_LARGEFILE_SOURCE -D_FILE_OFFSET_BITS=64 -O2   -DVERSION=\"2.059\" -DXS_VERSION=\"2.059\" -fPIC "-I/home/ioan/perl5/perlbrew/perls/perl-5.16.2/lib/5.16.2/x86_64-linux-thread-multi/CORE"  -DNO_VIZ -DZ_SOLO   -DGZIP_OS_CODE=3 -DUSE_PPPORT_H inftrees.c
cc -c  -I./zlib-src -D_REENTRANT -D_GNU_SOURCE -march=native -O3 -fno-strict-aliasing -pipe -fstack-protector -I/usr/local/include -D_LARGEFILE_SOURCE -D_FILE_OFFSET_BITS=64 -O2   -DVERSION=\"2.059\" -DXS_VERSION=\"2.059\" -fPIC "-I/home/ioan/perl5/perlbrew/perls/perl-5.16.2/lib/5.16.2/x86_64-linux-thread-multi/CORE"  -DNO_VIZ -DZ_SOLO   -DGZIP_OS_CODE=3 -DUSE_PPPORT_H trees.c
cc -c  -I./zlib-src -D_REENTRANT -D_GNU_SOURCE -march=native -O3 -fno-strict-aliasing -pipe -fstack-protector -I/usr/local/include -D_LARGEFILE_SOURCE -D_FILE_OFFSET_BITS=64 -O2   -DVERSION=\"2.059\" -DXS_VERSION=\"2.059\" -fPIC "-I/home/ioan/perl5/perlbrew/perls/perl-5.16.2/lib/5.16.2/x86_64-linux-thread-multi/CORE"  -DNO_VIZ -DZ_SOLO   -DGZIP_OS_CODE=3 -DUSE_PPPORT_H zutil.c
Running Mkbootstrap for Compress::Raw::Zlib ()
chmod 644 Zlib.bs
cp Zlib.bs blib/arch/auto/Compress/Raw/Zlib/Zlib.bs
chmod 644 blib/arch/auto/Compress/Raw/Zlib/Zlib.bs
cc -c  -I./zlib-src -D_REENTRANT -D_GNU_SOURCE -march=native -O3 -fno-strict-aliasing -pipe -fstack-protector -I/usr/local/include -D_LARGEFILE_SOURCE -D_FILE_OFFSET_BITS=64 -O2   -DVERSION=\"2.059\" -DXS_VERSION=\"2.059\" -fPIC "-I/home/ioan/perl5/perlbrew/perls/perl-5.16.2/lib/5.16.2/x86_64-linux-thread-multi/CORE"  -DNO_VIZ -DZ_SOLO   -DGZIP_OS_CODE=3 -DUSE_PPPORT_H Zlib.c
Zlib.xs:620:5: warning: expression result unused [-Wunused-value]
    SvUPGRADE(sv, SVt_PV);
    ^~~~~~~~~~~~~~~~~~~~~
/home/ioan/perl5/perlbrew/perls/perl-5.16.2/lib/5.16.2/x86_64-linux-thread-multi/CORE/sv.h:295:47: note: expanded from macro 'SvUPGRADE'
#define SvUPGRADE(sv, mt) (SvTYPE(sv) >= (mt) || (sv_upgrade(sv, mt), 1))
~~~~~~~~~~~~~~~~~~~~~~~~~~~~~~~~~~~~~~~~~~~~~ ^  ~~~~~~~~~~~~~~~~~~~~~~~
1 warning generated.
rm -f blib/arch/auto/Compress/Raw/Zlib/Zlib.so
cc  -shared -O2 -L/usr/local/lib -fstack-protector Zlib.o adler32.o crc32.o infback.o inflate.o uncompr.o compress.o deflate.o inffast.o inftrees.o trees.o zutil.o   -o blib/arch/auto/Compress/Raw/Zlib/Zlib.so 	\
	     	\
	  
chmod 755 blib/arch/auto/Compress/Raw/Zlib/Zlib.so
Manifying blib/man3/Compress::Raw::Zlib.3

[MSG] [Tue Nov 27 06:03:43 2012] MAKE TEST passed: PERL_DL_NONLAZY=1 /home/ioan/perl5/perlbrew/perls/perl-5.16.2/bin/perl "-MExtUtils::Command::MM" "-e" "test_harness(0, 'blib/lib', 'blib/arch')" t/*.t
t/000prereq.t ...... ok
t/01version.t ...... ok
t/99pod.t .......... ok
t/18lvalue.t ....... ok
t/09limitoutput.t .. ok
t/02zlib.t ......... ok
t/07bufsize.t ...... ok
All tests successful.
Files=7, Tests=723,  2 wallclock secs ( 0.20 usr  0.01 sys +  1.84 cusr  0.08 csys =  2.13 CPU)
Result: PASS

[MSG] [Tue Nov 27 06:03:43 2012] Sending test report for 'Compress-Raw-Zlib-2.059'
[MSG] [Tue Nov 27 06:03:43 2012] DEFAULT 'munge_test_report' HANDLER RETURNING 'sub return value'
[MSG] [Tue Nov 27 06:03:44 2012] Successfully sent 'pass' report for 'Compress-Raw-Zlib-2.059'
[MSG] [Tue Nov 27 06:03:44 2012] Appending installation info to /home/ioan/perl5/perlbrew/perls/perl-5.16.2/lib/5.16.2/x86_64-linux-thread-multi/perllocal.pod
Files found in blib/arch: installing files in blib/lib into architecture dependent library tree
Installing /home/ioan/perl5/perlbrew/perls/perl-5.16.2/lib/site_perl/5.16.2/x86_64-linux-thread-multi/auto/Compress/Raw/Zlib/Zlib.so
Installing /home/ioan/perl5/perlbrew/perls/perl-5.16.2/lib/site_perl/5.16.2/x86_64-linux-thread-multi/Compress/Raw/Zlib.pm
Installing /home/ioan/perl5/perlbrew/perls/perl-5.16.2/man/man3/Compress::Raw::Zlib.3

[MSG] [Tue Nov 27 06:03:44 2012] Trying to get 'http://mirrors.gossamer-threads.com/CPAN/authors/id/S/SM/SMUELLER/CHECKSUMS'
[MSG] [Tue Nov 27 06:03:45 2012] Checksum matches for 'ExtUtils-ParseXS-3.18.tar.gz'
[MSG] [Tue Nov 27 06:03:46 2012] Extracted 'ExtUtils-ParseXS-3.18/'
[MSG] [Tue Nov 27 06:03:46 2012] Extracted 'ExtUtils-ParseXS-3.18/META.yml'
[MSG] [Tue Nov 27 06:03:46 2012] Extracted 'ExtUtils-ParseXS-3.18/lib/'
[MSG] [Tue Nov 27 06:03:46 2012] Extracted 'ExtUtils-ParseXS-3.18/lib/ExtUtils/'
[MSG] [Tue Nov 27 06:03:46 2012] Extracted 'ExtUtils-ParseXS-3.18/lib/ExtUtils/ParseXS.pod'
[MSG] [Tue Nov 27 06:03:46 2012] Extracted 'ExtUtils-ParseXS-3.18/lib/ExtUtils/ParseXS/'
[MSG] [Tue Nov 27 06:03:46 2012] Extracted 'ExtUtils-ParseXS-3.18/lib/ExtUtils/ParseXS/Constants.pm'
[MSG] [Tue Nov 27 06:03:46 2012] Extracted 'ExtUtils-ParseXS-3.18/lib/ExtUtils/ParseXS/CountLines.pm'
[MSG] [Tue Nov 27 06:03:46 2012] Extracted 'ExtUtils-ParseXS-3.18/lib/ExtUtils/ParseXS/Utilities.pm'
[MSG] [Tue Nov 27 06:03:46 2012] Extracted 'ExtUtils-ParseXS-3.18/lib/ExtUtils/ParseXS.pm'
[MSG] [Tue Nov 27 06:03:46 2012] Extracted 'ExtUtils-ParseXS-3.18/lib/ExtUtils/xsubpp'
[MSG] [Tue Nov 27 06:03:46 2012] Extracted 'ExtUtils-ParseXS-3.18/lib/ExtUtils/Typemaps/'
[MSG] [Tue Nov 27 06:03:46 2012] Extracted 'ExtUtils-ParseXS-3.18/lib/ExtUtils/Typemaps/OutputMap.pm'
[MSG] [Tue Nov 27 06:03:46 2012] Extracted 'ExtUtils-ParseXS-3.18/lib/ExtUtils/Typemaps/Cmd.pm'
[MSG] [Tue Nov 27 06:03:46 2012] Extracted 'ExtUtils-ParseXS-3.18/lib/ExtUtils/Typemaps/Type.pm'
[MSG] [Tue Nov 27 06:03:46 2012] Extracted 'ExtUtils-ParseXS-3.18/lib/ExtUtils/Typemaps/InputMap.pm'
[MSG] [Tue Nov 27 06:03:46 2012] Extracted 'ExtUtils-ParseXS-3.18/lib/ExtUtils/Typemaps.pm'
[MSG] [Tue Nov 27 06:03:46 2012] Extracted 'ExtUtils-ParseXS-3.18/MANIFEST'
[MSG] [Tue Nov 27 06:03:46 2012] Extracted 'ExtUtils-ParseXS-3.18/t/'
[MSG] [Tue Nov 27 06:03:46 2012] Extracted 'ExtUtils-ParseXS-3.18/t/XSTest.xs'
[MSG] [Tue Nov 27 06:03:46 2012] Extracted 'ExtUtils-ParseXS-3.18/t/XSUsage.xs'
[MSG] [Tue Nov 27 06:03:46 2012] Extracted 'ExtUtils-ParseXS-3.18/t/115-avoid-noise.t'
[MSG] [Tue Nov 27 06:03:46 2012] Extracted 'ExtUtils-ParseXS-3.18/t/002-more.t'
[MSG] [Tue Nov 27 06:03:46 2012] Extracted 'ExtUtils-ParseXS-3.18/t/XSMore.xs'
[MSG] [Tue Nov 27 06:03:46 2012] Extracted 'ExtUtils-ParseXS-3.18/t/XSInclude.xsh'
[MSG] [Tue Nov 27 06:03:46 2012] Extracted 'ExtUtils-ParseXS-3.18/t/103-tidy_type.t'
[MSG] [Tue Nov 27 06:03:46 2012] Extracted 'ExtUtils-ParseXS-3.18/t/107-make_targetable.t'
[MSG] [Tue Nov 27 06:03:46 2012] Extracted 'ExtUtils-ParseXS-3.18/t/lib/'
[MSG] [Tue Nov 27 06:03:46 2012] Extracted 'ExtUtils-ParseXS-3.18/t/lib/PrimitiveCapture.pm'
[MSG] [Tue Nov 27 06:03:46 2012] Extracted 'ExtUtils-ParseXS-3.18/t/lib/IncludeTester.pm'
[MSG] [Tue Nov 27 06:03:46 2012] Extracted 'ExtUtils-ParseXS-3.18/t/114-blurt_death_Warn.t'
[MSG] [Tue Nov 27 06:03:46 2012] Extracted 'ExtUtils-ParseXS-3.18/t/512-t-file.t'
[MSG] [Tue Nov 27 06:03:46 2012] Extracted 'ExtUtils-ParseXS-3.18/t/105-valid_proto_string.t'
[MSG] [Tue Nov 27 06:03:46 2012] Extracted 'ExtUtils-ParseXS-3.18/t/001-basic.t'
[MSG] [Tue Nov 27 06:03:46 2012] Extracted 'ExtUtils-ParseXS-3.18/t/data/'
[MSG] [Tue Nov 27 06:03:46 2012] Extracted 'ExtUtils-ParseXS-3.18/t/data/b.typemap'
[MSG] [Tue Nov 27 06:03:46 2012] Extracted 'ExtUtils-ParseXS-3.18/t/data/other.typemap'
[MSG] [Tue Nov 27 06:03:46 2012] Extracted 'ExtUtils-ParseXS-3.18/t/data/confl_repl.typemap'
[MSG] [Tue Nov 27 06:03:46 2012] Extracted 'ExtUtils-ParseXS-3.18/t/data/confl_skip.typemap'
[MSG] [Tue Nov 27 06:03:46 2012] Extracted 'ExtUtils-ParseXS-3.18/t/data/conflicting.typemap'
[MSG] [Tue Nov 27 06:03:46 2012] Extracted 'ExtUtils-ParseXS-3.18/t/data/combined.typemap'
[MSG] [Tue Nov 27 06:03:46 2012] Extracted 'ExtUtils-ParseXS-3.18/t/data/perl.typemap'
[MSG] [Tue Nov 27 06:03:46 2012] Extracted 'ExtUtils-ParseXS-3.18/t/data/simple.typemap'
[MSG] [Tue Nov 27 06:03:46 2012] Extracted 'ExtUtils-ParseXS-3.18/t/513-t-merge.t'
[MSG] [Tue Nov 27 06:03:46 2012] Extracted 'ExtUtils-ParseXS-3.18/t/109-standard_XS_defs.t'
[MSG] [Tue Nov 27 06:03:46 2012] Extracted 'ExtUtils-ParseXS-3.18/t/111-analyze_preprocessor_statements.t'
[MSG] [Tue Nov 27 06:03:46 2012] Extracted 'ExtUtils-ParseXS-3.18/t/104-map_type.t'
[MSG] [Tue Nov 27 06:03:46 2012] Extracted 'ExtUtils-ParseXS-3.18/t/004-nolinenumbers.t'
[MSG] [Tue Nov 27 06:03:46 2012] Extracted 'ExtUtils-ParseXS-3.18/t/102-trim_whitespace.t'
[MSG] [Tue Nov 27 06:03:46 2012] Extracted 'ExtUtils-ParseXS-3.18/t/XSTest.pm'
[MSG] [Tue Nov 27 06:03:46 2012] Extracted 'ExtUtils-ParseXS-3.18/t/106-process_typemaps.t'
[MSG] [Tue Nov 27 06:03:46 2012] Extracted 'ExtUtils-ParseXS-3.18/t/XSWarn.xs'
[MSG] [Tue Nov 27 06:03:46 2012] Extracted 'ExtUtils-ParseXS-3.18/t/typemap'
[MSG] [Tue Nov 27 06:03:46 2012] Extracted 'ExtUtils-ParseXS-3.18/t/600-t-compat.t'
[MSG] [Tue Nov 27 06:03:46 2012] Extracted 'ExtUtils-ParseXS-3.18/t/112-set_cond.t'
[MSG] [Tue Nov 27 06:03:46 2012] Extracted 'ExtUtils-ParseXS-3.18/t/pseudotypemap1'
[MSG] [Tue Nov 27 06:03:46 2012] Extracted 'ExtUtils-ParseXS-3.18/t/110-assign_func_args.t'
[MSG] [Tue Nov 27 06:03:46 2012] Extracted 'ExtUtils-ParseXS-3.18/t/108-map_type.t'
[MSG] [Tue Nov 27 06:03:46 2012] Extracted 'ExtUtils-ParseXS-3.18/t/113-check_cond_preproc_statements.t'
[MSG] [Tue Nov 27 06:03:46 2012] Extracted 'ExtUtils-ParseXS-3.18/t/XSUsage.pm'
[MSG] [Tue Nov 27 06:03:46 2012] Extracted 'ExtUtils-ParseXS-3.18/t/003-usage.t'
[MSG] [Tue Nov 27 06:03:46 2012] Extracted 'ExtUtils-ParseXS-3.18/t/511-t-whitespace.t'
[MSG] [Tue Nov 27 06:03:46 2012] Extracted 'ExtUtils-ParseXS-3.18/t/510-t-bare.t'
[MSG] [Tue Nov 27 06:03:46 2012] Extracted 'ExtUtils-ParseXS-3.18/t/101-standard_typemap_locations.t'
[MSG] [Tue Nov 27 06:03:46 2012] Extracted 'ExtUtils-ParseXS-3.18/t/501-t-compile.t'
[MSG] [Tue Nov 27 06:03:46 2012] Extracted 'ExtUtils-ParseXS-3.18/META.json'
[MSG] [Tue Nov 27 06:03:46 2012] Extracted 'ExtUtils-ParseXS-3.18/INSTALL'
[MSG] [Tue Nov 27 06:03:46 2012] Extracted 'ExtUtils-ParseXS-3.18/Makefile.PL'
[MSG] [Tue Nov 27 06:03:46 2012] Extracted 'ExtUtils-ParseXS-3.18/Changes'
[MSG] [Tue Nov 27 06:03:46 2012] Extracted 'ExtUtils-ParseXS-3.18/README'
[MSG] [Tue Nov 27 06:03:46 2012] Extracted 'ExtUtils::ParseXS' to '/home/ioan/.cpanplus/5.16.2/build/ExtUtils-ParseXS-3.18'
[MSG] [Tue Nov 27 06:03:46 2012] Writing Makefile for ExtUtils::ParseXS
Writing MYMETA.yml and MYMETA.json

[MSG] [Tue Nov 27 06:03:46 2012] DEFAULT 'filter_prereqs' HANDLER RETURNING 'sub return value'
[MSG] [Tue Nov 27 06:03:54 2012] cp lib/ExtUtils/xsubpp blib/script/xsubpp
/home/ioan/perl5/perlbrew/perls/perl-5.16.2/bin/perl -MExtUtils::MY -e 'MY->fixin(shift)' -- blib/script/xsubpp
Skip blib/lib/ExtUtils/Typemaps/InputMap.pm (unchanged)
Skip blib/lib/ExtUtils/ParseXS.pod (unchanged)
Skip blib/lib/ExtUtils/ParseXS/Utilities.pm (unchanged)
Skip blib/lib/ExtUtils/Typemaps/Type.pm (unchanged)
Skip blib/lib/ExtUtils/ParseXS/Constants.pm (unchanged)
Skip blib/lib/ExtUtils/ParseXS.pm (unchanged)
Skip blib/lib/ExtUtils/xsubpp (unchanged)
Skip blib/lib/ExtUtils/Typemaps/OutputMap.pm (unchanged)
Skip blib/lib/ExtUtils/ParseXS/CountLines.pm (unchanged)
Skip blib/lib/ExtUtils/Typemaps/Cmd.pm (unchanged)
Skip blib/lib/ExtUtils/Typemaps.pm (unchanged)
Manifying blib/man1/xsubpp.1
Manifying blib/man3/ExtUtils::Typemaps::InputMap.3
Manifying blib/man3/ExtUtils::ParseXS.3
Manifying blib/man3/ExtUtils::ParseXS::Utilities.3
Manifying blib/man3/ExtUtils::Typemaps::Type.3
Manifying blib/man3/ExtUtils::ParseXS::Constants.3
Manifying blib/man3/ExtUtils::Typemaps::OutputMap.3
Manifying blib/man3/ExtUtils::Typemaps::Cmd.3
Manifying blib/man3/ExtUtils::Typemaps.3

[ERROR] [Tue Nov 27 06:03:56 2012] MAKE TEST failed: PERL_DL_NONLAZY=1 /home/ioan/perl5/perlbrew/perls/perl-5.16.2/bin/perl "-MExtUtils::Command::MM" "-e" "test_harness(0, 'blib/lib', 'blib/arch')" t/*.t
t/101-standard_typemap_locations.t ....... ok
t/103-tidy_type.t ........................ ok
t/102-trim_whitespace.t .................. ok
t/104-map_type.t ......................... ok
t/105-valid_proto_string.t ............... ok
t/109-standard_XS_defs.t ................. ok
t/108-map_type.t ......................... ok
t/107-make_targetable.t .................. ok
t/106-process_typemaps.t ................. ok
t/110-assign_func_args.t ................. ok
t/111-analyze_preprocessor_statements.t .. ok
t/112-set_cond.t ......................... ok
t/113-check_cond_preproc_statements.t .... ok
t/115-avoid-noise.t ...................... ok
t/501-t-compile.t ........................ ok
t/114-blurt_death_Warn.t ................. ok
t/510-t-bare.t ........................... ok
t/511-t-whitespace.t ..................... ok
t/512-t-file.t ........................... ok
XSTest.c:307:6: error: expected parameter declarator
ewXS("XSTest::consts", XS_XSTest_consts, file);
     ^
XSTest.c:307:6: error: expected ')'
XSTest.c:307:5: note: to match this '('
ewXS("XSTest::consts", XS_XSTest_consts, file);
    ^
XSTest.c:307:1: warning: type specifier missing, defaults to 'int' [-Wimplicit-int]
ewXS("XSTest::consts", XS_XSTest_consts, file);
^~~~
XSTest.c:308:9: error: expected ')'
        XSANY.any_i32 = 0;
        ^
/home/ioan/perl5/perlbrew/perls/perl-5.16.2/lib/5.16.2/x86_64-linux-thread-multi/CORE/XSUB.h:181:15: note: expanded from macro 'XSANY'
#define XSANY CvXSUBANY(cv)
              ^
/home/ioan/perl5/perlbrew/perls/perl-5.16.2/lib/5.16.2/x86_64-linux-thread-multi/CORE/cv.h:52:30: note: expanded from macro 'CvXSUBANY'
#define CvXSUBANY(sv)   ((XPVCV*)MUTABLE_PTR(SvANY(sv)))->xcv_start_u.xcv_xsubany
                               ^
XSTest.c:308:9: note: to match this '('
        XSANY.any_i32 = 0;
        ^
/home/ioan/perl5/perlbrew/perls/perl-5.16.2/lib/5.16.2/x86_64-linux-thread-multi/CORE/XSUB.h:181:15: note: expanded from macro 'XSANY'
#define XSANY CvXSUBANY(cv)
              ^
/home/ioan/perl5/perlbrew/perls/perl-5.16.2/lib/5.16.2/x86_64-linux-thread-multi/CORE/cv.h:52:24: note: expanded from macro 'CvXSUBANY'
#define CvXSUBANY(sv)   ((XPVCV*)MUTABLE_PTR(SvANY(sv)))->xcv_start_u.xcv_xsubany
                         ^
XSTest.c:308:9: error: expected parameter declarator
        XSANY.any_i32 = 0;
        ^
/home/ioan/perl5/perlbrew/perls/perl-5.16.2/lib/5.16.2/x86_64-linux-thread-multi/CORE/XSUB.h:181:15: note: expanded from macro 'XSANY'
#define XSANY CvXSUBANY(cv)
              ^
/home/ioan/perl5/perlbrew/perls/perl-5.16.2/lib/5.16.2/x86_64-linux-thread-multi/CORE/cv.h:52:32: note: expanded from macro 'CvXSUBANY'
#define CvXSUBANY(sv)   ((XPVCV*)MUTABLE_PTR(SvANY(sv)))->xcv_start_u.xcv_xsubany
                                 ^
/home/ioan/perl5/perlbrew/perls/perl-5.16.2/lib/5.16.2/x86_64-linux-thread-multi/CORE/handy.h:61:27: note: expanded from macro 'MUTABLE_PTR'
#  define MUTABLE_PTR(p) ({ void *_p = (p); _p; })
                          ^
XSTest.c:308:9: error: expected ')'
        XSANY.any_i32 = 0;
        ^
/home/ioan/perl5/perlbrew/perls/perl-5.16.2/lib/5.16.2/x86_64-linux-thread-multi/CORE/XSUB.h:181:15: note: expanded from macro 'XSANY'
#define XSANY CvXSUBANY(cv)
              ^
/home/ioan/perl5/perlbrew/perls/perl-5.16.2/lib/5.16.2/x86_64-linux-thread-multi/CORE/cv.h:52:32: note: expanded from macro 'CvXSUBANY'
#define CvXSUBANY(sv)   ((XPVCV*)MUTABLE_PTR(SvANY(sv)))->xcv_start_u.xcv_xsubany
                                 ^
/home/ioan/perl5/perlbrew/perls/perl-5.16.2/lib/5.16.2/x86_64-linux-thread-multi/CORE/handy.h:61:27: note: expanded from macro 'MUTABLE_PTR'
#  define MUTABLE_PTR(p) ({ void *_p = (p); _p; })
                          ^
XSTest.c:308:9: note: to match this '('
        XSANY.any_i32 = 0;
        ^
/home/ioan/perl5/perlbrew/perls/perl-5.16.2/lib/5.16.2/x86_64-linux-thread-multi/CORE/XSUB.h:181:15: note: expanded from macro 'XSANY'
#define XSANY CvXSUBANY(cv)
              ^
/home/ioan/perl5/perlbrew/perls/perl-5.16.2/lib/5.16.2/x86_64-linux-thread-multi/CORE/cv.h:52:32: note: expanded from macro 'CvXSUBANY'
#define CvXSUBANY(sv)   ((XPVCV*)MUTABLE_PTR(SvANY(sv)))->xcv_start_u.xcv_xsubany
                                 ^
/home/ioan/perl5/perlbrew/perls/perl-5.16.2/lib/5.16.2/x86_64-linux-thread-multi/CORE/handy.h:61:26: note: expanded from macro 'MUTABLE_PTR'
#  define MUTABLE_PTR(p) ({ void *_p = (p); _p; })
                         ^
XSTest.c:308:9: error: expected function body after function declarator
        XSANY.any_i32 = 0;
        ^
/home/ioan/perl5/perlbrew/perls/perl-5.16.2/lib/5.16.2/x86_64-linux-thread-multi/CORE/XSUB.h:181:15: note: expanded from macro 'XSANY'
#define XSANY CvXSUBANY(cv)
              ^
/home/ioan/perl5/perlbrew/perls/perl-5.16.2/lib/5.16.2/x86_64-linux-thread-multi/CORE/cv.h:52:55: note: expanded from macro 'CvXSUBANY'
#define CvXSUBANY(sv)   ((XPVCV*)MUTABLE_PTR(SvANY(sv)))->xcv_start_u.xcv_xsubany
                                                        ^
XSTest.c:309:5: error: extraneous closing brace ('}')
    }
    ^
XSTest.c:311:3: error: expected identifier or '('
  if (PL_unitcheckav)
  ^
XSTest.c:314:5: error: expected identifier or '('
    XSRETURN_YES;
    ^
/home/ioan/perl5/perlbrew/perls/perl-5.16.2/lib/5.16.2/x86_64-linux-thread-multi/CORE/XSUB.h:320:24: note: expanded from macro 'XSRETURN_YES'
#define XSRETURN_YES   STMT_START { XST_mYES(0);   XSRETURN(1); } STMT_END
                       ^
/home/ioan/perl5/perlbrew/perls/perl-5.16.2/lib/5.16.2/x86_64-linux-thread-multi/CORE/perl.h:480:24: note: expanded from macro 'STMT_START'
#   define STMT_START   (void)( /* gcc supports "({ STATEMENTS; })" */
                         ^
XSTest.c:314:5: error: expected ')'
    XSRETURN_YES;
    ^
/home/ioan/perl5/perlbrew/perls/perl-5.16.2/lib/5.16.2/x86_64-linux-thread-multi/CORE/XSUB.h:320:24: note: expanded from macro 'XSRETURN_YES'
#define XSRETURN_YES   STMT_START { XST_mYES(0);   XSRETURN(1); } STMT_END
                       ^
/home/ioan/perl5/perlbrew/perls/perl-5.16.2/lib/5.16.2/x86_64-linux-thread-multi/CORE/perl.h:480:24: note: expanded from macro 'STMT_START'
#   define STMT_START   (void)( /* gcc supports "({ STATEMENTS; })" */
                         ^
XSTest.c:314:5: note: to match this '('
    XSRETURN_YES;
    ^
/home/ioan/perl5/perlbrew/perls/perl-5.16.2/lib/5.16.2/x86_64-linux-thread-multi/CORE/XSUB.h:320:24: note: expanded from macro 'XSRETURN_YES'
#define XSRETURN_YES   STMT_START { XST_mYES(0);   XSRETURN(1); } STMT_END
                       ^
/home/ioan/perl5/perlbrew/perls/perl-5.16.2/lib/5.16.2/x86_64-linux-thread-multi/CORE/perl.h:480:23: note: expanded from macro 'STMT_START'
#   define STMT_START   (void)( /* gcc supports "({ STATEMENTS; })" */
                        ^
XSTest.c:314:5: error: expected parameter declarator
    XSRETURN_YES;
    ^
/home/ioan/perl5/perlbrew/perls/perl-5.16.2/lib/5.16.2/x86_64-linux-thread-multi/CORE/XSUB.h:320:35: note: expanded from macro 'XSRETURN_YES'
#define XSRETURN_YES   STMT_START { XST_mYES(0);   XSRETURN(1); } STMT_END
                                  ^
XSTest.c:314:5: error: expected ')'
    XSRETURN_YES;
    ^
/home/ioan/perl5/perlbrew/perls/perl-5.16.2/lib/5.16.2/x86_64-linux-thread-multi/CORE/XSUB.h:320:35: note: expanded from macro 'XSRETURN_YES'
#define XSRETURN_YES   STMT_START { XST_mYES(0);   XSRETURN(1); } STMT_END
                                  ^
XSTest.c:314:5: note: to match this '('
    XSRETURN_YES;
    ^
/home/ioan/perl5/perlbrew/perls/perl-5.16.2/lib/5.16.2/x86_64-linux-thread-multi/CORE/XSUB.h:320:24: note: expanded from macro 'XSRETURN_YES'
#define XSRETURN_YES   STMT_START { XST_mYES(0);   XSRETURN(1); } STMT_END
                       ^
/home/ioan/perl5/perlbrew/perls/perl-5.16.2/lib/5.16.2/x86_64-linux-thread-multi/CORE/perl.h:480:29: note: expanded from macro 'STMT_START'
#   define STMT_START   (void)( /* gcc supports "({ STATEMENTS; })" */
                              ^
XSTest.c:315:1: error: extraneous closing brace ('}')
}
^
1 warning and 13 errors generated.
t/001-basic.t ............................ 
Dubious, test returned 2 (wstat 512, 0x200)
Failed 8/11 subtests 
error building XSTest.o from 'XSTest.c' at /home/ioan/perl5/perlbrew/perls/perl-5.16.2/lib/5.16.2/ExtUtils/CBuilder/Base.pm line 177.
# Looks like you planned 11 tests but ran 3.
# Looks like your test exited with 2 just after 3.
XSTest.c:307:6: error: expected parameter declarator
ewXS("XSTest::consts", XS_XSTest_consts, file);
     ^
XSTest.c:307:6: error: expected ')'
XSTest.c:307:5: note: to match this '('
ewXS("XSTest::consts", XS_XSTest_consts, file);
    ^
XSTest.c:307:1: warning: type specifier missing, defaults to 'int' [-Wimplicit-int]
ewXS("XSTest::consts", XS_XSTest_consts, file);
^~~~
XSTest.c:308:9: error: expected ')'
        XSANY.any_i32 = 0;
        ^
/home/ioan/perl5/perlbrew/perls/perl-5.16.2/lib/5.16.2/x86_64-linux-thread-multi/CORE/XSUB.h:181:15: note: expanded from macro 'XSANY'
#define XSANY CvXSUBANY(cv)
              ^
/home/ioan/perl5/perlbrew/perls/perl-5.16.2/lib/5.16.2/x86_64-linux-thread-multi/CORE/cv.h:52:30: note: expanded from macro 'CvXSUBANY'
#define CvXSUBANY(sv)   ((XPVCV*)MUTABLE_PTR(SvANY(sv)))->xcv_start_u.xcv_xsubany
                               ^
XSTest.c:308:9: note: to match this '('
        XSANY.any_i32 = 0;
        ^
/home/ioan/perl5/perlbrew/perls/perl-5.16.2/lib/5.16.2/x86_64-linux-thread-multi/CORE/XSUB.h:181:15: note: expanded from macro 'XSANY'
#define XSANY CvXSUBANY(cv)
              ^
/home/ioan/perl5/perlbrew/perls/perl-5.16.2/lib/5.16.2/x86_64-linux-thread-multi/CORE/cv.h:52:24: note: expanded from macro 'CvXSUBANY'
#define CvXSUBANY(sv)   ((XPVCV*)MUTABLE_PTR(SvANY(sv)))->xcv_start_u.xcv_xsubany
                         ^
XSTest.c:308:9: error: expected parameter declarator
        XSANY.any_i32 = 0;
        ^
/home/ioan/perl5/perlbrew/perls/perl-5.16.2/lib/5.16.2/x86_64-linux-thread-multi/CORE/XSUB.h:181:15: note: expanded from macro 'XSANY'
#define XSANY CvXSUBANY(cv)
              ^
/home/ioan/perl5/perlbrew/perls/perl-5.16.2/lib/5.16.2/x86_64-linux-thread-multi/CORE/cv.h:52:32: note: expanded from macro 'CvXSUBANY'
#define CvXSUBANY(sv)   ((XPVCV*)MUTABLE_PTR(SvANY(sv)))->xcv_start_u.xcv_xsubany
                                 ^
/home/ioan/perl5/perlbrew/perls/perl-5.16.2/lib/5.16.2/x86_64-linux-thread-multi/CORE/handy.h:61:27: note: expanded from macro 'MUTABLE_PTR'
#  define MUTABLE_PTR(p) ({ void *_p = (p); _p; })
                          ^
XSTest.c:308:9: error: expected ')'
        XSANY.any_i32 = 0;
        ^
/home/ioan/perl5/perlbrew/perls/perl-5.16.2/lib/5.16.2/x86_64-linux-thread-multi/CORE/XSUB.h:181:15: note: expanded from macro 'XSANY'
#define XSANY CvXSUBANY(cv)
              ^
/home/ioan/perl5/perlbrew/perls/perl-5.16.2/lib/5.16.2/x86_64-linux-thread-multi/CORE/cv.h:52:32: note: expanded from macro 'CvXSUBANY'
#define CvXSUBANY(sv)   ((XPVCV*)MUTABLE_PTR(SvANY(sv)))->xcv_start_u.xcv_xsubany
                                 ^
/home/ioan/perl5/perlbrew/perls/perl-5.16.2/lib/5.16.2/x86_64-linux-thread-multi/CORE/handy.h:61:27: note: expanded from macro 'MUTABLE_PTR'
#  define MUTABLE_PTR(p) ({ void *_p = (p); _p; })
                          ^
XSTest.c:308:9: note: to match this '('
        XSANY.any_i32 = 0;
        ^
/home/ioan/perl5/perlbrew/perls/perl-5.16.2/lib/5.16.2/x86_64-linux-thread-multi/CORE/XSUB.h:181:15: note: expanded from macro 'XSANY'
#define XSANY CvXSUBANY(cv)
              ^
/home/ioan/perl5/perlbrew/perls/perl-5.16.2/lib/5.16.2/x86_64-linux-thread-multi/CORE/cv.h:52:32: note: expanded from macro 'CvXSUBANY'
#define CvXSUBANY(sv)   ((XPVCV*)MUTABLE_PTR(SvANY(sv)))->xcv_start_u.xcv_xsubany
                                 ^
/home/ioan/perl5/perlbrew/perls/perl-5.16.2/lib/5.16.2/x86_64-linux-thread-multi/CORE/handy.h:61:26: note: expanded from macro 'MUTABLE_PTR'
#  define MUTABLE_PTR(p) ({ void *_p = (p); _p; })
                         ^
XSTest.c:308:9: error: expected function body after function declarator
        XSANY.any_i32 = 0;
        ^
/home/ioan/perl5/perlbrew/perls/perl-5.16.2/lib/5.16.2/x86_64-linux-thread-multi/CORE/XSUB.h:181:15: note: expanded from macro 'XSANY'
#define XSANY CvXSUBANY(cv)
              ^
/home/ioan/perl5/perlbrew/perls/perl-5.16.2/lib/5.16.2/x86_64-linux-thread-multi/CORE/cv.h:52:55: note: expanded from macro 'CvXSUBANY'
#define CvXSUBANY(sv)   ((XPVCV*)MUTABLE_PTR(SvANY(sv)))->xcv_start_u.xcv_xsubany
                                                        ^
XSTest.c:309:5: error: extraneous closing brace ('}')
    }
    ^
XSTest.c:311:3: error: expected identifier or '('
  if (PL_unitcheckav)
  ^
XSTest.c:314:5: error: expected identifier or '('
    XSRETURN_YES;
    ^
/home/ioan/perl5/perlbrew/perls/perl-5.16.2/lib/5.16.2/x86_64-linux-thread-multi/CORE/XSUB.h:320:24: note: expanded from macro 'XSRETURN_YES'
#define XSRETURN_YES   STMT_START { XST_mYES(0);   XSRETURN(1); } STMT_END
                       ^
/home/ioan/perl5/perlbrew/perls/perl-5.16.2/lib/5.16.2/x86_64-linux-thread-multi/CORE/perl.h:480:24: note: expanded from macro 'STMT_START'
#   define STMT_START   (void)( /* gcc supports "({ STATEMENTS; })" */
                         ^
XSTest.c:314:5: error: expected ')'
    XSRETURN_YES;
    ^
/home/ioan/perl5/perlbrew/perls/perl-5.16.2/lib/5.16.2/x86_64-linux-thread-multi/CORE/XSUB.h:320:24: note: expanded from macro 'XSRETURN_YES'
#define XSRETURN_YES   STMT_START { XST_mYES(0);   XSRETURN(1); } STMT_END
                       ^
/home/ioan/perl5/perlbrew/perls/perl-5.16.2/lib/5.16.2/x86_64-linux-thread-multi/CORE/perl.h:480:24: note: expanded from macro 'STMT_START'
#   define STMT_START   (void)( /* gcc supports "({ STATEMENTS; })" */
                         ^
XSTest.c:314:5: note: to match this '('
    XSRETURN_YES;
    ^
/home/ioan/perl5/perlbrew/perls/perl-5.16.2/lib/5.16.2/x86_64-linux-thread-multi/CORE/XSUB.h:320:24: note: expanded from macro 'XSRETURN_YES'
#define XSRETURN_YES   STMT_START { XST_mYES(0);   XSRETURN(1); } STMT_END
                       ^
/home/ioan/perl5/perlbrew/perls/perl-5.16.2/lib/5.16.2/x86_64-linux-thread-multi/CORE/perl.h:480:23: note: expanded from macro 'STMT_START'
#   define STMT_START   (void)( /* gcc supports "({ STATEMENTS; })" */
                        ^
XSTest.c:314:5: error: expected parameter declarator
    XSRETURN_YES;
    ^
/home/ioan/perl5/perlbrew/perls/perl-5.16.2/lib/5.16.2/x86_64-linux-thread-multi/CORE/XSUB.h:320:35: note: expanded from macro 'XSRETURN_YES'
#define XSRETURN_YES   STMT_START { XST_mYES(0);   XSRETURN(1); } STMT_END
                                  ^
XSTest.c:314:5: error: expected ')'
    XSRETURN_YES;
    ^
/home/ioan/perl5/perlbrew/perls/perl-5.16.2/lib/5.16.2/x86_64-linux-thread-multi/CORE/XSUB.h:320:35: note: expanded from macro 'XSRETURN_YES'
#define XSRETURN_YES   STMT_START { XST_mYES(0);   XSRETURN(1); } STMT_END
                                  ^
XSTest.c:314:5: note: to match this '('
    XSRETURN_YES;
    ^
/home/ioan/perl5/perlbrew/perls/perl-5.16.2/lib/5.16.2/x86_64-linux-thread-multi/CORE/XSUB.h:320:24: note: expanded from macro 'XSRETURN_YES'
#define XSRETURN_YES   STMT_START { XST_mYES(0);   XSRETURN(1); } STMT_END
                       ^
/home/ioan/perl5/perlbrew/perls/perl-5.16.2/lib/5.16.2/x86_64-linux-thread-multi/CORE/perl.h:480:29: note: expanded from macro 'STMT_START'
#   define STMT_START   (void)( /* gcc supports "({ STATEMENTS; })" */
                              ^
XSTest.c:315:1: error: extraneous closing brace ('}')
}
^
1 warning and 13 errors generated.
error building XSTest.o from 'XSTest.c' at /home/ioan/perl5/perlbrew/perls/perl-5.16.2/lib/5.16.2/ExtUtils/CBuilder/Base.pm line 177.
# Looks like you planned 11 tests but ran 3.
# Looks like your test exited with 2 just after 3.
t/004-nolinenumbers.t .................... 
Dubious, test returned 2 (wstat 512, 0x200)
Failed 8/11 subtests 
t/513-t-merge.t .......................... ok
t/003-usage.t ............................ ok
t/600-t-compat.t ......................... ok
t/002-more.t ............................. ok

Test Summary Report
-------------------
t/001-basic.t                          (Wstat: 512 Tests: 3 Failed: 0)
  Non-zero exit status: 2
  Parse errors: Bad plan.  You planned 11 tests but ran 3.
t/004-nolinenumbers.t                  (Wstat: 512 Tests: 3 Failed: 0)
  Non-zero exit status: 2
  Parse errors: Bad plan.  You planned 11 tests but ran 3.
Files=25, Tests=197,  1 wallclock secs ( 0.16 usr  0.04 sys +  2.94 cusr  0.43 csys =  3.57 CPU)
Result: FAIL
Failed 2/25 test programs. 0/197 subtests failed.
make: *** [test_dynamic] Error 255

[HISTORY] [Tue Nov 27 06:31:18 2012] Proceed anyway? [y/N]:  y
[MSG] [Tue Nov 27 06:31:20 2012] Sending test report for 'ExtUtils-ParseXS-3.18'
[MSG] [Tue Nov 27 06:31:20 2012] DEFAULT 'munge_test_report' HANDLER RETURNING 'sub return value'
[HISTORY] [Tue Nov 27 06:31:22 2012] Would you like to send the test report? [y/N]:  y
[HISTORY] [Tue Nov 27 06:31:23 2012] Would you like to edit the test report? [Y/n]:  n
[MSG] [Tue Nov 27 06:31:26 2012] Successfully sent 'fail' report for 'ExtUtils-ParseXS-3.18'
[MSG] [Tue Nov 27 06:31:29 2012] Appending installation info to /home/ioan/perl5/perlbrew/perls/perl-5.16.2/lib/5.16.2/x86_64-linux-thread-multi/perllocal.pod
Installing /home/ioan/perl5/perlbrew/perls/perl-5.16.2/lib/site_perl/5.16.2/ExtUtils/ParseXS.pod
Installing /home/ioan/perl5/perlbrew/perls/perl-5.16.2/lib/site_perl/5.16.2/ExtUtils/ParseXS.pm
Installing /home/ioan/perl5/perlbrew/perls/perl-5.16.2/lib/site_perl/5.16.2/ExtUtils/xsubpp
Installing /home/ioan/perl5/perlbrew/perls/perl-5.16.2/lib/site_perl/5.16.2/ExtUtils/Typemaps.pm
Installing /home/ioan/perl5/perlbrew/perls/perl-5.16.2/lib/site_perl/5.16.2/ExtUtils/Typemaps/InputMap.pm
Installing /home/ioan/perl5/perlbrew/perls/perl-5.16.2/lib/site_perl/5.16.2/ExtUtils/Typemaps/Type.pm
Installing /home/ioan/perl5/perlbrew/perls/perl-5.16.2/lib/site_perl/5.16.2/ExtUtils/Typemaps/OutputMap.pm
Installing /home/ioan/perl5/perlbrew/perls/perl-5.16.2/lib/site_perl/5.16.2/ExtUtils/Typemaps/Cmd.pm
Installing /home/ioan/perl5/perlbrew/perls/perl-5.16.2/lib/site_perl/5.16.2/ExtUtils/ParseXS/Utilities.pm
Installing /home/ioan/perl5/perlbrew/perls/perl-5.16.2/lib/site_perl/5.16.2/ExtUtils/ParseXS/Constants.pm
Installing /home/ioan/perl5/perlbrew/perls/perl-5.16.2/lib/site_perl/5.16.2/ExtUtils/ParseXS/CountLines.pm
Installing /home/ioan/perl5/perlbrew/perls/perl-5.16.2/man/man1/xsubpp.1
Installing /home/ioan/perl5/perlbrew/perls/perl-5.16.2/man/man3/ExtUtils::Typemaps::InputMap.3
Installing /home/ioan/perl5/perlbrew/perls/perl-5.16.2/man/man3/ExtUtils::ParseXS.3
Installing /home/ioan/perl5/perlbrew/perls/perl-5.16.2/man/man3/ExtUtils::ParseXS::Utilities.3
Installing /home/ioan/perl5/perlbrew/perls/perl-5.16.2/man/man3/ExtUtils::Typemaps::Type.3
Installing /home/ioan/perl5/perlbrew/perls/perl-5.16.2/man/man3/ExtUtils::ParseXS::Constants.3
Installing /home/ioan/perl5/perlbrew/perls/perl-5.16.2/man/man3/ExtUtils::Typemaps::OutputMap.3
Installing /home/ioan/perl5/perlbrew/perls/perl-5.16.2/man/man3/ExtUtils::Typemaps::Cmd.3
Installing /home/ioan/perl5/perlbrew/perls/perl-5.16.2/man/man3/ExtUtils::Typemaps.3
Installing /home/ioan/perl5/perlbrew/perls/perl-5.16.2/bin/xsubpp

[MSG] [Tue Nov 27 06:31:29 2012] Trying to get 'http://mirrors.gossamer-threads.com/CPAN/authors/id/R/RU/RURBAN/CHECKSUMS'
[MSG] [Tue Nov 27 06:31:29 2012] Archive size is not known for 'article-1.45.zip'
[MSG] [Tue Nov 27 06:31:29 2012] No 'sha256' checksum known for 'article-1.45.zip'
[ERROR] [Tue Nov 27 06:31:29 2012] File '/home/ioan/.cpanplus/authors/id/R/RU/RURBAN/article-1.45.zip' has zero size: cannot extract
[MSG] [Tue Nov 27 06:31:29 2012] Trying to get 'http://mirrors.gossamer-threads.com/CPAN/authors/id/S/SU/SULLR/IO-Socket-SSL-1.79.tar.gz'
[MSG] [Tue Nov 27 06:31:29 2012] Trying to get 'http://mirrors.gossamer-threads.com/CPAN/authors/id/S/SU/SULLR/CHECKSUMS'
[MSG] [Tue Nov 27 06:31:30 2012] Checksum matches for 'IO-Socket-SSL-1.79.tar.gz'
[MSG] [Tue Nov 27 06:31:30 2012] Extracted 'IO-Socket-SSL-1.79/'
[MSG] [Tue Nov 27 06:31:30 2012] Extracted 'IO-Socket-SSL-1.79/example/'
[MSG] [Tue Nov 27 06:31:30 2012] Extracted 'IO-Socket-SSL-1.79/example/ssl_server.pl'
[MSG] [Tue Nov 27 06:31:30 2012] Extracted 'IO-Socket-SSL-1.79/example/lwp-with-verifycn.pl'
[MSG] [Tue Nov 27 06:31:30 2012] Extracted 'IO-Socket-SSL-1.79/example/ssl_client.pl'
[MSG] [Tue Nov 27 06:31:30 2012] Extracted 'IO-Socket-SSL-1.79/example/async_https_server.pl'
[MSG] [Tue Nov 27 06:31:30 2012] Extracted 'IO-Socket-SSL-1.79/README.Win32'
[MSG] [Tue Nov 27 06:31:30 2012] Extracted 'IO-Socket-SSL-1.79/util/'
[MSG] [Tue Nov 27 06:31:30 2012] Extracted 'IO-Socket-SSL-1.79/util/export_certs.pl'
[MSG] [Tue Nov 27 06:31:30 2012] Extracted 'IO-Socket-SSL-1.79/Makefile.PL'
[MSG] [Tue Nov 27 06:31:30 2012] Extracted 'IO-Socket-SSL-1.79/META.yml'
[MSG] [Tue Nov 27 06:31:30 2012] Extracted 'IO-Socket-SSL-1.79/certs/'
[MSG] [Tue Nov 27 06:31:30 2012] Extracted 'IO-Socket-SSL-1.79/certs/test-ca.pem'
[MSG] [Tue Nov 27 06:31:30 2012] Extracted 'IO-Socket-SSL-1.79/certs/client-cert.pem'
[MSG] [Tue Nov 27 06:31:30 2012] Extracted 'IO-Socket-SSL-1.79/certs/server-cert.pem'
[MSG] [Tue Nov 27 06:31:30 2012] Extracted 'IO-Socket-SSL-1.79/certs/my-ca.pem'
[MSG] [Tue Nov 27 06:31:30 2012] Extracted 'IO-Socket-SSL-1.79/certs/server-key.enc'
[MSG] [Tue Nov 27 06:31:30 2012] Extracted 'IO-Socket-SSL-1.79/certs/server-key.pem'
[MSG] [Tue Nov 27 06:31:30 2012] Extracted 'IO-Socket-SSL-1.79/certs/server-rsa384-dh.pem'
[MSG] [Tue Nov 27 06:31:30 2012] Extracted 'IO-Socket-SSL-1.79/certs/server-wildcard.pem'
[MSG] [Tue Nov 27 06:31:30 2012] Extracted 'IO-Socket-SSL-1.79/certs/client-key.pem'
[MSG] [Tue Nov 27 06:31:30 2012] Extracted 'IO-Socket-SSL-1.79/certs/client-key.enc'
[MSG] [Tue Nov 27 06:31:30 2012] Extracted 'IO-Socket-SSL-1.79/docs/'
[MSG] [Tue Nov 27 06:31:30 2012] Extracted 'IO-Socket-SSL-1.79/docs/debugging.txt'
[MSG] [Tue Nov 27 06:31:30 2012] Extracted 'IO-Socket-SSL-1.79/lib/'
[MSG] [Tue Nov 27 06:31:30 2012] Extracted 'IO-Socket-SSL-1.79/lib/IO/'
[MSG] [Tue Nov 27 06:31:30 2012] Extracted 'IO-Socket-SSL-1.79/lib/IO/Socket/'
[MSG] [Tue Nov 27 06:31:30 2012] Extracted 'IO-Socket-SSL-1.79/lib/IO/Socket/SSL.pm'
[MSG] [Tue Nov 27 06:31:30 2012] Extracted 'IO-Socket-SSL-1.79/README'
[MSG] [Tue Nov 27 06:31:30 2012] Extracted 'IO-Socket-SSL-1.79/Changes'
[MSG] [Tue Nov 27 06:31:30 2012] Extracted 'IO-Socket-SSL-1.79/t/'
[MSG] [Tue Nov 27 06:31:30 2012] Extracted 'IO-Socket-SSL-1.79/t/cert_no_file.t'
[MSG] [Tue Nov 27 06:31:30 2012] Extracted 'IO-Socket-SSL-1.79/t/auto_verify_hostname.t'
[MSG] [Tue Nov 27 06:31:30 2012] Extracted 'IO-Socket-SSL-1.79/t/io-socket-ip.t'
[MSG] [Tue Nov 27 06:31:30 2012] Extracted 'IO-Socket-SSL-1.79/t/02settings.t'
[MSG] [Tue Nov 27 06:31:30 2012] Extracted 'IO-Socket-SSL-1.79/t/startssl.t'
[MSG] [Tue Nov 27 06:31:30 2012] Extracted 'IO-Socket-SSL-1.79/t/verify_hostname.t'
[MSG] [Tue Nov 27 06:31:30 2012] Extracted 'IO-Socket-SSL-1.79/t/ssl_settings.req'
[MSG] [Tue Nov 27 06:31:30 2012] Extracted 'IO-Socket-SSL-1.79/t/connectSSL-timeout.t'
[MSG] [Tue Nov 27 06:31:30 2012] Extracted 'IO-Socket-SSL-1.79/t/01loadmodule.t'
[MSG] [Tue Nov 27 06:31:30 2012] Extracted 'IO-Socket-SSL-1.79/t/acceptSSL-timeout.t'
[MSG] [Tue Nov 27 06:31:30 2012] Extracted 'IO-Socket-SSL-1.79/t/sessions.t'
[MSG] [Tue Nov 27 06:31:30 2012] Extracted 'IO-Socket-SSL-1.79/t/memleak_bad_handshake.t'
[MSG] [Tue Nov 27 06:31:30 2012] Extracted 'IO-Socket-SSL-1.79/t/dhe.t'
[MSG] [Tue Nov 27 06:31:30 2012] Extracted 'IO-Socket-SSL-1.79/t/signal-readline.t'
[MSG] [Tue Nov 27 06:31:30 2012] Extracted 'IO-Socket-SSL-1.79/t/startssl-failed.t'
[MSG] [Tue Nov 27 06:31:30 2012] Extracted 'IO-Socket-SSL-1.79/t/npn.t'
[MSG] [Tue Nov 27 06:31:30 2012] Extracted 'IO-Socket-SSL-1.79/t/readline.t'
[MSG] [Tue Nov 27 06:31:30 2012] Extracted 'IO-Socket-SSL-1.79/t/core.t'
[MSG] [Tue Nov 27 06:31:30 2012] Extracted 'IO-Socket-SSL-1.79/t/start-stopssl.t'
[MSG] [Tue Nov 27 06:31:30 2012] Extracted 'IO-Socket-SSL-1.79/t/testlib.pl'
[MSG] [Tue Nov 27 06:31:30 2012] Extracted 'IO-Socket-SSL-1.79/t/sysread_write.t'
[MSG] [Tue Nov 27 06:31:30 2012] Extracted 'IO-Socket-SSL-1.79/t/compatibility.t'
[MSG] [Tue Nov 27 06:31:30 2012] Extracted 'IO-Socket-SSL-1.79/t/nonblock.t'
[MSG] [Tue Nov 27 06:31:30 2012] Extracted 'IO-Socket-SSL-1.79/t/io-socket-inet6.t'
[MSG] [Tue Nov 27 06:31:30 2012] Extracted 'IO-Socket-SSL-1.79/BUGS'
[MSG] [Tue Nov 27 06:31:30 2012] Extracted 'IO-Socket-SSL-1.79/patches/'
[MSG] [Tue Nov 27 06:31:30 2012] Extracted 'IO-Socket-SSL-1.79/patches/Net_SSLeay.patch'
[MSG] [Tue Nov 27 06:31:30 2012] Extracted 'IO-Socket-SSL-1.79/MANIFEST'
[MSG] [Tue Nov 27 06:31:30 2012] Extracted 'IO::Socket::SSL' to '/home/ioan/.cpanplus/5.16.2/build/IO-Socket-SSL-1.79'
[MSG] [Tue Nov 27 06:31:32 2012] Checking if your kit is complete...
Looks good
Writing Makefile for IO::Socket::SSL
Writing MYMETA.yml and MYMETA.json

[MSG] [Tue Nov 27 06:31:32 2012] DEFAULT 'filter_prereqs' HANDLER RETURNING 'sub return value'
[MSG] [Tue Nov 27 06:31:36 2012] cp lib/IO/Socket/SSL.pm blib/lib/IO/Socket/SSL.pm
Manifying blib/man3/IO::Socket::SSL.3

[MSG] [Tue Nov 27 06:31:58 2012] MAKE TEST passed: PERL_DL_NONLAZY=1 /home/ioan/perl5/perlbrew/perls/perl-5.16.2/bin/perl "-MExtUtils::Command::MM" "-e" "test_harness(0, 'blib/lib', 'blib/arch')" t/*.t
t/02settings.t ............. ok
t/01loadmodule.t ........... ok
t/compatibility.t .......... ok
t/cert_no_file.t ........... ok
t/auto_verify_hostname.t ... ok
t/dhe.t .................... ok
t/core.t ................... ok
t/io-socket-inet6.t ........ ok
t/io-socket-ip.t ........... skipped: no IO::Socket::IP 0.11 available
t/npn.t .................... ok
t/sessions.t ............... ok
t/startssl-failed.t ........ ok
t/memleak_bad_handshake.t .. ok
t/startssl.t ............... ok
t/sysread_write.t .......... ok
t/verify_hostname.t ........ ok
t/readline.t ............... ok
t/signal-readline.t ........ ok
t/start-stopssl.t .......... ok
t/connectSSL-timeout.t ..... ok
t/acceptSSL-timeout.t ...... ok
t/nonblock.t ............... ok
All tests successful.
Files=22, Tests=324, 21 wallclock secs ( 0.20 usr  0.04 sys +  2.50 cusr  0.56 csys =  3.30 CPU)
Result: PASS

[MSG] [Tue Nov 27 06:31:58 2012] Sending test report for 'IO-Socket-SSL-1.79'
[MSG] [Tue Nov 27 06:31:58 2012] DEFAULT 'munge_test_report' HANDLER RETURNING 'sub return value'
[MSG] [Tue Nov 27 06:31:59 2012] Successfully sent 'pass' report for 'IO-Socket-SSL-1.79'
[MSG] [Tue Nov 27 06:32:00 2012] Appending installation info to /home/ioan/perl5/perlbrew/perls/perl-5.16.2/lib/5.16.2/x86_64-linux-thread-multi/perllocal.pod
Installing /home/ioan/perl5/perlbrew/perls/perl-5.16.2/lib/site_perl/5.16.2/IO/Socket/SSL.pm
Installing /home/ioan/perl5/perlbrew/perls/perl-5.16.2/man/man3/IO::Socket::SSL.3

[MSG] [Tue Nov 27 06:32:00 2012] Trying to get 'http://mirrors.gossamer-threads.com/CPAN/authors/id/B/BI/BINGOS/Module-CoreList-2.78.tar.gz'
[MSG] [Tue Nov 27 06:32:00 2012] Trying to get 'http://mirrors.gossamer-threads.com/CPAN/authors/id/B/BI/BINGOS/CHECKSUMS'
[MSG] [Tue Nov 27 06:32:01 2012] Checksum matches for 'Module-CoreList-2.78.tar.gz'
[MSG] [Tue Nov 27 06:32:01 2012] Extracted 'Module-CoreList-2.78'
[MSG] [Tue Nov 27 06:32:01 2012] Extracted 'Module-CoreList-2.78/lib'
[MSG] [Tue Nov 27 06:32:01 2012] Extracted 'Module-CoreList-2.78/lib/Module'
[MSG] [Tue Nov 27 06:32:01 2012] Extracted 'Module-CoreList-2.78/lib/Module/CoreList.pm'
[MSG] [Tue Nov 27 06:32:01 2012] Extracted 'Module-CoreList-2.78/lib/Module/CoreList'
[MSG] [Tue Nov 27 06:32:01 2012] Extracted 'Module-CoreList-2.78/lib/Module/CoreList/TieHashDelta.pm'
[MSG] [Tue Nov 27 06:32:01 2012] Extracted 'Module-CoreList-2.78/lib/Module/CoreList.pod'
[MSG] [Tue Nov 27 06:32:01 2012] Extracted 'Module-CoreList-2.78/Changes'
[MSG] [Tue Nov 27 06:32:01 2012] Extracted 'Module-CoreList-2.78/t'
[MSG] [Tue Nov 27 06:32:01 2012] Extracted 'Module-CoreList-2.78/t/corelist.t'
[MSG] [Tue Nov 27 06:32:01 2012] Extracted 'Module-CoreList-2.78/t/find_modules.t'
[MSG] [Tue Nov 27 06:32:01 2012] Extracted 'Module-CoreList-2.78/t/pod.t'
[MSG] [Tue Nov 27 06:32:01 2012] Extracted 'Module-CoreList-2.78/t/deprecated.t'
[MSG] [Tue Nov 27 06:32:01 2012] Extracted 'Module-CoreList-2.78/MANIFEST'
[MSG] [Tue Nov 27 06:32:01 2012] Extracted 'Module-CoreList-2.78/identify-dependencies'
[MSG] [Tue Nov 27 06:32:01 2012] Extracted 'Module-CoreList-2.78/corelist'
[MSG] [Tue Nov 27 06:32:01 2012] Extracted 'Module-CoreList-2.78/README'
[MSG] [Tue Nov 27 06:32:01 2012] Extracted 'Module-CoreList-2.78/Makefile.PL'
[MSG] [Tue Nov 27 06:32:01 2012] Extracted 'Module-CoreList-2.78/META.yml'
[MSG] [Tue Nov 27 06:32:01 2012] Extracted 'Module-CoreList-2.78/META.json'
[MSG] [Tue Nov 27 06:32:01 2012] Extracted 'Module::CoreList' to '/home/ioan/.cpanplus/5.16.2/build/Module-CoreList-2.78'
[MSG] [Tue Nov 27 06:32:01 2012] Checking if your kit is complete...
Looks good
Writing Makefile for Module::CoreList
Writing MYMETA.yml and MYMETA.json

[MSG] [Tue Nov 27 06:32:01 2012] DEFAULT 'filter_prereqs' HANDLER RETURNING 'sub return value'
[MSG] [Tue Nov 27 06:32:03 2012] cp corelist blib/script/corelist
cp lib/Module/CoreList.pm blib/lib/Module/CoreList.pm
cp lib/Module/CoreList/TieHashDelta.pm blib/lib/Module/CoreList/TieHashDelta.pm
cp lib/Module/CoreList.pod blib/lib/Module/CoreList.pod
/home/ioan/perl5/perlbrew/perls/perl-5.16.2/bin/perl -MExtUtils::MY -e 'MY->fixin(shift)' -- blib/script/corelist
Manifying blib/man1/corelist.1
Manifying blib/man3/Module::CoreList.3

[MSG] [Tue Nov 27 06:32:04 2012] MAKE TEST passed: PERL_DL_NONLAZY=1 /home/ioan/perl5/perlbrew/perls/perl-5.16.2/bin/perl "-MExtUtils::Command::MM" "-e" "test_harness(0, 'blib/lib', 'blib/arch')" t/*.t
t/deprecated.t .... ok
t/corelist.t ...... ok
t/pod.t ........... ok
t/find_modules.t .. ok
All tests successful.
Files=4, Tests=42,  1 wallclock secs ( 0.05 usr  0.01 sys +  1.45 cusr  0.02 csys =  1.53 CPU)
Result: PASS

[MSG] [Tue Nov 27 06:32:04 2012] Sending test report for 'Module-CoreList-2.78'
[MSG] [Tue Nov 27 06:32:04 2012] DEFAULT 'munge_test_report' HANDLER RETURNING 'sub return value'
[MSG] [Tue Nov 27 06:32:05 2012] Successfully sent 'pass' report for 'Module-CoreList-2.78'
[MSG] [Tue Nov 27 06:32:06 2012] Appending installation info to /home/ioan/perl5/perlbrew/perls/perl-5.16.2/lib/5.16.2/x86_64-linux-thread-multi/perllocal.pod
Installing /home/ioan/perl5/perlbrew/perls/perl-5.16.2/lib/site_perl/5.16.2/Module/CoreList.pm
Installing /home/ioan/perl5/perlbrew/perls/perl-5.16.2/lib/site_perl/5.16.2/Module/CoreList.pod
Installing /home/ioan/perl5/perlbrew/perls/perl-5.16.2/lib/site_perl/5.16.2/Module/CoreList/TieHashDelta.pm
Installing /home/ioan/perl5/perlbrew/perls/perl-5.16.2/man/man1/corelist.1
Installing /home/ioan/perl5/perlbrew/perls/perl-5.16.2/man/man3/Module::CoreList.3

[MSG] [Tue Nov 27 06:32:06 2012] Trying to get 'http://mirrors.gossamer-threads.com/CPAN/authors/id/M/ME/MEKK/Passwd-Keyring-Auto-0.2702.tar.gz'
[MSG] [Tue Nov 27 06:32:06 2012] Trying to get 'http://mirrors.gossamer-threads.com/CPAN/authors/id/M/ME/MEKK/CHECKSUMS'
[MSG] [Tue Nov 27 06:32:06 2012] Checksum matches for 'Passwd-Keyring-Auto-0.2702.tar.gz'
[MSG] [Tue Nov 27 06:32:07 2012] Extracted 'Passwd-Keyring-Auto-0.2702'
[MSG] [Tue Nov 27 06:32:07 2012] Extracted 'Passwd-Keyring-Auto-0.2702/Changes'
[MSG] [Tue Nov 27 06:32:07 2012] Extracted 'Passwd-Keyring-Auto-0.2702/Build.PL'
[MSG] [Tue Nov 27 06:32:07 2012] Extracted 'Passwd-Keyring-Auto-0.2702/README'
[MSG] [Tue Nov 27 06:32:07 2012] Extracted 'Passwd-Keyring-Auto-0.2702/META.json'
[MSG] [Tue Nov 27 06:32:07 2012] Extracted 'Passwd-Keyring-Auto-0.2702/INSTALL'
[MSG] [Tue Nov 27 06:32:07 2012] Extracted 'Passwd-Keyring-Auto-0.2702/MANIFEST'
[MSG] [Tue Nov 27 06:32:07 2012] Extracted 'Passwd-Keyring-Auto-0.2702/Makefile.PL'
[MSG] [Tue Nov 27 06:32:07 2012] Extracted 'Passwd-Keyring-Auto-0.2702/META.yml'
[MSG] [Tue Nov 27 06:32:07 2012] Extracted 'Passwd-Keyring-Auto-0.2702/lib'
[MSG] [Tue Nov 27 06:32:07 2012] Extracted 'Passwd-Keyring-Auto-0.2702/lib/Passwd'
[MSG] [Tue Nov 27 06:32:07 2012] Extracted 'Passwd-Keyring-Auto-0.2702/lib/Passwd/Keyring'
[MSG] [Tue Nov 27 06:32:07 2012] Extracted 'Passwd-Keyring-Auto-0.2702/lib/Passwd/Keyring/Auto.pm'
[MSG] [Tue Nov 27 06:32:07 2012] Extracted 'Passwd-Keyring-Auto-0.2702/lib/Passwd/Keyring/Auto'
[MSG] [Tue Nov 27 06:32:07 2012] Extracted 'Passwd-Keyring-Auto-0.2702/lib/Passwd/Keyring/Auto/KeyringAPI.pm'
[MSG] [Tue Nov 27 06:32:07 2012] Extracted 'Passwd-Keyring-Auto-0.2702/lib/Passwd/Keyring/Auto/KeyringAPI.pod'
[MSG] [Tue Nov 27 06:32:07 2012] Extracted 'Passwd-Keyring-Auto-0.2702/t'
[MSG] [Tue Nov 27 06:32:07 2012] Extracted 'Passwd-Keyring-Auto-0.2702/t/00-load.t'
[MSG] [Tue Nov 27 06:32:07 2012] Extracted 'Passwd-Keyring-Auto-0.2702/t/03-recovering-in-sep-prog.t'
[MSG] [Tue Nov 27 06:32:07 2012] Extracted 'Passwd-Keyring-Auto-0.2702/t/pod-coverage.t'
[MSG] [Tue Nov 27 06:32:07 2012] Extracted 'Passwd-Keyring-Auto-0.2702/t/02-many-sets-and-gets.t'
[MSG] [Tue Nov 27 06:32:07 2012] Extracted 'Passwd-Keyring-Auto-0.2702/t/21-finds_proper_keyring.t'
[MSG] [Tue Nov 27 06:32:07 2012] Extracted 'Passwd-Keyring-Auto-0.2702/t/01-set-and-get.t'
[MSG] [Tue Nov 27 06:32:07 2012] Extracted 'Passwd-Keyring-Auto-0.2702/t/cpan-meta-json.t'
[MSG] [Tue Nov 27 06:32:07 2012] Extracted 'Passwd-Keyring-Auto-0.2702/t/cpan-meta.t'
[MSG] [Tue Nov 27 06:32:07 2012] Extracted 'Passwd-Keyring-Auto-0.2702/t/50-keyring_ops.t'
[MSG] [Tue Nov 27 06:32:07 2012] Extracted 'Passwd-Keyring-Auto-0.2702/t/boilerplate.t'
[MSG] [Tue Nov 27 06:32:07 2012] Extracted 'Passwd-Keyring-Auto-0.2702/t/pod.t'
[MSG] [Tue Nov 27 06:32:07 2012] Extracted 'Passwd-Keyring-Auto-0.2702/t/manifest.t'
[MSG] [Tue Nov 27 06:32:07 2012] Extracted 'Passwd-Keyring-Auto-0.2702/sample'
[MSG] [Tue Nov 27 06:32:07 2012] Extracted 'Passwd-Keyring-Auto-0.2702/sample/imap_query_sample.pl'
[MSG] [Tue Nov 27 06:32:07 2012] Extracted 'Passwd::Keyring::Auto' to '/home/ioan/.cpanplus/5.16.2/build/Passwd-Keyring-Auto-0.2702'
[MSG] [Tue Nov 27 06:32:08 2012] Checking prerequisites...
  recommends:
    *  Passwd::Keyring::KDEWallet is not installed

ERRORS/WARNINGS FOUND IN PREREQUISITES.  You may wish to install the versions
of the modules indicated above before proceeding with this installation

Created MYMETA.yml and MYMETA.json
Creating new 'Build' script for 'Passwd-Keyring-Auto' version '0.2702'

[MSG] [Tue Nov 27 06:32:08 2012] DEFAULT 'filter_prereqs' HANDLER RETURNING 'sub return value'
[MSG] [Tue Nov 27 06:32:11 2012] Building Passwd-Keyring-Auto

[ERROR] [Tue Nov 27 06:32:17 2012] MAKE TEST failed:
# Testing Passwd::Keyring::Auto 0.2702, Perl 5.016002, /home/ioan/perl5/perlbrew/perls/perl-5.16.2/bin/perl
t/00-load.t .................... ok
t/21-finds_proper_keyring.t .... ok
t/boilerplate.t ................ ok
t/manifest.t ................... skipped: Author tests not required for installation
t/pod.t ........................ ok
t/cpan-meta-json.t ............. skipped: Test::CPAN::Meta::JSON required for testing META.json
t/cpan-meta.t .................. ok
t/pod-coverage.t ............... ok
# Using Passwd::Keyring::Gnome keyring
Use of uninitialized value in string eq at t/03-recovering-in-sep-prog.t line 21.

#   Failed test 'get works'
#   at t/03-recovering-in-sep-prog.t line 21.
Use of uninitialized value in string eq at t/03-recovering-in-sep-prog.t line 23.

#   Failed test 'get works'
#   at t/03-recovering-in-sep-prog.t line 23.
Use of uninitialized value in string eq at t/03-recovering-in-sep-prog.t line 25.

#   Failed test 'get works'
#   at t/03-recovering-in-sep-prog.t line 25.

#   Failed test 'clear clears'
#   at t/03-recovering-in-sep-prog.t line 27.
Use of uninitialized value in string eq at t/03-recovering-in-sep-prog.t line 31.

#   Failed test 'get works'
#   at t/03-recovering-in-sep-prog.t line 31.
Use of uninitialized value in string eq at t/03-recovering-in-sep-prog.t line 33.

#   Failed test 'get works'
#   at t/03-recovering-in-sep-prog.t line 33.

#   Failed test 'clear clears'
#   at t/03-recovering-in-sep-prog.t line 35.

#   Failed test 'clear clears'
#   at t/03-recovering-in-sep-prog.t line 37.
t/01-set-and-get.t ............. ok

#   Failed test 'clear cleared'
#   at t/03-recovering-in-sep-prog.t line 39.

#   Failed test 'clear cleared'
#   at t/03-recovering-in-sep-prog.t line 40.
# Looks like you failed 10 tests of 13.
t/03-recovering-in-sep-prog.t .. 
Dubious, test returned 10 (wstat 2560, 0xa00)
Failed 10/13 subtests 
t/02-many-sets-and-gets.t ...... ok
t/50-keyring_ops.t ............. ok

Test Summary Report
-------------------
t/boilerplate.t              (Wstat: 0 Tests: 3 Failed: 0)
  TODO passed:   1-3
t/03-recovering-in-sep-prog.t (Wstat: 2560 Tests: 13 Failed: 10)
  Failed tests:  3-6, 8-13
  Non-zero exit status: 10
Files=12, Tests=79,  5 wallclock secs ( 0.08 usr  0.02 sys +  0.55 cusr  0.10 csys =  0.75 CPU)
Result: FAIL
Failed 1/12 test programs. 10/79 subtests failed.
BEGIN failed--compilation aborted at -e line 1.
 
[HISTORY] [Tue Nov 27 07:06:40 2012] Proceed anyway? [y/N]:  y
[MSG] [Tue Nov 27 07:06:41 2012] Sending test report for 'Passwd-Keyring-Auto-0.2702'
[MSG] [Tue Nov 27 07:06:42 2012] DEFAULT 'munge_test_report' HANDLER RETURNING 'sub return value'
[HISTORY] [Tue Nov 27 07:06:44 2012] Would you like to send the test report? [y/N]:  y
[HISTORY] [Tue Nov 27 07:06:46 2012] Would you like to edit the test report? [Y/n]:  n
[MSG] [Tue Nov 27 07:06:48 2012] Successfully sent 'fail' report for 'Passwd-Keyring-Auto-0.2702'
[MSG] [Tue Nov 27 07:06:52 2012] Trying to get 'http://mirrors.gossamer-threads.com/CPAN/authors/id/M/ME/MEKK/Passwd-Keyring-Gnome-0.3001.tar.gz'
[MSG] [Tue Nov 27 07:06:53 2012] Using cached file '/home/ioan/.cpanplus/authors/id/M/ME/MEKK/CHECKSUMS' on disk; ttl (3600s) is not exceeded
[MSG] [Tue Nov 27 07:06:53 2012] Checksum matches for 'Passwd-Keyring-Gnome-0.3001.tar.gz'
[MSG] [Tue Nov 27 07:06:53 2012] Extracted 'Passwd-Keyring-Gnome-0.3001'
[MSG] [Tue Nov 27 07:06:53 2012] Extracted 'Passwd-Keyring-Gnome-0.3001/Changes'
[MSG] [Tue Nov 27 07:06:53 2012] Extracted 'Passwd-Keyring-Gnome-0.3001/Build.PL'
[MSG] [Tue Nov 27 07:06:53 2012] Extracted 'Passwd-Keyring-Gnome-0.3001/README'
[MSG] [Tue Nov 27 07:06:53 2012] Extracted 'Passwd-Keyring-Gnome-0.3001/META.json'
[MSG] [Tue Nov 27 07:06:53 2012] Extracted 'Passwd-Keyring-Gnome-0.3001/INSTALL'
[MSG] [Tue Nov 27 07:06:53 2012] Extracted 'Passwd-Keyring-Gnome-0.3001/MANIFEST'
[MSG] [Tue Nov 27 07:06:53 2012] Extracted 'Passwd-Keyring-Gnome-0.3001/Makefile.PL'
[MSG] [Tue Nov 27 07:06:53 2012] Extracted 'Passwd-Keyring-Gnome-0.3001/META.yml'
[MSG] [Tue Nov 27 07:06:53 2012] Extracted 'Passwd-Keyring-Gnome-0.3001/lib'
[MSG] [Tue Nov 27 07:06:53 2012] Extracted 'Passwd-Keyring-Gnome-0.3001/lib/Passwd'
[MSG] [Tue Nov 27 07:06:53 2012] Extracted 'Passwd-Keyring-Gnome-0.3001/lib/Passwd/Keyring'
[MSG] [Tue Nov 27 07:06:53 2012] Extracted 'Passwd-Keyring-Gnome-0.3001/lib/Passwd/Keyring/Gnome.pm'
[MSG] [Tue Nov 27 07:06:53 2012] Extracted 'Passwd-Keyring-Gnome-0.3001/lib/Passwd/Keyring/Gnome.xs'
[MSG] [Tue Nov 27 07:06:53 2012] Extracted 'Passwd-Keyring-Gnome-0.3001/t'
[MSG] [Tue Nov 27 07:06:53 2012] Extracted 'Passwd-Keyring-Gnome-0.3001/t/06-recovering-with-app-change.t'
[MSG] [Tue Nov 27 07:06:53 2012] Extracted 'Passwd-Keyring-Gnome-0.3001/t/00-load.t'
[MSG] [Tue Nov 27 07:06:53 2012] Extracted 'Passwd-Keyring-Gnome-0.3001/t/pod-coverage.t'
[MSG] [Tue Nov 27 07:06:53 2012] Extracted 'Passwd-Keyring-Gnome-0.3001/t/08-verylong-params.t'
[MSG] [Tue Nov 27 07:06:53 2012] Extracted 'Passwd-Keyring-Gnome-0.3001/t/03-many-sets-and-gets.t'
[MSG] [Tue Nov 27 07:06:53 2012] Extracted 'Passwd-Keyring-Gnome-0.3001/t/02-is-persistent.t'
[MSG] [Tue Nov 27 07:06:53 2012] Extracted 'Passwd-Keyring-Gnome-0.3001/t/07-ugly-chars.t'
[MSG] [Tue Nov 27 07:06:53 2012] Extracted 'Passwd-Keyring-Gnome-0.3001/t/04-recovering-in-sep-prog.t'
[MSG] [Tue Nov 27 07:06:53 2012] Extracted 'Passwd-Keyring-Gnome-0.3001/t/01-set-and-get.t'
[MSG] [Tue Nov 27 07:06:53 2012] Extracted 'Passwd-Keyring-Gnome-0.3001/t/cpan-meta-json.t'
[MSG] [Tue Nov 27 07:06:53 2012] Extracted 'Passwd-Keyring-Gnome-0.3001/t/cpan-meta.t'
[MSG] [Tue Nov 27 07:06:53 2012] Extracted 'Passwd-Keyring-Gnome-0.3001/t/05-many-sets-and-gets-with-name.t'
[MSG] [Tue Nov 27 07:06:53 2012] Extracted 'Passwd-Keyring-Gnome-0.3001/t/boilerplate.t'
[MSG] [Tue Nov 27 07:06:53 2012] Extracted 'Passwd-Keyring-Gnome-0.3001/t/pod.t'
[MSG] [Tue Nov 27 07:06:53 2012] Extracted 'Passwd-Keyring-Gnome-0.3001/t/manifest.t'
[MSG] [Tue Nov 27 07:06:53 2012] Extracted 'Passwd-Keyring-Gnome-0.3001/sample'
[MSG] [Tue Nov 27 07:06:53 2012] Extracted 'Passwd-Keyring-Gnome-0.3001/sample/imap_query_gnome_sample.pl'
[MSG] [Tue Nov 27 07:06:53 2012] Extracted 'Passwd::Keyring::Gnome' to '/home/ioan/.cpanplus/5.16.2/build/Passwd-Keyring-Gnome-0.3001'
[MSG] [Tue Nov 27 07:07:01 2012] Created MYMETA.yml and MYMETA.json
Creating new 'Build' script for 'Passwd-Keyring-Gnome' version '0.3001'

[MSG] [Tue Nov 27 07:07:01 2012] DEFAULT 'filter_prereqs' HANDLER RETURNING 'sub return value'
[MSG] [Tue Nov 27 07:07:06 2012] Building Passwd-Keyring-Gnome
cc -I/home/ioan/perl5/perlbrew/perls/perl-5.16.2/lib/5.16.2/x86_64-linux-thread-multi/CORE -DXS_VERSION="0.3001" -DVERSION="0.3001" -fPIC -I/usr/include/gnome-keyring-1 -I/usr/include/glib-2.0 -I/usr/lib/x86_64-linux-gnu/glib-2.0/include -c -D_REENTRANT -D_GNU_SOURCE -march=native -O3 -fno-strict-aliasing -pipe -fstack-protector -I/usr/local/include -D_LARGEFILE_SOURCE -D_FILE_OFFSET_BITS=64 -O2 -o lib/Passwd/Keyring/Gnome.o lib/Passwd/Keyring/Gnome.c
ExtUtils::Mkbootstrap::Mkbootstrap('blib/arch/auto/Passwd/Keyring/Gnome/Gnome.bs')
cc -shared -O2 -L/usr/local/lib -fstack-protector -o blib/arch/auto/Passwd/Keyring/Gnome/Gnome.so lib/Passwd/Keyring/Gnome.o -lgnome-keyring -lglib-2.0

[ERROR] [Tue Nov 27 07:07:10 2012] MAKE TEST failed:
# Testing Passwd::Keyring::Gnome 0.3001, Perl 5.016002, /home/ioan/perl5/perlbrew/perls/perl-5.16.2/bin/perl
# Consider spawning  seahorse  and observing password changes caused by tests
t/00-load.t .......................... ok
t/02-is-persistent.t ................. ok
t/boilerplate.t ...................... ok
Use of uninitialized value in string eq at t/04-recovering-in-sep-prog.t line 24.

#   Failed test 'get works'
#   at t/04-recovering-in-sep-prog.t line 24.
Use of uninitialized value in string eq at t/04-recovering-in-sep-prog.t line 26.
t/cpan-meta-json.t ................... skipped: Test::CPAN::Meta::JSON required for testing META.json

#   Failed test 'get works'
#   at t/04-recovering-in-sep-prog.t line 26.
Use of uninitialized value in string eq at t/04-recovering-in-sep-prog.t line 28.

#   Failed test 'get works'
#   at t/04-recovering-in-sep-prog.t line 28.
t/cpan-meta.t ........................ ok

#   Failed test 'clear clears'
#   at t/04-recovering-in-sep-prog.t line 30.
t/manifest.t ......................... skipped: Author tests not required for installation

#   Failed test 'clear cleared'
#   at t/04-recovering-in-sep-prog.t line 32.
t/07-ugly-chars.t .................... ok
t/pod-coverage.t ..................... ok
t/08-verylong-params.t ............... ok
t/01-set-and-get.t ................... ok
t/pod.t .............................. ok
Failed to find a password Programmer error: The application sent invalid data. at /home/ioan/.cpanplus/5.16.2/build/Passwd-Keyring-Gnome-0.3001/blib/lib/Passwd/Keyring/Gnome.pm line 114.
# Looks like you planned 11 tests but ran 4.
# Looks like your test exited with 11 just after 4.
t/03-many-sets-and-gets.t ............ 
Dubious, test returned 11 (wstat 2816, 0xb00)
Failed 7/11 subtests 

#   Failed test 'clear cleared'
#   at t/04-recovering-in-sep-prog.t line 42.
# Looks like you failed 6 tests of 13.
t/04-recovering-in-sep-prog.t ........ 
Dubious, test returned 6 (wstat 1536, 0x600)
Failed 6/13 subtests 
t/06-recovering-with-app-change.t .... ok
t/05-many-sets-and-gets-with-name.t .. ok

Test Summary Report
-------------------
t/boilerplate.t                    (Wstat: 0 Tests: 3 Failed: 0)
  TODO passed:   1-3
t/03-many-sets-and-gets.t          (Wstat: 2816 Tests: 4 Failed: 0)
  Non-zero exit status: 11
  Parse errors: Bad plan.  You planned 11 tests but ran 4.
t/04-recovering-in-sep-prog.t      (Wstat: 1536 Tests: 13 Failed: 6)
  Failed tests:  3-7, 12
  Non-zero exit status: 6
Files=15, Tests=79,  4 wallclock secs ( 0.13 usr  0.03 sys +  0.70 cusr  0.17 csys =  1.03 CPU)
Result: FAIL
Failed 2/15 test programs. 6/79 subtests failed.
BEGIN failed--compilation aborted at -e line 1.
 
[HISTORY] [Tue Nov 27 07:07:13 2012] Proceed anyway? [y/N]:  y
[MSG] [Tue Nov 27 07:07:15 2012] Sending test report for 'Passwd-Keyring-Gnome-0.3001'
[MSG] [Tue Nov 27 07:07:15 2012] DEFAULT 'munge_test_report' HANDLER RETURNING 'sub return value'
[HISTORY] [Tue Nov 27 07:07:17 2012] Would you like to send the test report? [y/N]:  y
[HISTORY] [Tue Nov 27 07:07:18 2012] Would you like to edit the test report? [Y/n]:  n
[MSG] [Tue Nov 27 07:07:20 2012] Successfully sent 'fail' report for 'Passwd-Keyring-Gnome-0.3001'
[MSG] [Tue Nov 27 07:07:21 2012] Trying to get 'http://mirrors.gossamer-threads.com/CPAN/authors/id/M/ME/MEKK/Passwd-Keyring-PWSafe3-0.2002.tar.gz'
[MSG] [Tue Nov 27 07:07:21 2012] Using cached file '/home/ioan/.cpanplus/authors/id/M/ME/MEKK/CHECKSUMS' on disk; ttl (3600s) is not exceeded
[MSG] [Tue Nov 27 07:07:21 2012] Checksum matches for 'Passwd-Keyring-PWSafe3-0.2002.tar.gz'
[MSG] [Tue Nov 27 07:07:21 2012] Extracted 'Passwd-Keyring-PWSafe3-0.2002'
[MSG] [Tue Nov 27 07:07:21 2012] Extracted 'Passwd-Keyring-PWSafe3-0.2002/README'
[MSG] [Tue Nov 27 07:07:21 2012] Extracted 'Passwd-Keyring-PWSafe3-0.2002/META.yml'
[MSG] [Tue Nov 27 07:07:22 2012] Extracted 'Passwd-Keyring-PWSafe3-0.2002/INSTALL'
[MSG] [Tue Nov 27 07:07:22 2012] Extracted 'Passwd-Keyring-PWSafe3-0.2002/Build.PL'
[MSG] [Tue Nov 27 07:07:22 2012] Extracted 'Passwd-Keyring-PWSafe3-0.2002/MANIFEST'
[MSG] [Tue Nov 27 07:07:22 2012] Extracted 'Passwd-Keyring-PWSafe3-0.2002/META.json'
[MSG] [Tue Nov 27 07:07:22 2012] Extracted 'Passwd-Keyring-PWSafe3-0.2002/Changes'
[MSG] [Tue Nov 27 07:07:22 2012] Extracted 'Passwd-Keyring-PWSafe3-0.2002/Makefile.PL'
[MSG] [Tue Nov 27 07:07:22 2012] Extracted 'Passwd-Keyring-PWSafe3-0.2002/lib'
[MSG] [Tue Nov 27 07:07:22 2012] Extracted 'Passwd-Keyring-PWSafe3-0.2002/lib/Passwd'
[MSG] [Tue Nov 27 07:07:22 2012] Extracted 'Passwd-Keyring-PWSafe3-0.2002/lib/Passwd/Keyring'
[MSG] [Tue Nov 27 07:07:22 2012] Extracted 'Passwd-Keyring-PWSafe3-0.2002/lib/Passwd/Keyring/PWSafe3.pm'
[MSG] [Tue Nov 27 07:07:22 2012] Extracted 'Passwd-Keyring-PWSafe3-0.2002/example'
[MSG] [Tue Nov 27 07:07:22 2012] Extracted 'Passwd-Keyring-PWSafe3-0.2002/example/imap_query_example.pl'
[MSG] [Tue Nov 27 07:07:22 2012] Extracted 'Passwd-Keyring-PWSafe3-0.2002/t'
[MSG] [Tue Nov 27 07:07:22 2012] Extracted 'Passwd-Keyring-PWSafe3-0.2002/t/03-many-sets-and-gets.t'
[MSG] [Tue Nov 27 07:07:22 2012] Extracted 'Passwd-Keyring-PWSafe3-0.2002/t/manifest.t'
[MSG] [Tue Nov 27 07:07:22 2012] Extracted 'Passwd-Keyring-PWSafe3-0.2002/t/02-is-persistent.t'
[MSG] [Tue Nov 27 07:07:22 2012] Extracted 'Passwd-Keyring-PWSafe3-0.2002/t/00-load.t'
[MSG] [Tue Nov 27 07:07:22 2012] Extracted 'Passwd-Keyring-PWSafe3-0.2002/t/pod-coverage.t'
[MSG] [Tue Nov 27 07:07:22 2012] Extracted 'Passwd-Keyring-PWSafe3-0.2002/t/04-recovering-in-sep-prog.t'
[MSG] [Tue Nov 27 07:07:22 2012] Extracted 'Passwd-Keyring-PWSafe3-0.2002/t/99-note.t'
[MSG] [Tue Nov 27 07:07:22 2012] Extracted 'Passwd-Keyring-PWSafe3-0.2002/t/08-verylong-params.t'
[MSG] [Tue Nov 27 07:07:22 2012] Extracted 'Passwd-Keyring-PWSafe3-0.2002/t/09-using-fresh-file.t'
[MSG] [Tue Nov 27 07:07:22 2012] Extracted 'Passwd-Keyring-PWSafe3-0.2002/t/05-many-sets-and-gets-with-name.t'
[MSG] [Tue Nov 27 07:07:22 2012] Extracted 'Passwd-Keyring-PWSafe3-0.2002/t/cpan-meta-json.t'
[MSG] [Tue Nov 27 07:07:22 2012] Extracted 'Passwd-Keyring-PWSafe3-0.2002/t/pod.t'
[MSG] [Tue Nov 27 07:07:22 2012] Extracted 'Passwd-Keyring-PWSafe3-0.2002/t/06-recovering-with-app-change.t'
[MSG] [Tue Nov 27 07:07:22 2012] Extracted 'Passwd-Keyring-PWSafe3-0.2002/t/boilerplate.t'
[MSG] [Tue Nov 27 07:07:22 2012] Extracted 'Passwd-Keyring-PWSafe3-0.2002/t/07-ugly-chars.t'
[MSG] [Tue Nov 27 07:07:22 2012] Extracted 'Passwd-Keyring-PWSafe3-0.2002/t/01-set-and-get.t'
[MSG] [Tue Nov 27 07:07:22 2012] Extracted 'Passwd-Keyring-PWSafe3-0.2002/t/cpan-meta.t'
[MSG] [Tue Nov 27 07:07:22 2012] Extracted 'Passwd-Keyring-PWSafe3-0.2002/t/sampledb'
[MSG] [Tue Nov 27 07:07:22 2012] Extracted 'Passwd-Keyring-PWSafe3-0.2002/t/sampledb/control_print.pl'
[MSG] [Tue Nov 27 07:07:22 2012] Extracted 'Passwd-Keyring-PWSafe3-0.2002/t/sampledb/control_save.pl'
[MSG] [Tue Nov 27 07:07:22 2012] Extracted 'Passwd-Keyring-PWSafe3-0.2002/t/sampledb/what_it_is_and_how_to_open.txt'
[MSG] [Tue Nov 27 07:07:22 2012] Extracted 'Passwd-Keyring-PWSafe3-0.2002/t/sampledb/test.psafe3'
[MSG] [Tue Nov 27 07:07:22 2012] Extracted 'Passwd::Keyring::PWSafe3' to '/home/ioan/.cpanplus/5.16.2/build/Passwd-Keyring-PWSafe3-0.2002'
[MSG] [Tue Nov 27 07:07:22 2012] Checking prerequisites...
  requires:
    !  Bytes::Random::Secure is not installed
  recommends:
    *  Math::Random::ISAAC::XS is not installed

ERRORS/WARNINGS FOUND IN PREREQUISITES.  You may wish to install the versions
of the modules indicated above before proceeding with this installation

Created MYMETA.yml and MYMETA.json
Creating new 'Build' script for 'Passwd-Keyring-PWSafe3' version '0.2002'

[MSG] [Tue Nov 27 07:07:22 2012] DEFAULT 'filter_prereqs' HANDLER RETURNING 'sub return value'
[MSG] [Tue Nov 27 07:07:25 2012] Module 'Passwd::Keyring::PWSafe3' requires 'Bytes::Random::Secure' version '0.09' to be installed 
[MSG] [Tue Nov 27 07:07:31 2012] Trying to get 'http://mirrors.gossamer-threads.com/CPAN/authors/id/D/DA/DAVIDO/Bytes-Random-Secure-0.09.tar.gz'
[MSG] [Tue Nov 27 07:07:32 2012] Trying to get 'http://mirrors.gossamer-threads.com/CPAN/authors/id/D/DA/DAVIDO/CHECKSUMS'
[MSG] [Tue Nov 27 07:07:32 2012] Checksum matches for 'Bytes-Random-Secure-0.09.tar.gz'
[MSG] [Tue Nov 27 07:07:32 2012] Extracted 'Bytes-Random-Secure-0.09/'
[MSG] [Tue Nov 27 07:07:32 2012] Extracted 'Bytes-Random-Secure-0.09/README'
[MSG] [Tue Nov 27 07:07:32 2012] Extracted 'Bytes-Random-Secure-0.09/META.yml'
[MSG] [Tue Nov 27 07:07:32 2012] Extracted 'Bytes-Random-Secure-0.09/lib/'
[MSG] [Tue Nov 27 07:07:32 2012] Extracted 'Bytes-Random-Secure-0.09/lib/Bytes/'
[MSG] [Tue Nov 27 07:07:32 2012] Extracted 'Bytes-Random-Secure-0.09/lib/Bytes/Random/'
[MSG] [Tue Nov 27 07:07:32 2012] Extracted 'Bytes-Random-Secure-0.09/lib/Bytes/Random/Secure.pm'
[MSG] [Tue Nov 27 07:07:32 2012] Extracted 'Bytes-Random-Secure-0.09/Changes'
[MSG] [Tue Nov 27 07:07:32 2012] Extracted 'Bytes-Random-Secure-0.09/examples/'
[MSG] [Tue Nov 27 07:07:32 2012] Extracted 'Bytes-Random-Secure-0.09/examples/random-sha512.pl'
[MSG] [Tue Nov 27 07:07:32 2012] Extracted 'Bytes-Random-Secure-0.09/t/'
[MSG] [Tue Nov 27 07:07:32 2012] Extracted 'Bytes-Random-Secure-0.09/t/20-functionality.t'
[MSG] [Tue Nov 27 07:07:32 2012] Extracted 'Bytes-Random-Secure-0.09/t/01-manifest.t'
[MSG] [Tue Nov 27 07:07:32 2012] Extracted 'Bytes-Random-Secure-0.09/t/10-prereqs.t'
[MSG] [Tue Nov 27 07:07:32 2012] Extracted 'Bytes-Random-Secure-0.09/t/02-pod.t'
[MSG] [Tue Nov 27 07:07:32 2012] Extracted 'Bytes-Random-Secure-0.09/t/21-bytes_random_tests.t'
[MSG] [Tue Nov 27 07:07:32 2012] Extracted 'Bytes-Random-Secure-0.09/t/03-pod-coverage.t'
[MSG] [Tue Nov 27 07:07:32 2012] Extracted 'Bytes-Random-Secure-0.09/t/04-perlcritic.t'
[MSG] [Tue Nov 27 07:07:32 2012] Extracted 'Bytes-Random-Secure-0.09/t/09-changes.t'
[MSG] [Tue Nov 27 07:07:32 2012] Extracted 'Bytes-Random-Secure-0.09/t/11-load.t'
[MSG] [Tue Nov 27 07:07:32 2012] Extracted 'Bytes-Random-Secure-0.09/t/00-boilerplate.t'
[MSG] [Tue Nov 27 07:07:32 2012] Extracted 'Bytes-Random-Secure-0.09/t/05-kwalitee.t'
[MSG] [Tue Nov 27 07:07:32 2012] Extracted 'Bytes-Random-Secure-0.09/Makefile.PL'
[MSG] [Tue Nov 27 07:07:32 2012] Extracted 'Bytes-Random-Secure-0.09/META.json'
[MSG] [Tue Nov 27 07:07:32 2012] Extracted 'Bytes-Random-Secure-0.09/MANIFEST'
[MSG] [Tue Nov 27 07:07:32 2012] Extracted 'Bytes::Random::Secure' to '/home/ioan/.cpanplus/5.16.2/build/Bytes-Random-Secure-0.09'
[MSG] [Tue Nov 27 07:07:33 2012] Checking if your kit is complete...
Looks good
Warning: prerequisite Crypt::Random::Source 0 not found.
Warning: prerequisite Math::Random::ISAAC 0 not found.
Writing Makefile for Bytes::Random::Secure
Writing MYMETA.yml and MYMETA.json

[MSG] [Tue Nov 27 07:07:33 2012] DEFAULT 'filter_prereqs' HANDLER RETURNING 'sub return value'
[MSG] [Tue Nov 27 07:07:35 2012] Module 'Bytes::Random::Secure' requires 'Crypt::Random::Source' version '0' to be installed 
[MSG] [Tue Nov 27 07:07:42 2012] Module 'Bytes::Random::Secure' requires 'Math::Random::ISAAC' version '0' to be installed 
[MSG] [Tue Nov 27 07:07:42 2012] Trying to get 'http://mirrors.gossamer-threads.com/CPAN/authors/id/N/NU/NUFFIN/CHECKSUMS'
[MSG] [Tue Nov 27 07:07:43 2012] Checksum matches for 'Crypt-Random-Source-0.07.tar.gz'
[MSG] [Tue Nov 27 07:07:43 2012] Extracted 'Crypt-Random-Source-0.07'
[MSG] [Tue Nov 27 07:07:43 2012] Extracted 'Crypt-Random-Source-0.07/README'
[MSG] [Tue Nov 27 07:07:43 2012] Extracted 'Crypt-Random-Source-0.07/Changes'
[MSG] [Tue Nov 27 07:07:43 2012] Extracted 'Crypt-Random-Source-0.07/LICENSE'
[MSG] [Tue Nov 27 07:07:43 2012] Extracted 'Crypt-Random-Source-0.07/dist.ini'
[MSG] [Tue Nov 27 07:07:43 2012] Extracted 'Crypt-Random-Source-0.07/t'
[MSG] [Tue Nov 27 07:07:43 2012] Extracted 'Crypt-Random-Source-0.07/t/proc.t'
[MSG] [Tue Nov 27 07:07:43 2012] Extracted 'Crypt-Random-Source-0.07/t/rand.t'
[MSG] [Tue Nov 27 07:07:43 2012] Extracted 'Crypt-Random-Source-0.07/META.yml'
[MSG] [Tue Nov 27 07:07:43 2012] Extracted 'Crypt-Random-Source-0.07/MANIFEST'
[MSG] [Tue Nov 27 07:07:43 2012] Extracted 'Crypt-Random-Source-0.07/t/sugar.t'
[MSG] [Tue Nov 27 07:07:43 2012] Extracted 'Crypt-Random-Source-0.07/META.json'
[MSG] [Tue Nov 27 07:07:43 2012] Extracted 'Crypt-Random-Source-0.07/SIGNATURE'
[MSG] [Tue Nov 27 07:07:43 2012] Extracted 'Crypt-Random-Source-0.07/t/reread.t'
[MSG] [Tue Nov 27 07:07:43 2012] Extracted 'Crypt-Random-Source-0.07/t/factory.t'
[MSG] [Tue Nov 27 07:07:43 2012] Extracted 'Crypt-Random-Source-0.07/Makefile.PL'
[MSG] [Tue Nov 27 07:07:43 2012] Extracted 'Crypt-Random-Source-0.07/t/blocking.t'
[MSG] [Tue Nov 27 07:07:43 2012] Extracted 'Crypt-Random-Source-0.07/t/dev_random.t'
[MSG] [Tue Nov 27 07:07:43 2012] Extracted 'Crypt-Random-Source-0.07/t/release-eol.t'
[MSG] [Tue Nov 27 07:07:43 2012] Extracted 'Crypt-Random-Source-0.07/t/release-pod-syntax.t'
[MSG] [Tue Nov 27 07:07:43 2012] Extracted 'Crypt-Random-Source-0.07/lib/Crypt/Random'
[MSG] [Tue Nov 27 07:07:43 2012] Extracted 'Crypt-Random-Source-0.07/lib/Crypt/Random/Source.pm'
[MSG] [Tue Nov 27 07:07:43 2012] Extracted 'Crypt-Random-Source-0.07/lib/Crypt/Random/Source'
[MSG] [Tue Nov 27 07:07:43 2012] Extracted 'Crypt-Random-Source-0.07/lib/Crypt/Random/Source/Base.pm'
[MSG] [Tue Nov 27 07:07:43 2012] Extracted 'Crypt-Random-Source-0.07/lib/Crypt/Random/Source/Weak.pm'
[MSG] [Tue Nov 27 07:07:43 2012] Extracted 'Crypt-Random-Source-0.07/lib/Crypt/Random/Source/Strong.pm'
[MSG] [Tue Nov 27 07:07:43 2012] Extracted 'Crypt-Random-Source-0.07/lib/Crypt/Random/Source/Factory.pm'
[MSG] [Tue Nov 27 07:07:43 2012] Extracted 'Crypt-Random-Source-0.07/lib/Crypt/Random/Source/Base'
[MSG] [Tue Nov 27 07:07:43 2012] Extracted 'Crypt-Random-Source-0.07/lib/Crypt/Random/Source/Base/File.pm'
[MSG] [Tue Nov 27 07:07:43 2012] Extracted 'Crypt-Random-Source-0.07/lib/Crypt/Random/Source/Base/Proc.pm'
[MSG] [Tue Nov 27 07:07:43 2012] Extracted 'Crypt-Random-Source-0.07/lib/Crypt/Random/Source/Weak'
[MSG] [Tue Nov 27 07:07:43 2012] Extracted 'Crypt-Random-Source-0.07/lib/Crypt/Random/Source/Weak/rand.pm'
[MSG] [Tue Nov 27 07:07:43 2012] Extracted 'Crypt-Random-Source-0.07/lib/Crypt/Random/Source/Base/Handle.pm'
[MSG] [Tue Nov 27 07:07:43 2012] Extracted 'Crypt-Random-Source-0.07/lib/Crypt/Random/Source/Weak/devurandom.pm'
[MSG] [Tue Nov 27 07:07:43 2012] Extracted 'Crypt-Random-Source-0.07/lib/Crypt/Random/Source/Strong'
[MSG] [Tue Nov 27 07:07:43 2012] Extracted 'Crypt-Random-Source-0.07/lib/Crypt/Random/Source/Strong/devrandom.pm'
[MSG] [Tue Nov 27 07:07:43 2012] Extracted 'Crypt-Random-Source-0.07/lib/Crypt/Random/Source/Base/RandomDevice.pm'
[MSG] [Tue Nov 27 07:07:43 2012] Extracted 'Crypt::Random::Source' to '/home/ioan/.cpanplus/5.16.2/build/Crypt-Random-Source-0.07'
[MSG] [Tue Nov 27 07:07:45 2012] Checking if your kit is complete...
Looks good
Warning: prerequisite ok 0 not found.
Writing Makefile for Crypt::Random::Source
Writing MYMETA.yml and MYMETA.json

[MSG] [Tue Nov 27 07:07:45 2012] DEFAULT 'filter_prereqs' HANDLER RETURNING 'sub return value'
[MSG] [Tue Nov 27 07:08:16 2012] Module 'Crypt::Random::Source' requires 'ok' version '0' to be installed 
[MSG] [Tue Nov 27 07:08:16 2012] Trying to get 'http://mirrors.gossamer-threads.com/CPAN/authors/id/A/AU/AUDREYT/CHECKSUMS'
[MSG] [Tue Nov 27 07:08:18 2012] Checksum matches for 'Test-use-ok-0.11.tar.gz'
[MSG] [Tue Nov 27 07:08:18 2012] Extracted 'Test-use-ok-0.11/'
[MSG] [Tue Nov 27 07:08:18 2012] Extracted 'Test-use-ok-0.11/Changes'
[MSG] [Tue Nov 27 07:08:18 2012] Extracted 'Test-use-ok-0.11/inc/'
[MSG] [Tue Nov 27 07:08:18 2012] Extracted 'Test-use-ok-0.11/lib/'
[MSG] [Tue Nov 27 07:08:18 2012] Extracted 'Test-use-ok-0.11/Makefile.PL'
[MSG] [Tue Nov 27 07:08:18 2012] Extracted 'Test-use-ok-0.11/MANIFEST'
[MSG] [Tue Nov 27 07:08:18 2012] Extracted 'Test-use-ok-0.11/META.yml'
[MSG] [Tue Nov 27 07:08:18 2012] Extracted 'Test-use-ok-0.11/README'
[MSG] [Tue Nov 27 07:08:18 2012] Extracted 'Test-use-ok-0.11/README.mkdn'
[MSG] [Tue Nov 27 07:08:18 2012] Extracted 'Test-use-ok-0.11/t/'
[MSG] [Tue Nov 27 07:08:18 2012] Extracted 'Test-use-ok-0.11/t/01-basic.t'
[MSG] [Tue Nov 27 07:08:18 2012] Extracted 'Test-use-ok-0.11/lib/ok.pm'
[MSG] [Tue Nov 27 07:08:18 2012] Extracted 'Test-use-ok-0.11/lib/Test/'
[MSG] [Tue Nov 27 07:08:18 2012] Extracted 'Test-use-ok-0.11/lib/Test/use/'
[MSG] [Tue Nov 27 07:08:18 2012] Extracted 'Test-use-ok-0.11/lib/Test/use/ok.pm'
[MSG] [Tue Nov 27 07:08:18 2012] Extracted 'Test-use-ok-0.11/inc/Module/'
[MSG] [Tue Nov 27 07:08:18 2012] Extracted 'Test-use-ok-0.11/inc/Pod/'
[MSG] [Tue Nov 27 07:08:18 2012] Extracted 'Test-use-ok-0.11/inc/Pod/Markdown.pm'
[MSG] [Tue Nov 27 07:08:18 2012] Extracted 'Test-use-ok-0.11/inc/Module/Install/'
[MSG] [Tue Nov 27 07:08:18 2012] Extracted 'Test-use-ok-0.11/inc/Module/Install.pm'
[MSG] [Tue Nov 27 07:08:18 2012] Extracted 'Test-use-ok-0.11/inc/Module/Package.pm'
[MSG] [Tue Nov 27 07:08:18 2012] Extracted 'Test-use-ok-0.11/inc/Module/Install/Base.pm'
[MSG] [Tue Nov 27 07:08:18 2012] Extracted 'Test-use-ok-0.11/inc/Module/Install/Can.pm'
[MSG] [Tue Nov 27 07:08:18 2012] Extracted 'Test-use-ok-0.11/inc/Module/Install/Fetch.pm'
[MSG] [Tue Nov 27 07:08:18 2012] Extracted 'Test-use-ok-0.11/inc/Module/Install/GithubMeta.pm'
[MSG] [Tue Nov 27 07:08:18 2012] Extracted 'Test-use-ok-0.11/inc/Module/Install/Makefile.pm'
[MSG] [Tue Nov 27 07:08:18 2012] Extracted 'Test-use-ok-0.11/inc/Module/Install/Metadata.pm'
[MSG] [Tue Nov 27 07:08:18 2012] Extracted 'Test-use-ok-0.11/inc/Module/Install/Package.pm'
[MSG] [Tue Nov 27 07:08:18 2012] Extracted 'Test-use-ok-0.11/inc/Module/Install/Win32.pm'
[MSG] [Tue Nov 27 07:08:18 2012] Extracted 'Test-use-ok-0.11/inc/Module/Install/WriteAll.pm'
[MSG] [Tue Nov 27 07:08:18 2012] Extracted 'ok' to '/home/ioan/.cpanplus/5.16.2/build/Test-use-ok-0.11'
[MSG] [Tue Nov 27 07:08:19 2012] Cannot determine author info from lib/Test/use/ok.pm
Cannot determine license info from lib/Test/use/ok.pm
Checking if your kit is complete...
Looks good
Writing Makefile for Test::use::ok
Writing MYMETA.yml and MYMETA.json

[MSG] [Tue Nov 27 07:08:19 2012] DEFAULT 'filter_prereqs' HANDLER RETURNING 'sub return value'
[MSG] [Tue Nov 27 07:08:19 2012] cp lib/ok.pm blib/lib/ok.pm
cp lib/Test/use/ok.pm blib/lib/Test/use/ok.pm
Manifying blib/man3/Test::use::ok.3
Manifying blib/man3/ok.3

[MSG] [Tue Nov 27 07:08:20 2012] MAKE TEST passed: PERL_DL_NONLAZY=1 /home/ioan/perl5/perlbrew/perls/perl-5.16.2/bin/perl "-MExtUtils::Command::MM" "-e" "test_harness(0, 'inc', 'blib/lib', 'blib/arch')" t/*.t
t/01-basic.t .. ok
All tests successful.
Files=1, Tests=3,  0 wallclock secs ( 0.03 usr  0.01 sys +  0.02 cusr  0.00 csys =  0.06 CPU)
Result: PASS

[MSG] [Tue Nov 27 07:08:20 2012] Sending test report for 'Test-use-ok-0.11'
[MSG] [Tue Nov 27 07:08:20 2012] DEFAULT 'munge_test_report' HANDLER RETURNING 'sub return value'
[MSG] [Tue Nov 27 07:08:21 2012] Successfully sent 'pass' report for 'Test-use-ok-0.11'
[MSG] [Tue Nov 27 07:08:22 2012] Manifying blib/man3/Test::use::ok.3
Manifying blib/man3/ok.3
Appending installation info to /home/ioan/perl5/perlbrew/perls/perl-5.16.2/lib/5.16.2/x86_64-linux-thread-multi/perllocal.pod
Installing /home/ioan/perl5/perlbrew/perls/perl-5.16.2/lib/site_perl/5.16.2/ok.pm
Installing /home/ioan/perl5/perlbrew/perls/perl-5.16.2/lib/site_perl/5.16.2/Test/use/ok.pm
Installing /home/ioan/perl5/perlbrew/perls/perl-5.16.2/man/man3/Test::use::ok.3
Installing /home/ioan/perl5/perlbrew/perls/perl-5.16.2/man/man3/ok.3

[MSG] [Tue Nov 27 07:08:22 2012] cp lib/Crypt/Random/Source/Base/RandomDevice.pm blib/lib/Crypt/Random/Source/Base/RandomDevice.pm
cp lib/Crypt/Random/Source/Base.pm blib/lib/Crypt/Random/Source/Base.pm
cp lib/Crypt/Random/Source/Base/File.pm blib/lib/Crypt/Random/Source/Base/File.pm
cp lib/Crypt/Random/Source/Base/Proc.pm blib/lib/Crypt/Random/Source/Base/Proc.pm
cp lib/Crypt/Random/Source/Weak/devurandom.pm blib/lib/Crypt/Random/Source/Weak/devurandom.pm
cp lib/Crypt/Random/Source/Strong/devrandom.pm blib/lib/Crypt/Random/Source/Strong/devrandom.pm
cp lib/Crypt/Random/Source/Factory.pm blib/lib/Crypt/Random/Source/Factory.pm
cp lib/Crypt/Random/Source/Base/Handle.pm blib/lib/Crypt/Random/Source/Base/Handle.pm
cp lib/Crypt/Random/Source/Weak.pm blib/lib/Crypt/Random/Source/Weak.pm
cp lib/Crypt/Random/Source/Strong.pm blib/lib/Crypt/Random/Source/Strong.pm
cp lib/Crypt/Random/Source.pm blib/lib/Crypt/Random/Source.pm
cp lib/Crypt/Random/Source/Weak/rand.pm blib/lib/Crypt/Random/Source/Weak/rand.pm
Manifying blib/man3/Crypt::Random::Source::Base::RandomDevice.3
Manifying blib/man3/Crypt::Random::Source::Base::File.3
Manifying blib/man3/Crypt::Random::Source::Base.3
Manifying blib/man3/Crypt::Random::Source::Base::Proc.3
Manifying blib/man3/Crypt::Random::Source::Strong::devrandom.3
Manifying blib/man3/Crypt::Random::Source::Weak::devurandom.3
Manifying blib/man3/Crypt::Random::Source::Factory.3
Manifying blib/man3/Crypt::Random::Source::Weak.3
Manifying blib/man3/Crypt::Random::Source::Base::Handle.3
Manifying blib/man3/Crypt::Random::Source::Weak::rand.3
Manifying blib/man3/Crypt::Random::Source.3
Manifying blib/man3/Crypt::Random::Source::Strong.3

[MSG] [Tue Nov 27 07:08:23 2012] MAKE TEST passed: PERL_DL_NONLAZY=1 /home/ioan/perl5/perlbrew/perls/perl-5.16.2/bin/perl "-MExtUtils::Command::MM" "-e" "test_harness(0, 'blib/lib', 'blib/arch')" t/*.t
t/release-eol.t ......... skipped: these tests are for release candidate testing
t/release-pod-syntax.t .. skipped: these tests are for release candidate testing
t/blocking.t ............ ok
	(in cleanup) close:  at /home/ioan/.cpanplus/5.16.2/build/Crypt-Random-Source-0.07/blib/lib/Crypt/Random/Source/Base/Handle.pm line 97.
t/rand.t ................ ok
	(in cleanup) close: Resource temporarily unavailable at /home/ioan/.cpanplus/5.16.2/build/Crypt-Random-Source-0.07/blib/lib/Crypt/Random/Source/Base/Handle.pm line 97.
t/reread.t .............. ok
t/dev_random.t .......... ok
t/proc.t ................ ok
t/sugar.t ............... ok
t/factory.t ............. ok
All tests successful.
Files=9, Tests=53,  1 wallclock secs ( 0.06 usr  0.02 sys +  0.68 cusr  0.14 csys =  0.90 CPU)
Result: PASS

[MSG] [Tue Nov 27 07:08:23 2012] Sending test report for 'Crypt-Random-Source-0.07'
[MSG] [Tue Nov 27 07:08:23 2012] DEFAULT 'munge_test_report' HANDLER RETURNING 'sub return value'
[MSG] [Tue Nov 27 07:08:24 2012] Successfully sent 'pass' report for 'Crypt-Random-Source-0.07'
[MSG] [Tue Nov 27 07:08:25 2012] Appending installation info to /home/ioan/perl5/perlbrew/perls/perl-5.16.2/lib/5.16.2/x86_64-linux-thread-multi/perllocal.pod
Installing /home/ioan/perl5/perlbrew/perls/perl-5.16.2/lib/site_perl/5.16.2/Crypt/Random/Source.pm
Installing /home/ioan/perl5/perlbrew/perls/perl-5.16.2/lib/site_perl/5.16.2/Crypt/Random/Source/Base.pm
Installing /home/ioan/perl5/perlbrew/perls/perl-5.16.2/lib/site_perl/5.16.2/Crypt/Random/Source/Factory.pm
Installing /home/ioan/perl5/perlbrew/perls/perl-5.16.2/lib/site_perl/5.16.2/Crypt/Random/Source/Weak.pm
Installing /home/ioan/perl5/perlbrew/perls/perl-5.16.2/lib/site_perl/5.16.2/Crypt/Random/Source/Strong.pm
Installing /home/ioan/perl5/perlbrew/perls/perl-5.16.2/lib/site_perl/5.16.2/Crypt/Random/Source/Base/RandomDevice.pm
Installing /home/ioan/perl5/perlbrew/perls/perl-5.16.2/lib/site_perl/5.16.2/Crypt/Random/Source/Base/File.pm
Installing /home/ioan/perl5/perlbrew/perls/perl-5.16.2/lib/site_perl/5.16.2/Crypt/Random/Source/Base/Proc.pm
Installing /home/ioan/perl5/perlbrew/perls/perl-5.16.2/lib/site_perl/5.16.2/Crypt/Random/Source/Base/Handle.pm
Installing /home/ioan/perl5/perlbrew/perls/perl-5.16.2/lib/site_perl/5.16.2/Crypt/Random/Source/Weak/devurandom.pm
Installing /home/ioan/perl5/perlbrew/perls/perl-5.16.2/lib/site_perl/5.16.2/Crypt/Random/Source/Weak/rand.pm
Installing /home/ioan/perl5/perlbrew/perls/perl-5.16.2/lib/site_perl/5.16.2/Crypt/Random/Source/Strong/devrandom.pm
Installing /home/ioan/perl5/perlbrew/perls/perl-5.16.2/man/man3/Crypt::Random::Source::Base::RandomDevice.3
Installing /home/ioan/perl5/perlbrew/perls/perl-5.16.2/man/man3/Crypt::Random::Source::Base::File.3
Installing /home/ioan/perl5/perlbrew/perls/perl-5.16.2/man/man3/Crypt::Random::Source::Base.3
Installing /home/ioan/perl5/perlbrew/perls/perl-5.16.2/man/man3/Crypt::Random::Source::Base::Proc.3
Installing /home/ioan/perl5/perlbrew/perls/perl-5.16.2/man/man3/Crypt::Random::Source::Strong::devrandom.3
Installing /home/ioan/perl5/perlbrew/perls/perl-5.16.2/man/man3/Crypt::Random::Source::Weak::devurandom.3
Installing /home/ioan/perl5/perlbrew/perls/perl-5.16.2/man/man3/Crypt::Random::Source::Factory.3
Installing /home/ioan/perl5/perlbrew/perls/perl-5.16.2/man/man3/Crypt::Random::Source::Weak.3
Installing /home/ioan/perl5/perlbrew/perls/perl-5.16.2/man/man3/Crypt::Random::Source::Base::Handle.3
Installing /home/ioan/perl5/perlbrew/perls/perl-5.16.2/man/man3/Crypt::Random::Source::Weak::rand.3
Installing /home/ioan/perl5/perlbrew/perls/perl-5.16.2/man/man3/Crypt::Random::Source.3
Installing /home/ioan/perl5/perlbrew/perls/perl-5.16.2/man/man3/Crypt::Random::Source::Strong.3

[MSG] [Tue Nov 27 07:08:25 2012] Trying to get 'http://mirrors.gossamer-threads.com/CPAN/authors/id/J/JA/JAWNSY/Math-Random-ISAAC-1.004.tar.gz'
[MSG] [Tue Nov 27 07:08:25 2012] Trying to get 'http://mirrors.gossamer-threads.com/CPAN/authors/id/J/JA/JAWNSY/CHECKSUMS'
[MSG] [Tue Nov 27 07:08:26 2012] Checksum matches for 'Math-Random-ISAAC-1.004.tar.gz'
[MSG] [Tue Nov 27 07:08:26 2012] Extracted 'Math-Random-ISAAC-1.004'
[MSG] [Tue Nov 27 07:08:26 2012] Extracted 'Math-Random-ISAAC-1.004/README'
[MSG] [Tue Nov 27 07:08:26 2012] Extracted 'Math-Random-ISAAC-1.004/Changes'
[MSG] [Tue Nov 27 07:08:26 2012] Extracted 'Math-Random-ISAAC-1.004/LICENSE'
[MSG] [Tue Nov 27 07:08:26 2012] Extracted 'Math-Random-ISAAC-1.004/dist.ini'
[MSG] [Tue Nov 27 07:08:26 2012] Extracted 'Math-Random-ISAAC-1.004/META.yml'
[MSG] [Tue Nov 27 07:08:26 2012] Extracted 'Math-Random-ISAAC-1.004/MANIFEST'
[MSG] [Tue Nov 27 07:08:26 2012] Extracted 'Math-Random-ISAAC-1.004/weaver.ini'
[MSG] [Tue Nov 27 07:08:26 2012] Extracted 'Math-Random-ISAAC-1.004/Makefile.PL'
[MSG] [Tue Nov 27 07:08:26 2012] Extracted 'Math-Random-ISAAC-1.004/t'
[MSG] [Tue Nov 27 07:08:26 2012] Extracted 'Math-Random-ISAAC-1.004/t/03memory.t'
[MSG] [Tue Nov 27 07:08:26 2012] Extracted 'Math-Random-ISAAC-1.004/MANIFEST.SKIP'
[MSG] [Tue Nov 27 07:08:26 2012] Extracted 'Math-Random-ISAAC-1.004/t/01compile.t'
[MSG] [Tue Nov 27 07:08:26 2012] Extracted 'Math-Random-ISAAC-1.004/t/04uniform.t'
[MSG] [Tue Nov 27 07:08:26 2012] Extracted 'Math-Random-ISAAC-1.004/t/02sequence.t'
[MSG] [Tue Nov 27 07:08:26 2012] Extracted 'Math-Random-ISAAC-1.004/t/05fallback.t'
[MSG] [Tue Nov 27 07:08:26 2012] Extracted 'Math-Random-ISAAC-1.004/t/06exceptions.t'
[MSG] [Tue Nov 27 07:08:26 2012] Extracted 'Math-Random-ISAAC-1.004/t/release-kwalitee.t'
[MSG] [Tue Nov 27 07:08:26 2012] Extracted 'Math-Random-ISAAC-1.004/examples'
[MSG] [Tue Nov 27 07:08:26 2012] Extracted 'Math-Random-ISAAC-1.004/examples/benchmark.pl'
[MSG] [Tue Nov 27 07:08:26 2012] Extracted 'Math-Random-ISAAC-1.004/t/release-pod-syntax.t'
[MSG] [Tue Nov 27 07:08:26 2012] Extracted 'Math-Random-ISAAC-1.004/t/release-portability.t'
[MSG] [Tue Nov 27 07:08:26 2012] Extracted 'Math-Random-ISAAC-1.004/examples/distribution.pl'
[MSG] [Tue Nov 27 07:08:26 2012] Extracted 'Math-Random-ISAAC-1.004/lib/Math/Random'
[MSG] [Tue Nov 27 07:08:26 2012] Extracted 'Math-Random-ISAAC-1.004/lib/Math/Random/ISAAC.pm'
[MSG] [Tue Nov 27 07:08:26 2012] Extracted 'Math-Random-ISAAC-1.004/t/release-pod-coverage.t'
[MSG] [Tue Nov 27 07:08:26 2012] Extracted 'Math-Random-ISAAC-1.004/t/release-dist-manifest.t'
[MSG] [Tue Nov 27 07:08:26 2012] Extracted 'Math-Random-ISAAC-1.004/lib/Math/Random/ISAAC'
[MSG] [Tue Nov 27 07:08:26 2012] Extracted 'Math-Random-ISAAC-1.004/lib/Math/Random/ISAAC/PP.pm'
[MSG] [Tue Nov 27 07:08:26 2012] Extracted 'Math::Random::ISAAC' to '/home/ioan/.cpanplus/5.16.2/build/Math-Random-ISAAC-1.004'
[MSG] [Tue Nov 27 07:08:26 2012] Checking if your kit is complete...
Looks good
Writing Makefile for Math::Random::ISAAC
Writing MYMETA.yml and MYMETA.json

[MSG] [Tue Nov 27 07:08:26 2012] DEFAULT 'filter_prereqs' HANDLER RETURNING 'sub return value'
[MSG] [Tue Nov 27 07:08:30 2012] cp lib/Math/Random/ISAAC.pm blib/lib/Math/Random/ISAAC.pm
cp lib/Math/Random/ISAAC/PP.pm blib/lib/Math/Random/ISAAC/PP.pm
Manifying blib/man3/Math::Random::ISAAC.3
Manifying blib/man3/Math::Random::ISAAC::PP.3

[MSG] [Tue Nov 27 07:08:30 2012] MAKE TEST passed: PERL_DL_NONLAZY=1 /home/ioan/perl5/perlbrew/perls/perl-5.16.2/bin/perl "-MExtUtils::Command::MM" "-e" "test_harness(0, 'blib/lib', 'blib/arch')" t/*.t
t/04uniform.t .............. skipped: Author tests not required for installation
t/release-dist-manifest.t .. skipped: these tests are for release candidate testing
t/release-kwalitee.t ....... skipped: these tests are for release candidate testing
t/release-pod-coverage.t ... skipped: these tests are for release candidate testing
t/release-pod-syntax.t ..... skipped: these tests are for release candidate testing
t/release-portability.t .... skipped: these tests are for release candidate testing
t/01compile.t .............. ok
t/05fallback.t ............. skipped: Test::Without::Module and Math::Random::ISAAC::XS required to test fallback ability
t/06exceptions.t ........... ok
t/03memory.t ............... ok
t/02sequence.t ............. ok
All tests successful.
Files=11, Tests=609,  0 wallclock secs ( 0.13 usr  0.02 sys +  0.34 cusr  0.05 csys =  0.54 CPU)
Result: PASS

[MSG] [Tue Nov 27 07:08:30 2012] Sending test report for 'Math-Random-ISAAC-1.004'
[MSG] [Tue Nov 27 07:08:30 2012] DEFAULT 'munge_test_report' HANDLER RETURNING 'sub return value'
[MSG] [Tue Nov 27 07:08:32 2012] Successfully sent 'pass' report for 'Math-Random-ISAAC-1.004'
[MSG] [Tue Nov 27 07:08:33 2012] Appending installation info to /home/ioan/perl5/perlbrew/perls/perl-5.16.2/lib/5.16.2/x86_64-linux-thread-multi/perllocal.pod
Installing /home/ioan/perl5/perlbrew/perls/perl-5.16.2/lib/site_perl/5.16.2/Math/Random/ISAAC.pm
Installing /home/ioan/perl5/perlbrew/perls/perl-5.16.2/lib/site_perl/5.16.2/Math/Random/ISAAC/PP.pm
Installing /home/ioan/perl5/perlbrew/perls/perl-5.16.2/man/man3/Math::Random::ISAAC.3
Installing /home/ioan/perl5/perlbrew/perls/perl-5.16.2/man/man3/Math::Random::ISAAC::PP.3

[MSG] [Tue Nov 27 07:08:33 2012] cp lib/Bytes/Random/Secure.pm blib/lib/Bytes/Random/Secure.pm
Manifying blib/man3/Bytes::Random::Secure.3

[MSG] [Tue Nov 27 07:08:44 2012] MAKE TEST passed: PERL_DL_NONLAZY=1 /home/ioan/perl5/perlbrew/perls/perl-5.16.2/bin/perl "-MExtUtils::Command::MM" "-e" "test_harness(0, 'blib/lib', 'blib/arch')" t/*.t
t/01-manifest.t ............ skipped: Author tests not required for installation
t/02-pod.t ................. skipped: Skip Test::Pod tests unless environment variable RELEASE_TESTING is set.
t/00-boilerplate.t ......... ok
t/04-perlcritic.t .......... skipped: Author Test: Set $ENV{RELEASE_TESTING} to a true value to run.
t/05-kwalitee.t ............ skipped: Author Test: Set $ENV{RELEASE_TESTING} to a true value to run.
t/09-changes.t ............. skipped: Author tests skipped.  Set $ENV{RELEASE_TESTING} to run
t/21-bytes_random_tests.t .. skipped: Statistics::Basic needed for random quality tests.
t/03-pod-coverage.t ........ ok
t/10-prereqs.t ............. ok
# Testing Bytes::Random::Secure 0.09, Perl 5.016002, /home/ioan/perl5/perlbrew/perls/perl-5.16.2/bin/perl
t/11-load.t ................ ok
# Average iterations: 3015.234 (expect approx 3012).
t/20-functionality.t ....... ok
All tests successful.
Files=11, Tests=1570, 11 wallclock secs ( 0.49 usr  0.04 sys + 10.76 cusr  0.21 csys = 11.50 CPU)
Result: PASS

[MSG] [Tue Nov 27 07:08:44 2012] Sending test report for 'Bytes-Random-Secure-0.09'
[MSG] [Tue Nov 27 07:08:44 2012] DEFAULT 'munge_test_report' HANDLER RETURNING 'sub return value'
[MSG] [Tue Nov 27 07:08:45 2012] Successfully sent 'pass' report for 'Bytes-Random-Secure-0.09'
[MSG] [Tue Nov 27 07:08:46 2012] Appending installation info to /home/ioan/perl5/perlbrew/perls/perl-5.16.2/lib/5.16.2/x86_64-linux-thread-multi/perllocal.pod
Installing /home/ioan/perl5/perlbrew/perls/perl-5.16.2/lib/site_perl/5.16.2/Bytes/Random/Secure.pm
Installing /home/ioan/perl5/perlbrew/perls/perl-5.16.2/man/man3/Bytes::Random::Secure.3

[MSG] [Tue Nov 27 07:08:46 2012] Building Passwd-Keyring-PWSafe3

[ERROR] [Tue Nov 27 07:08:49 2012] MAKE TEST failed:
# Testing Passwd::Keyring::PWSafe3 0.2002, Perl 5.016002, /home/ioan/perl5/perlbrew/perls/perl-5.16.2/bin/perl
t/00-load.t .......................... ok
Use of uninitialized value in string eq at t/04-recovering-in-sep-prog.t line 30.

#   Failed test 'get works'
#   at t/04-recovering-in-sep-prog.t line 30.
Use of uninitialized value in string eq at t/04-recovering-in-sep-prog.t line 32.

#   Failed test 'get works'
#   at t/04-recovering-in-sep-prog.t line 32.
Use of uninitialized value in string eq at t/04-recovering-in-sep-prog.t line 34.

#   Failed test 'get works'
#   at t/04-recovering-in-sep-prog.t line 34.

#   Failed test 'clear clears'
#   at t/04-recovering-in-sep-prog.t line 36.
Use of uninitialized value in string eq at t/04-recovering-in-sep-prog.t line 40.

#   Failed test 'get works'
#   at t/04-recovering-in-sep-prog.t line 40.
Use of uninitialized value in string eq at t/04-recovering-in-sep-prog.t line 42.

#   Failed test 'get works'
#   at t/04-recovering-in-sep-prog.t line 42.

#   Failed test 'clear clears'
#   at t/04-recovering-in-sep-prog.t line 44.

#   Failed test 'clear clears'
#   at t/04-recovering-in-sep-prog.t line 46.
# Looks like you failed 8 tests of 14.
t/04-recovering-in-sep-prog.t ........ 
Dubious, test returned 8 (wstat 2048, 0x800)
Failed 8/14 subtests 
t/02-is-persistent.t ................. ok
# Consider spawning  Password Safe GUI  to check how test.psafe3 looks like and whether it differs from sampledb/test.psafe3. Master password is 10101010
t/99-note.t .......................... ok
t/boilerplate.t ...................... ok
t/cpan-meta-json.t ................... skipped: Test::CPAN::Meta::JSON required for testing META.json
t/cpan-meta.t ........................ ok
t/manifest.t ......................... skipped: Author tests not required for installation
t/pod-coverage.t ..................... ok
t/03-many-sets-and-gets.t ............ ok
t/pod.t .............................. ok
t/09-using-fresh-file.t .............. ok
EOF encountered when parsing record field at /home/ioan/.cpanplus/5.16.2/build/Passwd-Keyring-PWSafe3-0.2002/blib/lib/Passwd/Keyring/PWSafe3.pm line 157.
	(in cleanup) Can't call method "save" on an undefined value at /home/ioan/.cpanplus/5.16.2/build/Passwd-Keyring-PWSafe3-0.2002/blib/lib/Passwd/Keyring/PWSafe3.pm line 277.
# Looks like you planned 16 tests but ran 4.
# Looks like your test exited with 255 just after 4.
t/06-recovering-with-app-change.t .... 
Dubious, test returned 255 (wstat 65280, 0xff00)
Failed 12/16 subtests 
t/08-verylong-params.t ............... ok
t/01-set-and-get.t ................... ok
t/07-ugly-chars.t .................... ok
t/05-many-sets-and-gets-with-name.t .. ok

Test Summary Report
-------------------
t/04-recovering-in-sep-prog.t      (Wstat: 2048 Tests: 14 Failed: 8)
  Failed tests:  3-6, 8-11
  Non-zero exit status: 8
t/boilerplate.t                    (Wstat: 0 Tests: 3 Failed: 0)
  TODO passed:   1-3
t/06-recovering-with-app-change.t  (Wstat: 65280 Tests: 4 Failed: 0)
  Non-zero exit status: 255
  Parse errors: Bad plan.  You planned 16 tests but ran 4.
Files=17, Tests=88,  2 wallclock secs ( 0.12 usr  0.05 sys +  2.97 cusr  0.45 csys =  3.59 CPU)
Result: FAIL
Failed 2/17 test programs. 8/88 subtests failed.
BEGIN failed--compilation aborted at -e line 1.
 
[HISTORY] [Tue Nov 27 07:08:58 2012] Proceed anyway? [y/N]:  y

PREREQUISITES:

Here is a list of prerequisites you specified and versions we
managed to load:

	  Module Name                        Have     Want
	  Bytes::Random::Secure              0.09     0.09
	  Crypt::PWSafe3                     1.07     1.07
	  File::ShareDir                     1.03     1.00
	  Module::Build                    0.4003     0.36
	  Pod::Readme                        0.11        0
	  Term::ReadKey                      2.30        0
	  Test::More                         0.98        0
	  Test::Pod::Coverage                1.08      1.0
	! perl                                  0    5.006

Perl module toolchain versions installed:
	Module Name                        Have
	CPANPLUS                         0.9133
	CPANPLUS::Dist::Build              0.64
	Cwd                             3.39_02
	ExtUtils::CBuilder             0.280206
	ExtUtils::Command                  1.17
	ExtUtils::Install                  1.58
	ExtUtils::MakeMaker             6.63_02
	ExtUtils::Manifest                 1.61
	ExtUtils::ParseXS                  3.18
	File::Spec                      3.39_02
	Module::Build                    0.4003
	Pod::Parser                        1.51
	Pod::Simple                        3.23
	Test::Harness                      3.25
	Test::More                         0.98
	version                          0.9901

******************************** NOTE ********************************
The comments above are created mechanically, possibly without manual
checking by the sender.  As there are many people performing automatic
tests on each upload to CPAN, it is likely that you will receive
identical messages about the same problem.

If you believe that the message is mistaken, please reply to the first
one with correction and/or additional informations, and do not take
it personally.  We appreciate your patience. :)
**********************************************************************

Additional comments:


--

Summary of my perl5 (revision 5 version 16 subversion 2) configuration:
   
  Platform:
    osname=linux, osvers=3.2.0-4-amd64, archname=x86_64-linux-thread-multi
    uname='linux zeratul 3.2.0-4-amd64 #1 smp debian 3.2.32-1 x86_64 gnulinux '
    config_args='-de -Duserelocatableinc -Dprefix=/home/ioan/perl5/perlbrew/perls/perl-5.16.2 -Dusethreads -Accflags=-march=native -O3 -Aeval:scriptdir=/home/ioan/perl5/perlbrew/perls/perl-5.16.2/bin'
    hint=recommended, useposix=true, d_sigaction=define
    useithreads=define, usemultiplicity=define
    useperlio=define, d_sfio=undef, uselargefiles=define, usesocks=undef
    use64bitint=define, use64bitall=define, uselongdouble=undef
    usemymalloc=n, bincompat5005=undef
  Compiler:
    cc='cc', ccflags ='-D_REENTRANT -D_GNU_SOURCE -march=native -O3 -fno-strict-aliasing -pipe -fstack-protector -I/usr/local/include -D_LARGEFILE_SOURCE -D_FILE_OFFSET_BITS=64',
    optimize='-O2',
    cppflags='-D_REENTRANT -D_GNU_SOURCE -march=native -O3 -fno-strict-aliasing -pipe -fstack-protector -I/usr/local/include'
    ccversion='', gccversion='4.2.1 Compatible Debian Clang 3.1-8 ((branches/release_31))', gccosandvers=''
    intsize=4, longsize=8, ptrsize=8, doublesize=8, byteorder=12345678
    d_longlong=define, longlongsize=8, d_longdbl=define, longdblsize=16
    ivtype='long', ivsize=8, nvtype='double', nvsize=8, Off_t='off_t', lseeksize=8
    alignbytes=8, prototype=define
  Linker and Libraries:
    ld='cc', ldflags =' -fstack-protector -L/usr/local/lib'
    libpth=/usr/local/lib /lib/x86_64-linux-gnu /lib/../lib /usr/lib/x86_64-linux-gnu /usr/lib/../lib /lib /usr/lib
    libs=-lnsl -ldb -ldl -lm -lcrypt -lutil -lpthread -lc
    perllibs=-lnsl -ldl -lm -lcrypt -lutil -lpthread -lc
    libc=, so=so, useshrplib=false, libperl=libperl.a
    gnulibc_version='2.13'
  Dynamic Linking:
    dlsrc=dl_dlopen.xs, dlext=so, d_dlsymun=undef, ccdlflags='-Wl,-E'
    cccdlflags='-fPIC', lddlflags='-shared -O2 -L/usr/local/lib -fstack-protector'


Characteristics of this binary (from libperl): 
  Compile-time options: HAS_TIMES MULTIPLICITY PERLIO_LAYERS
                        PERL_DONT_CREATE_GVSV PERL_IMPLICIT_CONTEXT
                        PERL_MALLOC_WRAP PERL_PRESERVE_IVUV USE_64_BIT_ALL
                        USE_64_BIT_INT USE_ITHREADS USE_LARGE_FILES
                        USE_LOCALE USE_LOCALE_COLLATE USE_LOCALE_CTYPE
                        USE_LOCALE_NUMERIC USE_PERLIO USE_PERL_ATOF
                        USE_REENTRANT_API
  Built under linux
  Compiled at Nov  6 2012 16:36:33
  %ENV:
    PERL5LIB=":/home/ioan/.cpanplus/5.16.2/build/Passwd-Keyring-PWSafe3-0.2002/blib/lib:/home/ioan/.cpanplus/5.16.2/build/Passwd-Keyring-PWSafe3-0.2002/blib/arch"
    PERL5_CPANPLUS_IS_RUNNING="3373"
    PERL5_CPANPLUS_IS_VERSION="0.9133"
    PERLBREW_HOME="/home/ioan/.perlbrew"
    PERLBREW_MANPATH="/home/ioan/perl5/perlbrew/perls/perl-5.16.2/man"
    PERLBREW_PATH="/home/ioan/perl5/perlbrew/bin:/home/ioan/perl5/perlbrew/perls/perl-5.16.2/bin"
    PERLBREW_PERL="perl-5.16.2"
    PERLBREW_ROOT="/home/ioan/perl5/perlbrew"
    PERLBREW_VERSION="0.51"
    PERL_CPANM_DEV="1"
    PERL_READLINE_NOWARN="1"
  @INC:
    /home/ioan/.cpanplus/5.16.2/build/Passwd-Keyring-PWSafe3-0.2002/blib/lib
    /home/ioan/.cpanplus/5.16.2/build/Passwd-Keyring-PWSafe3-0.2002/blib/arch
    /home/ioan/perl5/perlbrew/perls/perl-5.16.2/lib/site_perl/5.16.2/x86_64-linux-thread-multi
    /home/ioan/perl5/perlbrew/perls/perl-5.16.2/lib/site_perl/5.16.2
    /home/ioan/perl5/perlbrew/perls/perl-5.16.2/lib/5.16.2/x86_64-linux-thread-multi
    /home/ioan/perl5/perlbrew/perls/perl-5.16.2/lib/5.16.2
    .