Back
From: metabase:user:0d96120c-29e2-11e5-b049-ede3035d37de
Subject: FAIL Test-Unit-0.25_1325 v5.20.2 GNU/Linux
Date: 2015-07-20T08:07:30Z
This distribution has been tested as part of the CPAN Testers
project, supporting the Perl programming language. See
http://wiki.cpantesters.org/ for more information or email
questions to cpan-testers-discuss@perl.org
--
Dear Matthew Astley,
This is a computer-generated report for Test-Unit-0.25_1325
on perl 5.20.2, created by CPAN-Reporter-1.2014.
Thank you for uploading your work to CPAN. However, there was a problem
testing your distribution.
If you think this report is invalid, please consult the CPAN Testers Wiki
for suggestions on how to avoid getting FAIL reports for missing library
or binary dependencies, unsupported operating systems, and so on:
http://wiki.cpantesters.org/wiki/CPANAuthorNotes
Sections of this report:
* Tester comments
* Program output
* Prerequisites
* Environment and other context
------------------------------
TESTER COMMENTS
------------------------------
Additional comments from tester:
this report is from an automated smoke testing program
and was not reviewed by a human for accuracy
------------------------------
PROGRAM OUTPUT
------------------------------
Output from '/usr/bin/make test':
PERL_DL_NONLAZY=1 "/data/perl5/perlbrew/perls/perl-5.20.2/bin/perl" "-MExtUtils::Command::MM" "-MTest::Harness" "-e" "undef *Test::Harness::Switches; test_harness(0, 'blib/lib', 'blib/arch')" t/*.t
defined(@array) is deprecated at /data/.cpan/build/Test-Unit-0.25_1325-jGSqBJ/blib/lib/Test/Unit/TestCase.pm line 109.
(Maybe you should just omit the defined()?)
t/all_tests.t ..... ok
defined(@array) is deprecated at /data/.cpan/build/Test-Unit-0.25_1325-jGSqBJ/blib/lib/Test/Unit/TestCase.pm line 109.
(Maybe you should just omit the defined()?)
t/assert.t ........
Failed 1/45 subtests
# Test 1 got: "defined(@array) is deprecated at /data/.cpan/build/Test-Unit-0.25_1325-jGSqBJ/blib/lib/Test/Unit/TestCase.pm line 109.\n# \t(Maybe you should just omit the defined()?)\n# Suite setup\n# TEST-RUN-SUMMARY\n# \n# TIME-SUMMARY\n# \n# !!!FAILURES!!!\n# Test Results:\n# Run: 2, Failures: 1, Errors: 0\n# \n# There was 1 failure:\n# 1) examples/fail_example.pm:19 - test_fail(fail_example)\n# Born to lose ...\n# \n# Test was not successful.\n# EXITCODE:0x100\n# " (t/try_examples.t at line 107)
# Expected: "Suite setup\n# TEST-RUN-SUMMARY\n# \n# TIME-SUMMARY\n# \n# !!!FAILURES!!!\n# Test Results:\n# Run: 2, Failures: 1, Errors: 0\n# \n# There was 1 failure:\n# 1) examples/fail_example.pm:19 - test_fail(fail_example)\n# Born to lose ...\n# \n# Test was not successful.\n# EXITCODE:0x100\n# "
# Line 1 is changed:
# - "Suite setup\n"
# + "defined(@array) is deprecated at /data/.cpan/build/Test-Unit-0.25_1325-jGSqBJ/blib/lib/Test/Unit/TestCase.pm line 109.\n"
# Got 2 extra lines at line 2:
# + "# \t(Maybe you should just omit the defined()?)\n"
# + "# Suite setup\n"
# t/try_examples.t line 107 is: ok($out, $guru_checked{$e});
# Test 2 got: "defined(@array) is deprecated at /data/.cpan/build/Test-Unit-0.25_1325-jGSqBJ/blib/lib/Test/Unit/TestCase.pm line 109.\n# \t(Maybe you should just omit the defined()?)\n# ...\n# TIME-SUMMARY\n# \n# OK (3 tests)\n# " (t/try_examples.t at line 107 fail #2)
# Expected: "...\n# TIME-SUMMARY\n# \n# OK (3 tests)\n# "
# Line 1 is changed:
# - "...\n"
# + "defined(@array) is deprecated at /data/.cpan/build/Test-Unit-0.25_1325-jGSqBJ/blib/lib/Test/Unit/TestCase.pm line 109.\n"
# Got 2 extra lines at line 2:
# + "# \t(Maybe you should just omit the defined()?)\n"
# + "# ...\n"
# Test 3 got: "defined(@array) is deprecated at /data/.cpan/build/Test-Unit-0.25_1325-jGSqBJ/blib/lib/Test/Unit/TestCase.pm line 109.\n# \t(Maybe you should just omit the defined()?)\n# ...\n# TIME-SUMMARY\n# \n# OK (3 tests)\n# " (t/try_examples.t at line 107 fail #3)
# Expected: "...\n# TIME-SUMMARY\n# \n# OK (3 tests)\n# "
# Line 1 is changed:
# - "...\n"
# + "defined(@array) is deprecated at /data/.cpan/build/Test-Unit-0.25_1325-jGSqBJ/blib/lib/Test/Unit/TestCase.pm line 109.\n"
# Got 2 extra lines at line 2:
# + "# \t(Maybe you should just omit the defined()?)\n"
# + "# ...\n"
# Test 4 got: "defined(@array) is deprecated at /data/.cpan/build/Test-Unit-0.25_1325-jGSqBJ/blib/lib/Test/Unit/TestCase.pm line 109.\n# \t(Maybe you should just omit the defined()?)\n# ...\n# TIME-SUMMARY\n# \n# OK (3 tests)\n# " (t/try_examples.t at line 107 fail #4)
# Expected: "...\n# TIME-SUMMARY\n# \n# OK (3 tests)\n# "
# Line 1 is changed:
# - "...\n"
# + "defined(@array) is deprecated at /data/.cpan/build/Test-Unit-0.25_1325-jGSqBJ/blib/lib/Test/Unit/TestCase.pm line 109.\n"
# Got 2 extra lines at line 2:
# + "# \t(Maybe you should just omit the defined()?)\n"
# + "# ...\n"
t/try_examples.t ..
Failed 4/4 subtests
Test Summary Report
-------------------
t/assert.t (Wstat: 0 Tests: 45 Failed: 1)
Failed test: 37
t/try_examples.t (Wstat: 0 Tests: 4 Failed: 4)
Failed tests: 1-4
Files=3, Tests=94, 0 wallclock secs ( 0.02 usr 0.00 sys + 0.76 cusr 0.05 csys = 0.83 CPU)
Result: FAIL
Failed 2/3 test programs. 5/94 subtests failed.
Makefile:932: recipe for target 'test_dynamic' failed
make: *** [test_dynamic] Error 255
------------------------------
PREREQUISITES
------------------------------
Prerequisite modules loaded:
requires:
Module Need Have
------------------- ---- --------
base 1 2.22
Class::Inner 0 0.200001
Devel::Symdump 0 2.15
Error 0 0.17024
build_requires:
Module Need Have
------------------- ---- --------
ExtUtils::MakeMaker 0 7.04
configure_requires:
Module Need Have
------------------- ---- --------
ExtUtils::MakeMaker 0 7.04
------------------------------
ENVIRONMENT AND OTHER CONTEXT
------------------------------
Environment variables:
AUTOMATED_TESTING = 1
LANG = en_US.UTF-8
NONINTERACTIVE_TESTING = 1
PATH = /home/perltest/perl5/perlbrew/bin:/home/perltest/perl5/perlbrew/perls/perl-5.20.2/bin:/home/perltest/perltest/bin:/home/perltest/perltest/bin:/home/perltest/perltest/bin:/home/perltest/perl5/perlbrew/bin:/home/perltest/perl5/perlbrew/perls/perl-5.23.0/bin:/usr/local/sbin:/usr/local/bin:/usr/sbin:/usr/bin:/sbin:/bin:/usr/games:/usr/local/games:/home/perltest/perltest/bin
PERL5LIB = /home/perltest/.cpan/build/Class-Inner-0.200001-1wJWp2/blib/arch:/home/perltest/.cpan/build/Class-Inner-0.200001-1wJWp2/blib/lib
PERL5OPT =
PERL5_CPANPLUS_IS_RUNNING = 16723
PERL5_CPAN_IS_RUNNING = 16723
PERL5_CPAN_IS_RUNNING_IN_RECURSION = 23678,16723
PERLBREW_BASHRC_VERSION = 0.73
PERLBREW_HOME = /home/perltest/.perlbrew
PERLBREW_LIB =
PERLBREW_MANPATH = /home/perltest/perl5/perlbrew/perls/perl-5.20.2/man
PERLBREW_PATH = /home/perltest/perl5/perlbrew/bin:/home/perltest/perl5/perlbrew/perls/perl-5.20.2/bin
PERLBREW_PERL = perl-5.20.2
PERLBREW_ROOT = /home/perltest/perl5/perlbrew
PERLBREW_VERSION = 0.73
PERL_CR_SMOKER_CURRENT = Test-Unit-0.25_1325
PERL_EXTUTILS_AUTOINSTALL = --defaultdeps
PERL_LOCAL_LIB_ROOT =
PERL_MM_USE_DEFAULT = 1
SHELL = /bin/bash
TERM = screen
Perl special variables (and OS-specific diagnostics, for MSWin32):
$^X = /data/perl5/perlbrew/perls/perl-5.20.2/bin/perl
$UID/$EUID = 2000 / 2000
$GID = 2000 2000
$EGID = 2000 2000
Perl module toolchain versions installed:
Module Have
------------------- --------
CPAN 2.10
CPAN::Meta 2.150005
Cwd 3.48_01
ExtUtils::CBuilder 0.280217
ExtUtils::Command 1.18
ExtUtils::Install 1.67
ExtUtils::MakeMaker 7.04
ExtUtils::Manifest 1.70
ExtUtils::ParseXS 3.24
File::Spec 3.48_01
JSON 2.90
JSON::PP 2.27203
Module::Build 0.4214
Module::Signature 0.79
Parse::CPAN::Meta 1.4417
Test::Harness 3.30
Test::More 1.001014
YAML 1.15
YAML::Syck 1.29
version 0.9909
--
Summary of my perl5 (revision 5 version 20 subversion 2) configuration:
Platform:
osname=linux, osvers=3.19.0-18-generic, archname=x86_64-linux
uname='linux perltest 3.19.0-18-generic #18-ubuntu smp tue may 19 18:31:35 utc 2015 x86_64 x86_64 x86_64 gnulinux '
config_args='-de -Dprefix=/home/perltest/perl5/perlbrew/perls/perl-5.20.2 -Aeval:scriptdir=/home/perltest/perl5/perlbrew/perls/perl-5.20.2/bin'
hint=recommended, useposix=true, d_sigaction=define
useithreads=undef, usemultiplicity=undef
use64bitint=define, use64bitall=define, uselongdouble=undef
usemymalloc=n, bincompat5005=undef
Compiler:
cc='cc', ccflags ='-fwrapv -fno-strict-aliasing -pipe -fstack-protector -I/usr/local/include -D_LARGEFILE_SOURCE -D_FILE_OFFSET_BITS=64',
optimize='-O2',
cppflags='-fwrapv -fno-strict-aliasing -pipe -fstack-protector -I/usr/local/include'
ccversion='', gccversion='4.9.2', gccosandvers=''
intsize=4, longsize=8, ptrsize=8, doublesize=8, byteorder=12345678
d_longlong=define, longlongsize=8, d_longdbl=define, longdblsize=16
ivtype='long', ivsize=8, nvtype='double', nvsize=8, Off_t='off_t', lseeksize=8
alignbytes=8, prototype=define
Linker and Libraries:
ld='cc', ldflags =' -fstack-protector -L/usr/local/lib'
libpth=/usr/local/lib /usr/lib/gcc/x86_64-linux-gnu/4.9/include-fixed /usr/include/x86_64-linux-gnu /usr/lib /lib/x86_64-linux-gnu /lib/../lib /usr/lib/x86_64-linux-gnu /usr/lib/../lib /lib
libs=-lnsl -ldl -lm -lcrypt -lutil -lc
perllibs=-lnsl -ldl -lm -lcrypt -lutil -lc
libc=libc-2.21.so, so=so, useshrplib=false, libperl=libperl.a
gnulibc_version='2.21'
Dynamic Linking:
dlsrc=dl_dlopen.xs, dlext=so, d_dlsymun=undef, ccdlflags='-Wl,-E'
cccdlflags='-fPIC', lddlflags='-shared -O2 -L/usr/local/lib -fstack-protector'
Characteristics of this binary (from libperl):
Compile-time options: HAS_TIMES PERLIO_LAYERS PERL_DONT_CREATE_GVSV
PERL_HASH_FUNC_ONE_AT_A_TIME_HARD PERL_MALLOC_WRAP
PERL_NEW_COPY_ON_WRITE PERL_PRESERVE_IVUV
USE_64_BIT_ALL USE_64_BIT_INT USE_LARGE_FILES
USE_LOCALE USE_LOCALE_COLLATE USE_LOCALE_CTYPE
USE_LOCALE_NUMERIC USE_PERLIO USE_PERL_ATOF
Locally applied patches:
Devel::PatchPerl 1.38
Built under linux
Compiled at Jul 14 2015 18:27:24
%ENV:
PERL5LIB="/home/perltest/.cpan/build/Class-Inner-0.200001-1wJWp2/blib/arch:/home/perltest/.cpan/build/Class-Inner-0.200001-1wJWp2/blib/lib"
PERL5OPT=""
PERL5_CPANPLUS_IS_RUNNING="16723"
PERL5_CPAN_IS_RUNNING="16723"
PERL5_CPAN_IS_RUNNING_IN_RECURSION="23678,16723"
PERLBREW_BASHRC_VERSION="0.73"
PERLBREW_HOME="/home/perltest/.perlbrew"
PERLBREW_LIB=""
PERLBREW_MANPATH="/home/perltest/perl5/perlbrew/perls/perl-5.20.2/man"
PERLBREW_PATH="/home/perltest/perl5/perlbrew/bin:/home/perltest/perl5/perlbrew/perls/perl-5.20.2/bin"
PERLBREW_PERL="perl-5.20.2"
PERLBREW_ROOT="/home/perltest/perl5/perlbrew"
PERLBREW_VERSION="0.73"
PERL_CR_SMOKER_CURRENT="Test-Unit-0.25_1325"
PERL_EXTUTILS_AUTOINSTALL="--defaultdeps"
PERL_LOCAL_LIB_ROOT=""
PERL_MM_USE_DEFAULT="1"
@INC:
/home/perltest/.cpan/build/Class-Inner-0.200001-1wJWp2/blib/arch
/home/perltest/.cpan/build/Class-Inner-0.200001-1wJWp2/blib/lib
/home/perltest/perl5/perlbrew/perls/perl-5.20.2/lib/site_perl/5.20.2/x86_64-linux
/home/perltest/perl5/perlbrew/perls/perl-5.20.2/lib/site_perl/5.20.2
/home/perltest/perl5/perlbrew/perls/perl-5.20.2/lib/5.20.2/x86_64-linux
/home/perltest/perl5/perlbrew/perls/perl-5.20.2/lib/5.20.2
.